[INFO] fetching crate containerd-runc-shim 0.1.1...
[INFO] testing containerd-runc-shim-0.1.1 against 1.99.0-beta.8+cargoflags=--release for beta-release-1.100-2
[INFO] extracting crate containerd-runc-shim 0.1.1 into /workspace/builds/worker-5-tc1/source
[INFO] started tweaking crates.io crate containerd-runc-shim 0.1.1
[INFO] finished tweaking crates.io crate containerd-runc-shim 0.1.1
[INFO] tweaked toml for crates.io crate containerd-runc-shim 0.1.1 written to /workspace/builds/worker-5-tc1/source/Cargo.toml
[INFO] validating manifest of crates.io crate containerd-runc-shim 0.1.1 on toolchain 1.99.0-beta.8
[INFO] running `Command { std: CARGO_HOME="/workspace/cargo-home" RUSTUP_HOME="/workspace/rustup-home" "/workspace/cargo-home/bin/cargo" "+1.99.0-beta.8" "metadata" "--manifest-path" "Cargo.toml" "--no-deps", kill_on_drop: false }`
[INFO] crate crates.io crate containerd-runc-shim 0.1.1 already has a lockfile, it will not be regenerated
[INFO] running `Command { std: CARGO_HOME="/workspace/cargo-home" RUSTUP_HOME="/workspace/rustup-home" "/workspace/cargo-home/bin/cargo" "+1.99.0-beta.8" "fetch" "--manifest-path" "Cargo.toml", kill_on_drop: false }`
[INFO] [stderr]     Updating crates.io index
[INFO] [stderr]  Downloading crates ...
[INFO] [stderr]   Downloaded num_threads v0.1.3
[INFO] [stderr]   Downloaded path-dedot v3.0.14
[INFO] [stderr]   Downloaded tokio-pipe v0.2.11
[INFO] [stderr]   Downloaded path-absolutize v3.0.11
[INFO] [stderr]   Downloaded os_pipe v1.0.1
[INFO] [stderr]   Downloaded derive_builder_macro v0.10.2
[INFO] [stderr]   Downloaded crossbeam-queue v0.3.4
[INFO] [stderr]   Downloaded signal-hook-tokio v0.3.1
[INFO] [stderr]   Downloaded prctl v1.0.0
[INFO] [stderr]   Downloaded derive_builder v0.10.2
[INFO] [stderr]   Downloaded runc v0.2.0
[INFO] [stderr]   Downloaded getset v0.1.2
[INFO] [stderr]   Downloaded go-flag v0.1.0
[INFO] [stderr]   Downloaded tokio-vsock v0.3.1
[INFO] [stderr]   Downloaded vsock v0.2.6
[INFO] [stderr]   Downloaded command-fds v0.2.1
[INFO] [stderr]   Downloaded oci-spec v0.5.5
[INFO] [stderr]   Downloaded derive_builder_core v0.10.2
[INFO] [stderr]   Downloaded crossbeam-utils v0.8.7
[INFO] [stderr]   Downloaded crossbeam-epoch v0.9.7
[INFO] [stderr]   Downloaded time v0.3.7
[INFO] [stderr]   Downloaded containerd-shim v0.3.0
[INFO] [stderr]   Downloaded ttrpc v0.6.0
[INFO] [stderr]   Downloaded protobuf-codegen v2.27.1
[INFO] [stderr]   Downloaded syn v1.0.86
[INFO] [stderr]   Downloaded mio v0.8.0
[INFO] [stderr]   Downloaded cgroups-rs v0.2.9
[INFO] [stderr]   Downloaded signal-hook v0.3.13
[INFO] [stderr]   Downloaded containerd-shim-protos v0.2.0
[INFO] [stderr]   Downloaded protobuf v2.27.1
[INFO] [stderr]   Downloaded libc v0.2.119
[INFO] [stderr]   Downloaded protobuf-codegen-pure v2.27.1
[INFO] running `Command { std: "docker" "create" "-v" "/var/lib/crater-agent-workspace/builds/worker-5-tc1/source:/opt/rustwide/workdir:ro,Z" "-v" "/var/lib/crater-agent-workspace/builds/worker-5-tc1/target:/opt/rustwide/target:rw,Z" "-v" "/var/lib/crater-agent-workspace/cargo-home:/opt/rustwide/cargo-home:ro,Z" "-v" "/var/lib/crater-agent-workspace/rustup-home:/opt/rustwide/rustup-home:ro,Z" "-m" "1610612736" "--network" "none" "ghcr.io/rust-lang/crates-build-env/linux@sha256:77db811e55d90add9212f6832c23229e3de5f1c1f9905e8cb07319ea15df73ac" "sleep" "infinity", kill_on_drop: false }`
[INFO] [stdout] f5ff0ce0470267975594c570d57b8c3ccfe92bc999976e9092d54628f8095244
[INFO] running `Command { std: "docker" "start" "f5ff0ce0470267975594c570d57b8c3ccfe92bc999976e9092d54628f8095244", kill_on_drop: false }`
[INFO] running `Command { std: "docker" "inspect" "f5ff0ce0470267975594c570d57b8c3ccfe92bc999976e9092d54628f8095244", kill_on_drop: false }`
[INFO] running `Command { std: "docker" "exec" "-e" "SOURCE_DIR=/opt/rustwide/workdir" "-e" "CARGO_HOME=/opt/rustwide/cargo-home" "-e" "RUSTUP_HOME=/opt/rustwide/rustup-home" "-e" "CARGO_TARGET_DIR=/opt/rustwide/target" "-w" "/opt/rustwide/workdir" "--user" "0:0" "f5ff0ce0470267975594c570d57b8c3ccfe92bc999976e9092d54628f8095244" "/opt/rustwide/cargo-home/bin/cargo" "+1.99.0-beta.8" "metadata" "--no-deps" "--format-version=1", kill_on_drop: false }`
[INFO] running `Command { std: "docker" "inspect" "f5ff0ce0470267975594c570d57b8c3ccfe92bc999976e9092d54628f8095244", kill_on_drop: false }`
[INFO] running `Command { std: "docker" "exec" "-e" "SOURCE_DIR=/opt/rustwide/workdir" "-e" "CARGO_HOME=/opt/rustwide/cargo-home" "-e" "RUSTUP_HOME=/opt/rustwide/rustup-home" "-e" "CARGO_TARGET_DIR=/opt/rustwide/target" "-e" "CARGO_INCREMENTAL=0" "-e" "RUST_BACKTRACE=full" "-e" "RUSTFLAGS=--cap-lints=warn" "-e" "RUSTDOCFLAGS=--cap-lints=warn" "-w" "/opt/rustwide/workdir" "--user" "0:0" "f5ff0ce0470267975594c570d57b8c3ccfe92bc999976e9092d54628f8095244" "/opt/rustwide/cargo-home/bin/cargo" "+1.99.0-beta.8" "build" "--frozen" "--message-format=json" "--release", kill_on_drop: false }`
[INFO] [stderr]    Compiling proc-macro2 v1.0.36
[INFO] [stderr]    Compiling syn v1.0.86
[INFO] [stderr]    Compiling libc v0.2.119
[INFO] [stderr]    Compiling protobuf v2.27.1
[INFO] [stderr]    Compiling serde_derive v1.0.136
[INFO] [stderr]    Compiling log v0.4.14
[INFO] [stderr]    Compiling crossbeam-utils v0.8.7
[INFO] [stderr]    Compiling serde v1.0.136
[INFO] [stderr]    Compiling memoffset v0.6.5
[INFO] [stderr]    Compiling serde_json v1.0.79
[INFO] [stderr]    Compiling crossbeam-epoch v0.9.7
[INFO] [stderr]    Compiling signal-hook v0.3.13
[INFO] [stderr]    Compiling containerd-shim-protos v0.2.0
[INFO] [stderr]    Compiling crossbeam-queue v0.3.4
[INFO] [stderr]    Compiling num_threads v0.1.3
[INFO] [stderr]    Compiling path-dedot v3.0.14
[INFO] [stderr]    Compiling fastrand v1.7.0
[INFO] [stderr]    Compiling remove_dir_all v0.5.3
[INFO] [stderr]    Compiling path-absolutize v3.0.11
[INFO] [stderr]    Compiling go-flag v0.1.0
[INFO] [stderr]    Compiling crossbeam-channel v0.5.2
[INFO] [stderr]    Compiling quote v1.0.15
[INFO] [stderr]    Compiling crossbeam-deque v0.8.1
[INFO] [stderr]    Compiling proc-macro-error-attr v1.0.4
[INFO] [stderr]    Compiling crossbeam v0.8.1
[INFO] [stderr]    Compiling getrandom v0.2.5
[INFO] [stderr]    Compiling nix v0.23.1
[INFO] [stderr]    Compiling signal-hook-registry v1.4.0
[INFO] [stderr]    Compiling nix v0.22.3
[INFO] [stderr]    Compiling os_pipe v1.0.1
[INFO] [stderr]    Compiling tempfile v3.3.0
[INFO] [stderr]    Compiling rand_core v0.6.3
[INFO] [stderr]    Compiling uuid v0.8.2
[INFO] [stderr]    Compiling rand_chacha v0.3.1
[INFO] [stderr]    Compiling rand v0.8.5
[INFO] [stderr]    Compiling protobuf-codegen v2.27.1
[INFO] [stderr]    Compiling darling_core v0.12.4
[INFO] [stderr]    Compiling proc-macro-error v1.0.4
[INFO] [stderr]    Compiling thiserror-impl v1.0.30
[INFO] [stderr]    Compiling getset v0.1.2
[INFO] [stderr]    Compiling protobuf-codegen-pure v2.27.1
[INFO] [stderr]    Compiling prctl v1.0.0
[INFO] [stderr]    Compiling cgroups-rs v0.2.9
[INFO] [stderr]    Compiling thiserror v1.0.30
[INFO] [stderr]    Compiling command-fds v0.2.1
[INFO] [stderr]    Compiling ttrpc v0.6.0
[INFO] [stderr]    Compiling darling_macro v0.12.4
[INFO] [stderr]    Compiling darling v0.12.4
[INFO] [stderr]    Compiling derive_builder_core v0.10.2
[INFO] [stderr]    Compiling derive_builder_macro v0.10.2
[INFO] [stderr]    Compiling derive_builder v0.10.2
[INFO] [stderr]    Compiling time v0.3.7
[INFO] [stderr]    Compiling oci-spec v0.5.5
[INFO] [stderr]    Compiling containerd-shim v0.3.0
[INFO] [stderr]    Compiling runc v0.2.0
[INFO] [stderr]    Compiling containerd-runc-shim v0.1.1 (/opt/rustwide/workdir)
[INFO] [stdout] warning: field `uri` is never read
[INFO] [stdout]   --> src/common.rs:42:9
[INFO] [stdout]    |
[INFO] [stdout] 41 | pub struct ProcessIO {
[INFO] [stdout]    |            --------- field in this struct
[INFO] [stdout] 42 |     pub uri: Option<String>,
[INFO] [stdout]    |         ^^^
[INFO] [stdout]    |
[INFO] [stdout]    = note: `#[warn(dead_code)]` (part of `#[warn(unused)]`) on by default
[INFO] [stdout] 
[INFO] [stdout] 
[INFO] [stderr]     Finished `release` profile [optimized] target(s) in 1m 26s
[INFO] running `Command { std: "docker" "inspect" "f5ff0ce0470267975594c570d57b8c3ccfe92bc999976e9092d54628f8095244", kill_on_drop: false }`
[INFO] running `Command { std: "docker" "exec" "-e" "SOURCE_DIR=/opt/rustwide/workdir" "-e" "CARGO_HOME=/opt/rustwide/cargo-home" "-e" "RUSTUP_HOME=/opt/rustwide/rustup-home" "-e" "CARGO_TARGET_DIR=/opt/rustwide/target" "-e" "CARGO_INCREMENTAL=0" "-e" "RUST_BACKTRACE=full" "-e" "RUSTFLAGS=--cap-lints=warn" "-e" "RUSTDOCFLAGS=--cap-lints=warn" "-w" "/opt/rustwide/workdir" "--user" "0:0" "f5ff0ce0470267975594c570d57b8c3ccfe92bc999976e9092d54628f8095244" "/opt/rustwide/cargo-home/bin/cargo" "+1.99.0-beta.8" "test" "--frozen" "--no-run" "--message-format=json" "--release", kill_on_drop: false }`
[INFO] [stderr]    Compiling containerd-runc-shim v0.1.1 (/opt/rustwide/workdir)
[INFO] [stdout] warning: field `uri` is never read
[INFO] [stdout]   --> src/common.rs:42:9
[INFO] [stdout]    |
[INFO] [stdout] 41 | pub struct ProcessIO {
[INFO] [stdout]    |            --------- field in this struct
[INFO] [stdout] 42 |     pub uri: Option<String>,
[INFO] [stdout]    |         ^^^
[INFO] [stdout]    |
[INFO] [stdout]    = note: `#[warn(dead_code)]` (part of `#[warn(unused)]`) on by default
[INFO] [stdout] 
[INFO] [stdout] 
[INFO] [stderr]     Finished `release` profile [optimized] target(s) in 1.29s
[INFO] running `Command { std: "docker" "inspect" "f5ff0ce0470267975594c570d57b8c3ccfe92bc999976e9092d54628f8095244", kill_on_drop: false }`
[INFO] running `Command { std: "docker" "exec" "-e" "SOURCE_DIR=/opt/rustwide/workdir" "-e" "CARGO_HOME=/opt/rustwide/cargo-home" "-e" "RUSTUP_HOME=/opt/rustwide/rustup-home" "-e" "CARGO_TARGET_DIR=/opt/rustwide/target" "-e" "CARGO_INCREMENTAL=0" "-e" "RUST_BACKTRACE=full" "-e" "RUSTFLAGS=--cap-lints=warn" "-e" "RUSTDOCFLAGS=--cap-lints=warn" "-w" "/opt/rustwide/workdir" "--user" "0:0" "f5ff0ce0470267975594c570d57b8c3ccfe92bc999976e9092d54628f8095244" "/opt/rustwide/cargo-home/bin/cargo" "+1.99.0-beta.8" "test" "--frozen" "--release", kill_on_drop: false }`
[INFO] [stderr] warning: field `uri` is never read
[INFO] [stderr]   --> src/common.rs:42:9
[INFO] [stderr]    |
[INFO] [stderr] 41 | pub struct ProcessIO {
[INFO] [stderr]    |            --------- field in this struct
[INFO] [stderr] 42 |     pub uri: Option<String>,
[INFO] [stderr]    |         ^^^
[INFO] [stderr]    |
[INFO] [stderr]    = note: `#[warn(dead_code)]` (part of `#[warn(unused)]`) on by default
[INFO] [stderr] 
[INFO] [stderr] warning: `containerd-runc-shim` (bin "containerd-shim-runc-v2-rs" test) generated 1 warning
[INFO] [stderr]     Finished `release` profile [optimized] target(s) in 0.11s
[INFO] [stderr]      Running unittests src/main.rs (/opt/rustwide/target/release/deps/containerd_shim_runc_v2_rs-1a9a2b39c0c476c7)
[INFO] [stdout] 
[INFO] [stdout] running 2 tests
[INFO] [stdout] test synchronous::cgroup::tests::test_adjust_oom_score ... ok
[INFO] [stdout] test synchronous::cgroup::tests::test_add_cgroup ... FAILED
[INFO] [stderr] error: test failed, to rerun pass `--bin containerd-shim-runc-v2-rs`
[INFO] [stdout] 
[INFO] [stdout] failures:
[INFO] [stdout] 
[INFO] [stdout] ---- synchronous::cgroup::tests::test_add_cgroup stdout ----
[INFO] [stdout] 
[INFO] [stdout] thread 'synchronous::cgroup::tests::test_add_cgroup' (1565) panicked at src/synchronous/cgroup.rs:241:39:
[INFO] [stdout] called `Result::unwrap()` on an `Err` value: Other("add task to cgroup: unable to write to a control group file caused by: Os { code: 2, kind: NotFound, message: \"No such file or directory\" }")
[INFO] [stdout] stack backtrace:
[INFO] [stdout]    0:     0x617fb8b29731 - <<std[70759c8f55707aa4]::sys::backtrace::BacktraceLock>::print::DisplayBacktrace as core[df12db4294e9bfd3]::fmt::Display>::fmt
[INFO] [stdout]    1:     0x617fb8b3f5da - core[df12db4294e9bfd3]::fmt::write
[INFO] [stdout]    2:     0x617fb8b2df6c - <alloc[2182bb758b4b3781]::vec::Vec<u8> as core[df12db4294e9bfd3]::io::write::Write>::write_fmt
[INFO] [stdout]    3:     0x617fb8b04796 - std[70759c8f55707aa4]::panicking::default_hook::{closure#0}
[INFO] [stdout]    4:     0x617fb8b21649 - std[70759c8f55707aa4]::panicking::default_hook
[INFO] [stdout]    5:     0x617fb8996a90 - test[9d35eded1c95d3be]::test_main_inner::<test[9d35eded1c95d3be]::test_main_static::{closure#0}>::{closure#0}
[INFO] [stdout]    6:     0x617fb8b21802 - std[70759c8f55707aa4]::panicking::panic_with_hook
[INFO] [stdout]    7:     0x617fb8b04842 - std[70759c8f55707aa4]::panicking::panic_handler::{closure#0}
[INFO] [stdout]    8:     0x617fb8afd249 - std[70759c8f55707aa4]::sys::backtrace::__rust_end_short_backtrace::<std[70759c8f55707aa4]::panicking::panic_handler::{closure#0}, !>
[INFO] [stdout]    9:     0x617fb8b0543d - __rustc[8fa7c3cbc660c2b3]::rust_begin_unwind
[INFO] [stdout]   10:     0x617fb8b3fd3c - core[df12db4294e9bfd3]::panicking::panic_fmt
[INFO] [stdout]   11:     0x617fb8b3fb12 - core[df12db4294e9bfd3]::result::unwrap_failed
[INFO] [stdout]   12:     0x617fb8988296 - <containerd_shim_runc_v2_rs[fe08cd245df5bcba]::synchronous::cgroup::tests::test_add_cgroup::{closure#0} as core[df12db4294e9bfd3]::ops::function::FnOnce<()>>::call_once
[INFO] [stdout]   13:     0x617fb8989d7b - test[9d35eded1c95d3be]::__rust_begin_short_backtrace::<core[df12db4294e9bfd3]::result::Result<(), alloc[2182bb758b4b3781]::string::String>, fn() -> core[df12db4294e9bfd3]::result::Result<(), alloc[2182bb758b4b3781]::string::String>>
[INFO] [stdout]   14:     0x617fb89973e5 - test[9d35eded1c95d3be]::run_test::{closure#0}
[INFO] [stdout]   15:     0x617fb8990ca4 - std[70759c8f55707aa4]::sys::backtrace::__rust_begin_short_backtrace::<test[9d35eded1c95d3be]::run_test::{closure#1}, ()>
[INFO] [stdout]   16:     0x617fb899a542 - <std[70759c8f55707aa4]::thread::lifecycle::spawn_unchecked<test[9d35eded1c95d3be]::run_test::{closure#1}, ()>::{closure#1} as core[df12db4294e9bfd3]::ops::function::FnOnce<()>>::call_once::{shim:vtable#0}
[INFO] [stdout]   17:     0x617fb8b28aa9 - <std[70759c8f55707aa4]::sys::thread::unix::Thread>::new::thread_start
[INFO] [stdout]   18:     0x7ec4ffd41dfa - <unknown>
[INFO] [stdout]   19:     0x7ec4ffdd53d4 - clone
[INFO] [stdout]   20:                0x0 - <unknown>
[INFO] [stdout] 
[INFO] [stdout] 
[INFO] [stdout] failures:
[INFO] [stdout]     synchronous::cgroup::tests::test_add_cgroup
[INFO] [stdout] 
[INFO] [stdout] test result: FAILED. 1 passed; 1 failed; 0 ignored; 0 measured; 0 filtered out; finished in 0.00s
[INFO] [stdout] 
[INFO] running `Command { std: "docker" "inspect" "f5ff0ce0470267975594c570d57b8c3ccfe92bc999976e9092d54628f8095244", kill_on_drop: false }`
[INFO] running `Command { std: "docker" "rm" "-f" "f5ff0ce0470267975594c570d57b8c3ccfe92bc999976e9092d54628f8095244", kill_on_drop: false }`
[INFO] [stdout] f5ff0ce0470267975594c570d57b8c3ccfe92bc999976e9092d54628f8095244
