[INFO] fetching crate contain-rs-postgres 0.2.3...
[INFO] testing contain-rs-postgres-0.2.3 against 1.99.0-beta.8+cargoflags=--release for beta-release-1.100-2
[INFO] extracting crate contain-rs-postgres 0.2.3 into /workspace/builds/worker-4-tc1/source
[INFO] started tweaking crates.io crate contain-rs-postgres 0.2.3
[INFO] finished tweaking crates.io crate contain-rs-postgres 0.2.3
[INFO] tweaked toml for crates.io crate contain-rs-postgres 0.2.3 written to /workspace/builds/worker-4-tc1/source/Cargo.toml
[INFO] validating manifest of crates.io crate contain-rs-postgres 0.2.3 on toolchain 1.99.0-beta.8
[INFO] running `Command { std: CARGO_HOME="/workspace/cargo-home" RUSTUP_HOME="/workspace/rustup-home" "/workspace/cargo-home/bin/cargo" "+1.99.0-beta.8" "metadata" "--manifest-path" "Cargo.toml" "--no-deps", kill_on_drop: false }`
[INFO] running `Command { std: CARGO_HOME="/workspace/cargo-home" RUSTUP_HOME="/workspace/rustup-home" "/workspace/cargo-home/bin/cargo" "+1.99.0-beta.8" "generate-lockfile" "--manifest-path" "Cargo.toml", kill_on_drop: false }`
[INFO] [stderr]     Updating crates.io index
[INFO] [stderr]      Locking 42 packages to highest compatible versions
[INFO] running `Command { std: CARGO_HOME="/workspace/cargo-home" RUSTUP_HOME="/workspace/rustup-home" "/workspace/cargo-home/bin/cargo" "+1.99.0-beta.8" "fetch" "--manifest-path" "Cargo.toml", kill_on_drop: false }`
[INFO] [stderr]  Downloading crates ...
[INFO] [stderr]   Downloaded contain-rs-macro v0.2.3
[INFO] [stderr]   Downloaded contain-rs v0.2.3
[INFO] [stderr]   Downloaded contain-rs-parser v0.2.3
[INFO] [stderr]   Downloaded contain-rs-core v0.2.3
[INFO] running `Command { std: "docker" "create" "-v" "/var/lib/crater-agent-workspace/builds/worker-4-tc1/source:/opt/rustwide/workdir:ro,Z" "-v" "/var/lib/crater-agent-workspace/builds/worker-4-tc1/target:/opt/rustwide/target:rw,Z" "-v" "/var/lib/crater-agent-workspace/cargo-home:/opt/rustwide/cargo-home:ro,Z" "-v" "/var/lib/crater-agent-workspace/rustup-home:/opt/rustwide/rustup-home:ro,Z" "-m" "1610612736" "--network" "none" "ghcr.io/rust-lang/crates-build-env/linux@sha256:77db811e55d90add9212f6832c23229e3de5f1c1f9905e8cb07319ea15df73ac" "sleep" "infinity", kill_on_drop: false }`
[INFO] [stdout] 35e8ce1c9a769356d59308ede63b0291396c1512b2a5d961f921f44c4d605556
[INFO] running `Command { std: "docker" "start" "35e8ce1c9a769356d59308ede63b0291396c1512b2a5d961f921f44c4d605556", kill_on_drop: false }`
[INFO] running `Command { std: "docker" "inspect" "35e8ce1c9a769356d59308ede63b0291396c1512b2a5d961f921f44c4d605556", kill_on_drop: false }`
[INFO] running `Command { std: "docker" "exec" "-e" "SOURCE_DIR=/opt/rustwide/workdir" "-e" "CARGO_HOME=/opt/rustwide/cargo-home" "-e" "RUSTUP_HOME=/opt/rustwide/rustup-home" "-e" "CARGO_TARGET_DIR=/opt/rustwide/target" "-w" "/opt/rustwide/workdir" "--user" "0:0" "35e8ce1c9a769356d59308ede63b0291396c1512b2a5d961f921f44c4d605556" "/opt/rustwide/cargo-home/bin/cargo" "+1.99.0-beta.8" "metadata" "--no-deps" "--format-version=1", kill_on_drop: false }`
[INFO] running `Command { std: "docker" "inspect" "35e8ce1c9a769356d59308ede63b0291396c1512b2a5d961f921f44c4d605556", kill_on_drop: false }`
[INFO] running `Command { std: "docker" "exec" "-e" "SOURCE_DIR=/opt/rustwide/workdir" "-e" "CARGO_HOME=/opt/rustwide/cargo-home" "-e" "RUSTUP_HOME=/opt/rustwide/rustup-home" "-e" "CARGO_TARGET_DIR=/opt/rustwide/target" "-e" "CARGO_INCREMENTAL=0" "-e" "RUST_BACKTRACE=full" "-e" "RUSTFLAGS=--cap-lints=warn" "-e" "RUSTDOCFLAGS=--cap-lints=warn" "-w" "/opt/rustwide/workdir" "--user" "0:0" "35e8ce1c9a769356d59308ede63b0291396c1512b2a5d961f921f44c4d605556" "/opt/rustwide/cargo-home/bin/cargo" "+1.99.0-beta.8" "build" "--frozen" "--message-format=json" "--release", kill_on_drop: false }`
[INFO] [stderr]    Compiling proc-macro2 v1.0.107
[INFO] [stderr]    Compiling libc v0.2.191
[INFO] [stderr]    Compiling zerocopy v0.8.63
[INFO] [stderr]    Compiling memchr v2.8.3
[INFO] [stderr]    Compiling zmij v1.0.23
[INFO] [stderr]    Compiling regex-syntax v0.8.11
[INFO] [stderr]    Compiling serde_json v1.0.154
[INFO] [stderr]    Compiling thiserror v1.0.69
[INFO] [stderr]    Compiling serde v1.0.229
[INFO] [stderr]    Compiling lazy_static v1.5.1
[INFO] [stderr]    Compiling regex v1.13.1
[INFO] [stderr]    Compiling aho-corasick v1.1.5
[INFO] [stderr]    Compiling quote v1.0.47
[INFO] [stderr]    Compiling syn v2.0.119
[INFO] [stderr]    Compiling syn v3.0.9
[INFO] [stderr]    Compiling syn v1.0.109
[INFO] [stderr]    Compiling getrandom v0.2.17
[INFO] [stderr]    Compiling os_pipe v1.2.3
[INFO] [stderr]    Compiling rand_core v0.6.4
[INFO] [stderr]    Compiling regex-automata v0.4.18
[INFO] [stderr]    Compiling serde_derive v1.0.229
[INFO] [stderr]    Compiling ppv-lite86 v0.2.21
[INFO] [stderr]    Compiling rand_chacha v0.3.1
[INFO] [stderr]    Compiling tracing-attributes v0.1.31
[INFO] [stderr]    Compiling thiserror-impl v1.0.69
[INFO] [stderr]    Compiling rand v0.8.8
[INFO] [stderr]    Compiling tracing v0.1.44
[INFO] [stderr]    Compiling contain-rs-core v0.2.3
[INFO] [stderr]    Compiling contain-rs-parser v0.2.3
[INFO] [stderr]    Compiling contain-rs-macro v0.2.3
[INFO] [stderr]    Compiling contain-rs v0.2.3
[INFO] [stderr]    Compiling contain-rs-postgres v0.2.3 (/opt/rustwide/workdir)
[INFO] [stderr]     Finished `release` profile [optimized] target(s) in 27.45s
[INFO] running `Command { std: "docker" "inspect" "35e8ce1c9a769356d59308ede63b0291396c1512b2a5d961f921f44c4d605556", kill_on_drop: false }`
[INFO] running `Command { std: "docker" "exec" "-e" "SOURCE_DIR=/opt/rustwide/workdir" "-e" "CARGO_HOME=/opt/rustwide/cargo-home" "-e" "RUSTUP_HOME=/opt/rustwide/rustup-home" "-e" "CARGO_TARGET_DIR=/opt/rustwide/target" "-e" "CARGO_INCREMENTAL=0" "-e" "RUST_BACKTRACE=full" "-e" "RUSTFLAGS=--cap-lints=warn" "-e" "RUSTDOCFLAGS=--cap-lints=warn" "-w" "/opt/rustwide/workdir" "--user" "0:0" "35e8ce1c9a769356d59308ede63b0291396c1512b2a5d961f921f44c4d605556" "/opt/rustwide/cargo-home/bin/cargo" "+1.99.0-beta.8" "test" "--frozen" "--no-run" "--message-format=json" "--release", kill_on_drop: false }`
[INFO] [stderr]    Compiling contain-rs-postgres v0.2.3 (/opt/rustwide/workdir)
[INFO] [stderr]     Finished `release` profile [optimized] target(s) in 0.51s
[INFO] running `Command { std: "docker" "inspect" "35e8ce1c9a769356d59308ede63b0291396c1512b2a5d961f921f44c4d605556", kill_on_drop: false }`
[INFO] running `Command { std: "docker" "exec" "-e" "SOURCE_DIR=/opt/rustwide/workdir" "-e" "CARGO_HOME=/opt/rustwide/cargo-home" "-e" "RUSTUP_HOME=/opt/rustwide/rustup-home" "-e" "CARGO_TARGET_DIR=/opt/rustwide/target" "-e" "CARGO_INCREMENTAL=0" "-e" "RUST_BACKTRACE=full" "-e" "RUSTFLAGS=--cap-lints=warn" "-e" "RUSTDOCFLAGS=--cap-lints=warn" "-w" "/opt/rustwide/workdir" "--user" "0:0" "35e8ce1c9a769356d59308ede63b0291396c1512b2a5d961f921f44c4d605556" "/opt/rustwide/cargo-home/bin/cargo" "+1.99.0-beta.8" "test" "--frozen" "--release", kill_on_drop: false }`
[INFO] [stderr]     Finished `release` profile [optimized] target(s) in 0.07s
[INFO] [stderr]      Running unittests src/lib.rs (/opt/rustwide/target/release/deps/contain_rs_postgres-52dc301a8cb92e38)
[INFO] [stdout] 
[INFO] [stdout] running 1 test
[INFO] [stderr] 
[INFO] [stderr] thread 'test::test_run' (859) panicked at /rustc/dfb0accb7f508ae8be965d8629557221c889dd98/library/core/src/panicking.rs:233:5:
[INFO] [stderr] panic in a destructor during cleanup
[INFO] [stderr] thread caused non-unwinding panic. aborting.
[INFO] [stdout] 
[INFO] [stdout] thread 'test::test_run' (859) panicked at /opt/rustwide/cargo-home/registry/src/index.crates.io-1949cf8c6b5b557f/contain-rs-core-0.2.3/src/client/shared.rs:37:10:
[INFO] [stdout] called `Result::unwrap()` on an `Err` value: Os { code: 2, kind: NotFound, message: "No such file or directory" }
[INFO] [stdout] stack backtrace:
[INFO] [stdout]    0:     0x639e97a398b1 - <<std[70759c8f55707aa4]::sys::backtrace::BacktraceLock>::print::DisplayBacktrace as core[df12db4294e9bfd3]::fmt::Display>::fmt
[INFO] [stdout]    1:     0x639e97a5119a - core[df12db4294e9bfd3]::fmt::write
[INFO] [stdout]    2:     0x639e97a3f46c - <alloc[2182bb758b4b3781]::vec::Vec<u8> as core[df12db4294e9bfd3]::io::write::Write>::write_fmt
[INFO] [stdout]    3:     0x639e97a15676 - std[70759c8f55707aa4]::panicking::default_hook::{closure#0}
[INFO] [stdout]    4:     0x639e97a31cb9 - std[70759c8f55707aa4]::panicking::default_hook
[INFO] [stdout]    5:     0x639e978f00d0 - test[9d35eded1c95d3be]::test_main_inner::<test[9d35eded1c95d3be]::test_main_static::{closure#0}>::{closure#0}
[INFO] [stdout]    6:     0x639e97a31e72 - std[70759c8f55707aa4]::panicking::panic_with_hook
[INFO] [stdout]    7:     0x639e97a15722 - std[70759c8f55707aa4]::panicking::panic_handler::{closure#0}
[INFO] [stdout]    8:     0x639e97a0e4a9 - std[70759c8f55707aa4]::sys::backtrace::__rust_end_short_backtrace::<std[70759c8f55707aa4]::panicking::panic_handler::{closure#0}, !>
[INFO] [stdout]    9:     0x639e97a1631d - __rustc[8fa7c3cbc660c2b3]::rust_begin_unwind
[INFO] [stdout]   10:     0x639e97a5197c - core[df12db4294e9bfd3]::panicking::panic_fmt
[INFO] [stdout]   11:     0x639e97a51752 - core[df12db4294e9bfd3]::result::unwrap_failed
[INFO] [stdout]   12:     0x639e9792e856 - contain_rs_core[33af4d56b15c7173]::client::shared::try_run_and_wait_for_command
[INFO] [stdout]   13:     0x639e9792b861 - contain_rs_core[33af4d56b15c7173]::client::shared::inspect::<contain_rs_core[33af4d56b15c7173]::client::podman::Podman>
[INFO] [stdout]   14:     0x639e97924d02 - <contain_rs_core[33af4d56b15c7173]::client::podman::Podman as contain_rs_core[33af4d56b15c7173]::client::Client>::exists
[INFO] [stdout]   15:     0x639e978e307e - <contain_rs_postgres[78bbabe68a72f0a9]::test::test_run::{closure#0} as core[df12db4294e9bfd3]::ops::function::FnOnce<()>>::call_once
[INFO] [stdout]   16:     0x639e978e33bb - test[9d35eded1c95d3be]::__rust_begin_short_backtrace::<core[df12db4294e9bfd3]::result::Result<(), alloc[2182bb758b4b3781]::string::String>, fn() -> core[df12db4294e9bfd3]::result::Result<(), alloc[2182bb758b4b3781]::string::String>>
[INFO] [stdout]   17:     0x639e978f0a25 - test[9d35eded1c95d3be]::run_test::{closure#0}
[INFO] [stdout]   18:     0x639e978ea2e4 - std[70759c8f55707aa4]::sys::backtrace::__rust_begin_short_backtrace::<test[9d35eded1c95d3be]::run_test::{closure#1}, ()>
[INFO] [stdout]   19:     0x639e978f3b82 - <std[70759c8f55707aa4]::thread::lifecycle::spawn_unchecked<test[9d35eded1c95d3be]::run_test::{closure#1}, ()>::{closure#1} as core[df12db4294e9bfd3]::ops::function::FnOnce<()>>::call_once::{shim:vtable#0}
[INFO] [stdout]   20:     0x639e97a390d9 - <std[70759c8f55707aa4]::sys::thread::unix::Thread>::new::thread_start
[INFO] [stdout]   21:     0x70315104ddfa - <unknown>
[INFO] [stdout]   22:     0x7031510e13d4 - clone
[INFO] [stdout]   23:                0x0 - <unknown>
[INFO] [stdout] 
[INFO] [stdout] thread 'test::test_run' (859) panicked at /opt/rustwide/cargo-home/registry/src/index.crates.io-1949cf8c6b5b557f/contain-rs-core-0.2.3/src/client/shared.rs:37:10:
[INFO] [stdout] called `Result::unwrap()` on an `Err` value: Os { code: 2, kind: NotFound, message: "No such file or directory" }
[INFO] [stdout] stack backtrace:
[INFO] [stdout]    0:     0x639e97a398b1 - <<std[70759c8f55707aa4]::sys::backtrace::BacktraceLock>::print::DisplayBacktrace as core[df12db4294e9bfd3]::fmt::Display>::fmt
[INFO] [stdout]    1:     0x639e97a5119a - core[df12db4294e9bfd3]::fmt::write
[INFO] [stdout]    2:     0x639e97a3f46c - <alloc[2182bb758b4b3781]::vec::Vec<u8> as core[df12db4294e9bfd3]::io::write::Write>::write_fmt
[INFO] [stdout]    3:     0x639e97a15676 - std[70759c8f55707aa4]::panicking::default_hook::{closure#0}
[INFO] [stdout]    4:     0x639e97a31cb9 - std[70759c8f55707aa4]::panicking::default_hook
[INFO] [stdout]    5:     0x639e978f00d0 - test[9d35eded1c95d3be]::test_main_inner::<test[9d35eded1c95d3be]::test_main_static::{closure#0}>::{closure#0}
[INFO] [stdout]    6:     0x639e97a31e72 - std[70759c8f55707aa4]::panicking::panic_with_hook
[INFO] [stdout]    7:     0x639e97a15722 - std[70759c8f55707aa4]::panicking::panic_handler::{closure#0}
[INFO] [stdout]    8:     0x639e97a0e4a9 - std[70759c8f55707aa4]::sys::backtrace::__rust_end_short_backtrace::<std[70759c8f55707aa4]::panicking::panic_handler::{closure#0}, !>
[INFO] [stdout]    9:     0x639e97a1631d - __rustc[8fa7c3cbc660c2b3]::rust_begin_unwind
[INFO] [stdout]   10:     0x639e97a5197c - core[df12db4294e9bfd3]::panicking::panic_fmt
[INFO] [stdout]   11:     0x639e97a51752 - core[df12db4294e9bfd3]::result::unwrap_failed
[INFO] [stdout]   12:     0x639e9792e856 - contain_rs_core[33af4d56b15c7173]::client::shared::try_run_and_wait_for_command
[INFO] [stdout]   13:     0x639e9792b861 - contain_rs_core[33af4d56b15c7173]::client::shared::inspect::<contain_rs_core[33af4d56b15c7173]::client::podman::Podman>
[INFO] [stdout]   14:     0x639e97924d02 - <contain_rs_core[33af4d56b15c7173]::client::podman::Podman as contain_rs_core[33af4d56b15c7173]::client::Client>::exists
[INFO] [stdout]   15:     0x639e978e1905 - core[df12db4294e9bfd3]::ptr::drop_glue::<contain_rs_core[33af4d56b15c7173]::client::ContainerHandle<contain_rs_core[33af4d56b15c7173]::client::podman::Podman>>
[INFO] [stdout]   16:     0x639e978e3316 - <contain_rs_postgres[78bbabe68a72f0a9]::test::test_run::{closure#0} as core[df12db4294e9bfd3]::ops::function::FnOnce<()>>::call_once
[INFO] [stdout]   17:     0x639e978e33bb - test[9d35eded1c95d3be]::__rust_begin_short_backtrace::<core[df12db4294e9bfd3]::result::Result<(), alloc[2182bb758b4b3781]::string::String>, fn() -> core[df12db4294e9bfd3]::result::Result<(), alloc[2182bb758b4b3781]::string::String>>
[INFO] [stdout]   18:     0x639e978f0a25 - test[9d35eded1c95d3be]::run_test::{closure#0}
[INFO] [stdout]   19:     0x639e978ea2e4 - std[70759c8f55707aa4]::sys::backtrace::__rust_begin_short_backtrace::<test[9d35eded1c95d3be]::run_test::{closure#1}, ()>
[INFO] [stdout]   20:     0x639e978f3b82 - <std[70759c8f55707aa4]::thread::lifecycle::spawn_unchecked<test[9d35eded1c95d3be]::run_test::{closure#1}, ()>::{closure#1} as core[df12db4294e9bfd3]::ops::function::FnOnce<()>>::call_once::{shim:vtable#0}
[INFO] [stdout]   21:     0x639e97a390d9 - <std[70759c8f55707aa4]::sys::thread::unix::Thread>::new::thread_start
[INFO] [stdout]   22:     0x70315104ddfa - <unknown>
[INFO] [stdout]   23:     0x7031510e13d4 - clone
[INFO] [stdout]   24:                0x0 - <unknown>
[INFO] [stderr] error: test failed, to rerun pass `--lib`
[INFO] [stderr] 
[INFO] [stderr] Caused by:
[INFO] [stderr]   process didn't exit successfully: `/opt/rustwide/target/release/deps/contain_rs_postgres-52dc301a8cb92e38` (signal: 6, SIGABRT: process abort signal)
[INFO] running `Command { std: "docker" "inspect" "35e8ce1c9a769356d59308ede63b0291396c1512b2a5d961f921f44c4d605556", kill_on_drop: false }`
[INFO] running `Command { std: "docker" "rm" "-f" "35e8ce1c9a769356d59308ede63b0291396c1512b2a5d961f921f44c4d605556", kill_on_drop: false }`
[INFO] [stdout] 35e8ce1c9a769356d59308ede63b0291396c1512b2a5d961f921f44c4d605556
