[INFO] fetching crate conta 0.0.3...
[INFO] testing conta-0.0.3 against 1.99.0-beta.8+cargoflags=--release for beta-release-1.100-2
[INFO] extracting crate conta 0.0.3 into /workspace/builds/worker-2-tc1/source
[INFO] started tweaking crates.io crate conta 0.0.3
[INFO] finished tweaking crates.io crate conta 0.0.3
[INFO] tweaked toml for crates.io crate conta 0.0.3 written to /workspace/builds/worker-2-tc1/source/Cargo.toml
[INFO] validating manifest of crates.io crate conta 0.0.3 on toolchain 1.99.0-beta.8
[INFO] running `Command { std: CARGO_HOME="/workspace/cargo-home" RUSTUP_HOME="/workspace/rustup-home" "/workspace/cargo-home/bin/cargo" "+1.99.0-beta.8" "metadata" "--manifest-path" "Cargo.toml" "--no-deps", kill_on_drop: false }`
[INFO] crate crates.io crate conta 0.0.3 already has a lockfile, it will not be regenerated
[INFO] running `Command { std: CARGO_HOME="/workspace/cargo-home" RUSTUP_HOME="/workspace/rustup-home" "/workspace/cargo-home/bin/cargo" "+1.99.0-beta.8" "fetch" "--manifest-path" "Cargo.toml", kill_on_drop: false }`
[INFO] [stderr]     Updating crates.io index
[INFO] [stderr]  Downloading crates ...
[INFO] [stderr]   Downloaded toml v0.8.8
[INFO] [stderr]   Downloaded openssl-sys v0.9.98
[INFO] [stderr]   Downloaded ccli v0.0.3
[INFO] [stderr]   Downloaded openssl v0.10.62
[INFO] [stderr]   Downloaded clap_derive v4.4.7
[INFO] [stderr]   Downloaded eyre v0.6.11
[INFO] [stderr]   Downloaded anyhow v1.0.76
[INFO] [stderr]   Downloaded anstream v0.6.5
[INFO] running `Command { std: "docker" "create" "-v" "/var/lib/crater-agent-workspace/builds/worker-2-tc1/source:/opt/rustwide/workdir:ro,Z" "-v" "/var/lib/crater-agent-workspace/builds/worker-2-tc1/target:/opt/rustwide/target:rw,Z" "-v" "/var/lib/crater-agent-workspace/cargo-home:/opt/rustwide/cargo-home:ro,Z" "-v" "/var/lib/crater-agent-workspace/rustup-home:/opt/rustwide/rustup-home:ro,Z" "-m" "1610612736" "--network" "none" "ghcr.io/rust-lang/crates-build-env/linux@sha256:77db811e55d90add9212f6832c23229e3de5f1c1f9905e8cb07319ea15df73ac" "sleep" "infinity", kill_on_drop: false }`
[INFO] [stdout] cc991a2169c621182940d61b525588d0255e30268c1f75d593b11ae8c05a5f04
[INFO] running `Command { std: "docker" "start" "cc991a2169c621182940d61b525588d0255e30268c1f75d593b11ae8c05a5f04", kill_on_drop: false }`
[INFO] running `Command { std: "docker" "inspect" "cc991a2169c621182940d61b525588d0255e30268c1f75d593b11ae8c05a5f04", kill_on_drop: false }`
[INFO] running `Command { std: "docker" "exec" "-e" "SOURCE_DIR=/opt/rustwide/workdir" "-e" "CARGO_HOME=/opt/rustwide/cargo-home" "-e" "RUSTUP_HOME=/opt/rustwide/rustup-home" "-e" "CARGO_TARGET_DIR=/opt/rustwide/target" "-w" "/opt/rustwide/workdir" "--user" "0:0" "cc991a2169c621182940d61b525588d0255e30268c1f75d593b11ae8c05a5f04" "/opt/rustwide/cargo-home/bin/cargo" "+1.99.0-beta.8" "metadata" "--no-deps" "--format-version=1", kill_on_drop: false }`
[INFO] running `Command { std: "docker" "inspect" "cc991a2169c621182940d61b525588d0255e30268c1f75d593b11ae8c05a5f04", kill_on_drop: false }`
[INFO] running `Command { std: "docker" "exec" "-e" "SOURCE_DIR=/opt/rustwide/workdir" "-e" "CARGO_HOME=/opt/rustwide/cargo-home" "-e" "RUSTUP_HOME=/opt/rustwide/rustup-home" "-e" "CARGO_TARGET_DIR=/opt/rustwide/target" "-e" "CARGO_INCREMENTAL=0" "-e" "RUST_BACKTRACE=full" "-e" "RUSTFLAGS=--cap-lints=warn" "-e" "RUSTDOCFLAGS=--cap-lints=warn" "-w" "/opt/rustwide/workdir" "--user" "0:0" "cc991a2169c621182940d61b525588d0255e30268c1f75d593b11ae8c05a5f04" "/opt/rustwide/cargo-home/bin/cargo" "+1.99.0-beta.8" "build" "--frozen" "--message-format=json" "--release", kill_on_drop: false }`
[INFO] [stderr]    Compiling proc-macro2 v1.0.71
[INFO] [stderr]    Compiling futures-task v0.3.29
[INFO] [stderr]    Compiling openssl v0.10.62
[INFO] [stderr]    Compiling futures-util v0.3.29
[INFO] [stderr]    Compiling tracing v0.1.40
[INFO] [stderr]    Compiling openssl-sys v0.9.98
[INFO] [stderr]    Compiling tokio v1.35.1
[INFO] [stderr]    Compiling utf8parse v0.2.1
[INFO] [stderr]    Compiling futures-io v0.3.29
[INFO] [stderr]    Compiling backtrace v0.3.69
[INFO] [stderr]    Compiling anstyle-query v1.0.2
[INFO] [stderr]    Compiling anstyle v1.0.4
[INFO] [stderr]    Compiling colorchoice v1.0.0
[INFO] [stderr]    Compiling eyre v0.6.11
[INFO] [stderr]    Compiling miniz_oxide v0.7.1
[INFO] [stderr]    Compiling object v0.32.1
[INFO] [stderr]    Compiling anyhow v1.0.76
[INFO] [stderr]    Compiling strsim v0.10.0
[INFO] [stderr]    Compiling rustc-demangle v0.1.23
[INFO] [stderr]    Compiling anstyle-parse v0.2.3
[INFO] [stderr]    Compiling clap_lex v0.6.0
[INFO] [stderr]    Compiling semver v1.0.20
[INFO] [stderr]    Compiling winnow v0.5.30
[INFO] [stderr]    Compiling anstream v0.6.5
[INFO] [stderr]    Compiling tracing-subscriber v0.3.18
[INFO] [stderr]    Compiling native-tls v0.2.11
[INFO] [stderr]    Compiling quote v1.0.33
[INFO] [stderr]    Compiling clap_builder v4.4.11
[INFO] [stderr]    Compiling syn v2.0.42
[INFO] [stderr]    Compiling tracing-error v0.2.0
[INFO] [stderr]    Compiling color-spantrace v0.2.1
[INFO] [stderr]    Compiling serde_derive v1.0.193
[INFO] [stderr]    Compiling openssl-macros v0.1.1
[INFO] [stderr]    Compiling clap_derive v4.4.7
[INFO] [stderr]    Compiling tokio-util v0.7.10
[INFO] [stderr]    Compiling color-eyre v0.6.2
[INFO] [stderr]    Compiling clap v4.4.11
[INFO] [stderr]    Compiling ccli v0.0.3
[INFO] [stderr]    Compiling h2 v0.3.22
[INFO] [stderr]    Compiling serde v1.0.193
[INFO] [stderr]    Compiling hyper v0.14.28
[INFO] [stderr]    Compiling tokio-native-tls v0.3.1
[INFO] [stderr]    Compiling toml_datetime v0.6.5
[INFO] [stderr]    Compiling serde_spanned v0.6.5
[INFO] [stderr]    Compiling serde_urlencoded v0.7.1
[INFO] [stderr]    Compiling serde_json v1.0.108
[INFO] [stderr]    Compiling toml_edit v0.21.0
[INFO] [stderr]    Compiling toml v0.8.8
[INFO] [stderr]    Compiling hyper-tls v0.5.0
[INFO] [stderr]    Compiling reqwest v0.11.23
[INFO] [stderr]    Compiling conta v0.0.3 (/opt/rustwide/workdir)
[INFO] [stderr]     Finished `release` profile [optimized] target(s) in 50.39s
[INFO] running `Command { std: "docker" "inspect" "cc991a2169c621182940d61b525588d0255e30268c1f75d593b11ae8c05a5f04", kill_on_drop: false }`
[INFO] running `Command { std: "docker" "exec" "-e" "SOURCE_DIR=/opt/rustwide/workdir" "-e" "CARGO_HOME=/opt/rustwide/cargo-home" "-e" "RUSTUP_HOME=/opt/rustwide/rustup-home" "-e" "CARGO_TARGET_DIR=/opt/rustwide/target" "-e" "CARGO_INCREMENTAL=0" "-e" "RUST_BACKTRACE=full" "-e" "RUSTFLAGS=--cap-lints=warn" "-e" "RUSTDOCFLAGS=--cap-lints=warn" "-w" "/opt/rustwide/workdir" "--user" "0:0" "cc991a2169c621182940d61b525588d0255e30268c1f75d593b11ae8c05a5f04" "/opt/rustwide/cargo-home/bin/cargo" "+1.99.0-beta.8" "test" "--frozen" "--no-run" "--message-format=json" "--release", kill_on_drop: false }`
[INFO] [stderr]    Compiling conta v0.0.3 (/opt/rustwide/workdir)
[INFO] [stderr]     Finished `release` profile [optimized] target(s) in 3.01s
[INFO] running `Command { std: "docker" "inspect" "cc991a2169c621182940d61b525588d0255e30268c1f75d593b11ae8c05a5f04", kill_on_drop: false }`
[INFO] running `Command { std: "docker" "exec" "-e" "SOURCE_DIR=/opt/rustwide/workdir" "-e" "CARGO_HOME=/opt/rustwide/cargo-home" "-e" "RUSTUP_HOME=/opt/rustwide/rustup-home" "-e" "CARGO_TARGET_DIR=/opt/rustwide/target" "-e" "CARGO_INCREMENTAL=0" "-e" "RUST_BACKTRACE=full" "-e" "RUSTFLAGS=--cap-lints=warn" "-e" "RUSTDOCFLAGS=--cap-lints=warn" "-w" "/opt/rustwide/workdir" "--user" "0:0" "cc991a2169c621182940d61b525588d0255e30268c1f75d593b11ae8c05a5f04" "/opt/rustwide/cargo-home/bin/cargo" "+1.99.0-beta.8" "test" "--frozen" "--release", kill_on_drop: false }`
[INFO] [stderr]     Finished `release` profile [optimized] target(s) in 0.16s
[INFO] [stderr]      Running unittests src/lib.rs (/opt/rustwide/target/release/deps/conta-a984e51923bc3bf6)
[INFO] [stdout] 
[INFO] [stdout] running 6 tests
[INFO] [stdout] test cmd::version::tests::bump_handles_subtable_form ... ok
[INFO] [stdout] test cmd::version::tests::bump_leaves_external_deps_alone ... ok
[INFO] [stdout] test config::from_manifest ... FAILED
[INFO] [stdout] test graph::tests::ignore_excludes_leaf_crate ... FAILED
[INFO] [stdout] test graph::tests::ignoring_crate_with_reverse_deps_errors ... FAILED
[INFO] [stdout] test graph::tests::resolves_this_workspace ... FAILED
[INFO] [stderr] error: test failed, to rerun pass `--lib`
[INFO] [stdout] 
[INFO] [stdout] failures:
[INFO] [stdout] 
[INFO] [stdout] ---- config::from_manifest stdout ----
[INFO] [stdout] Error: No such file or directory (os error 2)
[INFO] [stdout] 
[INFO] [stdout] ---- graph::tests::ignore_excludes_leaf_crate stdout ----
[INFO] [stdout] Error: cargo metadata failed: error: manifest path `/opt/rustwide/workdir/../Cargo.toml` does not exist
[INFO] [stdout] 
[INFO] [stdout] 
[INFO] [stdout] ---- graph::tests::ignoring_crate_with_reverse_deps_errors stdout ----
[INFO] [stdout] 
[INFO] [stdout] thread 'graph::tests::ignoring_crate_with_reverse_deps_errors' (1401) panicked at src/graph.rs:196:9:
[INFO] [stdout] assertion failed: msg.contains("conta")
[INFO] [stdout] stack backtrace:
[INFO] [stdout]    0:     0x57d39b7d89d1 - <<std[70759c8f55707aa4]::sys::backtrace::BacktraceLock>::print::DisplayBacktrace as core[df12db4294e9bfd3]::fmt::Display>::fmt
[INFO] [stdout]    1:     0x57d39b7edf7a - core[df12db4294e9bfd3]::fmt::write
[INFO] [stdout]    2:     0x57d39b7dce6c - <alloc[2182bb758b4b3781]::vec::Vec<u8> as core[df12db4294e9bfd3]::io::write::Write>::write_fmt
[INFO] [stdout]    3:     0x57d39b7b4ad6 - std[70759c8f55707aa4]::panicking::default_hook::{closure#0}
[INFO] [stdout]    4:     0x57d39b7d0d49 - std[70759c8f55707aa4]::panicking::default_hook
[INFO] [stdout]    5:     0x57d39b7313e0 - test[9d35eded1c95d3be]::test_main_inner::<test[9d35eded1c95d3be]::test_main_static::{closure#0}>::{closure#0}
[INFO] [stdout]    6:     0x57d39b7d0f02 - std[70759c8f55707aa4]::panicking::panic_with_hook
[INFO] [stdout]    7:     0x57d39b7b4bb4 - std[70759c8f55707aa4]::panicking::panic_handler::{closure#0}
[INFO] [stdout]    8:     0x57d39b7ad779 - std[70759c8f55707aa4]::sys::backtrace::__rust_end_short_backtrace::<std[70759c8f55707aa4]::panicking::panic_handler::{closure#0}, !>
[INFO] [stdout]    9:     0x57d39b7b577d - __rustc[8fa7c3cbc660c2b3]::rust_begin_unwind
[INFO] [stdout]   10:     0x57d39b7ee6ac - core[df12db4294e9bfd3]::panicking::panic_fmt
[INFO] [stdout]   11:     0x57d39b7ee672 - core[df12db4294e9bfd3]::panicking::panic
[INFO] [stdout]   12:     0x57d39b71f56b - conta[b6f55968640fb36d]::graph::tests::ignoring_crate_with_reverse_deps_errors
[INFO] [stdout]   13:     0x57d39b71c389 - <conta[b6f55968640fb36d]::graph::tests::ignoring_crate_with_reverse_deps_errors::{closure#0} as core[df12db4294e9bfd3]::ops::function::FnOnce<()>>::call_once
[INFO] [stdout]   14:     0x57d39b7246cb - test[9d35eded1c95d3be]::__rust_begin_short_backtrace::<core[df12db4294e9bfd3]::result::Result<(), alloc[2182bb758b4b3781]::string::String>, fn() -> core[df12db4294e9bfd3]::result::Result<(), alloc[2182bb758b4b3781]::string::String>>
[INFO] [stdout]   15:     0x57d39b731d35 - test[9d35eded1c95d3be]::run_test::{closure#0}
[INFO] [stdout]   16:     0x57d39b72b5f4 - std[70759c8f55707aa4]::sys::backtrace::__rust_begin_short_backtrace::<test[9d35eded1c95d3be]::run_test::{closure#1}, ()>
[INFO] [stdout]   17:     0x57d39b734e92 - <std[70759c8f55707aa4]::thread::lifecycle::spawn_unchecked<test[9d35eded1c95d3be]::run_test::{closure#1}, ()>::{closure#1} as core[df12db4294e9bfd3]::ops::function::FnOnce<()>>::call_once::{shim:vtable#0}
[INFO] [stdout]   18:     0x57d39b7d7f39 - <std[70759c8f55707aa4]::sys::thread::unix::Thread>::new::thread_start
[INFO] [stdout]   19:     0x76322c3cadfa - <unknown>
[INFO] [stdout]   20:     0x76322c45e3d4 - clone
[INFO] [stdout]   21:                0x0 - <unknown>
[INFO] [stdout] 
[INFO] [stdout] ---- graph::tests::resolves_this_workspace stdout ----
[INFO] [stdout] Error: cargo metadata failed: error: manifest path `/opt/rustwide/workdir/../Cargo.toml` does not exist
[INFO] [stdout] 
[INFO] [stdout] 
[INFO] [stdout] 
[INFO] [stdout] failures:
[INFO] [stdout]     config::from_manifest
[INFO] [stdout]     graph::tests::ignore_excludes_leaf_crate
[INFO] [stdout]     graph::tests::ignoring_crate_with_reverse_deps_errors
[INFO] [stdout]     graph::tests::resolves_this_workspace
[INFO] [stdout] 
[INFO] [stdout] test result: FAILED. 2 passed; 4 failed; 0 ignored; 0 measured; 0 filtered out; finished in 0.08s
[INFO] [stdout] 
[INFO] running `Command { std: "docker" "inspect" "cc991a2169c621182940d61b525588d0255e30268c1f75d593b11ae8c05a5f04", kill_on_drop: false }`
[INFO] running `Command { std: "docker" "rm" "-f" "cc991a2169c621182940d61b525588d0255e30268c1f75d593b11ae8c05a5f04", kill_on_drop: false }`
[INFO] [stdout] cc991a2169c621182940d61b525588d0255e30268c1f75d593b11ae8c05a5f04
