[INFO] fetching crate consus-zarr 0.2.0...
[INFO] testing consus-zarr-0.2.0 against 1.99.0-beta.8+cargoflags=--release for beta-release-1.100-2
[INFO] extracting crate consus-zarr 0.2.0 into /workspace/builds/worker-7-tc1/source
[INFO] started tweaking crates.io crate consus-zarr 0.2.0
[INFO] removed 0 missing tests
[INFO] finished tweaking crates.io crate consus-zarr 0.2.0
[INFO] tweaked toml for crates.io crate consus-zarr 0.2.0 written to /workspace/builds/worker-7-tc1/source/Cargo.toml
[INFO] validating manifest of crates.io crate consus-zarr 0.2.0 on toolchain 1.99.0-beta.8
[INFO] running `Command { std: CARGO_HOME="/workspace/cargo-home" RUSTUP_HOME="/workspace/rustup-home" "/workspace/cargo-home/bin/cargo" "+1.99.0-beta.8" "metadata" "--manifest-path" "Cargo.toml" "--no-deps", kill_on_drop: false }`
[INFO] crate crates.io crate consus-zarr 0.2.0 already has a lockfile, it will not be regenerated
[INFO] running `Command { std: CARGO_HOME="/workspace/cargo-home" RUSTUP_HOME="/workspace/rustup-home" "/workspace/cargo-home/bin/cargo" "+1.99.0-beta.8" "fetch" "--manifest-path" "Cargo.toml", kill_on_drop: false }`
[INFO] [stderr]     Updating crates.io index
[INFO] [stderr]  Downloading crates ...
[INFO] [stderr]   Downloaded zrip v0.8.11
[INFO] [stderr]   Downloaded consus-core v0.2.0
[INFO] [stderr]   Downloaded zrip-encode v0.9.0
[INFO] [stderr]   Downloaded zrip-decode v0.8.10
[INFO] [stderr]   Downloaded zrip-core v0.11.0
[INFO] [stderr]   Downloaded consus-io v0.2.0
[INFO] [stderr]   Downloaded lz4_flex v0.11.6
[INFO] [stderr]   Downloaded consus-compression v0.2.0
[INFO] running `Command { std: "docker" "create" "-v" "/var/lib/crater-agent-workspace/builds/worker-7-tc1/source:/opt/rustwide/workdir:ro,Z" "-v" "/var/lib/crater-agent-workspace/builds/worker-7-tc1/target:/opt/rustwide/target:rw,Z" "-v" "/var/lib/crater-agent-workspace/cargo-home:/opt/rustwide/cargo-home:ro,Z" "-v" "/var/lib/crater-agent-workspace/rustup-home:/opt/rustwide/rustup-home:ro,Z" "-m" "1610612736" "--network" "none" "ghcr.io/rust-lang/crates-build-env/linux@sha256:77db811e55d90add9212f6832c23229e3de5f1c1f9905e8cb07319ea15df73ac" "sleep" "infinity", kill_on_drop: false }`
[INFO] [stdout] 5ea7ee0a6948b61c892e07fa462297862ef02a18d2a3e12fa96b56cb9c8e5945
[INFO] running `Command { std: "docker" "start" "5ea7ee0a6948b61c892e07fa462297862ef02a18d2a3e12fa96b56cb9c8e5945", kill_on_drop: false }`
[INFO] running `Command { std: "docker" "inspect" "5ea7ee0a6948b61c892e07fa462297862ef02a18d2a3e12fa96b56cb9c8e5945", kill_on_drop: false }`
[INFO] running `Command { std: "docker" "exec" "-e" "SOURCE_DIR=/opt/rustwide/workdir" "-e" "CARGO_HOME=/opt/rustwide/cargo-home" "-e" "RUSTUP_HOME=/opt/rustwide/rustup-home" "-e" "CARGO_TARGET_DIR=/opt/rustwide/target" "-w" "/opt/rustwide/workdir" "--user" "0:0" "5ea7ee0a6948b61c892e07fa462297862ef02a18d2a3e12fa96b56cb9c8e5945" "/opt/rustwide/cargo-home/bin/cargo" "+1.99.0-beta.8" "metadata" "--no-deps" "--format-version=1", kill_on_drop: false }`
[INFO] running `Command { std: "docker" "inspect" "5ea7ee0a6948b61c892e07fa462297862ef02a18d2a3e12fa96b56cb9c8e5945", kill_on_drop: false }`
[INFO] running `Command { std: "docker" "exec" "-e" "SOURCE_DIR=/opt/rustwide/workdir" "-e" "CARGO_HOME=/opt/rustwide/cargo-home" "-e" "RUSTUP_HOME=/opt/rustwide/rustup-home" "-e" "CARGO_TARGET_DIR=/opt/rustwide/target" "-e" "CARGO_INCREMENTAL=0" "-e" "RUST_BACKTRACE=full" "-e" "RUSTFLAGS=--cap-lints=warn" "-e" "RUSTDOCFLAGS=--cap-lints=warn" "-w" "/opt/rustwide/workdir" "--user" "0:0" "5ea7ee0a6948b61c892e07fa462297862ef02a18d2a3e12fa96b56cb9c8e5945" "/opt/rustwide/cargo-home/bin/cargo" "+1.99.0-beta.8" "build" "--frozen" "--message-format=json" "--release", kill_on_drop: false }`
[INFO] [stderr]    Compiling unicode-ident v1.0.26
[INFO] [stderr]    Compiling zerocopy v0.8.62
[INFO] [stderr]    Compiling zrip-core v0.11.0
[INFO] [stderr]    Compiling crc32fast v1.5.2
[INFO] [stderr]    Compiling byteorder v1.5.0
[INFO] [stderr]    Compiling simd-adler32 v0.3.10
[INFO] [stderr]    Compiling cfg-if v1.0.5
[INFO] [stderr]    Compiling smallvec v1.16.2
[INFO] [stderr]    Compiling serde_json v1.0.151
[INFO] [stderr]    Compiling proc-macro2 v1.0.107
[INFO] [stderr]    Compiling miniz_oxide v0.9.1
[INFO] [stderr]    Compiling serde v1.0.229
[INFO] [stderr]    Compiling lz4_flex v0.11.6
[INFO] [stderr]    Compiling quote v1.0.47
[INFO] [stderr]    Compiling zrip-encode v0.9.0
[INFO] [stderr]    Compiling zrip-decode v0.8.10
[INFO] [stderr]    Compiling syn v2.0.119
[INFO] [stderr]    Compiling syn v3.0.6
[INFO] [stderr]    Compiling flate2 v1.1.10
[INFO] [stderr]    Compiling zrip v0.8.11
[INFO] [stderr]    Compiling serde_derive v1.0.229
[INFO] [stderr]    Compiling zerocopy-derive v0.8.62
[INFO] [stderr]    Compiling consus-core v0.2.0
[INFO] [stderr]    Compiling consus-io v0.2.0
[INFO] [stderr]    Compiling consus-compression v0.2.0
[INFO] [stderr]    Compiling consus-zarr v0.2.0 (/opt/rustwide/workdir)
[INFO] [stderr]     Finished `release` profile [optimized] target(s) in 51.99s
[INFO] running `Command { std: "docker" "inspect" "5ea7ee0a6948b61c892e07fa462297862ef02a18d2a3e12fa96b56cb9c8e5945", kill_on_drop: false }`
[INFO] running `Command { std: "docker" "exec" "-e" "SOURCE_DIR=/opt/rustwide/workdir" "-e" "CARGO_HOME=/opt/rustwide/cargo-home" "-e" "RUSTUP_HOME=/opt/rustwide/rustup-home" "-e" "CARGO_TARGET_DIR=/opt/rustwide/target" "-e" "CARGO_INCREMENTAL=0" "-e" "RUST_BACKTRACE=full" "-e" "RUSTFLAGS=--cap-lints=warn" "-e" "RUSTDOCFLAGS=--cap-lints=warn" "-w" "/opt/rustwide/workdir" "--user" "0:0" "5ea7ee0a6948b61c892e07fa462297862ef02a18d2a3e12fa96b56cb9c8e5945" "/opt/rustwide/cargo-home/bin/cargo" "+1.99.0-beta.8" "test" "--frozen" "--no-run" "--message-format=json" "--release", kill_on_drop: false }`
[INFO] [stderr]    Compiling libc v0.2.190
[INFO] [stderr]    Compiling zerocopy v0.8.62
[INFO] [stderr]    Compiling crossbeam-utils v0.8.23
[INFO] [stderr]    Compiling crossbeam-epoch v0.9.21
[INFO] [stderr]    Compiling num-traits v0.2.19
[INFO] [stderr]    Compiling rustix v1.1.5
[INFO] [stderr]    Compiling getrandom v0.4.3
[INFO] [stderr]    Compiling crossbeam-deque v0.8.8
[INFO] [stderr]    Compiling serde v1.0.229
[INFO] [stderr]    Compiling either v1.19.0
[INFO] [stderr]    Compiling bitflags v2.13.2
[INFO] [stderr]    Compiling regex-syntax v0.8.11
[INFO] [stderr]    Compiling rayon-core v1.13.0
[INFO] [stderr]    Compiling plotters-backend v0.3.7
[INFO] [stderr]    Compiling fastrand v2.5.0
[INFO] [stderr]    Compiling clap_lex v1.1.1
[INFO] [stderr]    Compiling clap_builder v4.6.7
[INFO] [stderr]    Compiling plotters-svg v0.3.7
[INFO] [stderr]    Compiling itertools v0.10.5
[INFO] [stderr]    Compiling cast v0.3.0
[INFO] [stderr]    Compiling quick-error v1.2.3
[INFO] [stderr]    Compiling bit-vec v0.8.0
[INFO] [stderr]    Compiling getrandom v0.3.4
[INFO] [stderr]    Compiling rand_core v0.9.5
[INFO] [stderr]    Compiling wait-timeout v0.2.1
[INFO] [stderr]    Compiling rand v0.9.5
[INFO] [stderr]    Compiling tempfile v3.27.0
[INFO] [stderr]    Compiling regex-automata v0.4.18
[INFO] [stderr]    Compiling criterion-plot v0.5.0
[INFO] [stderr]    Compiling rusty-fork v0.3.1
[INFO] [stderr]    Compiling rand_xorshift v0.4.0
[INFO] [stderr]    Compiling rayon v1.12.0
[INFO] [stderr]    Compiling clap v4.6.7
[INFO] [stderr]    Compiling bit-set v0.8.0
[INFO] [stderr]    Compiling is-terminal v0.4.17
[INFO] [stderr]    Compiling plotters v0.3.7
[INFO] [stderr]    Compiling tinytemplate v1.2.1
[INFO] [stderr]    Compiling unarray v0.1.4
[INFO] [stderr]    Compiling oorandom v11.1.5
[INFO] [stderr]    Compiling anes v0.1.6
[INFO] [stderr]    Compiling regex v1.13.1
[INFO] [stderr]    Compiling consus-core v0.2.0
[INFO] [stderr]    Compiling half v2.7.1
[INFO] [stderr]    Compiling ciborium-ll v0.2.2
[INFO] [stderr]    Compiling ppv-lite86 v0.2.21
[INFO] [stderr]    Compiling ciborium v0.2.2
[INFO] [stderr]    Compiling consus-compression v0.2.0
[INFO] [stderr]    Compiling rand_chacha v0.9.0
[INFO] [stderr]    Compiling consus-io v0.2.0
[INFO] [stderr]    Compiling criterion v0.5.1
[INFO] [stderr]    Compiling proptest v1.11.0
[INFO] [stderr]    Compiling consus-zarr v0.2.0 (/opt/rustwide/workdir)
[INFO] [stderr]     Finished `release` profile [optimized] target(s) in 2m 29s
[INFO] running `Command { std: "docker" "inspect" "5ea7ee0a6948b61c892e07fa462297862ef02a18d2a3e12fa96b56cb9c8e5945", kill_on_drop: false }`
[INFO] running `Command { std: "docker" "exec" "-e" "SOURCE_DIR=/opt/rustwide/workdir" "-e" "CARGO_HOME=/opt/rustwide/cargo-home" "-e" "RUSTUP_HOME=/opt/rustwide/rustup-home" "-e" "CARGO_TARGET_DIR=/opt/rustwide/target" "-e" "CARGO_INCREMENTAL=0" "-e" "RUST_BACKTRACE=full" "-e" "RUSTFLAGS=--cap-lints=warn" "-e" "RUSTDOCFLAGS=--cap-lints=warn" "-w" "/opt/rustwide/workdir" "--user" "0:0" "5ea7ee0a6948b61c892e07fa462297862ef02a18d2a3e12fa96b56cb9c8e5945" "/opt/rustwide/cargo-home/bin/cargo" "+1.99.0-beta.8" "test" "--frozen" "--release", kill_on_drop: false }`
[INFO] [stderr]     Finished `release` profile [optimized] target(s) in 0.18s
[INFO] [stderr]      Running unittests src/lib.rs (/opt/rustwide/target/release/deps/consus_zarr-867e523a42114b63)
[INFO] [stdout] 
[INFO] [stdout] running 125 tests
[INFO] [stdout] test chunk::ops::tests::arrays::read_array_partial_selection_contiguous_across_chunks ... ok
[INFO] [stdout] test chunk::ops::tests::arrays::write_array_and_read_back ... ok
[INFO] [stdout] test chunk::key_encoding::tests::v3_chunk_key ... ok
[INFO] [stdout] test chunk::ops::tests::arrays::write_array_selection_rejects_invalid_input_length ... ok
[INFO] [stdout] test chunk::key_encoding::tests::scalar_chunk_key ... ok
[INFO] [stdout] test chunk::ops::tests::arrays::write_array_selection_uninitialized_chunks_materialize_fill_value ... ok
[INFO] [stdout] test chunk::ops::tests::chunk_io::read_chunk_out_of_bounds ... ok
[INFO] [stdout] test chunk::key_encoding::tests::v2_chunk_key ... ok
[INFO] [stdout] test chunk::ops::tests::chunk_io::write_chunk_out_of_bounds ... ok
[INFO] [stdout] test chunk::ops::tests::chunk_io::read_write_chunk_with_compression ... ok
[INFO] [stdout] test chunk::ops::tests::coords::chunk_key_default_root_relative ... ok
[INFO] [stdout] test chunk::ops::tests::arrays::read_array_partial_selection_strided_across_chunks ... ok
[INFO] [stdout] test chunk::ops::tests::arrays::read_array_partial_selection_uninitialized_chunk_uses_fill_value ... ok
[INFO] [stdout] test chunk::ops::tests::arrays::write_array_selection_contiguous_across_chunks ... ok
[INFO] [stdout] test chunk::ops::tests::coords::chunk_key_v2 ... ok
[INFO] [stdout] test chunk::ops::tests::fill::expand_fill_value_float64_one ... ok
[INFO] [stdout] test chunk::ops::tests::fill::expand_fill_value_test ... ok
[INFO] [stdout] test chunk::ops::tests::fill::hostile_fill_value_element_count_is_a_typed_error ... ok
[INFO] [stdout] test chunk::ops::tests::coords::chunk_key_v2_root_relative ... ok
[INFO] [stdout] test chunk::ops::tests::selection::selection_full ... ok
[INFO] [stdout] test chunk::ops::tests::fill::expand_fill_value_float32_one ... ok
[INFO] [stdout] test chunk::ops::tests::selection::selection_is_full ... ok
[INFO] [stdout] test chunk::ops::tests::selection::selection_num_elements ... ok
[INFO] [stdout] test chunk::ops::tests::selection::selection_step_contiguous ... ok
[INFO] [stdout] test chunk::ops::tests::selection::selection_step_end ... ok
[INFO] [stdout] test chunk::ops::tests::selection::selection_step_indices ... ok
[INFO] [stdout] test codec::tests::bytes_codec_big_endian_f32_oracle ... ok
[INFO] [stdout] test codec::tests::bytes_codec_element_size_1_is_identity ... ok
[INFO] [stdout] test codec::tests::bytes_codec_native_endian_is_identity ... ok
[INFO] [stdout] test codec::tests::bytes_codec_non_native_endian_swaps_elements ... ok
[INFO] [stdout] test codec::tests::bytes_codec_is_identity ... ok
[INFO] [stdout] test codec::tests::bytes_codec_rejects_unknown_endianness ... ok
[INFO] [stdout] test codec::tests::bytes_codec_swaps_foreign_endianness ... ok
[INFO] [stdout] test codec::tests::codec_is_identity_for_bytes_native ... ok
[INFO] [stdout] test codec::tests::compression_level_default ... ok
[INFO] [stdout] test codec::tests::crc32_codec_appends_castagnoli_not_ieee ... ok
[INFO] [stdout] test chunk::ops::tests::chunk_io::read_write_chunk ... ok
[INFO] [stdout] test codec::tests::crc32_codec_rejects_a_truncated_chunk ... ok
[INFO] [stdout] test chunk::ops::tests::chunk_io::uninitialized_chunk_returns_empty ... ok
[INFO] [stdout] test codec::tests::crc32_codec_rejects_a_corrupted_payload ... ok
[INFO] [stdout] test codec::tests::pipeline_len ... ok
[INFO] [stdout] test codec::tests::single_codec_pipeline_roundtrip ... ok
[INFO] [stdout] test codec::tests::zstd_level_extraction ... ok
[INFO] [stdout] test codec::tests::bytes_codec_rejects_a_partial_trailing_element ... ok
[INFO] [stdout] test codec::tests::zstd_roundtrip ... ok
[INFO] [stdout] test metadata::array::tests::test_fill_value_default ... ok
[INFO] [stdout] test metadata::codec::tests::test_codec_bool_flag_parses_false ... ok
[INFO] [stdout] test metadata::codec::tests::test_codec_bool_flag_parses_true ... ok
[INFO] [stdout] test metadata::codec::tests::test_codec_gzip_level ... ok
[INFO] [stdout] test metadata::codec::tests::test_codec_is_identity ... ok
[INFO] [stdout] test metadata::codec::tests::test_usize_vec_parses_json_array ... ok
[INFO] [stdout] test metadata::codec::tests::test_zstd_checksum_extraction ... ok
[INFO] [stdout] test codec::tests::bytes_codec_requires_an_endian_key ... ok
[INFO] [stdout] test metadata::codec::tests::test_zstd_checksum_non_zstd_codec_returns_none ... ok
[INFO] [stdout] test metadata::consolidated::tests::test_array_group_paths ... ok
[INFO] [stdout] test metadata::consolidated::tests::test_canonical_entry_attributes_v2 ... ok
[INFO] [stdout] test metadata::consolidated::tests::test_consolidated_entry_lookup ... ok
[INFO] [stdout] test metadata::consolidated::tests::test_consolidated_v2_parse ... ok
[INFO] [stdout] test metadata::consolidated::tests::test_consolidated_v2_with_attributes ... ok
[INFO] [stdout] test metadata::consolidated::tests::test_consolidated_v3_parse ... ok
[INFO] [stdout] test metadata::consolidated::tests::test_empty_consolidated_metadata ... ok
[INFO] [stdout] test metadata::consolidated::tests::test_v3_group_to_canonical ... ok
[INFO] [stdout] test metadata::dtype::tests::test_dtype_to_element_size_v2_numpy ... ok
[INFO] [stdout] test codec::tests::crc32_codec_round_trips ... ok
[INFO] [stdout] test metadata::dtype::tests::test_dtype_to_element_size_v3_named ... ok
[INFO] [stdout] test chunk::ops::tests::coords::chunk_key_default ... ok
[INFO] [stdout] test codec::tests::gzip_level_extraction ... ok
[INFO] [stdout] test metadata::array::tests::test_array_metadata_chunk_grid ... ok
[INFO] [stdout] test metadata::codec::tests::test_codec_array_parses_nested_codecs ... ok
[INFO] [stdout] test metadata::dtype::tests::test_dtype_to_element_size_variable ... ok
[INFO] [stdout] test metadata::group::tests::test_attribute_value_num_elements ... ok
[INFO] [stdout] test metadata::v2::tests::test_array_metadata_v2_to_canonical ... ok
[INFO] [stdout] test metadata::v2::tests::test_array_metadata_v2_to_canonical_preserves_slash_dimension_separator ... ok
[INFO] [stdout] test metadata::v2::tests::test_fill_value_special ... ok
[INFO] [stdout] test metadata::v2::tests::test_parse_zarray_minimal ... ok
[INFO] [stdout] test metadata::v2::tests::test_parse_zgroup ... ok
[INFO] [stdout] test metadata::v2::tests::test_zattrs_roundtrip ... ok
[INFO] [stdout] test metadata::v3::tests::from_array_metadata_roundtrip ... ok
[INFO] [stdout] test metadata::v3::tests::from_group_metadata_roundtrip ... ok
[INFO] [stdout] test metadata::v3::tests::test_array_to_canonical ... ok
[INFO] [stdout] test metadata::v3::tests::test_dimension_names_roundtrip ... ok
[INFO] [stdout] test metadata::v2::tests::test_array_metadata_v2_to_canonical_preserves_dot_dimension_separator ... ok
[INFO] [stdout] test metadata::v2::tests::test_array_metadata_v2_to_canonical_preserves_inline_gzip_level ... ok
[INFO] [stdout] test metadata::v2::tests::test_dtype_v2_numpy ... ok
[INFO] [stdout] test metadata::v2::tests::test_hdf5_filter_id_mapping ... ok
[INFO] [stdout] test metadata::v2::tests::test_parse_zarray_with_gzip ... ok
[INFO] [stdout] test metadata::v3::tests::test_codec_spec_to_codec ... ok
[INFO] [stdout] test metadata::v3::tests::test_group_to_canonical ... ok
[INFO] [stdout] test metadata::v3::tests::write_zarr_json_persists_to_store ... ok
[INFO] [stdout] test shard::tests::extract_sharding_config_returns_none_for_non_sharding ... ok
[INFO] [stdout] test shard::tests::inner_linear_index_correctness ... ok
[INFO] [stdout] test shard::tests::make_meta_helper_compiles ... ok
[INFO] [stdout] test shard::tests::sharding_config_index_size_bytes ... ok
[INFO] [stdout] test shard::tests::sharding_config_inner_chunks_per_dim_partial ... ok
[INFO] [stdout] test shard::tests::sharding_config_total_inner_chunks ... ok
[INFO] [stdout] test shard::tests::write_shard_all_uninitialized ... ok
[INFO] [stdout] test shard::tests::write_shard_and_read_inner_chunk ... ok
[INFO] [stdout] test metadata::v3::tests::test_fill_value_special_v3 ... ok
[INFO] [stdout] test store::filesystem::tests::clone_is_independent ... ok
[INFO] [stdout] test store::filesystem::tests::get_missing ... ok
[INFO] [stdout] test store::filesystem::tests::create_store ... ok
[INFO] [stdout] test store::filesystem::tests::list_empty ... ok
[INFO] [stdout] test store::filesystem::tests::delete_existing ... ok
[INFO] [stdout] test metadata::v3::tests::test_parse_zarr_json_array ... ok
[INFO] [stdout] test store::filesystem::tests::list_prefix ... ok
[INFO] [stdout] test metadata::v3::tests::test_parse_zarr_json_group ... ok
[INFO] [stdout] test store::memory::tests::clear ... ok
[INFO] [stdout] test store::memory::tests::clone_is_independent ... ok
[INFO] [stdout] test metadata::v3::tests::test_sharded_array_total_chunks ... ok
[INFO] [stdout] test shard::tests::extract_sharding_config_basic ... ok
[INFO] [stdout] test store::filesystem::tests::roundtrip_nested ... ok
[INFO] [stdout] test store::memory::tests::list_prefix ... ok
[INFO] [stdout] test store::memory::tests::set_get_roundtrip ... ok
[INFO] [stdout] test store::memory::tests::contains ... ok
[INFO] [stdout] test store::memory::tests::delete_then_not_found ... ok
[INFO] [stdout] test store::memory::tests::from_entries ... ok
[INFO] [stdout] test store::memory::tests::list_empty_prefix ... ok
[INFO] [stdout] test store::tests::prefixed_store_trailing_slash_normalized ... ok
[INFO] [stdout] test store::tests::read_write_store_blanket ... ok
[INFO] [stdout] test store::tests::split_store_clone_is_deep ... ok
[INFO] [stdout] test store::tests::split_store_read_write_separate ... ok
[INFO] [stdout] test store::tests::prefixed_store_adds_prefix ... ok
[INFO] [stderr]      Running tests/property_zarr.rs (/opt/rustwide/target/release/deps/property_zarr-402609bc74879a4a)
[INFO] [stdout] test store::tests::prefixed_store_list_strips_prefix ... ok
[INFO] [stdout] test store::tests::prefixed_store_roundtrip ... ok
[INFO] [stdout] test chunk::ops::tests::arrays::write_array_selection_strided_across_chunks ... ok
[INFO] [stdout] 
[INFO] [stdout] test result: ok. 125 passed; 0 failed; 0 ignored; 0 measured; 0 filtered out; finished in 0.02s
[INFO] [stdout] 
[INFO] [stdout] 
[INFO] [stdout] running 23 tests
[INFO] [stdout] test chunk_size_consistent ... ok
[INFO] [stdout] test attribute_value_serialization ... ok
[INFO] [stdout] test chunk_key_deterministic ... ok
[INFO] [stdout] test chunk_key_unique ... ok
[INFO] [stdout] test chunk_key_valid_format ... ok
[INFO] [stdout] test empty_pipeline_identity ... ok
[INFO] [stdout] test pipeline_preserves_empty ... ok
[INFO] [stdout] test bytes_codec_identity ... ok
[INFO] [stdout] test store_contains_correct ... ok
[INFO] [stdout] test store_delete_removes_key ... ok
[INFO] [stdout] test store_delete_missing_consistent ... ok
[INFO] [stdout] test store_contains_get_consistency ... ok
[INFO] [stdout] test compression_reduces_uniform_size ... ok
[INFO] [stdout] test total_chunks_consistent ... ok
[INFO] [stdout] test store_overwrite_replaces ... ok
[INFO] [stdout] test store_set_get_roundtrip ... ok
[INFO] [stdout] test lz4_roundtrip_arbitrary ... ok
[INFO] [stdout] test zattrs_roundtrip ... ok
[INFO] [stdout] test store_list_returns_matching_keys ... ok
[INFO] [stdout] test store_sequential_consistency ... ok
[INFO] [stdout] test zstd_roundtrip_arbitrary ... ok
[INFO] [stdout] test gzip_roundtrip_arbitrary ... ok
[INFO] [stdout] test store_many_keys ... ok
[INFO] [stdout] 
[INFO] [stdout] test result: ok. 23 passed; 0 failed; 0 ignored; 0 measured; 0 filtered out; finished in 0.55s
[INFO] [stdout] 
[INFO] [stderr]      Running tests/reference_zarr_spec.rs (/opt/rustwide/target/release/deps/reference_zarr_spec-e2b65e69806c7b0e)
[INFO] [stdout] 
[INFO] [stdout] running 5 tests
[INFO] [stdout] test v2_spec_array_with_blosc ... ok
[INFO] [stdout] test v2_spec_group_with_attributes ... ok
[INFO] [stdout] test v2_spec_minimal_array_metadata ... ok
[INFO] [stderr]      Running tests/roundtrip_zarr.rs (/opt/rustwide/target/release/deps/roundtrip_zarr-12b963896cfe430e)
[INFO] [stdout] test v2_spec_group_metadata ... ok
[INFO] [stdout] test v2_spec_array_with_gzip ... ok
[INFO] [stdout] 
[INFO] [stdout] test result: ok. 5 passed; 0 failed; 0 ignored; 0 measured; 0 filtered out; finished in 0.01s
[INFO] [stdout] 
[INFO] [stdout] 
[INFO] [stdout] running 26 tests
[INFO] [stdout] test metadata_exact_preservation ... ok
[INFO] [stdout] test long_name_roundtrip ... ok
[INFO] [stdout] test sharded_array_multi_shard_roundtrip ... ok
[INFO] [stdout] test empty_array_roundtrip ... ok
[INFO] [stdout] test sharded_array_single_shard_roundtrip ... ok
[INFO] [stdout] test python_fixture_v3_gzip_f8_full_and_partial_reads ... FAILED
[INFO] [stdout] test python_fixture_v2_gzip_f8_full_and_partial_reads ... FAILED
[INFO] [stdout] test python_fixture_v2_uncompressed_i4_full_and_partial_reads ... FAILED
[INFO] [stdout] test python_fixture_v2_selection_write_preserves_unselected_values ... FAILED
[INFO] [stdout] test special_fill_value_roundtrip ... ok
[INFO] [stdout] test v2_attributes_roundtrip ... ok
[INFO] [stdout] test v2_compression_roundtrip_gzip ... ok
[INFO] [stdout] test single_element_roundtrip ... ok
[INFO] [stdout] test v2_array_metadata_roundtrip ... ok
[INFO] [stdout] test v2_group_hierarchy_roundtrip ... ok
[INFO] [stdout] test v2_group_metadata_roundtrip ... ok
[INFO] [stdout] test v2_compression_roundtrip_zstd ... ok
[INFO] [stdout] test v2_filesystem_roundtrip ... ok
[INFO] [stdout] test python_fixture_v3_uncompressed_i4_full_and_partial_reads ... FAILED
[INFO] [stdout] test v2_array_write_read_roundtrip ... ok
[INFO] [stdout] test v3_array_metadata_roundtrip ... ok
[INFO] [stdout] test v3_group_metadata_roundtrip ... ok
[INFO] [stdout] test v3_write_metadata_and_data_roundtrip ... ok
[INFO] [stdout] test v3_group_hierarchy_roundtrip ... ok
[INFO] [stdout] test v3_array_write_read_roundtrip ... ok
[INFO] [stdout] test v3_filesystem_roundtrip ... ok
[INFO] [stdout] 
[INFO] [stdout] failures:
[INFO] [stdout] 
[INFO] [stdout] ---- python_fixture_v3_gzip_f8_full_and_partial_reads stdout ----
[INFO] [stdout] 
[INFO] [stdout] thread 'python_fixture_v3_gzip_f8_full_and_partial_reads' (1898) panicked at tests/roundtrip_zarr.rs:1013:66:
[INFO] [stdout] open must succeed: Custom { kind: NotFound, error: "not a directory: /opt/rustwide/workdir/../../data/zarr_python_fixtures/generated/v3_gzip_f8" }
[INFO] [stdout] stack backtrace:
[INFO] [stdout]    0:     0x599497268241 - <<std[70759c8f55707aa4]::sys::backtrace::BacktraceLock>::print::DisplayBacktrace as core[df12db4294e9bfd3]::fmt::Display>::fmt
[INFO] [stdout]    1:     0x59949727e71a - core[df12db4294e9bfd3]::fmt::write
[INFO] [stdout]    2:     0x59949726c95c - <alloc[2182bb758b4b3781]::vec::Vec<u8> as core[df12db4294e9bfd3]::io::write::Write>::write_fmt
[INFO] [stdout]    3:     0x5994972424b6 - std[70759c8f55707aa4]::panicking::default_hook::{closure#0}
[INFO] [stdout]    4:     0x59949725f599 - std[70759c8f55707aa4]::panicking::default_hook
[INFO] [stdout]    5:     0x59949715e4b0 - test[9d35eded1c95d3be]::test_main_inner::<test[9d35eded1c95d3be]::test_main_static::{closure#0}>::{closure#0}
[INFO] [stdout]    6:     0x59949725f752 - std[70759c8f55707aa4]::panicking::panic_with_hook
[INFO] [stdout]    7:     0x599497242562 - std[70759c8f55707aa4]::panicking::panic_handler::{closure#0}
[INFO] [stdout]    8:     0x59949723b1c9 - std[70759c8f55707aa4]::sys::backtrace::__rust_end_short_backtrace::<std[70759c8f55707aa4]::panicking::panic_handler::{closure#0}, !>
[INFO] [stdout]    9:     0x59949724315d - __rustc[8fa7c3cbc660c2b3]::rust_begin_unwind
[INFO] [stdout]   10:     0x59949727ee4c - core[df12db4294e9bfd3]::panicking::panic_fmt
[INFO] [stdout]   11:     0x59949727ec22 - core[df12db4294e9bfd3]::result::unwrap_failed
[INFO] [stdout]   12:     0x59949713b6f5 - <roundtrip_zarr[a27e9bf8bd878a77]::python_fixture_v3_gzip_f8_full_and_partial_reads::{closure#0} as core[df12db4294e9bfd3]::ops::function::FnOnce<()>>::call_once
[INFO] [stdout]   13:     0x59949715179b - test[9d35eded1c95d3be]::__rust_begin_short_backtrace::<core[df12db4294e9bfd3]::result::Result<(), alloc[2182bb758b4b3781]::string::String>, fn() -> core[df12db4294e9bfd3]::result::Result<(), alloc[2182bb758b4b3781]::string::String>>
[INFO] [stdout]   14:     0x59949715ee05 - test[9d35eded1c95d3be]::run_test::{closure#0}
[INFO] [stdout]   15:     0x5994971586c4 - std[70759c8f55707aa4]::sys::backtrace::__rust_begin_short_backtrace::<test[9d35eded1c95d3be]::run_test::{closure#1}, ()>
[INFO] [stdout]   16:     0x599497161f62 - <std[70759c8f55707aa4]::thread::lifecycle::spawn_unchecked<test[9d35eded1c95d3be]::run_test::{closure#1}, ()>::{closure#1} as core[df12db4294e9bfd3]::ops::function::FnOnce<()>>::call_once::{shim:vtable#0}
[INFO] [stdout]   17:     0x599497267a59 - <std[70759c8f55707aa4]::sys::thread::unix::Thread>::new::thread_start
[INFO] [stdout]   18:     0x7a57ee288dfa - <unknown>
[INFO] [stdout]   19:     0x7a57ee31c3d4 - clone
[INFO] [stdout]   20:                0x0 - <unknown>
[INFO] [stdout] 
[INFO] [stdout] ---- python_fixture_v2_gzip_f8_full_and_partial_reads stdout ----
[INFO] [stdout] 
[INFO] [stdout] thread 'python_fixture_v2_gzip_f8_full_and_partial_reads' (1895) panicked at tests/roundtrip_zarr.rs:796:66:
[INFO] [stdout] open must succeed: Custom { kind: NotFound, error: "not a directory: /opt/rustwide/workdir/../../data/zarr_python_fixtures/generated/v2_gzip_f8" }
[INFO] [stdout] stack backtrace:
[INFO] [stdout]    0:     0x599497268241 - <<std[70759c8f55707aa4]::sys::backtrace::BacktraceLock>::print::DisplayBacktrace as core[df12db4294e9bfd3]::fmt::Display>::fmt
[INFO] [stdout]    1:     0x59949727e71a - core[df12db4294e9bfd3]::fmt::write
[INFO] [stdout]    2:     0x59949726c95c - <alloc[2182bb758b4b3781]::vec::Vec<u8> as core[df12db4294e9bfd3]::io::write::Write>::write_fmt
[INFO] [stdout]    3:     0x5994972424b6 - std[70759c8f55707aa4]::panicking::default_hook::{closure#0}
[INFO] [stdout]    4:     0x59949725f599 - std[70759c8f55707aa4]::panicking::default_hook
[INFO] [stdout]    5:     0x59949715e4b0 - test[9d35eded1c95d3be]::test_main_inner::<test[9d35eded1c95d3be]::test_main_static::{closure#0}>::{closure#0}
[INFO] [stdout]    6:     0x59949725f752 - std[70759c8f55707aa4]::panicking::panic_with_hook
[INFO] [stdout]    7:     0x599497242562 - std[70759c8f55707aa4]::panicking::panic_handler::{closure#0}
[INFO] [stdout]    8:     0x59949723b1c9 - std[70759c8f55707aa4]::sys::backtrace::__rust_end_short_backtrace::<std[70759c8f55707aa4]::panicking::panic_handler::{closure#0}, !>
[INFO] [stdout]    9:     0x59949724315d - __rustc[8fa7c3cbc660c2b3]::rust_begin_unwind
[INFO] [stdout]   10:     0x59949727ee4c - core[df12db4294e9bfd3]::panicking::panic_fmt
[INFO] [stdout]   11:     0x59949727ec22 - core[df12db4294e9bfd3]::result::unwrap_failed
[INFO] [stdout]   12:     0x59949712a9d1 - roundtrip_zarr[a27e9bf8bd878a77]::python_fixture_v2_gzip_f8_full_and_partial_reads
[INFO] [stdout]   13:     0x59949713acf9 - <roundtrip_zarr[a27e9bf8bd878a77]::python_fixture_v2_gzip_f8_full_and_partial_reads::{closure#0} as core[df12db4294e9bfd3]::ops::function::FnOnce<()>>::call_once
[INFO] [stdout]   14:     0x59949715179b - test[9d35eded1c95d3be]::__rust_begin_short_backtrace::<core[df12db4294e9bfd3]::result::Result<(), alloc[2182bb758b4b3781]::string::String>, fn() -> core[df12db4294e9bfd3]::result::Result<(), alloc[2182bb758b4b3781]::string::String>>
[INFO] [stdout]   15:     0x59949715ee05 - test[9d35eded1c95d3be]::run_test::{closure#0}
[INFO] [stdout]   16:     0x5994971586c4 - std[70759c8f55707aa4]::sys::backtrace::__rust_begin_short_backtrace::<test[9d35eded1c95d3be]::run_test::{closure#1}, ()>
[INFO] [stdout]   17:     0x599497161f62 - <std[70759c8f55707aa4]::thread::lifecycle::spawn_unchecked<test[9d35eded1c95d3be]::run_test::{closure#1}, ()>::{closure#1} as core[df12db4294e9bfd3]::ops::function::FnOnce<()>>::call_once::{shim:vtable#0}
[INFO] [stdout]   18:     0x599497267a59 - <std[70759c8f55707aa4]::sys::thread::unix::Thread>::new::thread_start
[INFO] [stdout]   19:     0x7a57ee288dfa - <unknown>
[INFO] [stdout]   20:     0x7a57ee31c3d4 - clone
[INFO] [stdout]   21:                0x0 - <unknown>
[INFO] [stdout] 
[INFO] [stdout] ---- python_fixture_v2_uncompressed_i4_full_and_partial_reads stdout ----
[INFO] [stdout] 
[INFO] [stdout] thread 'python_fixture_v2_uncompressed_i4_full_and_partial_reads' (1897) panicked at tests/roundtrip_zarr.rs:739:66:
[INFO] [stdout] open must succeed: Custom { kind: NotFound, error: "not a directory: /opt/rustwide/workdir/../../data/zarr_python_fixtures/generated/v2_uncompressed_i4" }
[INFO] [stdout] stack backtrace:
[INFO] [stdout]    0:     0x599497268241 - <<std[70759c8f55707aa4]::sys::backtrace::BacktraceLock>::print::DisplayBacktrace as core[df12db4294e9bfd3]::fmt::Display>::fmt
[INFO] [stdout]    1:     0x59949727e71a - core[df12db4294e9bfd3]::fmt::write
[INFO] [stdout]    2:     0x59949726c95c - <alloc[2182bb758b4b3781]::vec::Vec<u8> as core[df12db4294e9bfd3]::io::write::Write>::write_fmt
[INFO] [stdout]    3:     0x5994972424b6 - std[70759c8f55707aa4]::panicking::default_hook::{closure#0}
[INFO] [stdout]    4:     0x59949725f599 - std[70759c8f55707aa4]::panicking::default_hook
[INFO] [stdout]    5:     0x59949715e4b0 - test[9d35eded1c95d3be]::test_main_inner::<test[9d35eded1c95d3be]::test_main_static::{closure#0}>::{closure#0}
[INFO] [stdout]    6:     0x59949725f752 - std[70759c8f55707aa4]::panicking::panic_with_hook
[INFO] [stdout]    7:     0x599497242562 - std[70759c8f55707aa4]::panicking::panic_handler::{closure#0}
[INFO] [stdout]    8:     0x59949723b1c9 - std[70759c8f55707aa4]::sys::backtrace::__rust_end_short_backtrace::<std[70759c8f55707aa4]::panicking::panic_handler::{closure#0}, !>
[INFO] [stdout]    9:     0x59949724315d - __rustc[8fa7c3cbc660c2b3]::rust_begin_unwind
[INFO] [stdout]   10:     0x59949727ee4c - core[df12db4294e9bfd3]::panicking::panic_fmt
[INFO] [stdout]   11:     0x59949727ec22 - core[df12db4294e9bfd3]::result::unwrap_failed
[INFO] [stdout]   12:     0x59949713c185 - <roundtrip_zarr[a27e9bf8bd878a77]::python_fixture_v2_uncompressed_i4_full_and_partial_reads::{closure#0} as core[df12db4294e9bfd3]::ops::function::FnOnce<()>>::call_once
[INFO] [stdout]   13:     0x59949715179b - test[9d35eded1c95d3be]::__rust_begin_short_backtrace::<core[df12db4294e9bfd3]::result::Result<(), alloc[2182bb758b4b3781]::string::String>, fn() -> core[df12db4294e9bfd3]::result::Result<(), alloc[2182bb758b4b3781]::string::String>>
[INFO] [stdout]   14:     0x59949715ee05 - test[9d35eded1c95d3be]::run_test::{closure#0}
[INFO] [stdout]   15:     0x5994971586c4 - std[70759c8f55707aa4]::sys::backtrace::__rust_begin_short_backtrace::<test[9d35eded1c95d3be]::run_test::{closure#1}, ()>
[INFO] [stdout]   16:     0x599497161f62 - <std[70759c8f55707aa4]::thread::lifecycle::spawn_unchecked<test[9d35eded1c95d3be]::run_test::{closure#1}, ()>::{closure#1} as core[df12db4294e9bfd3]::ops::function::FnOnce<()>>::call_once::{shim:vtable#0}
[INFO] [stdout]   17:     0x599497267a59 - <std[70759c8f55707aa4]::sys::thread::unix::Thread>::new::thread_start
[INFO] [stdout]   18:     0x7a57ee288dfa - <unknown>
[INFO] [stdout]   19:     0x7a57ee31c3d4 - clone
[INFO] [stdout]   20:                0x0 - <unknown>
[INFO] [stdout] 
[INFO] [stdout] ---- python_fixture_v2_selection_write_preserves_unselected_values stdout ----
[INFO] [stdout] 
[INFO] [stdout] thread 'python_fixture_v2_selection_write_preserves_unselected_values' (1896) panicked at tests/roundtrip_zarr.rs:1073:76:
[INFO] [stdout] copy .zarray: Os { code: 2, kind: NotFound, message: "No such file or directory" }
[INFO] [stdout] stack backtrace:
[INFO] [stdout]    0:     0x599497268241 - <<std[70759c8f55707aa4]::sys::backtrace::BacktraceLock>::print::DisplayBacktrace as core[df12db4294e9bfd3]::fmt::Display>::fmt
[INFO] [stdout]    1:     0x59949727e71a - core[df12db4294e9bfd3]::fmt::write
[INFO] [stdout]    2:     0x59949726c95c - <alloc[2182bb758b4b3781]::vec::Vec<u8> as core[df12db4294e9bfd3]::io::write::Write>::write_fmt
[INFO] [stdout]    3:     0x5994972424b6 - std[70759c8f55707aa4]::panicking::default_hook::{closure#0}
[INFO] [stdout]    4:     0x59949725f599 - std[70759c8f55707aa4]::panicking::default_hook
[INFO] [stdout]    5:     0x59949715e4b0 - test[9d35eded1c95d3be]::test_main_inner::<test[9d35eded1c95d3be]::test_main_static::{closure#0}>::{closure#0}
[INFO] [stdout]    6:     0x59949725f752 - std[70759c8f55707aa4]::panicking::panic_with_hook
[INFO] [stdout]    7:     0x599497242562 - std[70759c8f55707aa4]::panicking::panic_handler::{closure#0}
[INFO] [stdout]    8:     0x59949723b1c9 - std[70759c8f55707aa4]::sys::backtrace::__rust_end_short_backtrace::<std[70759c8f55707aa4]::panicking::panic_handler::{closure#0}, !>
[INFO] [stdout]    9:     0x59949724315d - __rustc[8fa7c3cbc660c2b3]::rust_begin_unwind
[INFO] [stdout]   10:     0x59949727ee4c - core[df12db4294e9bfd3]::panicking::panic_fmt
[INFO] [stdout]   11:     0x59949727ec22 - core[df12db4294e9bfd3]::result::unwrap_failed
[INFO] [stdout]   12:     0x59949713dac8 - <roundtrip_zarr[a27e9bf8bd878a77]::python_fixture_v2_selection_write_preserves_unselected_values::{closure#0} as core[df12db4294e9bfd3]::ops::function::FnOnce<()>>::call_once
[INFO] [stdout]   13:     0x59949715179b - test[9d35eded1c95d3be]::__rust_begin_short_backtrace::<core[df12db4294e9bfd3]::result::Result<(), alloc[2182bb758b4b3781]::string::String>, fn() -> core[df12db4294e9bfd3]::result::Result<(), alloc[2182bb758b4b3781]::string::String>>
[INFO] [stdout]   14:     0x59949715ee05 - test[9d35eded1c95d3be]::run_test::{closure#0}
[INFO] [stdout]   15:     0x5994971586c4 - std[70759c8f55707aa4]::sys::backtrace::__rust_begin_short_backtrace::<test[9d35eded1c95d3be]::run_test::{closure#1}, ()>
[INFO] [stdout]   16:     0x599497161f62 - <std[70759c8f55707aa4]::thread::lifecycle::spawn_unchecked<test[9d35eded1c95d3be]::run_test::{closure#1}, ()>::{closure#1} as core[df12db4294e9bfd3]::ops::function::FnOnce<()>>::call_once::{shim:vtable#0}
[INFO] [stdout]   17:     0x599497267a59 - <std[70759c8f55707aa4]::sys::thread::unix::Thread>::new::thread_start
[INFO] [stdout]   18:     0x7a57ee288dfa - <unknown>
[INFO] [stdout]   19:     0x7a57ee31c3d4 - clone
[INFO] [stdout]   20:                0x0 - <unknown>
[INFO] [stdout] 
[INFO] [stdout] ---- python_fixture_v3_uncompressed_i4_full_and_partial_reads stdout ----
[INFO] [stdout] 
[INFO] [stdout] thread 'python_fixture_v3_uncompressed_i4_full_and_partial_reads' (1899) panicked at tests/roundtrip_zarr.rs:954:66:
[INFO] [stdout] open must succeed: Custom { kind: NotFound, error: "not a directory: /opt/rustwide/workdir/../../data/zarr_python_fixtures/generated/v3_uncompressed_i4" }
[INFO] [stdout] stack backtrace:
[INFO] [stdout]    0:     0x599497268241 - <<std[70759c8f55707aa4]::sys::backtrace::BacktraceLock>::print::DisplayBacktrace as core[df12db4294e9bfd3]::fmt::Display>::fmt
[INFO] [stdout]    1:     0x59949727e71a - core[df12db4294e9bfd3]::fmt::write
[INFO] [stdout]    2:     0x59949726c95c - <alloc[2182bb758b4b3781]::vec::Vec<u8> as core[df12db4294e9bfd3]::io::write::Write>::write_fmt
[INFO] [stdout]    3:     0x5994972424b6 - std[70759c8f55707aa4]::panicking::default_hook::{closure#0}
[INFO] [stdout]    4:     0x59949725f599 - std[70759c8f55707aa4]::panicking::default_hook
[INFO] [stdout]    5:     0x59949715e4b0 - test[9d35eded1c95d3be]::test_main_inner::<test[9d35eded1c95d3be]::test_main_static::{closure#0}>::{closure#0}
[INFO] [stdout]    6:     0x59949725f752 - std[70759c8f55707aa4]::panicking::panic_with_hook
[INFO] [stdout]    7:     0x599497242562 - std[70759c8f55707aa4]::panicking::panic_handler::{closure#0}
[INFO] [stdout]    8:     0x59949723b1c9 - std[70759c8f55707aa4]::sys::backtrace::__rust_end_short_backtrace::<std[70759c8f55707aa4]::panicking::panic_handler::{closure#0}, !>
[INFO] [stdout]    9:     0x59949724315d - __rustc[8fa7c3cbc660c2b3]::rust_begin_unwind
[INFO] [stdout]   10:     0x59949727ee4c - core[df12db4294e9bfd3]::panicking::panic_fmt
[INFO] [stdout]   11:     0x59949727ec22 - core[df12db4294e9bfd3]::result::unwrap_failed
[INFO] [stdout]   12:     0x59949713cdd4 - <roundtrip_zarr[a27e9bf8bd878a77]::python_fixture_v3_uncompressed_i4_full_and_partial_reads::{closure#0} as core[df12db4294e9bfd3]::ops::function::FnOnce<()>>::call_once
[INFO] [stdout]   13:     0x59949715179b - test[9d35eded1c95d3be]::__rust_begin_short_backtrace::<core[df12db4294e9bfd3]::result::Result<(), alloc[2182bb758b4b3781]::string::String>, fn() -> core[df12db4294e9bfd3]::result::Result<(), alloc[2182bb758b4b3781]::string::String>>
[INFO] [stdout]   14:     0x59949715ee05 - test[9d35eded1c95d3be]::run_test::{closure#0}
[INFO] [stdout]   15:     0x5994971586c4 - std[70759c8f55707aa4]::sys::backtrace::__rust_begin_short_backtrace::<test[9d35eded1c95d3be]::run_test::{closure#1}, ()>
[INFO] [stdout]   16:     0x599497161f62 - <std[70759c8f55707aa4]::thread::lifecycle::spawn_unchecked<test[9d35eded1c95d3be]::run_test::{closure#1}, ()>::{closure#1} as core[df12db4294e9bfd3]::ops::function::FnOnce<()>>::call_once::{shim:vtable#0}
[INFO] [stdout]   17:     0x599497267a59 - <std[70759c8f55707aa4]::sys::thread::unix::Thread>::new::thread_start
[INFO] [stdout]   18:     0x7a57ee288dfa - <unknown>
[INFO] [stdout]   19:     0x7a57ee31c3d4 - clone
[INFO] [stdout]   20:                0x0 - <unknown>
[INFO] [stdout] 
[INFO] [stdout] 
[INFO] [stdout] failures:
[INFO] [stdout]     python_fixture_v2_gzip_f8_full_and_partial_reads
[INFO] [stdout]     python_fixture_v2_selection_write_preserves_unselected_values
[INFO] [stdout]     python_fixture_v2_uncompressed_i4_full_and_partial_reads
[INFO] [stdout]     python_fixture_v3_gzip_f8_full_and_partial_reads
[INFO] [stdout]     python_fixture_v3_uncompressed_i4_full_and_partial_reads
[INFO] [stdout] 
[INFO] [stdout] test result: FAILED. 21 passed; 5 failed; 0 ignored; 0 measured; 0 filtered out; finished in 0.02s
[INFO] [stdout] 
[INFO] [stderr] error: test failed, to rerun pass `--test roundtrip_zarr`
[INFO] running `Command { std: "docker" "inspect" "5ea7ee0a6948b61c892e07fa462297862ef02a18d2a3e12fa96b56cb9c8e5945", kill_on_drop: false }`
[INFO] running `Command { std: "docker" "rm" "-f" "5ea7ee0a6948b61c892e07fa462297862ef02a18d2a3e12fa96b56cb9c8e5945", kill_on_drop: false }`
[INFO] [stdout] 5ea7ee0a6948b61c892e07fa462297862ef02a18d2a3e12fa96b56cb9c8e5945
