[INFO] fetching crate consus-hdf5 0.2.0...
[INFO] testing consus-hdf5-0.2.0 against 1.100.0-beta.1+cargoflags=--release for beta-release-1.100-2
[INFO] extracting crate consus-hdf5 0.2.0 into /workspace/builds/worker-6-tc2/source
[INFO] started tweaking crates.io crate consus-hdf5 0.2.0
[INFO] removed 0 missing tests
[INFO] finished tweaking crates.io crate consus-hdf5 0.2.0
[INFO] tweaked toml for crates.io crate consus-hdf5 0.2.0 written to /workspace/builds/worker-6-tc2/source/Cargo.toml
[INFO] validating manifest of crates.io crate consus-hdf5 0.2.0 on toolchain 1.100.0-beta.1
[INFO] running `Command { std: CARGO_HOME="/workspace/cargo-home" RUSTUP_HOME="/workspace/rustup-home" "/workspace/cargo-home/bin/cargo" "+1.100.0-beta.1" "metadata" "--manifest-path" "Cargo.toml" "--no-deps", kill_on_drop: false }`
[INFO] crate crates.io crate consus-hdf5 0.2.0 already has a lockfile, it will not be regenerated
[INFO] running `Command { std: CARGO_HOME="/workspace/cargo-home" RUSTUP_HOME="/workspace/rustup-home" "/workspace/cargo-home/bin/cargo" "+1.100.0-beta.1" "fetch" "--manifest-path" "Cargo.toml", kill_on_drop: false }`
[INFO] [stderr] warning: `package.homepage` is redundant with `package.repository`
[INFO] [stderr]    --> Cargo.toml:135:12
[INFO] [stderr]     |
[INFO] [stderr] 135 | homepage = "https://github.com/ryancinsight/consus"
[INFO] [stderr]     |            ^^^^^^^^^^^^^^^^^^^^^^^^^^^^^^^^^^^^^^^^
[INFO] [stderr] ...
[INFO] [stderr] 140 | repository = "https://github.com/ryancinsight/consus"
[INFO] [stderr]     |              ----------------------------------------
[INFO] [stderr]     |
[INFO] [stderr]     = note: `cargo::redundant_homepage` is set to `warn` by default
[INFO] [stderr] help: consider removing `package.homepage`
[INFO] [stderr] warning: `consus-hdf5` (manifest) generated 1 warning
[INFO] running `Command { std: "docker" "create" "-v" "/var/lib/crater-agent-workspace/builds/worker-6-tc2/source:/opt/rustwide/workdir:ro,Z" "-v" "/var/lib/crater-agent-workspace/builds/worker-6-tc2/target:/opt/rustwide/target:rw,Z" "-v" "/var/lib/crater-agent-workspace/cargo-home:/opt/rustwide/cargo-home:ro,Z" "-v" "/var/lib/crater-agent-workspace/rustup-home:/opt/rustwide/rustup-home:ro,Z" "-m" "1610612736" "--network" "none" "ghcr.io/rust-lang/crates-build-env/linux@sha256:77db811e55d90add9212f6832c23229e3de5f1c1f9905e8cb07319ea15df73ac" "sleep" "infinity", kill_on_drop: false }`
[INFO] [stdout] c814e550d576a899cf18ac622a32f2f5bb974ce7ad8722cd650df5f709ace3fd
[INFO] running `Command { std: "docker" "start" "c814e550d576a899cf18ac622a32f2f5bb974ce7ad8722cd650df5f709ace3fd", kill_on_drop: false }`
[INFO] running `Command { std: "docker" "inspect" "c814e550d576a899cf18ac622a32f2f5bb974ce7ad8722cd650df5f709ace3fd", kill_on_drop: false }`
[INFO] running `Command { std: "docker" "exec" "-e" "SOURCE_DIR=/opt/rustwide/workdir" "-e" "CARGO_HOME=/opt/rustwide/cargo-home" "-e" "RUSTUP_HOME=/opt/rustwide/rustup-home" "-e" "CARGO_TARGET_DIR=/opt/rustwide/target" "-w" "/opt/rustwide/workdir" "--user" "0:0" "c814e550d576a899cf18ac622a32f2f5bb974ce7ad8722cd650df5f709ace3fd" "/opt/rustwide/cargo-home/bin/cargo" "+1.100.0-beta.1" "metadata" "--no-deps" "--format-version=1", kill_on_drop: false }`
[INFO] running `Command { std: "docker" "inspect" "c814e550d576a899cf18ac622a32f2f5bb974ce7ad8722cd650df5f709ace3fd", kill_on_drop: false }`
[INFO] running `Command { std: "docker" "exec" "-e" "SOURCE_DIR=/opt/rustwide/workdir" "-e" "CARGO_HOME=/opt/rustwide/cargo-home" "-e" "RUSTUP_HOME=/opt/rustwide/rustup-home" "-e" "CARGO_TARGET_DIR=/opt/rustwide/target" "-e" "CARGO_INCREMENTAL=0" "-e" "RUST_BACKTRACE=full" "-e" "RUSTFLAGS=--cap-lints=warn" "-e" "RUSTDOCFLAGS=--cap-lints=warn" "-w" "/opt/rustwide/workdir" "--user" "0:0" "c814e550d576a899cf18ac622a32f2f5bb974ce7ad8722cd650df5f709ace3fd" "/opt/rustwide/cargo-home/bin/cargo" "+1.100.0-beta.1" "build" "--frozen" "--message-format=json" "--release", kill_on_drop: false }`
[INFO] [stderr] warning: `package.homepage` is redundant with `package.repository`
[INFO] [stderr]    --> Cargo.toml:135:12
[INFO] [stderr]     |
[INFO] [stderr] 135 | homepage = "https://github.com/ryancinsight/consus"
[INFO] [stderr]     |            ^^^^^^^^^^^^^^^^^^^^^^^^^^^^^^^^^^^^^^^^
[INFO] [stderr] ...
[INFO] [stderr] 140 | repository = "https://github.com/ryancinsight/consus"
[INFO] [stderr]     |              ----------------------------------------
[INFO] [stderr]     |
[INFO] [stderr]     = note: `cargo::redundant_homepage` is set to `warn` by default
[INFO] [stderr] help: consider removing `package.homepage`
[INFO] [stderr] warning: `consus-hdf5` (manifest) generated 1 warning
[INFO] [stderr]    Compiling unicode-ident v1.0.26
[INFO] [stderr]    Compiling zerocopy v0.8.62
[INFO] [stderr]    Compiling smallvec v1.16.2
[INFO] [stderr]    Compiling proc-macro2 v1.0.107
[INFO] [stderr]    Compiling quote v1.0.47
[INFO] [stderr]    Compiling syn v2.0.119
[INFO] [stderr]    Compiling zerocopy-derive v0.8.62
[INFO] [stderr]    Compiling consus-core v0.2.0
[INFO] [stderr]    Compiling consus-compression v0.2.0
[INFO] [stderr]    Compiling consus-io v0.2.0
[INFO] [stderr]    Compiling consus-hdf5 v0.2.0 (/opt/rustwide/workdir)
[INFO] [stderr]     Finished `release` profile [optimized] target(s) in 20.01s
[INFO] running `Command { std: "docker" "inspect" "c814e550d576a899cf18ac622a32f2f5bb974ce7ad8722cd650df5f709ace3fd", kill_on_drop: false }`
[INFO] running `Command { std: "docker" "exec" "-e" "SOURCE_DIR=/opt/rustwide/workdir" "-e" "CARGO_HOME=/opt/rustwide/cargo-home" "-e" "RUSTUP_HOME=/opt/rustwide/rustup-home" "-e" "CARGO_TARGET_DIR=/opt/rustwide/target" "-e" "CARGO_INCREMENTAL=0" "-e" "RUST_BACKTRACE=full" "-e" "RUSTFLAGS=--cap-lints=warn" "-e" "RUSTDOCFLAGS=--cap-lints=warn" "-w" "/opt/rustwide/workdir" "--user" "0:0" "c814e550d576a899cf18ac622a32f2f5bb974ce7ad8722cd650df5f709ace3fd" "/opt/rustwide/cargo-home/bin/cargo" "+1.100.0-beta.1" "test" "--frozen" "--no-run" "--message-format=json" "--release", kill_on_drop: false }`
[INFO] [stderr] warning: `package.homepage` is redundant with `package.repository`
[INFO] [stderr]    --> Cargo.toml:135:12
[INFO] [stderr]     |
[INFO] [stderr] 135 | homepage = "https://github.com/ryancinsight/consus"
[INFO] [stderr]     |            ^^^^^^^^^^^^^^^^^^^^^^^^^^^^^^^^^^^^^^^^
[INFO] [stderr] ...
[INFO] [stderr] 140 | repository = "https://github.com/ryancinsight/consus"
[INFO] [stderr]     |              ----------------------------------------
[INFO] [stderr]     |
[INFO] [stderr]     = note: `cargo::redundant_homepage` is set to `warn` by default
[INFO] [stderr] help: consider removing `package.homepage`
[INFO] [stderr] warning: `consus-hdf5` (manifest) generated 1 warning
[INFO] [stderr]    Compiling libc v0.2.190
[INFO] [stderr]    Compiling cfg-if v1.0.5
[INFO] [stderr]    Compiling memchr v2.8.3
[INFO] [stderr]    Compiling mnemosyne-build-util v0.2.1
[INFO] [stderr]    Compiling melinoe v0.10.0
[INFO] [stderr]    Compiling zerocopy v0.8.62
[INFO] [stderr]    Compiling mnemosyne-memory-core v0.3.0
[INFO] [stderr]    Compiling object v0.37.3
[INFO] [stderr]    Compiling themis-topology v0.11.1
[INFO] [stderr]    Compiling gimli v0.32.3
[INFO] [stderr]    Compiling miniz_oxide v0.8.9
[INFO] [stderr]    Compiling mnemosyne-prof v0.2.1
[INFO] [stderr]    Compiling mnemosyne-backend v0.6.0
[INFO] [stderr]    Compiling syn v3.0.6
[INFO] [stderr]    Compiling rustc-demangle v0.1.28
[INFO] [stderr]    Compiling mnemosyne-local v0.6.0
[INFO] [stderr]    Compiling crossbeam-utils v0.8.23
[INFO] [stderr]    Compiling serde_core v1.0.229
[INFO] [stderr]    Compiling getrandom v0.3.4
[INFO] [stderr]    Compiling crossbeam-epoch v0.9.21
[INFO] [stderr]    Compiling moirai-utils v0.7.2
[INFO] [stderr]    Compiling autocfg v1.5.1
[INFO] [stderr]    Compiling bytemuck v1.25.2
[INFO] [stderr]    Compiling mnemosyne-arena v0.6.0
[INFO] [stderr]    Compiling num-traits v0.2.19
[INFO] [stderr]    Compiling mnemosyne-decay v0.3.2
[INFO] [stderr]    Compiling serde v1.0.229
[INFO] [stderr]    Compiling futures-sink v0.3.34
[INFO] [stderr]    Compiling getrandom v0.4.3
[INFO] [stderr]    Compiling rustix v1.1.5
[INFO] [stderr]    Compiling futures-core v0.3.34
[INFO] [stderr]    Compiling crossbeam-deque v0.8.8
[INFO] [stderr]    Compiling futures-channel v0.3.34
[INFO] [stderr]    Compiling rand_core v0.9.5
[INFO] [stderr]    Compiling addr2line v0.25.1
[INFO] [stderr]    Compiling num_cpus v1.17.0
[INFO] [stderr]    Compiling regex-syntax v0.8.11
[INFO] [stderr]    Compiling futures-task v0.3.34
[INFO] [stderr]    Compiling rayon-core v1.13.0
[INFO] [stderr]    Compiling serde_json v1.0.151
[INFO] [stderr]    Compiling futures-io v0.3.34
[INFO] [stderr]    Compiling bitflags v2.13.2
[INFO] [stderr]    Compiling linux-raw-sys v0.12.1
[INFO] [stderr]    Compiling moirai-pal v0.7.2
[INFO] [stderr]    Compiling serde_derive v1.0.229
[INFO] [stderr]    Compiling futures-macro v0.3.34
[INFO] [stderr]    Compiling socket2 v0.6.5
[INFO] [stderr]    Compiling futures-util v0.3.34
[INFO] [stderr]    Compiling backtrace v0.3.76
[INFO] [stderr]    Compiling half v2.7.1
[INFO] [stderr]    Compiling consus-core v0.2.0
[INFO] [stderr]    Compiling plotters-backend v0.3.7
[INFO] [stderr]    Compiling ciborium-io v0.2.2
[INFO] [stderr]    Compiling moirai-executor v0.7.2
[INFO] [stderr]    Compiling clap_lex v1.1.1
[INFO] [stderr]    Compiling mnemosyne-memory v0.9.0
[INFO] [stderr]    Compiling fastrand v2.5.0
[INFO] [stderr]    Compiling moirai-core v0.7.2
[INFO] [stderr]    Compiling anstyle v1.0.14
[INFO] [stderr]    Compiling tempfile v3.27.0
[INFO] [stderr]    Compiling clap_builder v4.6.7
[INFO] [stderr]    Compiling moirai-scheduler v0.7.2
[INFO] [stderr]    Compiling regex-automata v0.4.18
[INFO] [stderr]    Compiling plotters-svg v0.3.7
[INFO] [stderr]    Compiling futures-executor v0.3.34
[INFO] [stderr]    Compiling ciborium-ll v0.2.2
[INFO] [stderr]    Compiling ppv-lite86 v0.2.21
[INFO] [stderr]    Compiling wait-timeout v0.2.1
[INFO] [stderr]    Compiling bit-vec v0.8.0
[INFO] [stderr]    Compiling quick-error v1.2.3
[INFO] [stderr]    Compiling cast v0.3.0
[INFO] [stderr]    Compiling criterion-plot v0.5.0
[INFO] [stderr]    Compiling rusty-fork v0.3.1
[INFO] [stderr]    Compiling regex v1.13.1
[INFO] [stderr]    Compiling clap v4.6.7
[INFO] [stderr]    Compiling bit-set v0.8.0
[INFO] [stderr]    Compiling tinytemplate v1.2.1
[INFO] [stderr]    Compiling walkdir v2.5.0
[INFO] [stderr]    Compiling rayon v1.12.0
[INFO] [stderr]    Compiling rand_chacha v0.9.0
[INFO] [stderr]    Compiling ciborium v0.2.2
[INFO] [stderr]    Compiling futures v0.3.34
[INFO] [stderr]    Compiling plotters v0.3.7
[INFO] [stderr]    Compiling moirai-transport v0.7.2
[INFO] [stderr]    Compiling consus-io v0.2.0
[INFO] [stderr]    Compiling consus-compression v0.2.0
[INFO] [stderr]    Compiling rand_xorshift v0.4.0
[INFO] [stderr]    Compiling rand v0.9.5
[INFO] [stderr]    Compiling is-terminal v0.4.17
[INFO] [stderr]    Compiling moirai-async-macros v0.7.2
[INFO] [stderr]    Compiling anes v0.1.6
[INFO] [stderr]    Compiling unarray v0.1.4
[INFO] [stderr]    Compiling oorandom v11.1.5
[INFO] [stderr]    Compiling moirai-async v0.7.2
[INFO] [stderr]    Compiling consus-hdf5 v0.2.0 (/opt/rustwide/workdir)
[INFO] [stderr]    Compiling proptest v1.11.0
[INFO] [stderr]    Compiling criterion v0.5.1
[INFO] [stderr]     Finished `release` profile [optimized] target(s) in 3m 38s
[INFO] running `Command { std: "docker" "inspect" "c814e550d576a899cf18ac622a32f2f5bb974ce7ad8722cd650df5f709ace3fd", kill_on_drop: false }`
[INFO] running `Command { std: "docker" "exec" "-e" "SOURCE_DIR=/opt/rustwide/workdir" "-e" "CARGO_HOME=/opt/rustwide/cargo-home" "-e" "RUSTUP_HOME=/opt/rustwide/rustup-home" "-e" "CARGO_TARGET_DIR=/opt/rustwide/target" "-e" "CARGO_INCREMENTAL=0" "-e" "RUST_BACKTRACE=full" "-e" "RUSTFLAGS=--cap-lints=warn" "-e" "RUSTDOCFLAGS=--cap-lints=warn" "-w" "/opt/rustwide/workdir" "--user" "0:0" "c814e550d576a899cf18ac622a32f2f5bb974ce7ad8722cd650df5f709ace3fd" "/opt/rustwide/cargo-home/bin/cargo" "+1.100.0-beta.1" "test" "--frozen" "--release", kill_on_drop: false }`
[INFO] [stderr] warning: `package.homepage` is redundant with `package.repository`
[INFO] [stderr]    --> Cargo.toml:135:12
[INFO] [stderr]     |
[INFO] [stderr] 135 | homepage = "https://github.com/ryancinsight/consus"
[INFO] [stderr]     |            ^^^^^^^^^^^^^^^^^^^^^^^^^^^^^^^^^^^^^^^^
[INFO] [stderr] ...
[INFO] [stderr] 140 | repository = "https://github.com/ryancinsight/consus"
[INFO] [stderr]     |              ----------------------------------------
[INFO] [stderr]     |
[INFO] [stderr]     = note: `cargo::redundant_homepage` is set to `warn` by default
[INFO] [stderr] help: consider removing `package.homepage`
[INFO] [stderr] warning: `consus-hdf5` (manifest) generated 1 warning
[INFO] [stderr]     Finished `release` profile [optimized] target(s) in 0.23s
[INFO] [stderr]      Running unittests src/lib.rs (/opt/rustwide/target/release/build/consus-hdf5/90c2d534a374f9a0/out/consus_hdf5-90c2d534a374f9a0)
[INFO] [stdout] 
[INFO] [stdout] running 303 tests
[INFO] [stdout] test attribute::decode::tests::decode_value_i16_array ... ok
[INFO] [stdout] test attribute::decode::tests::decode_value_fixed_string ... ok
[INFO] [stdout] test attribute::decode::tests::decode_value_f32_scalar ... ok
[INFO] [stdout] test attribute::decode::tests::decode_value_u32_scalar ... ok
[INFO] [stdout] test attribute::info::tests::parse_4byte_offsets ... ok
[INFO] [stdout] test attribute::info::tests::parse_minimal_no_optional_fields ... ok
[INFO] [stdout] test attribute::info::tests::parse_all_optional_fields ... ok
[INFO] [stdout] test attribute::info::tests::parse_creation_order_tracked_only ... ok
[INFO] [stdout] test attribute::decode::tests::proptest_harnesses::decode_attribute_value_i32_scalar_never_panics ... ok
[INFO] [stdout] test attribute::types::tests::align_up_cases ... ok
[INFO] [stdout] test attribute::types::tests::reject_too_short ... ok
[INFO] [stdout] test attribute::decode::tests::proptest_harnesses::decode_attribute_value_f64_scalar_never_panics ... ok
[INFO] [stdout] test attribute::info::tests::reject_invalid_version ... ok
[INFO] [stdout] test attribute::info::tests::reject_truncated_at_heap_address ... ok
[INFO] [stdout] test attribute::decode::tests::proptest_harnesses::decode_attribute_value_string_array_never_panics ... ok
[INFO] [stdout] test attribute::info::tests::reject_truncated_header ... ok
[INFO] [stdout] test attribute::decode::tests::proptest_harnesses::decode_attribute_value_never_panics_on_arbitrary_bytes ... ok
[INFO] [stdout] test attribute::types::tests::reject_unsupported_version ... ok
[INFO] [stdout] test btree::v1::tests::header_size_4byte ... ok
[INFO] [stdout] test btree::v1::tests::parse_zero_entries ... ok
[INFO] [stdout] test btree::v1::tests::header_size_2byte ... ok
[INFO] [stdout] test btree::v1::tests::node_type_discriminant_values ... ok
[INFO] [stdout] test btree::v1::tests::parse_chunk_internal_4byte ... ok
[INFO] [stdout] test btree::v1::tests::parse_group_leaf_8byte ... ok
[INFO] [stdout] test btree::v1::tests::header_size_8byte ... ok
[INFO] [stdout] test btree::v1::tests::reject_unknown_node_type ... ok
[INFO] [stdout] test btree::v1::tests::reject_bad_signature ... ok
[INFO] [stdout] test btree::v2::tests::alloc_tests::collect_all_records_empty_tree ... ok
[INFO] [stdout] test btree::v2::tests::alloc_tests::collect_all_records_single_leaf ... ok
[INFO] [stdout] test btree::v2::tests::alloc_tests::parse_header_4byte_offsets ... ok
[INFO] [stdout] test btree::v2::tests::alloc_tests::reject_bad_version ... ok
[INFO] [stdout] test btree::v2::tests::compute_num_records_width_small_node ... ok
[INFO] [stdout] test btree::v2::tests::alloc_tests::reject_bad_signature ... ok
[INFO] [stdout] test btree::v2::tests::compute_num_records_width_zero_record_size ... ok
[INFO] [stdout] test btree::v2::tests::read_variable_width_uint_cases ... ok
[INFO] [stdout] test btree::v2::tests::read_variable_width_uint_empty ... ok
[INFO] [stdout] test btree::v2::tests::record_type_constants_distinct ... ok
[INFO] [stdout] test btree::v2::tests::signature_constants ... ok
[INFO] [stdout] test dataset::chunk::tests::chunk_location_debug ... ok
[INFO] [stdout] test dataset::chunk::tests::chunk_uncompressed_size_1d ... ok
[INFO] [stdout] test dataset::chunk::tests::chunk_uncompressed_size_basic ... ok
[INFO] [stdout] test dataset::chunk::tests::chunk_uncompressed_size_scalar ... ok
[INFO] [stdout] test dataset::chunk::tests::edge_chunk_dims_boundary ... ok
[INFO] [stdout] test dataset::chunk::tests::edge_chunk_dims_exact_fit ... ok
[INFO] [stdout] test dataset::chunk::tests::edge_chunk_dims_interior ... ok
[INFO] [stdout] test dataset::chunk::tests::edge_chunk_dims_past_boundary ... ok
[INFO] [stdout] test dataset::chunk::tests::filter_mask_skips_filter ... ok
[INFO] [stdout] test dataset::chunk::tests::fletcher32_forward_appends_checksum ... ok
[INFO] [stdout] test btree::v2::tests::alloc_tests::parse_header_8byte_offsets ... ok
[INFO] [stdout] test btree::v2::tests::alloc_tests::parse_leaf_node ... ok
[INFO] [stdout] test dataset::chunk::tests::fletcher32_reverse_rejects_bad_checksum ... ok
[INFO] [stdout] test dataset::chunk::tests::fletcher32_reverse_strips_checksum ... ok
[INFO] [stdout] test dataset::chunk::tests::read_chunk_fill_value_for_undefined_address ... ok
[INFO] [stdout] test dataset::chunk::tests::read_chunk_inverts_shuffle_over_element_sizes ... ok
[INFO] [stdout] test dataset::chunk::tests::read_chunk_no_filters ... ok
[INFO] [stdout] test dataset::chunk::tests::write_chunk_applies_shuffle_byte_planes ... ok
[INFO] [stdout] test dataset::chunk::tests::write_chunk_no_filters ... ok
[INFO] [stdout] test dataset::chunk::tests::write_read_roundtrip_with_fletcher32 ... ok
[INFO] [stdout] test dataset::layout::tests::alloc_tests::parse_v3_chunked_1d ... ok
[INFO] [stdout] test dataset::layout::tests::alloc_tests::parse_v3_chunked_2d ... ok
[INFO] [stdout] test dataset::layout::tests::alloc_tests::parse_v3_compact_empty ... ok
[INFO] [stdout] test dataset::layout::tests::alloc_tests::parse_v3_compact_with_data ... ok
[INFO] [stdout] test btree::v2::tests::alloc_tests::reject_bad_leaf_signature ... ok
[INFO] [stdout] test dataset::layout::tests::alloc_tests::parse_v3_contiguous_4byte_offsets ... ok
[INFO] [stdout] test dataset::layout::tests::alloc_tests::parse_v3_contiguous_8byte_offsets ... ok
[INFO] [stdout] test dataset::layout::tests::alloc_tests::parse_v4_chunked_btree_v2 ... ok
[INFO] [stdout] test dataset::layout::tests::alloc_tests::parse_v4_chunked_single_chunk_filtered ... ok
[INFO] [stdout] test dataset::layout::tests::alloc_tests::parse_virtual_layout_returns_virtual_storage ... ok
[INFO] [stdout] test dataset::layout::tests::alloc_tests::reject_truncated_contiguous ... ok
[INFO] [stdout] test dataset::layout::tests::alloc_tests::reject_truncated_message ... ok
[INFO] [stdout] test dataset::layout::tests::alloc_tests::reject_unknown_version ... ok
[INFO] [stdout] test dataset::layout::tests::alloc_tests::reject_zero_dimensionality_chunked ... ok
[INFO] [stdout] test dataset::selection::tests::blocked_hyperslab ... ok
[INFO] [stdout] test dataset::selection::tests::empty_selection ... ok
[INFO] [stdout] test dataset::selection::tests::four_chunks_partial ... ok
[INFO] [stdout] test dataset::selection::tests::interior_selection_single_chunk ... ok
[INFO] [stdout] test btree::v2::tests::compute_num_records_width_typical ... ok
[INFO] [stdout] test dataset::selection::tests::point_selection_each_in_own_chunk ... ok
[INFO] [stdout] test dataset::selection::tests::point_selection_empty ... ok
[INFO] [stdout] test dataset::layout::tests::alloc_tests::parse_v4_chunked_implicit ... ok
[INFO] [stdout] test dataset::selection::tests::one_d_three_chunks ... ok
[INFO] [stdout] test dataset::selection::tests::point_selection_same_chunk ... ok
[INFO] [stdout] test dataset::selection::tests::rank_mismatch_error ... ok
[INFO] [stdout] test dataset::selection::tests::scalar_selection ... ok
[INFO] [stdout] test dataset::selection::tests::single_chunk_full_coverage ... ok
[INFO] [stdout] test dataset::selection::tests::strided_hyperslab ... ok
[INFO] [stdout] test btree::v1::tests::parse_at_nonzero_offset ... ok
[INFO] [stdout] test datatype::compound::names::tests::consumes_version_dependent_padding ... ok
[INFO] [stdout] test datatype::compound::names::tests::reports_missing_terminator_and_invalid_utf8 ... ok
[INFO] [stdout] test datatype::compound::tests::classes::member_offset_byte_count_thresholds ... ok
[INFO] [stdout] test datatype::compound::tests::classes::parse_array_v2_with_reserved ... ok
[INFO] [stdout] test datatype::compound::tests::classes::parse_array_v3_2d ... ok
[INFO] [stdout] test datatype::compound::tests::classes::parse_enum_signed_base ... ok
[INFO] [stdout] test datatype::compound::tests::classes::parse_enum_v3_two_members ... ok
[INFO] [stdout] test datatype::compound::tests::classes::parse_object_reference ... ok
[INFO] [stdout] test datatype::compound::tests::classes::parse_opaque_no_tag ... ok
[INFO] [stdout] test datatype::compound::tests::classes::parse_opaque_with_tag ... ok
[INFO] [stdout] test datatype::compound::tests::classes::parse_region_reference ... ok
[INFO] [stdout] test datatype::compound::tests::classes::parse_vl_sequence ... ok
[INFO] [stdout] test datatype::compound::tests::classes::parse_vl_string_utf8 ... ok
[INFO] [stdout] test datatype::compound::tests::classes::read_uint_be_widths ... ok
[INFO] [stdout] test datatype::compound::tests::classes::read_uint_le_widths ... ok
[INFO] [stdout] test datatype::compound::tests::classes::sign_extend_values ... ok
[INFO] [stdout] test datatype::compound::tests::classes::time_class_rejected ... ok
[INFO] [stdout] test datatype::compound::tests::classes::truncated_header_rejected ... ok
[INFO] [stdout] test datatype::compound::tests::classes::unknown_class_rejected ... ok
[INFO] [stdout] test datatype::compound::tests::classes::zero_numeric_size_rejected_without_panicking ... ok
[INFO] [stdout] test dataset::selection::tests::map_selection_all ... ok
[INFO] [stdout] test datatype::compound::tests::members::parse_compound_v1_with_dimensionality ... ok
[INFO] [stdout] test dataset::selection::tests::map_selection_none ... ok
[INFO] [stdout] test datatype::compound::tests::members::parse_compound_v3_two_members ... ok
[INFO] [stdout] test datatype::compound::tests::scalar::parse_bitfield_2byte_le ... ok
[INFO] [stdout] test datatype::compound::tests::scalar::parse_f64_le ... ok
[INFO] [stdout] test datatype::compound::tests::scalar::parse_i16_be ... ok
[INFO] [stdout] test datatype::compound::names::tests::parses_empty_and_utf8_names ... ok
[INFO] [stdout] test datatype::tests::byte_order_from_flags_big_endian ... ok
[INFO] [stdout] test datatype::tests::charset_from_flags_ascii ... ok
[INFO] [stdout] test datatype::tests::charset_from_flags_unknown_defaults_ascii ... ok
[INFO] [stdout] test datatype::tests::charset_from_flags_utf8 ... ok
[INFO] [stdout] test datatype::tests::datatype_class_extracts_low_nibble ... ok
[INFO] [stdout] test datatype::tests::map_array_2d_from_integer ... ok
[INFO] [stdout] test dataset::selection::tests::three_dimensional_selection ... ok
[INFO] [stdout] test datatype::compound::tests::scalar::parse_u32_le ... ok
[INFO] [stdout] test datatype::tests::map_bitfield_to_opaque ... ok
[INFO] [stdout] test datatype::tests::map_compound_with_fields ... ok
[INFO] [stdout] test datatype::tests::map_floating_point_32bit_little_endian ... ok
[INFO] [stdout] test datatype::tests::map_enum_from_integer_base ... ok
[INFO] [stdout] test datatype::tests::map_fixed_point_signed_32bit_little_endian ... ok
[INFO] [stdout] test datatype::tests::map_fixed_point_signed_64bit_big_endian ... ok
[INFO] [stdout] test datatype::compound::tests::scalar::parse_fixed_string_ascii ... ok
[INFO] [stdout] test datatype::compound::tests::scalar::parse_fixed_string_utf8 ... ok
[INFO] [stdout] test datatype::tests::byte_order_from_flags_little_endian ... ok
[INFO] [stdout] test datatype::tests::map_reference_explicit_region ... ok
[INFO] [stdout] test datatype::tests::map_floating_point_64bit_big_endian ... ok
[INFO] [stdout] test datatype::tests::map_opaque_without_tag ... ok
[INFO] [stdout] test datatype::tests::map_reference_object_default ... ok
[INFO] [stdout] test datatype::tests::map_reference_region_default_non_standard_size ... ok
[INFO] [stdout] test datatype::tests::map_numeric_types_reject_zero_size ... ok
[INFO] [stdout] test datatype::tests::map_reference_explicit_object ... ok
[INFO] [stdout] test datatype::tests::map_opaque_with_tag ... ok
[INFO] [stdout] test datatype::tests::map_string_fixed_utf8 ... ok
[INFO] [stdout] test datatype::tests::map_string_variable_ascii ... ok
[INFO] [stdout] test file::contiguous_reader::tests::a_failed_read_leaves_the_position_unchanged ... ok
[INFO] [stdout] test file::contiguous_reader::tests::a_reader_over_a_window_yields_exactly_that_window ... ok
[INFO] [stdout] test file::contiguous_reader::tests::an_address_range_overflowing_u64_is_an_error_not_a_panic ... ok
[INFO] [stdout] test file::contiguous_reader::tests::an_empty_buffer_reads_nothing_and_does_not_advance ... ok
[INFO] [stdout] test file::contiguous_reader::tests::read_to_end_returns_the_whole_payload ... ok
[INFO] [stdout] test datatype::tests::map_string_variable_utf8 ... ok
[INFO] [stdout] test file::contiguous_reader::tests::zero_length_reads_nothing_and_touches_no_bytes ... ok
[INFO] [stdout] test datatype::tests::map_variable_length_from_float ... ok
[INFO] [stdout] test file::contiguous_reader::tests::a_range_past_the_file_end_keeps_the_consus_error_as_inner_error ... ok
[INFO] [stdout] test file::reader::tests::classify_dataset ... ok
[INFO] [stdout] test file::reader::tests::classify_named_datatype ... ok
[INFO] [stdout] test file::contiguous_reader::tests::a_read_never_crosses_the_declared_length ... ok
[INFO] [stdout] test file::reader::tests::classify_v1_group_with_symbol_table ... ok
[INFO] [stdout] test file::reader::tests::fill_value_none_for_empty ... ok
[INFO] [stdout] test file::contiguous_reader::tests::io_error_kinds_follow_the_failure_class ... ok
[INFO] [stdout] test file::contiguous_reader::tests::one_byte_and_seven_byte_buffers_reassemble_the_payload ... ok
[INFO] [stdout] test file::reader::tests::collect_dense_attributes_empty_btree ... ok
[INFO] [stdout] test file::reader::tests::collect_dense_links_empty_btree ... ok
[INFO] [stdout] test file::reader::tests::local_heap_data_size_is_bounded ... ok
[INFO] [stdout] test file::reader::tests::self_referential_v1_group_btree_terminates ... ok
[INFO] [stdout] test file::tests::open_minimal_file ... ok
[INFO] [stdout] test file::tests::reject_non_hdf5 ... ok
[INFO] [stdout] test file::tests::v1_chunk_btree_record_region_is_budgeted_before_read ... ok
[INFO] [stdout] test file::reader::tests::classify_group ... ok
[INFO] [stdout] test file::writer::tests::builder::add_group_with_attributes_still_works_after_refactor ... ok
[INFO] [stdout] test file::writer::tests::builder::add_group_with_children_creates_navigable_nested_group ... ok
[INFO] [stdout] test file::reader::tests::fill_value_v2_user_defined ... ok
[INFO] [stdout] test file::writer::tests::builder::add_group_with_children_nested_group_datasets_are_readable ... ok
[INFO] [stdout] test file::reader::tests::find_message_none_when_absent ... ok
[INFO] [stdout] test file::reader::tests::find_message_returns_first_match ... ok
[INFO] [stdout] test file::reader::tests::find_messages_returns_all ... ok
[INFO] [stdout] test file::tests::fixed_array_entry_count_beyond_budget_is_rejected ... ok
[INFO] [stdout] test file::writer::tests::builder::add_v1_group_with_children_builder_e2e ... ok
[INFO] [stdout] test file::writer::tests::builder::hdf5_file_builder_produces_valid_superblock ... ok
[INFO] [stdout] test file::writer::tests::builder::add_named_datatype_creates_readable_named_type ... ok
[INFO] [stdout] test file::writer::tests::builder::sub_group_builder_dataset_address_is_reusable_in_dimlist ... ok
[INFO] [stdout] test file::writer::tests::builder::sub_group_builder_empty_finish_creates_navigable_group ... ok
[INFO] [stdout] test file::writer::tests::builder::sub_group_builder_nested_sub_group_roundtrip ... ok
[INFO] [stdout] test file::writer::tests::chunk_index::write_chunk_btree_v1_leaf_header ... ok
[INFO] [stdout] test file::writer::tests::dataset_encoding::encode_chunked_layout_with_materialized_index ... ok
[INFO] [stdout] test file::writer::tests::dataset_encoding::encode_contiguous_layout ... ok
[INFO] [stdout] test file::writer::tests::dataset_encoding::encode_dataspace_scalar ... ok
[INFO] [stdout] test file::writer::tests::dataset_encoding::encode_dataspace_2d ... ok
[INFO] [stdout] test file::writer::tests::dataset_encoding::encode_float_f64 ... ok
[INFO] [stdout] test file::writer::tests::dataset_encoding::encode_integer_datatype_le_u32 ... ok
[INFO] [stdout] test file::writer::tests::dataset_encoding::encode_reference_datatype_object_reference ... ok
[INFO] [stdout] test file::writer::tests::dataset_encoding::encode_reference_datatype_region_reference ... ok
[INFO] [stdout] test file::writer::tests::group_links::encode_attribute_roundtrip ... ok
[INFO] [stdout] test file::writer::tests::group_links::encode_hard_link_roundtrip ... ok
[INFO] [stdout] test file::writer::tests::group_links::write_local_heap_roundtrip ... ok
[INFO] [stdout] test file::writer::tests::group_links::write_group_header_has_ohdr_signature ... ok
[INFO] [stdout] test file::writer::tests::group_links::write_local_heap_rejects_missing_null_terminator_on_parse ... ok
[INFO] [stdout] test datatype::tests::map_string_fixed_ascii ... ok
[INFO] [stdout] test file::writer::tests::group_links::write_v1_group_roundtrip_via_reader ... ok
[INFO] [stdout] test file::writer::tests::state::chunk_size_encoding_boundaries ... ok
[INFO] [stdout] test file::writer::tests::state::write_state_allocate ... ok
[INFO] [stdout] test file::writer::tests::state::write_state_allocate_aligned ... ok
[INFO] [stdout] test file::writer::tests::state::write_superblock_roundtrip ... ok
[INFO] [stdout] test filter::tests::alloc_tests::parse_v1_named_filter ... ok
[INFO] [stdout] test filter::tests::alloc_tests::parse_v1_single_deflate ... ok
[INFO] [stdout] test filter::tests::alloc_tests::parse_v2_fletcher32 ... ok
[INFO] [stdout] test filter::tests::alloc_tests::parse_v2_named_user_filter ... ok
[INFO] [stdout] test filter::tests::alloc_tests::reject_unsupported_version ... ok
[INFO] [stdout] test filter::tests::alloc_tests::parse_v1_empty_pipeline ... ok
[INFO] [stdout] test filter::tests::alloc_tests::parse_v2_shuffle_and_deflate ... ok
[INFO] [stdout] test filter::tests::alloc_tests::parse_v2_empty_pipeline ... ok
[INFO] [stdout] test filter::tests::alloc_tests::reject_truncated_header ... ok
[INFO] [stdout] test group::symbol_table::tests::entry_size_matches_spec ... ok
[INFO] [stdout] test group::symbol_table::tests::node_tests::parse_node_at_nonzero_address ... ok
[INFO] [stdout] test filter::tests::filter_id_constants ... ok
[INFO] [stdout] test filter::tests::predefined_limit ... ok
[INFO] [stdout] test group::symbol_table::tests::node_tests::parse_node_bad_signature ... ok
[INFO] [stdout] test group::symbol_table::tests::node_tests::parse_node_bad_version ... ok
[INFO] [stdout] test group::symbol_table::tests::node_tests::parse_node_filters_deleted_entries ... ok
[INFO] [stdout] test group::symbol_table::tests::node_tests::parse_node_empty ... ok
[INFO] [stdout] test group::symbol_table::tests::parse_entry_cache_type_group ... ok
[INFO] [stdout] test group::symbol_table::tests::parse_entry_cache_type_none ... ok
[INFO] [stdout] test file::writer::tests::dataset_encoding::encode_integer_datatype_be_i16 ... ok
[INFO] [stdout] test group::symbol_table::tests::node_tests::parse_node_two_entries ... ok
[INFO] [stdout] test group::symbol_table::tests::parse_entry_cache_type_group_4byte ... ok
[INFO] [stdout] test group::symbol_table::tests::parse_entry_cache_type_symbolic_link ... ok
[INFO] [stdout] test group::symbol_table::tests::parse_entry_too_short ... ok
[INFO] [stdout] test group::symbol_table::tests::parse_entry_unknown_cache_type_treated_as_none ... ok
[INFO] [stdout] test group::symbol_table::tests::parse_symbol_table_message_4byte_offsets ... ok
[INFO] [stdout] test group::symbol_table::tests::parse_symbol_table_message_8byte_offsets ... ok
[INFO] [stdout] test group::symbol_table::tests::parse_symbol_table_message_too_short ... ok
[INFO] [stdout] test heap::fractal::tests::decode_huge_heap_id ... ok
[INFO] [stdout] test heap::fractal::tests::decode_managed_heap_id ... ok
[INFO] [stdout] test heap::fractal::tests::decode_tiny_heap_id ... ok
[INFO] [stdout] test heap::fractal::tests::read_managed_object_direct_root ... ok
[INFO] [stdout] test heap::fractal::tests::read_managed_object_rejects_indirect_root ... ok
[INFO] [stdout] test heap::fractal::tests::parse_header_bad_signature ... ok
[INFO] [stdout] test heap::fractal::tests::parse_header_round_trip ... ok
[INFO] [stdout] test heap::fractal::tests::read_uint_le_various_widths ... ok
[INFO] [stdout] test heap::global::tests::alloc_tests::lookup_by_index ... ok
[INFO] [stdout] test heap::global::tests::alloc_tests::parse_empty_collection ... ok
[INFO] [stdout] test heap::global::tests::alloc_tests::parse_one_object_4byte ... ok
[INFO] [stdout] test heap::global::tests::alloc_tests::parse_one_object_8byte ... ok
[INFO] [stdout] test heap::global::tests::alloc_tests::parse_at_offset ... ok
[INFO] [stdout] test heap::global::tests::alloc_tests::parse_padded_object_data ... ok
[INFO] [stdout] test heap::global::tests::alloc_tests::resolve_vl_bad_length_returns_error ... ok
[INFO] [stdout] test heap::global::tests::alloc_tests::resolve_vl_single_ref_4byte ... ok
[INFO] [stdout] test heap::global::tests::alloc_tests::resolve_vl_empty_raw_data ... ok
[INFO] [stdout] test heap::global::tests::alloc_tests::resolve_vl_zero_sequence_length_yields_empty ... ok
[INFO] [stdout] test heap::global::tests::alloc_tests::resolve_vl_multiple_refs_mixed ... ok
[INFO] [stdout] test heap::local::tests::parse_at_nonzero_offset ... ok
[INFO] [stdout] test heap::global::tests::alloc_tests::resolve_vl_single_ref_8byte ... ok
[INFO] [stdout] test heap::global::tests::alloc_tests::resolve_vl_undefined_address_4byte_yields_empty ... ok
[INFO] [stdout] test heap::local::tests::parse_valid_8byte ... ok
[INFO] [stdout] test heap::local::tests::read_empty_name ... ok
[INFO] [stdout] test heap::local::tests::parse_valid_4byte ... ok
[INFO] [stdout] test link::external::tests::parse_empty_payload_fails ... ok
[INFO] [stdout] test link::external::tests::parse_missing_filename_terminator_fails ... ok
[INFO] [stdout] test link::external::tests::parse_missing_object_path_terminator_fails ... ok
[INFO] [stdout] test link::external::tests::parse_nonzero_flags_accepted ... ok
[INFO] [stdout] test heap::global::tests::alloc_tests::reject_bad_signature ... ok
[INFO] [stdout] test heap::local::tests::read_name_from_data_segment ... ok
[INFO] [stdout] test link::external::tests::parse_valid_external_link ... ok
[INFO] [stdout] test heap::global::tests::alloc_tests::reject_bad_version ... ok
[INFO] [stdout] test link::external::traversal_tests::parser_rejects_non_utf8_object_path ... ok
[INFO] [stdout] test link::external::traversal_tests::target_validation_rejects_relative_object_paths ... ok
[INFO] [stdout] test link::info::tests::link_info_parse_4byte_offsets ... ok
[INFO] [stdout] test link::info::tests::link_info_parse_all_optional_fields ... ok
[INFO] [stdout] test link::info::tests::link_info_parse_minimal ... ok
[INFO] [stdout] test link::info::tests::link_info_parse_with_max_creation_index ... ok
[INFO] [stdout] test link::info::tests::link_info_reject_invalid_version ... ok
[INFO] [stdout] test link::info::tests::link_info_reject_truncated_at_heap_address ... ok
[INFO] [stdout] test heap::local::tests::reject_bad_signature ... ok
[INFO] [stdout] test heap::local::tests::reject_bad_version ... ok
[INFO] [stdout] test link::info::tests::link_info_reject_truncated_header ... ok
[INFO] [stdout] test heap::global::tests::alloc_tests::resolve_vl_undefined_address_yields_empty ... ok
[INFO] [stdout] test heap::local::tests::signature_value ... ok
[INFO] [stdout] test link::external::tests::validate_rejects_relative_path ... ok
[INFO] [stdout] test link::message::tests::oversized_name_length_is_rejected_without_panicking ... ok
[INFO] [stdout] test object_header::v1::tests::alignment_boundary ... ok
[INFO] [stdout] test object_header::v1::tests::layout_constants ... ok
[INFO] [stdout] test object_header::v2::tests::chunk_data_size_width_encoding ... ok
[INFO] [stdout] test object_header::v2::tests::flag_constants_correct ... ok
[INFO] [stdout] test link::external::traversal_tests::parser_preserves_filename_and_object_path_bytes ... ok
[INFO] [stdout] test link::external::traversal_tests::parser_rejects_non_utf8_filename ... ok
[INFO] [stdout] test link::info::tests::link_info_reject_truncated_at_max_creation_index ... ok
[INFO] [stdout] test object_header::v2::tests::read_chunk_data_size_8byte ... ok
[INFO] [stdout] test object_header::v2::tests::read_chunk_data_size_1byte ... ok
[INFO] [stdout] test object_header::v2::tests::read_chunk_data_size_2byte ... ok
[INFO] [stdout] test object_header::v2::tests::verify_checksum_too_short ... ok
[INFO] [stdout] test property_list::tests::allocation_time_default ... ok
[INFO] [stdout] test property_list::tests::dataset_creation_props_defaults ... ok
[INFO] [stdout] test property_list::tests::dataset_layout_default ... ok
[INFO] [stdout] test property_list::tests::file_creation_props_defaults ... ok
[INFO] [stdout] test property_list::tests::fill_time_default ... ok
[INFO] [stdout] test property_list::tests::group_creation_props_defaults ... ok
[INFO] [stdout] test superblock::tests::no_magic_returns_error ... ok
[INFO] [stdout] test superblock::tests::parse_v2_superblock ... ok
[INFO] [stdout] test superblock::tests::reject_invalid_field_sizes ... ok
[INFO] [stdout] test object_header::v2::tests::read_chunk_data_size_buffer_too_short ... ok
[INFO] [stdout] test object_header::v2::tests::verify_checksum_invalid ... ok
[INFO] [stdout] test property_list::tests::group_creation_props_hysteresis_invariant ... ok
[INFO] [stdout] test object_header::v2::tests::msg_header_len_with_creation_order ... ok
[INFO] [stdout] test object_header::v2::tests::msg_header_len_without_creation_order ... ok
[INFO] [stdout] test object_header::v2::tests::read_chunk_data_size_4byte ... ok
[INFO] [stdout] test object_header::v2::tests::verify_checksum_valid ... ok
[INFO] [stdout] 
[INFO] [stdout] test result: ok. 303 passed; 0 failed; 0 ignored; 0 measured; 0 filtered out; finished in 0.09s
[INFO] [stdout] 
[INFO] [stderr]      Running tests/adversarial_input.rs (/opt/rustwide/target/release/build/consus-hdf5/3cbc258359510548/out/adversarial_input-3cbc258359510548)
[INFO] [stdout] 
[INFO] [stdout] running 18 tests
[INFO] [stdout] test contiguous_dataset_shape_beyond_budget_is_rejected ... ok
[INFO] [stdout] test btree_v2_total_records_u64_max_is_rejected ... ok
[INFO] [stdout] test chunk_disk_size_beyond_budget_is_rejected ... ok
[INFO] [stdout] test huge_heap_object_length_beyond_budget_is_rejected ... ok
[INFO] [stdout] test global_heap_collection_size_beyond_budget_is_rejected ... ok
[INFO] [stdout] test chunk_uncompressed_size_beyond_budget_is_rejected ... ok
[INFO] [stdout] test btree_v2_node_size_beyond_budget_is_rejected ... ok
[INFO] [stdout] test huge_object_search_rejects_empty_child_table ... ok
[INFO] [stdout] test huge_object_search_rejects_self_referential_child ... ok
[INFO] [stdout] test managed_heap_object_length_beyond_budget_is_rejected ... ok
[INFO] [stdout] test fractal_indirect_block_size_beyond_budget_is_rejected ... ok
[INFO] [stdout] test global_heap_collection_size_below_header_size_is_rejected ... ok
[INFO] [stdout] test nested_datatype::shallow_nested_compound_datatype_still_parses ... ok
[INFO] [stdout] test retained_array_extent_overflow_crash_replays_without_panic ... FAILED
[INFO] [stdout] test well_formed_chunk_read_is_unaffected ... ok
[INFO] [stdout] test nested_datatype::deeply_nested_variable_length_datatype_is_rejected ... ok
[INFO] [stdout] test nested_datatype::deeply_nested_compound_datatype_is_rejected ... ok
[INFO] [stdout] test nested_datatype::deeply_nested_array_datatype_is_rejected ... ok
[INFO] [stdout] 
[INFO] [stdout] failures:
[INFO] [stdout] 
[INFO] [stdout] ---- retained_array_extent_overflow_crash_replays_without_panic stdout ----
[INFO] [stdout] 
[INFO] [stdout] thread 'retained_array_extent_overflow_crash_replays_without_panic' (2906) panicked at tests/adversarial_input.rs:409:49:
[INFO] [stdout] corpus seed /opt/rustwide/workdir/../../fuzz/corpus/fuzz_hdf5_parser/seed-array-extent-product-overflow: No such file or directory (os error 2)
[INFO] [stdout] stack backtrace:
[INFO] [stdout]    0:     0x6376aef4c651 - <<std[617be2ca0a6fd877]::sys::backtrace::BacktraceLock>::print::DisplayBacktrace as core[a373ad73a504971]::fmt::Display>::fmt
[INFO] [stdout]    1:     0x6376aef6071a - core[a373ad73a504971]::fmt::write
[INFO] [stdout]    2:     0x6376aef5088c - <alloc[2e1b2a31b91974c5]::vec::Vec<u8> as core[a373ad73a504971]::io::write::Write>::write_fmt
[INFO] [stdout]    3:     0x6376aef28616 - std[617be2ca0a6fd877]::panicking::default_hook::{closure#0}
[INFO] [stdout]    4:     0x6376aef449d9 - std[617be2ca0a6fd877]::panicking::default_hook
[INFO] [stdout]    5:     0x6376aeed2080 - test[aada8e7e76ba119b]::test_main_inner::{closure#0}
[INFO] [stdout]    6:     0x6376aef44b92 - std[617be2ca0a6fd877]::panicking::panic_with_hook
[INFO] [stdout]    7:     0x6376aef286c2 - std[617be2ca0a6fd877]::panicking::panic_handler::{closure#0}
[INFO] [stdout]    8:     0x6376aef21249 - std[617be2ca0a6fd877]::sys::backtrace::__rust_end_short_backtrace::<std[617be2ca0a6fd877]::panicking::panic_handler::{closure#0}, !>
[INFO] [stdout]    9:     0x6376aef292cd - __rustc[ea4f61d10b84890b]::rust_begin_unwind
[INFO] [stdout]   10:     0x6376aef60e4c - core[a373ad73a504971]::panicking::panic_fmt
[INFO] [stdout]   11:     0x6376aeeb4979 - adversarial_input[8feabaa4624bde83]::retained_array_extent_overflow_crash_replays_without_panic::{closure#0}
[INFO] [stdout]   12:     0x6376aeeb8349 - <adversarial_input[8feabaa4624bde83]::retained_array_extent_overflow_crash_replays_without_panic::{closure#0} as core[a373ad73a504971]::ops::function::FnOnce<()>>::call_once
[INFO] [stdout]   13:     0x6376aeec54cb - test[aada8e7e76ba119b]::__rust_begin_short_backtrace::<core[a373ad73a504971]::result::Result<(), alloc[2e1b2a31b91974c5]::string::String>, fn() -> core[a373ad73a504971]::result::Result<(), alloc[2e1b2a31b91974c5]::string::String>>
[INFO] [stdout]   14:     0x6376aeed26a5 - test[aada8e7e76ba119b]::run_test::{closure#0}
[INFO] [stdout]   15:     0x6376aeecbf94 - std[617be2ca0a6fd877]::sys::backtrace::__rust_begin_short_backtrace::<test[aada8e7e76ba119b]::run_test::{closure#1}, ()>
[INFO] [stdout]   16:     0x6376aeed5732 - <std[617be2ca0a6fd877]::thread::lifecycle::spawn_unchecked<test[aada8e7e76ba119b]::run_test::{closure#1}, ()>::{closure#1} as core[a373ad73a504971]::ops::function::FnOnce<()>>::call_once::{shim:vtable#0}
[INFO] [stdout]   17:     0x6376aef4bb9f - <std[617be2ca0a6fd877]::sys::thread::unix::Thread>::new::thread_start
[INFO] [stdout]   18:     0x7bce5de91dfa - <unknown>
[INFO] [stdout]   19:     0x7bce5df253d4 - clone
[INFO] [stdout]   20:                0x0 - <unknown>
[INFO] [stdout] 
[INFO] [stdout] 
[INFO] [stdout] failures:
[INFO] [stdout]     retained_array_extent_overflow_crash_replays_without_panic
[INFO] [stdout] 
[INFO] [stdout] test result: FAILED. 17 passed; 1 failed; 0 ignored; 0 measured; 0 filtered out; finished in 0.23s
[INFO] [stdout] 
[INFO] [stderr] error: test failed, to rerun pass `--test adversarial_input`
[INFO] running `Command { std: "docker" "inspect" "c814e550d576a899cf18ac622a32f2f5bb974ce7ad8722cd650df5f709ace3fd", kill_on_drop: false }`
[INFO] running `Command { std: "docker" "rm" "-f" "c814e550d576a899cf18ac622a32f2f5bb974ce7ad8722cd650df5f709ace3fd", kill_on_drop: false }`
[INFO] [stdout] c814e550d576a899cf18ac622a32f2f5bb974ce7ad8722cd650df5f709ace3fd
