[INFO] fetching crate constructor 0.1.0...
[INFO] testing constructor-0.1.0 against 1.100.0-beta.1+cargoflags=--release for beta-release-1.100-2
[INFO] extracting crate constructor 0.1.0 into /workspace/builds/worker-6-tc2/source
[INFO] started tweaking crates.io crate constructor 0.1.0
[INFO] finished tweaking crates.io crate constructor 0.1.0
[INFO] tweaked toml for crates.io crate constructor 0.1.0 written to /workspace/builds/worker-6-tc2/source/Cargo.toml
[INFO] validating manifest of crates.io crate constructor 0.1.0 on toolchain 1.100.0-beta.1
[INFO] running `Command { std: CARGO_HOME="/workspace/cargo-home" RUSTUP_HOME="/workspace/rustup-home" "/workspace/cargo-home/bin/cargo" "+1.100.0-beta.1" "metadata" "--manifest-path" "Cargo.toml" "--no-deps", kill_on_drop: false }`
[INFO] running `Command { std: CARGO_HOME="/workspace/cargo-home" RUSTUP_HOME="/workspace/rustup-home" "/workspace/cargo-home/bin/cargo" "+1.100.0-beta.1" "generate-lockfile" "--manifest-path" "Cargo.toml", kill_on_drop: false }`
[INFO] [stderr]     Updating crates.io index
[INFO] [stderr]      Locking 11 packages to highest compatible versions
[INFO] [stderr]       Adding zalgo v0.1.1 (available: v0.2.0)
[INFO] running `Command { std: CARGO_HOME="/workspace/cargo-home" RUSTUP_HOME="/workspace/rustup-home" "/workspace/cargo-home/bin/cargo" "+1.100.0-beta.1" "fetch" "--manifest-path" "Cargo.toml", kill_on_drop: false }`
[INFO] [stderr] warning: Cargo.toml: `package.edition` is unspecified, defaulting to `2015` while the latest is `2024`
[INFO] [stderr] warning: `constructor` (manifest) generated 1 warning
[INFO] running `Command { std: "docker" "create" "-v" "/var/lib/crater-agent-workspace/builds/worker-6-tc2/source:/opt/rustwide/workdir:ro,Z" "-v" "/var/lib/crater-agent-workspace/builds/worker-6-tc2/target:/opt/rustwide/target:rw,Z" "-v" "/var/lib/crater-agent-workspace/cargo-home:/opt/rustwide/cargo-home:ro,Z" "-v" "/var/lib/crater-agent-workspace/rustup-home:/opt/rustwide/rustup-home:ro,Z" "-m" "1610612736" "--network" "none" "ghcr.io/rust-lang/crates-build-env/linux@sha256:77db811e55d90add9212f6832c23229e3de5f1c1f9905e8cb07319ea15df73ac" "sleep" "infinity", kill_on_drop: false }`
[INFO] [stdout] fb76563742019a1ce099142d8a32a93b26a1e93af8642a7e0cbf80fc15324808
[INFO] running `Command { std: "docker" "start" "fb76563742019a1ce099142d8a32a93b26a1e93af8642a7e0cbf80fc15324808", kill_on_drop: false }`
[INFO] running `Command { std: "docker" "inspect" "fb76563742019a1ce099142d8a32a93b26a1e93af8642a7e0cbf80fc15324808", kill_on_drop: false }`
[INFO] running `Command { std: "docker" "exec" "-e" "SOURCE_DIR=/opt/rustwide/workdir" "-e" "CARGO_HOME=/opt/rustwide/cargo-home" "-e" "RUSTUP_HOME=/opt/rustwide/rustup-home" "-e" "CARGO_TARGET_DIR=/opt/rustwide/target" "-w" "/opt/rustwide/workdir" "--user" "0:0" "fb76563742019a1ce099142d8a32a93b26a1e93af8642a7e0cbf80fc15324808" "/opt/rustwide/cargo-home/bin/cargo" "+1.100.0-beta.1" "metadata" "--no-deps" "--format-version=1", kill_on_drop: false }`
[INFO] running `Command { std: "docker" "inspect" "fb76563742019a1ce099142d8a32a93b26a1e93af8642a7e0cbf80fc15324808", kill_on_drop: false }`
[INFO] running `Command { std: "docker" "exec" "-e" "SOURCE_DIR=/opt/rustwide/workdir" "-e" "CARGO_HOME=/opt/rustwide/cargo-home" "-e" "RUSTUP_HOME=/opt/rustwide/rustup-home" "-e" "CARGO_TARGET_DIR=/opt/rustwide/target" "-e" "CARGO_INCREMENTAL=0" "-e" "RUST_BACKTRACE=full" "-e" "RUSTFLAGS=--cap-lints=warn" "-e" "RUSTDOCFLAGS=--cap-lints=warn" "-w" "/opt/rustwide/workdir" "--user" "0:0" "fb76563742019a1ce099142d8a32a93b26a1e93af8642a7e0cbf80fc15324808" "/opt/rustwide/cargo-home/bin/cargo" "+1.100.0-beta.1" "build" "--frozen" "--message-format=json" "--release", kill_on_drop: false }`
[INFO] [stderr] warning: Cargo.toml: `package.edition` is unspecified, defaulting to `2015` while the latest is `2024`
[INFO] [stderr] warning: `constructor` (manifest) generated 1 warning
[INFO] [stderr]    Compiling constructor v0.1.0 (/opt/rustwide/workdir)
[INFO] [stdout] warning: the `macro_use` attribute cannot be used on crates
[INFO] [stdout]  --> src/lib.rs:1:4
[INFO] [stdout]   |
[INFO] [stdout] 1 | #![macro_use]
[INFO] [stdout]   |    ^^^^^^^^^
[INFO] [stdout]   |
[INFO] [stdout]   = help: the `macro_use` attribute can be applied to extern crates and modules
[INFO] [stdout]   = warning: this was previously accepted by the compiler but is being phased out; it will become a hard error in a future release!
[INFO] [stdout]   = note: `#[warn(unused_attributes)]` (part of `#[warn(unused)]`) on by default
[INFO] [stdout] 
[INFO] [stdout] 
[INFO] [stderr]     Finished `release` profile [optimized] target(s) in 0.06s
[INFO] running `Command { std: "docker" "inspect" "fb76563742019a1ce099142d8a32a93b26a1e93af8642a7e0cbf80fc15324808", kill_on_drop: false }`
[INFO] running `Command { std: "docker" "exec" "-e" "SOURCE_DIR=/opt/rustwide/workdir" "-e" "CARGO_HOME=/opt/rustwide/cargo-home" "-e" "RUSTUP_HOME=/opt/rustwide/rustup-home" "-e" "CARGO_TARGET_DIR=/opt/rustwide/target" "-e" "CARGO_INCREMENTAL=0" "-e" "RUST_BACKTRACE=full" "-e" "RUSTFLAGS=--cap-lints=warn" "-e" "RUSTDOCFLAGS=--cap-lints=warn" "-w" "/opt/rustwide/workdir" "--user" "0:0" "fb76563742019a1ce099142d8a32a93b26a1e93af8642a7e0cbf80fc15324808" "/opt/rustwide/cargo-home/bin/cargo" "+1.100.0-beta.1" "test" "--frozen" "--no-run" "--message-format=json" "--release", kill_on_drop: false }`
[INFO] [stderr] warning: Cargo.toml: `package.edition` is unspecified, defaulting to `2015` while the latest is `2024`
[INFO] [stderr] warning: `constructor` (manifest) generated 1 warning
[INFO] [stderr]    Compiling libc v0.2.191
[INFO] [stdout] warning: the `macro_use` attribute cannot be used on crates
[INFO] [stdout]  --> src/lib.rs:1:4
[INFO] [stdout]   |
[INFO] [stdout] 1 | #![macro_use]
[INFO] [stdout]   |    ^^^^^^^^^
[INFO] [stdout]   |
[INFO] [stdout]   = help: the `macro_use` attribute can be applied to extern crates and modules
[INFO] [stdout]   = warning: this was previously accepted by the compiler but is being phased out; it will become a hard error in a future release!
[INFO] [stdout]   = note: `#[warn(unused_attributes)]` (part of `#[warn(unused)]`) on by default
[INFO] [stdout] 
[INFO] [stdout] 
[INFO] [stderr]    Compiling rand v0.4.6
[INFO] [stderr]    Compiling rand v0.3.23
[INFO] [stderr]    Compiling zalgo v0.1.1
[INFO] [stderr]    Compiling constructor v0.1.0 (/opt/rustwide/workdir)
[INFO] [stdout] warning: lint `private_no_mangle_statics` has been removed: no longer a warning, `#[no_mangle]` statics always exported
[INFO] [stdout]   --> src/lib.rs:46:21
[INFO] [stdout]    |
[INFO] [stdout] 40 | macro_rules! constructor {
[INFO] [stdout] ...
[INFO] [stdout] 46 |             #![deny(private_no_mangle_statics /* >>> constructor must be used from a pub mod <<< */)]
[INFO] [stdout]    |                     ^^^^^^^^^^^^^^^^^^^^^^^^^
[INFO] [stdout] ...
[INFO] [stdout] 91 |     constructor! { set_ran }
[INFO] [stdout]    |     ------------------------ in this macro invocation
[INFO] [stdout]    |
[INFO] [stdout]    = note: `#[warn(renamed_and_removed_lints)]` on by default
[INFO] [stdout] 
[INFO] [stdout] 
[INFO] [stdout] warning: `extern` declarations without an explicit ABI are deprecated
[INFO] [stdout]   --> src/lib.rs:56:29
[INFO] [stdout]    |
[INFO] [stdout] 40 | macro_rules! constructor {
[INFO] [stdout] ...
[INFO] [stdout] 56 |             pub static $FN: extern fn() = super::$FN;
[INFO] [stdout]    |                             ^^^^^^ help: explicitly specify the "C" ABI: `extern "C"`
[INFO] [stdout] ...
[INFO] [stdout] 91 |     constructor! { set_ran }
[INFO] [stdout]    |     ------------------------ in this macro invocation
[INFO] [stdout]    |
[INFO] [stdout]    = note: `#[warn(missing_abi)]` on by default
[INFO] [stdout] 
[INFO] [stdout] 
[INFO] [stdout] warning: lint `private_no_mangle_statics` has been removed: no longer a warning, `#[no_mangle]` statics always exported
[INFO] [stdout]    --> src/lib.rs:46:21
[INFO] [stdout]     |
[INFO] [stdout]  40 | macro_rules! constructor {
[INFO] [stdout] ...
[INFO] [stdout]  46 |             #![deny(private_no_mangle_statics /* >>> constructor must be used from a pub mod <<< */)]
[INFO] [stdout]     |                     ^^^^^^^^^^^^^^^^^^^^^^^^^
[INFO] [stdout] ...
[INFO] [stdout] 101 |     constructor! { corrupt_bunny }
[INFO] [stdout]     |     ------------------------------ in this macro invocation
[INFO] [stdout] 
[INFO] [stdout] 
[INFO] [stdout] warning: `extern` declarations without an explicit ABI are deprecated
[INFO] [stdout]    --> src/lib.rs:56:29
[INFO] [stdout]     |
[INFO] [stdout]  40 | macro_rules! constructor {
[INFO] [stdout] ...
[INFO] [stdout]  56 |             pub static $FN: extern fn() = super::$FN;
[INFO] [stdout]     |                             ^^^^^^ help: explicitly specify the "C" ABI: `extern "C"`
[INFO] [stdout] ...
[INFO] [stdout] 101 |     constructor! { corrupt_bunny }
[INFO] [stdout]     |     ------------------------------ in this macro invocation
[INFO] [stdout] 
[INFO] [stdout] 
[INFO] [stdout] warning: the `macro_use` attribute cannot be used on crates
[INFO] [stdout]  --> src/lib.rs:1:4
[INFO] [stdout]   |
[INFO] [stdout] 1 | #![macro_use]
[INFO] [stdout]   |    ^^^^^^^^^
[INFO] [stdout]   |
[INFO] [stdout]   = help: the `macro_use` attribute can be applied to extern crates and modules
[INFO] [stdout]   = warning: this was previously accepted by the compiler but is being phased out; it will become a hard error in a future release!
[INFO] [stdout]   = note: `#[warn(unused_attributes)]` (part of `#[warn(unused)]`) on by default
[INFO] [stdout] 
[INFO] [stdout] 
[INFO] [stderr]     Finished `release` profile [optimized] target(s) in 3.20s
[INFO] running `Command { std: "docker" "inspect" "fb76563742019a1ce099142d8a32a93b26a1e93af8642a7e0cbf80fc15324808", kill_on_drop: false }`
[INFO] running `Command { std: "docker" "exec" "-e" "SOURCE_DIR=/opt/rustwide/workdir" "-e" "CARGO_HOME=/opt/rustwide/cargo-home" "-e" "RUSTUP_HOME=/opt/rustwide/rustup-home" "-e" "CARGO_TARGET_DIR=/opt/rustwide/target" "-e" "CARGO_INCREMENTAL=0" "-e" "RUST_BACKTRACE=full" "-e" "RUSTFLAGS=--cap-lints=warn" "-e" "RUSTDOCFLAGS=--cap-lints=warn" "-w" "/opt/rustwide/workdir" "--user" "0:0" "fb76563742019a1ce099142d8a32a93b26a1e93af8642a7e0cbf80fc15324808" "/opt/rustwide/cargo-home/bin/cargo" "+1.100.0-beta.1" "test" "--frozen" "--release", kill_on_drop: false }`
[INFO] [stderr] warning: Cargo.toml: `package.edition` is unspecified, defaulting to `2015` while the latest is `2024`
[INFO] [stderr] warning: `constructor` (manifest) generated 1 warning
[INFO] [stderr] warning: the `macro_use` attribute cannot be used on crates
[INFO] [stderr]  --> src/lib.rs:1:4
[INFO] [stderr]   |
[INFO] [stderr] 1 | #![macro_use]
[INFO] [stderr]   |    ^^^^^^^^^
[INFO] [stderr]   |
[INFO] [stderr]   = help: the `macro_use` attribute can be applied to extern crates and modules
[INFO] [stderr]   = warning: this was previously accepted by the compiler but is being phased out; it will become a hard error in a future release!
[INFO] [stderr]   = note: `#[warn(unused_attributes)]` (part of `#[warn(unused)]`) on by default
[INFO] [stderr] 
[INFO] [stderr] warning: `constructor` (lib) generated 1 warning (run `cargo fix --lib -p constructor` to apply 1 suggestion)
[INFO] [stderr] warning: lint `private_no_mangle_statics` has been removed: no longer a warning, `#[no_mangle]` statics always exported
[INFO] [stderr]   --> src/lib.rs:46:21
[INFO] [stderr]    |
[INFO] [stderr] 40 | macro_rules! constructor {
[INFO] [stderr] ...
[INFO] [stderr] 46 |             #![deny(private_no_mangle_statics /* >>> constructor must be used from a pub mod <<< */)]
[INFO] [stderr]    |                     ^^^^^^^^^^^^^^^^^^^^^^^^^
[INFO] [stderr] ...
[INFO] [stderr] 91 |     constructor! { set_ran }
[INFO] [stderr]    |     ------------------------ in this macro invocation
[INFO] [stderr]    |
[INFO] [stderr]    = note: `#[warn(renamed_and_removed_lints)]` on by default
[INFO] [stderr] 
[INFO] [stderr] warning: `extern` declarations without an explicit ABI are deprecated
[INFO] [stderr]   --> src/lib.rs:56:29
[INFO] [stderr]    |
[INFO] [stderr] 40 | macro_rules! constructor {
[INFO] [stderr] ...
[INFO] [stderr] 56 |             pub static $FN: extern fn() = super::$FN;
[INFO] [stderr]    |                             ^^^^^^ help: explicitly specify the "C" ABI: `extern "C"`
[INFO] [stderr] ...
[INFO] [stderr] 91 |     constructor! { set_ran }
[INFO] [stderr]    |     ------------------------ in this macro invocation
[INFO] [stderr]    |
[INFO] [stderr]    = note: `#[warn(missing_abi)]` on by default
[INFO] [stderr] 
[INFO] [stderr] warning: lint `private_no_mangle_statics` has been removed: no longer a warning, `#[no_mangle]` statics always exported
[INFO] [stderr]    --> src/lib.rs:46:21
[INFO] [stderr]     |
[INFO] [stderr]  40 | macro_rules! constructor {
[INFO] [stderr] ...
[INFO] [stderr]  46 |             #![deny(private_no_mangle_statics /* >>> constructor must be used from a pub mod <<< */)]
[INFO] [stderr]     |                     ^^^^^^^^^^^^^^^^^^^^^^^^^
[INFO] [stderr] ...
[INFO] [stderr] 101 |     constructor! { corrupt_bunny }
[INFO] [stderr]     |     ------------------------------ in this macro invocation
[INFO] [stderr] 
[INFO] [stderr] warning: `extern` declarations without an explicit ABI are deprecated
[INFO] [stderr]    --> src/lib.rs:56:29
[INFO] [stderr]     |
[INFO] [stderr]  40 | macro_rules! constructor {
[INFO] [stderr] ...
[INFO] [stderr]  56 |             pub static $FN: extern fn() = super::$FN;
[INFO] [stderr]     |                             ^^^^^^ help: explicitly specify the "C" ABI: `extern "C"`
[INFO] [stderr] ...
[INFO] [stderr] 101 |     constructor! { corrupt_bunny }
[INFO] [stderr]     |     ------------------------------ in this macro invocation
[INFO] [stdout] 
[INFO] [stderr] 
[INFO] [stdout] running 2 tests
[INFO] [stderr] warning: `constructor` (lib test) generated 5 warnings (1 duplicate) (run `cargo fix --lib -p constructor --tests` to apply 2 suggestions)
[INFO] [stderr]     Finished `release` profile [optimized] target(s) in 0.03s
[INFO] [stderr]      Running unittests src/lib.rs (/opt/rustwide/target/release/build/constructor/32d091d3712cdd5c/out/constructor-32d091d3712cdd5c)
[INFO] [stdout] test test::bunny_is_fluffy ... ok
[INFO] [stdout] test test::works ... FAILED
[INFO] [stdout] 
[INFO] [stdout] failures:
[INFO] [stdout] 
[INFO] [stdout] ---- test::works stdout ----
[INFO] [stdout] 
[INFO] [stdout] thread 'test::works' (214) panicked at src/lib.rs:95:9:
[INFO] [stdout] assertion failed: unsafe { RAN }
[INFO] [stdout] stack backtrace:
[INFO] [stdout]    0:     0x5e987634ded1 - <<std[617be2ca0a6fd877]::sys::backtrace::BacktraceLock>::print::DisplayBacktrace as core[a373ad73a504971]::fmt::Display>::fmt
[INFO] [stdout]    1:     0x5e9876361e7a - core[a373ad73a504971]::fmt::write
[INFO] [stdout]    2:     0x5e987635219c - <alloc[2e1b2a31b91974c5]::vec::Vec<u8> as core[a373ad73a504971]::io::write::Write>::write_fmt
[INFO] [stdout]    3:     0x5e987632a336 - std[617be2ca0a6fd877]::panicking::default_hook::{closure#0}
[INFO] [stdout]    4:     0x5e9876346569 - std[617be2ca0a6fd877]::panicking::default_hook
[INFO] [stdout]    5:     0x5e98762e0650 - test[aada8e7e76ba119b]::test_main_inner::{closure#0}
[INFO] [stdout]    6:     0x5e9876346722 - std[617be2ca0a6fd877]::panicking::panic_with_hook
[INFO] [stdout]    7:     0x5e987632a414 - std[617be2ca0a6fd877]::panicking::panic_handler::{closure#0}
[INFO] [stdout]    8:     0x5e98763230c9 - std[617be2ca0a6fd877]::sys::backtrace::__rust_end_short_backtrace::<std[617be2ca0a6fd877]::panicking::panic_handler::{closure#0}, !>
[INFO] [stdout]    9:     0x5e987632afed - __rustc[ea4f61d10b84890b]::rust_begin_unwind
[INFO] [stdout]   10:     0x5e98763625ac - core[a373ad73a504971]::panicking::panic_fmt
[INFO] [stdout]   11:     0x5e9876362572 - core[a373ad73a504971]::panicking::panic
[INFO] [stdout]   12:     0x5e98762d3a3e - <constructor[8e58b3c693f29c32]::test::works::{closure#0} as core[a373ad73a504971]::ops::function::FnOnce<()>>::call_once
[INFO] [stdout]   13:     0x5e98762d3a9b - test[aada8e7e76ba119b]::__rust_begin_short_backtrace::<core[a373ad73a504971]::result::Result<(), alloc[2e1b2a31b91974c5]::string::String>, fn() -> core[a373ad73a504971]::result::Result<(), alloc[2e1b2a31b91974c5]::string::String>>
[INFO] [stdout]   14:     0x5e98762e0c75 - test[aada8e7e76ba119b]::run_test::{closure#0}
[INFO] [stdout]   15:     0x5e98762da564 - std[617be2ca0a6fd877]::sys::backtrace::__rust_begin_short_backtrace::<test[aada8e7e76ba119b]::run_test::{closure#1}, ()>
[INFO] [stdout]   16:     0x5e98762e3d02 - <std[617be2ca0a6fd877]::thread::lifecycle::spawn_unchecked<test[aada8e7e76ba119b]::run_test::{closure#1}, ()>::{closure#1} as core[a373ad73a504971]::ops::function::FnOnce<()>>::call_once::{shim:vtable#0}
[INFO] [stdout]   17:     0x5e987634d72f - <std[617be2ca0a6fd877]::sys::thread::unix::Thread>::new::thread_start
[INFO] [stdout]   18:     0x71760165cdfa - <unknown>
[INFO] [stdout]   19:     0x7176016f03d4 - clone
[INFO] [stdout]   20:                0x0 - <unknown>
[INFO] [stdout] 
[INFO] [stdout] 
[INFO] [stdout] failures:
[INFO] [stdout]     test::works
[INFO] [stdout] 
[INFO] [stdout] test result: FAILED. 1 passed; 1 failed; 0 ignored; 0 measured; 0 filtered out; finished in 0.00s
[INFO] [stdout] 
[INFO] [stderr] error: test failed, to rerun pass `--lib`
[INFO] running `Command { std: "docker" "inspect" "fb76563742019a1ce099142d8a32a93b26a1e93af8642a7e0cbf80fc15324808", kill_on_drop: false }`
[INFO] running `Command { std: "docker" "rm" "-f" "fb76563742019a1ce099142d8a32a93b26a1e93af8642a7e0cbf80fc15324808", kill_on_drop: false }`
[INFO] [stdout] fb76563742019a1ce099142d8a32a93b26a1e93af8642a7e0cbf80fc15324808
