[INFO] fetching crate constitutional-memory 0.1.0...
[INFO] testing constitutional-memory-0.1.0 against 1.99.0-beta.8+cargoflags=--release for beta-release-1.100-2
[INFO] extracting crate constitutional-memory 0.1.0 into /workspace/builds/worker-1-tc1/source
[INFO] started tweaking crates.io crate constitutional-memory 0.1.0
[INFO] removed 0 missing tests
[INFO] finished tweaking crates.io crate constitutional-memory 0.1.0
[INFO] tweaked toml for crates.io crate constitutional-memory 0.1.0 written to /workspace/builds/worker-1-tc1/source/Cargo.toml
[INFO] validating manifest of crates.io crate constitutional-memory 0.1.0 on toolchain 1.99.0-beta.8
[INFO] running `Command { std: CARGO_HOME="/workspace/cargo-home" RUSTUP_HOME="/workspace/rustup-home" "/workspace/cargo-home/bin/cargo" "+1.99.0-beta.8" "metadata" "--manifest-path" "Cargo.toml" "--no-deps", kill_on_drop: false }`
[INFO] crate crates.io crate constitutional-memory 0.1.0 already has a lockfile, it will not be regenerated
[INFO] running `Command { std: CARGO_HOME="/workspace/cargo-home" RUSTUP_HOME="/workspace/rustup-home" "/workspace/cargo-home/bin/cargo" "+1.99.0-beta.8" "fetch" "--manifest-path" "Cargo.toml", kill_on_drop: false }`
[INFO] [stderr]     Updating crates.io index
[INFO] [stderr]  Downloading crates ...
[INFO] [stderr]   Downloaded stack-ids v0.1.1
[INFO] running `Command { std: "docker" "create" "-v" "/var/lib/crater-agent-workspace/builds/worker-1-tc1/source:/opt/rustwide/workdir:ro,Z" "-v" "/var/lib/crater-agent-workspace/builds/worker-1-tc1/target:/opt/rustwide/target:rw,Z" "-v" "/var/lib/crater-agent-workspace/cargo-home:/opt/rustwide/cargo-home:ro,Z" "-v" "/var/lib/crater-agent-workspace/rustup-home:/opt/rustwide/rustup-home:ro,Z" "-m" "1610612736" "--network" "none" "ghcr.io/rust-lang/crates-build-env/linux@sha256:77db811e55d90add9212f6832c23229e3de5f1c1f9905e8cb07319ea15df73ac" "sleep" "infinity", kill_on_drop: false }`
[INFO] [stdout] 2aafc78547f98e4a6124f1386ddcbf24a26fa9da18088c9d32216eb55fcf8452
[INFO] running `Command { std: "docker" "start" "2aafc78547f98e4a6124f1386ddcbf24a26fa9da18088c9d32216eb55fcf8452", kill_on_drop: false }`
[INFO] running `Command { std: "docker" "inspect" "2aafc78547f98e4a6124f1386ddcbf24a26fa9da18088c9d32216eb55fcf8452", kill_on_drop: false }`
[INFO] running `Command { std: "docker" "exec" "-e" "SOURCE_DIR=/opt/rustwide/workdir" "-e" "CARGO_HOME=/opt/rustwide/cargo-home" "-e" "RUSTUP_HOME=/opt/rustwide/rustup-home" "-e" "CARGO_TARGET_DIR=/opt/rustwide/target" "-w" "/opt/rustwide/workdir" "--user" "0:0" "2aafc78547f98e4a6124f1386ddcbf24a26fa9da18088c9d32216eb55fcf8452" "/opt/rustwide/cargo-home/bin/cargo" "+1.99.0-beta.8" "metadata" "--no-deps" "--format-version=1", kill_on_drop: false }`
[INFO] running `Command { std: "docker" "inspect" "2aafc78547f98e4a6124f1386ddcbf24a26fa9da18088c9d32216eb55fcf8452", kill_on_drop: false }`
[INFO] running `Command { std: "docker" "exec" "-e" "SOURCE_DIR=/opt/rustwide/workdir" "-e" "CARGO_HOME=/opt/rustwide/cargo-home" "-e" "RUSTUP_HOME=/opt/rustwide/rustup-home" "-e" "CARGO_TARGET_DIR=/opt/rustwide/target" "-e" "CARGO_INCREMENTAL=0" "-e" "RUST_BACKTRACE=full" "-e" "RUSTFLAGS=--cap-lints=warn" "-e" "RUSTDOCFLAGS=--cap-lints=warn" "-w" "/opt/rustwide/workdir" "--user" "0:0" "2aafc78547f98e4a6124f1386ddcbf24a26fa9da18088c9d32216eb55fcf8452" "/opt/rustwide/cargo-home/bin/cargo" "+1.99.0-beta.8" "build" "--frozen" "--message-format=json" "--release", kill_on_drop: false }`
[INFO] [stderr]    Compiling libc v0.2.183
[INFO] [stderr]    Compiling getrandom v0.4.2
[INFO] [stderr]    Compiling memchr v2.8.0
[INFO] [stderr]    Compiling schemars v0.8.22
[INFO] [stderr]    Compiling dyn-clone v1.0.20
[INFO] [stderr]    Compiling cc v1.2.56
[INFO] [stderr]    Compiling cpufeatures v0.3.0
[INFO] [stderr]    Compiling constant_time_eq v0.4.2
[INFO] [stderr]    Compiling syn v2.0.117
[INFO] [stderr]    Compiling serde_json v1.0.149
[INFO] [stderr]    Compiling blake3 v1.8.5
[INFO] [stderr]    Compiling uuid v1.22.0
[INFO] [stderr]    Compiling serde_derive_internals v0.29.1
[INFO] [stderr]    Compiling serde_derive v1.0.228
[INFO] [stderr]    Compiling thiserror-impl v2.0.18
[INFO] [stderr]    Compiling schemars_derive v0.8.22
[INFO] [stderr]    Compiling thiserror v2.0.18
[INFO] [stderr]    Compiling serde v1.0.228
[INFO] [stderr]    Compiling chrono v0.4.44
[INFO] [stderr]    Compiling stack-ids v0.1.1
[INFO] [stderr]    Compiling constitutional-memory v0.1.0 (/opt/rustwide/workdir)
[INFO] [stderr]     Finished `release` profile [optimized] target(s) in 27.86s
[INFO] running `Command { std: "docker" "inspect" "2aafc78547f98e4a6124f1386ddcbf24a26fa9da18088c9d32216eb55fcf8452", kill_on_drop: false }`
[INFO] running `Command { std: "docker" "exec" "-e" "SOURCE_DIR=/opt/rustwide/workdir" "-e" "CARGO_HOME=/opt/rustwide/cargo-home" "-e" "RUSTUP_HOME=/opt/rustwide/rustup-home" "-e" "CARGO_TARGET_DIR=/opt/rustwide/target" "-e" "CARGO_INCREMENTAL=0" "-e" "RUST_BACKTRACE=full" "-e" "RUSTFLAGS=--cap-lints=warn" "-e" "RUSTDOCFLAGS=--cap-lints=warn" "-w" "/opt/rustwide/workdir" "--user" "0:0" "2aafc78547f98e4a6124f1386ddcbf24a26fa9da18088c9d32216eb55fcf8452" "/opt/rustwide/cargo-home/bin/cargo" "+1.99.0-beta.8" "test" "--frozen" "--no-run" "--message-format=json" "--release", kill_on_drop: false }`
[INFO] [stderr]    Compiling rustix v1.1.4
[INFO] [stderr]    Compiling zerocopy v0.8.42
[INFO] [stderr]    Compiling bitflags v2.11.0
[INFO] [stderr]    Compiling num-traits v0.2.19
[INFO] [stderr]    Compiling linux-raw-sys v0.12.1
[INFO] [stderr]    Compiling getrandom v0.4.2
[INFO] [stderr]    Compiling once_cell v1.21.4
[INFO] [stderr]    Compiling wait-timeout v0.2.1
[INFO] [stderr]    Compiling bit-vec v0.8.0
[INFO] [stderr]    Compiling quick-error v1.2.3
[INFO] [stderr]    Compiling rand v0.9.3
[INFO] [stderr]    Compiling rand_xorshift v0.4.0
[INFO] [stderr]    Compiling regex-syntax v0.8.10
[INFO] [stderr]    Compiling unarray v0.1.4
[INFO] [stderr]    Compiling uuid v1.22.0
[INFO] [stderr]    Compiling bit-set v0.8.0
[INFO] [stderr]    Compiling chrono v0.4.44
[INFO] [stderr]    Compiling stack-ids v0.1.1
[INFO] [stderr]    Compiling tempfile v3.27.0
[INFO] [stderr]    Compiling rusty-fork v0.3.1
[INFO] [stderr]    Compiling ppv-lite86 v0.2.21
[INFO] [stderr]    Compiling rand_chacha v0.9.0
[INFO] [stderr]    Compiling constitutional-memory v0.1.0 (/opt/rustwide/workdir)
[INFO] [stderr]    Compiling proptest v1.10.0
[INFO] [stderr]     Finished `release` profile [optimized] target(s) in 37.91s
[INFO] running `Command { std: "docker" "inspect" "2aafc78547f98e4a6124f1386ddcbf24a26fa9da18088c9d32216eb55fcf8452", kill_on_drop: false }`
[INFO] running `Command { std: "docker" "exec" "-e" "SOURCE_DIR=/opt/rustwide/workdir" "-e" "CARGO_HOME=/opt/rustwide/cargo-home" "-e" "RUSTUP_HOME=/opt/rustwide/rustup-home" "-e" "CARGO_TARGET_DIR=/opt/rustwide/target" "-e" "CARGO_INCREMENTAL=0" "-e" "RUST_BACKTRACE=full" "-e" "RUSTFLAGS=--cap-lints=warn" "-e" "RUSTDOCFLAGS=--cap-lints=warn" "-w" "/opt/rustwide/workdir" "--user" "0:0" "2aafc78547f98e4a6124f1386ddcbf24a26fa9da18088c9d32216eb55fcf8452" "/opt/rustwide/cargo-home/bin/cargo" "+1.99.0-beta.8" "test" "--frozen" "--release", kill_on_drop: false }`
[INFO] [stderr]     Finished `release` profile [optimized] target(s) in 0.09s
[INFO] [stderr]      Running unittests src/lib.rs (/opt/rustwide/target/release/deps/constitutional_memory-b55c8732bdea634a)
[INFO] [stderr]      Running tests/amendment_slice.rs (/opt/rustwide/target/release/deps/amendment_slice-6a1dd9f6cb4c7999)
[INFO] [stdout] 
[INFO] [stdout] running 0 tests
[INFO] [stdout] 
[INFO] [stdout] test result: ok. 0 passed; 0 failed; 0 ignored; 0 measured; 0 filtered out; finished in 0.00s
[INFO] [stdout] 
[INFO] [stdout] 
[INFO] [stdout] running 2 tests
[INFO] [stdout] test happy_amendment_fixture_retains_rollback_lane ... FAILED
[INFO] [stdout] test amendment_requires_rollback_handle_before_approval ... FAILED
[INFO] [stdout] 
[INFO] [stdout] failures:
[INFO] [stdout] 
[INFO] [stdout] ---- happy_amendment_fixture_retains_rollback_lane stdout ----
[INFO] [stdout] 
[INFO] [stdout] thread 'happy_amendment_fixture_retains_rollback_lane' (1234) panicked at tests/amendment_slice.rs:25:57:
[INFO] [stdout] called `Result::unwrap()` on an `Err` value: Os { code: 2, kind: NotFound, message: "No such file or directory" }
[INFO] [stdout] stack backtrace:
[INFO] [stdout]    0:     0x5eca0e329c01 - <<std[70759c8f55707aa4]::sys::backtrace::BacktraceLock>::print::DisplayBacktrace as core[df12db4294e9bfd3]::fmt::Display>::fmt
[INFO] [stdout]    1:     0x5eca0e33e54a - core[df12db4294e9bfd3]::fmt::write
[INFO] [stdout]    2:     0x5eca0e32e09c - <alloc[2182bb758b4b3781]::vec::Vec<u8> as core[df12db4294e9bfd3]::io::write::Write>::write_fmt
[INFO] [stdout]    3:     0x5eca0e305e86 - std[70759c8f55707aa4]::panicking::default_hook::{closure#0}
[INFO] [stdout]    4:     0x5eca0e321ff9 - std[70759c8f55707aa4]::panicking::default_hook
[INFO] [stdout]    5:     0x5eca0e2b7190 - test[9d35eded1c95d3be]::test_main_inner::<test[9d35eded1c95d3be]::test_main_static::{closure#0}>::{closure#0}
[INFO] [stdout]    6:     0x5eca0e3221b2 - std[70759c8f55707aa4]::panicking::panic_with_hook
[INFO] [stdout]    7:     0x5eca0e305f32 - std[70759c8f55707aa4]::panicking::panic_handler::{closure#0}
[INFO] [stdout]    8:     0x5eca0e2feb29 - std[70759c8f55707aa4]::sys::backtrace::__rust_end_short_backtrace::<std[70759c8f55707aa4]::panicking::panic_handler::{closure#0}, !>
[INFO] [stdout]    9:     0x5eca0e306b2d - __rustc[8fa7c3cbc660c2b3]::rust_begin_unwind
[INFO] [stdout]   10:     0x5eca0e33ec7c - core[df12db4294e9bfd3]::panicking::panic_fmt
[INFO] [stdout]   11:     0x5eca0e33ea52 - core[df12db4294e9bfd3]::result::unwrap_failed
[INFO] [stdout]   12:     0x5eca0e2a98a4 - amendment_slice[45ed60458f163aa0]::load_fixture
[INFO] [stdout]   13:     0x5eca0e2a9b2d - <amendment_slice[45ed60458f163aa0]::happy_amendment_fixture_retains_rollback_lane::{closure#0} as core[df12db4294e9bfd3]::ops::function::FnOnce<()>>::call_once
[INFO] [stdout]   14:     0x5eca0e2aa47b - test[9d35eded1c95d3be]::__rust_begin_short_backtrace::<core[df12db4294e9bfd3]::result::Result<(), alloc[2182bb758b4b3781]::string::String>, fn() -> core[df12db4294e9bfd3]::result::Result<(), alloc[2182bb758b4b3781]::string::String>>
[INFO] [stdout]   15:     0x5eca0e2b7ae5 - test[9d35eded1c95d3be]::run_test::{closure#0}
[INFO] [stdout]   16:     0x5eca0e2b13a4 - std[70759c8f55707aa4]::sys::backtrace::__rust_begin_short_backtrace::<test[9d35eded1c95d3be]::run_test::{closure#1}, ()>
[INFO] [stdout]   17:     0x5eca0e2bac42 - <std[70759c8f55707aa4]::thread::lifecycle::spawn_unchecked<test[9d35eded1c95d3be]::run_test::{closure#1}, ()>::{closure#1} as core[df12db4294e9bfd3]::ops::function::FnOnce<()>>::call_once::{shim:vtable#0}
[INFO] [stdout]   18:     0x5eca0e329169 - <std[70759c8f55707aa4]::sys::thread::unix::Thread>::new::thread_start
[INFO] [stdout]   19:     0x7b229bbf0dfa - <unknown>
[INFO] [stdout]   20:     0x7b229bc843d4 - clone
[INFO] [stdout]   21:                0x0 - <unknown>
[INFO] [stdout] 
[INFO] [stdout] ---- amendment_requires_rollback_handle_before_approval stdout ----
[INFO] [stdout] 
[INFO] [stdout] thread 'amendment_requires_rollback_handle_before_approval' (1233) panicked at tests/amendment_slice.rs:25:57:
[INFO] [stdout] called `Result::unwrap()` on an `Err` value: Os { code: 2, kind: NotFound, message: "No such file or directory" }
[INFO] [stdout] stack backtrace:
[INFO] [stdout]    0:     0x5eca0e329c01 - <<std[70759c8f55707aa4]::sys::backtrace::BacktraceLock>::print::DisplayBacktrace as core[df12db4294e9bfd3]::fmt::Display>::fmt
[INFO] [stdout]    1:     0x5eca0e33e54a - core[df12db4294e9bfd3]::fmt::write
[INFO] [stdout]    2:     0x5eca0e32e09c - <alloc[2182bb758b4b3781]::vec::Vec<u8> as core[df12db4294e9bfd3]::io::write::Write>::write_fmt
[INFO] [stdout]    3:     0x5eca0e305e86 - std[70759c8f55707aa4]::panicking::default_hook::{closure#0}
[INFO] [stdout]    4:     0x5eca0e321ff9 - std[70759c8f55707aa4]::panicking::default_hook
[INFO] [stdout]    5:     0x5eca0e2b7190 - test[9d35eded1c95d3be]::test_main_inner::<test[9d35eded1c95d3be]::test_main_static::{closure#0}>::{closure#0}
[INFO] [stdout]    6:     0x5eca0e3221b2 - std[70759c8f55707aa4]::panicking::panic_with_hook
[INFO] [stdout]    7:     0x5eca0e305f32 - std[70759c8f55707aa4]::panicking::panic_handler::{closure#0}
[INFO] [stdout]    8:     0x5eca0e2feb29 - std[70759c8f55707aa4]::sys::backtrace::__rust_end_short_backtrace::<std[70759c8f55707aa4]::panicking::panic_handler::{closure#0}, !>
[INFO] [stdout]    9:     0x5eca0e306b2d - __rustc[8fa7c3cbc660c2b3]::rust_begin_unwind
[INFO] [stdout]   10:     0x5eca0e33ec7c - core[df12db4294e9bfd3]::panicking::panic_fmt
[INFO] [stderr] error: test failed, to rerun pass `--test amendment_slice`
[INFO] [stdout]   11:     0x5eca0e33ea52 - core[df12db4294e9bfd3]::result::unwrap_failed
[INFO] [stdout]   12:     0x5eca0e2a98a4 - amendment_slice[45ed60458f163aa0]::load_fixture
[INFO] [stdout]   13:     0x5eca0e2aa289 - <amendment_slice[45ed60458f163aa0]::amendment_requires_rollback_handle_before_approval::{closure#0} as core[df12db4294e9bfd3]::ops::function::FnOnce<()>>::call_once
[INFO] [stdout]   14:     0x5eca0e2aa47b - test[9d35eded1c95d3be]::__rust_begin_short_backtrace::<core[df12db4294e9bfd3]::result::Result<(), alloc[2182bb758b4b3781]::string::String>, fn() -> core[df12db4294e9bfd3]::result::Result<(), alloc[2182bb758b4b3781]::string::String>>
[INFO] [stdout]   15:     0x5eca0e2b7ae5 - test[9d35eded1c95d3be]::run_test::{closure#0}
[INFO] [stdout]   16:     0x5eca0e2b13a4 - std[70759c8f55707aa4]::sys::backtrace::__rust_begin_short_backtrace::<test[9d35eded1c95d3be]::run_test::{closure#1}, ()>
[INFO] [stdout]   17:     0x5eca0e2bac42 - <std[70759c8f55707aa4]::thread::lifecycle::spawn_unchecked<test[9d35eded1c95d3be]::run_test::{closure#1}, ()>::{closure#1} as core[df12db4294e9bfd3]::ops::function::FnOnce<()>>::call_once::{shim:vtable#0}
[INFO] [stdout]   18:     0x5eca0e329169 - <std[70759c8f55707aa4]::sys::thread::unix::Thread>::new::thread_start
[INFO] [stdout]   19:     0x7b229bbf0dfa - <unknown>
[INFO] [stdout]   20:     0x7b229bc843d4 - clone
[INFO] [stdout]   21:                0x0 - <unknown>
[INFO] [stdout] 
[INFO] [stdout] 
[INFO] [stdout] failures:
[INFO] [stdout]     amendment_requires_rollback_handle_before_approval
[INFO] [stdout]     happy_amendment_fixture_retains_rollback_lane
[INFO] [stdout] 
[INFO] [stdout] test result: FAILED. 0 passed; 2 failed; 0 ignored; 0 measured; 0 filtered out; finished in 0.01s
[INFO] [stdout] 
[INFO] running `Command { std: "docker" "inspect" "2aafc78547f98e4a6124f1386ddcbf24a26fa9da18088c9d32216eb55fcf8452", kill_on_drop: false }`
[INFO] running `Command { std: "docker" "rm" "-f" "2aafc78547f98e4a6124f1386ddcbf24a26fa9da18088c9d32216eb55fcf8452", kill_on_drop: false }`
[INFO] [stdout] 2aafc78547f98e4a6124f1386ddcbf24a26fa9da18088c9d32216eb55fcf8452
