[INFO] fetching crate constellation-metagraph-sdk 1.8.0-rc.7...
[INFO] testing constellation-metagraph-sdk-1.8.0-rc.7 against 1.100.0-beta.1+cargoflags=--release for beta-release-1.100-2
[INFO] extracting crate constellation-metagraph-sdk 1.8.0-rc.7 into /workspace/builds/worker-5-tc2/source
[INFO] started tweaking crates.io crate constellation-metagraph-sdk 1.8.0-rc.7
[INFO] removed 0 missing tests
[INFO] finished tweaking crates.io crate constellation-metagraph-sdk 1.8.0-rc.7
[INFO] tweaked toml for crates.io crate constellation-metagraph-sdk 1.8.0-rc.7 written to /workspace/builds/worker-5-tc2/source/Cargo.toml
[INFO] validating manifest of crates.io crate constellation-metagraph-sdk 1.8.0-rc.7 on toolchain 1.100.0-beta.1
[INFO] running `Command { std: CARGO_HOME="/workspace/cargo-home" RUSTUP_HOME="/workspace/rustup-home" "/workspace/cargo-home/bin/cargo" "+1.100.0-beta.1" "metadata" "--manifest-path" "Cargo.toml" "--no-deps", kill_on_drop: false }`
[INFO] crate crates.io crate constellation-metagraph-sdk 1.8.0-rc.7 already has a lockfile, it will not be regenerated
[INFO] running `Command { std: CARGO_HOME="/workspace/cargo-home" RUSTUP_HOME="/workspace/rustup-home" "/workspace/cargo-home/bin/cargo" "+1.100.0-beta.1" "fetch" "--manifest-path" "Cargo.toml", kill_on_drop: false }`
[INFO] running `Command { std: "docker" "create" "-v" "/var/lib/crater-agent-workspace/builds/worker-5-tc2/source:/opt/rustwide/workdir:ro,Z" "-v" "/var/lib/crater-agent-workspace/builds/worker-5-tc2/target:/opt/rustwide/target:rw,Z" "-v" "/var/lib/crater-agent-workspace/cargo-home:/opt/rustwide/cargo-home:ro,Z" "-v" "/var/lib/crater-agent-workspace/rustup-home:/opt/rustwide/rustup-home:ro,Z" "-m" "1610612736" "--network" "none" "ghcr.io/rust-lang/crates-build-env/linux@sha256:77db811e55d90add9212f6832c23229e3de5f1c1f9905e8cb07319ea15df73ac" "sleep" "infinity", kill_on_drop: false }`
[INFO] [stdout] 5c2cd90dbab34d9cfbf1775ac150475f989d68892d8c916008b7dc2081a6d8b0
[INFO] running `Command { std: "docker" "start" "5c2cd90dbab34d9cfbf1775ac150475f989d68892d8c916008b7dc2081a6d8b0", kill_on_drop: false }`
[INFO] running `Command { std: "docker" "inspect" "5c2cd90dbab34d9cfbf1775ac150475f989d68892d8c916008b7dc2081a6d8b0", kill_on_drop: false }`
[INFO] running `Command { std: "docker" "exec" "-e" "SOURCE_DIR=/opt/rustwide/workdir" "-e" "CARGO_HOME=/opt/rustwide/cargo-home" "-e" "RUSTUP_HOME=/opt/rustwide/rustup-home" "-e" "CARGO_TARGET_DIR=/opt/rustwide/target" "-w" "/opt/rustwide/workdir" "--user" "0:0" "5c2cd90dbab34d9cfbf1775ac150475f989d68892d8c916008b7dc2081a6d8b0" "/opt/rustwide/cargo-home/bin/cargo" "+1.100.0-beta.1" "metadata" "--no-deps" "--format-version=1", kill_on_drop: false }`
[INFO] running `Command { std: "docker" "inspect" "5c2cd90dbab34d9cfbf1775ac150475f989d68892d8c916008b7dc2081a6d8b0", kill_on_drop: false }`
[INFO] running `Command { std: "docker" "exec" "-e" "SOURCE_DIR=/opt/rustwide/workdir" "-e" "CARGO_HOME=/opt/rustwide/cargo-home" "-e" "RUSTUP_HOME=/opt/rustwide/rustup-home" "-e" "CARGO_TARGET_DIR=/opt/rustwide/target" "-e" "CARGO_INCREMENTAL=0" "-e" "RUST_BACKTRACE=full" "-e" "RUSTFLAGS=--cap-lints=warn" "-e" "RUSTDOCFLAGS=--cap-lints=warn" "-w" "/opt/rustwide/workdir" "--user" "0:0" "5c2cd90dbab34d9cfbf1775ac150475f989d68892d8c916008b7dc2081a6d8b0" "/opt/rustwide/cargo-home/bin/cargo" "+1.100.0-beta.1" "build" "--frozen" "--message-format=json" "--release", kill_on_drop: false }`
[INFO] [stderr]    Compiling memchr v2.8.2
[INFO] [stderr]    Compiling serde_json v1.0.150
[INFO] [stderr]    Compiling generic-array v0.14.9
[INFO] [stderr]    Compiling secp256k1-sys v0.10.1
[INFO] [stderr]    Compiling ryu-js v0.2.2
[INFO] [stderr]    Compiling syn v2.0.118
[INFO] [stderr]    Compiling getrandom v0.2.17
[INFO] [stderr]    Compiling num-bigint v0.4.6
[INFO] [stderr]    Compiling rand_core v0.6.4
[INFO] [stderr]    Compiling rand_chacha v0.3.1
[INFO] [stderr]    Compiling aho-corasick v1.1.4
[INFO] [stderr]    Compiling rand v0.8.6
[INFO] [stderr]    Compiling block-buffer v0.10.4
[INFO] [stderr]    Compiling crypto-common v0.1.6
[INFO] [stderr]    Compiling digest v0.10.7
[INFO] [stderr]    Compiling sha2 v0.10.9
[INFO] [stderr]    Compiling regex-automata v0.4.14
[INFO] [stderr]    Compiling serde_derive v1.0.228
[INFO] [stderr]    Compiling thiserror-impl v1.0.69
[INFO] [stderr]    Compiling thiserror v1.0.69
[INFO] [stderr]    Compiling serde v1.0.228
[INFO] [stderr]    Compiling serde_json_canonicalizer v0.2.0
[INFO] [stderr]    Compiling regex v1.12.4
[INFO] [stderr]    Compiling secp256k1 v0.29.1
[INFO] [stderr]    Compiling constellation-metagraph-sdk v1.8.0-rc.7 (/opt/rustwide/workdir)
[INFO] [stderr]     Finished `release` profile [optimized] target(s) in 29.71s
[INFO] running `Command { std: "docker" "inspect" "5c2cd90dbab34d9cfbf1775ac150475f989d68892d8c916008b7dc2081a6d8b0", kill_on_drop: false }`
[INFO] running `Command { std: "docker" "exec" "-e" "SOURCE_DIR=/opt/rustwide/workdir" "-e" "CARGO_HOME=/opt/rustwide/cargo-home" "-e" "RUSTUP_HOME=/opt/rustwide/rustup-home" "-e" "CARGO_TARGET_DIR=/opt/rustwide/target" "-e" "CARGO_INCREMENTAL=0" "-e" "RUST_BACKTRACE=full" "-e" "RUSTFLAGS=--cap-lints=warn" "-e" "RUSTDOCFLAGS=--cap-lints=warn" "-w" "/opt/rustwide/workdir" "--user" "0:0" "5c2cd90dbab34d9cfbf1775ac150475f989d68892d8c916008b7dc2081a6d8b0" "/opt/rustwide/cargo-home/bin/cargo" "+1.100.0-beta.1" "test" "--frozen" "--no-run" "--message-format=json" "--release", kill_on_drop: false }`
[INFO] [stderr]    Compiling getrandom v0.2.17
[INFO] [stderr]    Compiling smallvec v1.15.2
[INFO] [stderr]    Compiling syn v2.0.118
[INFO] [stderr]    Compiling mio v1.2.1
[INFO] [stderr]    Compiling socket2 v0.6.4
[INFO] [stderr]    Compiling yansi v1.0.1
[INFO] [stderr]    Compiling diff v0.1.13
[INFO] [stderr]    Compiling rand_core v0.6.4
[INFO] [stderr]    Compiling parking_lot_core v0.9.12
[INFO] [stderr]    Compiling pretty_assertions v1.4.1
[INFO] [stderr]    Compiling parking_lot v0.12.5
[INFO] [stderr]    Compiling rand_chacha v0.3.1
[INFO] [stderr]    Compiling rand v0.8.6
[INFO] [stderr]    Compiling secp256k1 v0.29.1
[INFO] [stderr]    Compiling serde_derive v1.0.228
[INFO] [stderr]    Compiling thiserror-impl v1.0.69
[INFO] [stderr]    Compiling tokio-macros v2.7.0
[INFO] [stderr]    Compiling tokio v1.52.3
[INFO] [stderr]    Compiling thiserror v1.0.69
[INFO] [stderr]    Compiling serde v1.0.228
[INFO] [stderr]    Compiling serde_json_canonicalizer v0.2.0
[INFO] [stderr]    Compiling constellation-metagraph-sdk v1.8.0-rc.7 (/opt/rustwide/workdir)
[INFO] [stderr]     Finished `release` profile [optimized] target(s) in 28.97s
[INFO] running `Command { std: "docker" "inspect" "5c2cd90dbab34d9cfbf1775ac150475f989d68892d8c916008b7dc2081a6d8b0", kill_on_drop: false }`
[INFO] running `Command { std: "docker" "exec" "-e" "SOURCE_DIR=/opt/rustwide/workdir" "-e" "CARGO_HOME=/opt/rustwide/cargo-home" "-e" "RUSTUP_HOME=/opt/rustwide/rustup-home" "-e" "CARGO_TARGET_DIR=/opt/rustwide/target" "-e" "CARGO_INCREMENTAL=0" "-e" "RUST_BACKTRACE=full" "-e" "RUSTFLAGS=--cap-lints=warn" "-e" "RUSTDOCFLAGS=--cap-lints=warn" "-w" "/opt/rustwide/workdir" "--user" "0:0" "5c2cd90dbab34d9cfbf1775ac150475f989d68892d8c916008b7dc2081a6d8b0" "/opt/rustwide/cargo-home/bin/cargo" "+1.100.0-beta.1" "test" "--frozen" "--release", kill_on_drop: false }`
[INFO] [stderr]     Finished `release` profile [optimized] target(s) in 0.13s
[INFO] [stderr]      Running unittests src/lib.rs (/opt/rustwide/target/release/build/constellation-metagraph-sdk/dc30ce8ec4575d03/out/constellation_sdk-dc30ce8ec4575d03)
[INFO] [stdout] 
[INFO] [stdout] running 43 tests
[INFO] [stdout] test canonicalize::tests::test_canonicalize_bytes ... ok
[INFO] [stdout] test canonicalize::tests::test_canonicalize_removes_whitespace ... ok
[INFO] [stdout] test canonicalize::tests::test_canonicalize_sorts_keys ... ok
[INFO] [stdout] test canonicalize::tests::test_canonicalize_absent_equals_explicit_null ... ok
[INFO] [stdout] test canonicalize::tests::test_canonicalize_nested_objects ... ok
[INFO] [stdout] test committed_roots::tests::commit_key_rejections ... ok
[INFO] [stdout] test committed_roots::tests::committed_breadcrumb_wire ... ok
[INFO] [stdout] test canonicalize::tests::test_drop_null_fields_recursive ... ok
[INFO] [stdout] test canonicalize::tests::test_canonicalize_drops_null_object_fields ... ok
[INFO] [stdout] test binary::tests::test_to_bytes_data_update ... ok
[INFO] [stdout] test codec::tests::test_roundtrip ... ok
[INFO] [stdout] test binary::tests::test_encode_data_update ... ok
[INFO] [stdout] test canonicalize::tests::test_drop_null_fields_preserves_array_nulls ... ok
[INFO] [stdout] test canonicalize::tests::test_canonicalize_arrays ... ok
[INFO] [stdout] test canonicalize::tests::test_drop_null_fields_inside_array_elements ... ok
[INFO] [stdout] test codec::tests::test_decode_invalid_prefix ... ok
[INFO] [stdout] test committed_roots::tests::commit_key_bare_string_and_hex ... ok
[INFO] [stdout] test hash::tests::test_compute_digest ... ok
[INFO] [stdout] test hash::tests::test_compute_digest_data_update ... ok
[INFO] [stdout] test codec::tests::test_decode_invalid_format ... ok
[INFO] [stdout] test binary::tests::test_to_bytes_regular ... ok
[INFO] [stdout] test hash::tests::test_hash_bytes ... ok
[INFO] [stdout] test signed_object::tests::test_batch_sign_empty_keys ... ok
[INFO] [stdout] test sign::tests::test_sign ... ok
[INFO] [stdout] test committed_roots::tests::committed_roots_wire_and_hash ... ok
[INFO] [stdout] test hash::tests::test_deterministic_hashing ... ok
[INFO] [stdout] test sign::tests::test_sign_data_update ... ok
[INFO] [stdout] test verify::tests::test_verify_signature_single ... ok
[INFO] [stdout] test wallet::tests::test_generate_key_pair ... ok
[INFO] [stdout] test sign::tests::test_sign_different_for_regular_vs_data_update ... ok
[INFO] [stdout] test verify::tests::test_verify_signed_object ... ok
[INFO] [stdout] test signed_object::tests::test_batch_sign ... ok
[INFO] [stdout] test verify::tests::test_verify_data_update ... ok
[INFO] [stdout] test sign::tests::test_sign_deterministic ... ok
[INFO] [stdout] test hash::tests::test_hash_data ... ok
[INFO] [stdout] test verify::tests::test_verify_tampered_data ... ok
[INFO] [stdout] test wallet::tests::test_is_valid_public_key ... ok
[INFO] [stdout] test signed_object::tests::test_create_signed_object ... ok
[INFO] [stdout] test signed_object::tests::test_create_signed_object_data_update ... ok
[INFO] [stdout] test wallet::tests::test_is_valid_private_key ... ok
[INFO] [stdout] test wallet::tests::test_key_pair_from_private_key ... ok
[INFO] [stdout] test signed_object::tests::test_add_signature ... ok
[INFO] [stdout] test verify::tests::test_verify_hash ... ok
[INFO] [stdout] 
[INFO] [stdout] test result: ok. 43 passed; 0 failed; 0 ignored; 0 measured; 0 filtered out; finished in 0.01s
[INFO] [stdout] 
[INFO] [stderr]      Running tests/cross_language.rs (/opt/rustwide/target/release/build/constellation-metagraph-sdk/3a5236bed9c6d066/out/cross_language-3a5236bed9c6d066)
[INFO] [stdout] 
[INFO] [stdout] running 11 tests
[INFO] [stdout] test content_hash_rule::absent_equals_explicit_null_for_signing_bytes ... ok
[INFO] [stdout] test content_hash_rule::null_dropping_matches_scala_arrays_fixture ... ok
[INFO] [stdout] test by_source_language::verifies_go_vectors ... FAILED
[INFO] [stdout] test by_source_language::verifies_javascript_vectors ... FAILED
[INFO] [stdout] test verifies_signatures_from_all_vectors ... FAILED
[INFO] [stdout] test hashing_matches_all_vectors ... FAILED
[INFO] [stdout] test rejects_tampered_signatures ... FAILED
[INFO] [stdout] test binary_encoding_matches_all_vectors ... FAILED
[INFO] [stdout] test by_source_language::verifies_python_vectors ... FAILED
[INFO] [stdout] test canonicalization_matches_all_vectors ... FAILED
[INFO] [stdout] test by_source_language::verifies_rust_vectors ... FAILED
[INFO] [stdout] 
[INFO] [stdout] failures:
[INFO] [stdout] 
[INFO] [stdout] ---- by_source_language::verifies_go_vectors stdout ----
[INFO] [stdout] 
[INFO] [stdout] thread 'by_source_language::verifies_go_vectors' (1266) panicked at tests/cross_language.rs:34:29:
[INFO] [stdout] Failed to read test vectors from "/opt/shared/test_vectors.json"
[INFO] [stdout] stack backtrace:
[INFO] [stdout]    0:     0x56bae5c8ae91 - <<std[617be2ca0a6fd877]::sys::backtrace::BacktraceLock>::print::DisplayBacktrace as core[a373ad73a504971]::fmt::Display>::fmt
[INFO] [stdout]    1:     0x56bae5c9f8aa - core[a373ad73a504971]::fmt::write
[INFO] [stdout]    2:     0x56bae5c8f0ac - <alloc[2e1b2a31b91974c5]::vec::Vec<u8> as core[a373ad73a504971]::io::write::Write>::write_fmt
[INFO] [stdout]    3:     0x56bae5c66d86 - std[617be2ca0a6fd877]::panicking::default_hook::{closure#0}
[INFO] [stdout]    4:     0x56bae5c831c9 - std[617be2ca0a6fd877]::panicking::default_hook
[INFO] [stdout]    5:     0x56bae5bea410 - test[aada8e7e76ba119b]::test_main_inner::{closure#0}
[INFO] [stdout]    6:     0x56bae5c83382 - std[617be2ca0a6fd877]::panicking::panic_with_hook
[INFO] [stdout]    7:     0x56bae5c66e32 - std[617be2ca0a6fd877]::panicking::panic_handler::{closure#0}
[INFO] [stdout]    8:     0x56bae5c5f9b9 - std[617be2ca0a6fd877]::sys::backtrace::__rust_end_short_backtrace::<std[617be2ca0a6fd877]::panicking::panic_handler::{closure#0}, !>
[INFO] [stdout]    9:     0x56bae5c67a3d - __rustc[ea4f61d10b84890b]::rust_begin_unwind
[INFO] [stdout]   10:     0x56bae5c9ffdc - core[a373ad73a504971]::panicking::panic_fmt
[INFO] [stdout]   11:     0x56bae5bd6f7f - cross_language[f4d9f7b2f2929a58]::load_test_vectors::{closure#0}
[INFO] [stdout]   12:     0x56bae5bd714c - cross_language[f4d9f7b2f2929a58]::load_test_vectors
[INFO] [stdout]   13:     0x56bae5bdcb7e - cross_language[f4d9f7b2f2929a58]::by_source_language::test_language_vectors
[INFO] [stdout]   14:     0x56bae5bdd785 - <cross_language[f4d9f7b2f2929a58]::by_source_language::verifies_go_vectors::{closure#0} as core[a373ad73a504971]::ops::function::FnOnce<()>>::call_once
[INFO] [stdout]   15:     0x56bae5bdd85b - test[aada8e7e76ba119b]::__rust_begin_short_backtrace::<core[a373ad73a504971]::result::Result<(), alloc[2e1b2a31b91974c5]::string::String>, fn() -> core[a373ad73a504971]::result::Result<(), alloc[2e1b2a31b91974c5]::string::String>>
[INFO] [stdout]   16:     0x56bae5beaa35 - test[aada8e7e76ba119b]::run_test::{closure#0}
[INFO] [stdout]   17:     0x56bae5be4324 - std[617be2ca0a6fd877]::sys::backtrace::__rust_begin_short_backtrace::<test[aada8e7e76ba119b]::run_test::{closure#1}, ()>
[INFO] [stdout]   18:     0x56bae5bedac2 - <std[617be2ca0a6fd877]::thread::lifecycle::spawn_unchecked<test[aada8e7e76ba119b]::run_test::{closure#1}, ()>::{closure#1} as core[a373ad73a504971]::ops::function::FnOnce<()>>::call_once::{shim:vtable#0}
[INFO] [stdout]   19:     0x56bae5c8a38f - <std[617be2ca0a6fd877]::sys::thread::unix::Thread>::new::thread_start
[INFO] [stdout]   20:     0x722852701dfa - <unknown>
[INFO] [stdout]   21:     0x7228527953d4 - clone
[INFO] [stdout]   22:                0x0 - <unknown>
[INFO] [stdout] 
[INFO] [stdout] ---- by_source_language::verifies_javascript_vectors stdout ----
[INFO] [stdout] 
[INFO] [stdout] thread 'by_source_language::verifies_javascript_vectors' (1267) panicked at tests/cross_language.rs:34:29:
[INFO] [stdout] Failed to read test vectors from "/opt/shared/test_vectors.json"
[INFO] [stdout] stack backtrace:
[INFO] [stdout]    0:     0x56bae5c8ae91 - <<std[617be2ca0a6fd877]::sys::backtrace::BacktraceLock>::print::DisplayBacktrace as core[a373ad73a504971]::fmt::Display>::fmt
[INFO] [stdout]    1:     0x56bae5c9f8aa - core[a373ad73a504971]::fmt::write
[INFO] [stdout]    2:     0x56bae5c8f0ac - <alloc[2e1b2a31b91974c5]::vec::Vec<u8> as core[a373ad73a504971]::io::write::Write>::write_fmt
[INFO] [stdout]    3:     0x56bae5c66d86 - std[617be2ca0a6fd877]::panicking::default_hook::{closure#0}
[INFO] [stdout]    4:     0x56bae5c831c9 - std[617be2ca0a6fd877]::panicking::default_hook
[INFO] [stdout]    5:     0x56bae5bea410 - test[aada8e7e76ba119b]::test_main_inner::{closure#0}
[INFO] [stdout]    6:     0x56bae5c83382 - std[617be2ca0a6fd877]::panicking::panic_with_hook
[INFO] [stdout]    7:     0x56bae5c66e32 - std[617be2ca0a6fd877]::panicking::panic_handler::{closure#0}
[INFO] [stdout]    8:     0x56bae5c5f9b9 - std[617be2ca0a6fd877]::sys::backtrace::__rust_end_short_backtrace::<std[617be2ca0a6fd877]::panicking::panic_handler::{closure#0}, !>
[INFO] [stdout]    9:     0x56bae5c67a3d - __rustc[ea4f61d10b84890b]::rust_begin_unwind
[INFO] [stdout]   10:     0x56bae5c9ffdc - core[a373ad73a504971]::panicking::panic_fmt
[INFO] [stdout]   11:     0x56bae5bd6f7f - cross_language[f4d9f7b2f2929a58]::load_test_vectors::{closure#0}
[INFO] [stdout]   12:     0x56bae5bd714c - cross_language[f4d9f7b2f2929a58]::load_test_vectors
[INFO] [stdout]   13:     0x56bae5bdcb7e - cross_language[f4d9f7b2f2929a58]::by_source_language::test_language_vectors
[INFO] [stdout]   14:     0x56bae5bdd815 - <cross_language[f4d9f7b2f2929a58]::by_source_language::verifies_javascript_vectors::{closure#0} as core[a373ad73a504971]::ops::function::FnOnce<()>>::call_once
[INFO] [stdout]   15:     0x56bae5bdd85b - test[aada8e7e76ba119b]::__rust_begin_short_backtrace::<core[a373ad73a504971]::result::Result<(), alloc[2e1b2a31b91974c5]::string::String>, fn() -> core[a373ad73a504971]::result::Result<(), alloc[2e1b2a31b91974c5]::string::String>>
[INFO] [stdout]   16:     0x56bae5beaa35 - test[aada8e7e76ba119b]::run_test::{closure#0}
[INFO] [stdout]   17:     0x56bae5be4324 - std[617be2ca0a6fd877]::sys::backtrace::__rust_begin_short_backtrace::<test[aada8e7e76ba119b]::run_test::{closure#1}, ()>
[INFO] [stdout]   18:     0x56bae5bedac2 - <std[617be2ca0a6fd877]::thread::lifecycle::spawn_unchecked<test[aada8e7e76ba119b]::run_test::{closure#1}, ()>::{closure#1} as core[a373ad73a504971]::ops::function::FnOnce<()>>::call_once::{shim:vtable#0}
[INFO] [stdout]   19:     0x56bae5c8a38f - <std[617be2ca0a6fd877]::sys::thread::unix::Thread>::new::thread_start
[INFO] [stdout]   20:     0x722852701dfa - <unknown>
[INFO] [stdout]   21:     0x7228527953d4 - clone
[INFO] [stdout]   22:                0x0 - <unknown>
[INFO] [stdout] 
[INFO] [stdout] ---- verifies_signatures_from_all_vectors stdout ----
[INFO] [stdout] 
[INFO] [stdout] thread 'verifies_signatures_from_all_vectors' (1275) panicked at tests/cross_language.rs:34:29:
[INFO] [stdout] Failed to read test vectors from "/opt/shared/test_vectors.json"
[INFO] [stdout] stack backtrace:
[INFO] [stdout]    0:     0x56bae5c8ae91 - <<std[617be2ca0a6fd877]::sys::backtrace::BacktraceLock>::print::DisplayBacktrace as core[a373ad73a504971]::fmt::Display>::fmt
[INFO] [stdout]    1:     0x56bae5c9f8aa - core[a373ad73a504971]::fmt::write
[INFO] [stdout]    2:     0x56bae5c8f0ac - <alloc[2e1b2a31b91974c5]::vec::Vec<u8> as core[a373ad73a504971]::io::write::Write>::write_fmt
[INFO] [stdout]    3:     0x56bae5c66d86 - std[617be2ca0a6fd877]::panicking::default_hook::{closure#0}
[INFO] [stdout]    4:     0x56bae5c831c9 - std[617be2ca0a6fd877]::panicking::default_hook
[INFO] [stdout]    5:     0x56bae5bea410 - test[aada8e7e76ba119b]::test_main_inner::{closure#0}
[INFO] [stdout]    6:     0x56bae5c83382 - std[617be2ca0a6fd877]::panicking::panic_with_hook
[INFO] [stdout]    7:     0x56bae5c66e32 - std[617be2ca0a6fd877]::panicking::panic_handler::{closure#0}
[INFO] [stdout]    8:     0x56bae5c5f9b9 - std[617be2ca0a6fd877]::sys::backtrace::__rust_end_short_backtrace::<std[617be2ca0a6fd877]::panicking::panic_handler::{closure#0}, !>
[INFO] [stdout]    9:     0x56bae5c67a3d - __rustc[ea4f61d10b84890b]::rust_begin_unwind
[INFO] [stdout]   10:     0x56bae5c9ffdc - core[a373ad73a504971]::panicking::panic_fmt
[INFO] [stdout]   11:     0x56bae5bd6f7f - cross_language[f4d9f7b2f2929a58]::load_test_vectors::{closure#0}
[INFO] [stdout]   12:     0x56bae5bd714c - cross_language[f4d9f7b2f2929a58]::load_test_vectors
[INFO] [stdout]   13:     0x56bae5bd829e - <cross_language[f4d9f7b2f2929a58]::verifies_signatures_from_all_vectors::{closure#0} as core[a373ad73a504971]::ops::function::FnOnce<()>>::call_once
[INFO] [stdout]   14:     0x56bae5bdd85b - test[aada8e7e76ba119b]::__rust_begin_short_backtrace::<core[a373ad73a504971]::result::Result<(), alloc[2e1b2a31b91974c5]::string::String>, fn() -> core[a373ad73a504971]::result::Result<(), alloc[2e1b2a31b91974c5]::string::String>>
[INFO] [stdout]   15:     0x56bae5beaa35 - test[aada8e7e76ba119b]::run_test::{closure#0}
[INFO] [stdout]   16:     0x56bae5be4324 - std[617be2ca0a6fd877]::sys::backtrace::__rust_begin_short_backtrace::<test[aada8e7e76ba119b]::run_test::{closure#1}, ()>
[INFO] [stdout]   17:     0x56bae5bedac2 - <std[617be2ca0a6fd877]::thread::lifecycle::spawn_unchecked<test[aada8e7e76ba119b]::run_test::{closure#1}, ()>::{closure#1} as core[a373ad73a504971]::ops::function::FnOnce<()>>::call_once::{shim:vtable#0}
[INFO] [stdout]   18:     0x56bae5c8a38f - <std[617be2ca0a6fd877]::sys::thread::unix::Thread>::new::thread_start
[INFO] [stdout]   19:     0x722852701dfa - <unknown>
[INFO] [stdout]   20:     0x7228527953d4 - clone
[INFO] [stdout]   21:                0x0 - <unknown>
[INFO] [stdout] 
[INFO] [stdout] ---- hashing_matches_all_vectors stdout ----
[INFO] [stdout] 
[INFO] [stdout] thread 'hashing_matches_all_vectors' (1273) panicked at tests/cross_language.rs:34:29:
[INFO] [stdout] Failed to read test vectors from "/opt/shared/test_vectors.json"
[INFO] [stdout] stack backtrace:
[INFO] [stdout]    0:     0x56bae5c8ae91 - <<std[617be2ca0a6fd877]::sys::backtrace::BacktraceLock>::print::DisplayBacktrace as core[a373ad73a504971]::fmt::Display>::fmt
[INFO] [stdout]    1:     0x56bae5c9f8aa - core[a373ad73a504971]::fmt::write
[INFO] [stdout]    2:     0x56bae5c8f0ac - <alloc[2e1b2a31b91974c5]::vec::Vec<u8> as core[a373ad73a504971]::io::write::Write>::write_fmt
[INFO] [stdout]    3:     0x56bae5c66d86 - std[617be2ca0a6fd877]::panicking::default_hook::{closure#0}
[INFO] [stdout]    4:     0x56bae5c831c9 - std[617be2ca0a6fd877]::panicking::default_hook
[INFO] [stdout]    5:     0x56bae5bea410 - test[aada8e7e76ba119b]::test_main_inner::{closure#0}
[INFO] [stdout]    6:     0x56bae5c83382 - std[617be2ca0a6fd877]::panicking::panic_with_hook
[INFO] [stdout]    7:     0x56bae5c66e32 - std[617be2ca0a6fd877]::panicking::panic_handler::{closure#0}
[INFO] [stdout]    8:     0x56bae5c5f9b9 - std[617be2ca0a6fd877]::sys::backtrace::__rust_end_short_backtrace::<std[617be2ca0a6fd877]::panicking::panic_handler::{closure#0}, !>
[INFO] [stdout]    9:     0x56bae5c67a3d - __rustc[ea4f61d10b84890b]::rust_begin_unwind
[INFO] [stdout]   10:     0x56bae5c9ffdc - core[a373ad73a504971]::panicking::panic_fmt
[INFO] [stdout]   11:     0x56bae5bd6f7f - cross_language[f4d9f7b2f2929a58]::load_test_vectors::{closure#0}
[INFO] [stdout]   12:     0x56bae5bd714c - cross_language[f4d9f7b2f2929a58]::load_test_vectors
[INFO] [stdout]   13:     0x56bae5bd740e - <cross_language[f4d9f7b2f2929a58]::hashing_matches_all_vectors::{closure#0} as core[a373ad73a504971]::ops::function::FnOnce<()>>::call_once
[INFO] [stdout]   14:     0x56bae5bdd85b - test[aada8e7e76ba119b]::__rust_begin_short_backtrace::<core[a373ad73a504971]::result::Result<(), alloc[2e1b2a31b91974c5]::string::String>, fn() -> core[a373ad73a504971]::result::Result<(), alloc[2e1b2a31b91974c5]::string::String>>
[INFO] [stdout]   15:     0x56bae5beaa35 - test[aada8e7e76ba119b]::run_test::{closure#0}
[INFO] [stdout]   16:     0x56bae5be4324 - std[617be2ca0a6fd877]::sys::backtrace::__rust_begin_short_backtrace::<test[aada8e7e76ba119b]::run_test::{closure#1}, ()>
[INFO] [stdout]   17:     0x56bae5bedac2 - <std[617be2ca0a6fd877]::thread::lifecycle::spawn_unchecked<test[aada8e7e76ba119b]::run_test::{closure#1}, ()>::{closure#1} as core[a373ad73a504971]::ops::function::FnOnce<()>>::call_once::{shim:vtable#0}
[INFO] [stdout]   18:     0x56bae5c8a38f - <std[617be2ca0a6fd877]::sys::thread::unix::Thread>::new::thread_start
[INFO] [stdout]   19:     0x722852701dfa - <unknown>
[INFO] [stdout]   20:     0x7228527953d4 - clone
[INFO] [stdout]   21:                0x0 - <unknown>
[INFO] [stdout] 
[INFO] [stdout] ---- rejects_tampered_signatures stdout ----
[INFO] [stdout] 
[INFO] [stdout] thread 'rejects_tampered_signatures' (1274) panicked at tests/cross_language.rs:34:29:
[INFO] [stdout] Failed to read test vectors from "/opt/shared/test_vectors.json"
[INFO] [stdout] stack backtrace:
[INFO] [stdout]    0:     0x56bae5c8ae91 - <<std[617be2ca0a6fd877]::sys::backtrace::BacktraceLock>::print::DisplayBacktrace as core[a373ad73a504971]::fmt::Display>::fmt
[INFO] [stdout]    1:     0x56bae5c9f8aa - core[a373ad73a504971]::fmt::write
[INFO] [stdout]    2:     0x56bae5c8f0ac - <alloc[2e1b2a31b91974c5]::vec::Vec<u8> as core[a373ad73a504971]::io::write::Write>::write_fmt
[INFO] [stdout]    3:     0x56bae5c66d86 - std[617be2ca0a6fd877]::panicking::default_hook::{closure#0}
[INFO] [stdout]    4:     0x56bae5c831c9 - std[617be2ca0a6fd877]::panicking::default_hook
[INFO] [stdout]    5:     0x56bae5bea410 - test[aada8e7e76ba119b]::test_main_inner::{closure#0}
[INFO] [stdout]    6:     0x56bae5c83382 - std[617be2ca0a6fd877]::panicking::panic_with_hook
[INFO] [stdout]    7:     0x56bae5c66e32 - std[617be2ca0a6fd877]::panicking::panic_handler::{closure#0}
[INFO] [stdout]    8:     0x56bae5c5f9b9 - std[617be2ca0a6fd877]::sys::backtrace::__rust_end_short_backtrace::<std[617be2ca0a6fd877]::panicking::panic_handler::{closure#0}, !>
[INFO] [stdout]    9:     0x56bae5c67a3d - __rustc[ea4f61d10b84890b]::rust_begin_unwind
[INFO] [stdout]   10:     0x56bae5c9ffdc - core[a373ad73a504971]::panicking::panic_fmt
[INFO] [stdout]   11:     0x56bae5bd6f7f - cross_language[f4d9f7b2f2929a58]::load_test_vectors::{closure#0}
[INFO] [stdout]   12:     0x56bae5bd714c - cross_language[f4d9f7b2f2929a58]::load_test_vectors
[INFO] [stdout]   13:     0x56bae5bd77cb - <cross_language[f4d9f7b2f2929a58]::rejects_tampered_signatures::{closure#0} as core[a373ad73a504971]::ops::function::FnOnce<()>>::call_once
[INFO] [stdout]   14:     0x56bae5bdd85b - test[aada8e7e76ba119b]::__rust_begin_short_backtrace::<core[a373ad73a504971]::result::Result<(), alloc[2e1b2a31b91974c5]::string::String>, fn() -> core[a373ad73a504971]::result::Result<(), alloc[2e1b2a31b91974c5]::string::String>>
[INFO] [stdout]   15:     0x56bae5beaa35 - test[aada8e7e76ba119b]::run_test::{closure#0}
[INFO] [stdout]   16:     0x56bae5be4324 - std[617be2ca0a6fd877]::sys::backtrace::__rust_begin_short_backtrace::<test[aada8e7e76ba119b]::run_test::{closure#1}, ()>
[INFO] [stdout]   17:     0x56bae5bedac2 - <std[617be2ca0a6fd877]::thread::lifecycle::spawn_unchecked<test[aada8e7e76ba119b]::run_test::{closure#1}, ()>::{closure#1} as core[a373ad73a504971]::ops::function::FnOnce<()>>::call_once::{shim:vtable#0}
[INFO] [stdout]   18:     0x56bae5c8a38f - <std[617be2ca0a6fd877]::sys::thread::unix::Thread>::new::thread_start
[INFO] [stdout]   19:     0x722852701dfa - <unknown>
[INFO] [stdout]   20:     0x7228527953d4 - clone
[INFO] [stdout]   21:                0x0 - <unknown>
[INFO] [stdout] 
[INFO] [stdout] ---- binary_encoding_matches_all_vectors stdout ----
[INFO] [stdout] 
[INFO] [stdout] thread 'binary_encoding_matches_all_vectors' (1265) panicked at tests/cross_language.rs:34:29:
[INFO] [stdout] Failed to read test vectors from "/opt/shared/test_vectors.json"
[INFO] [stdout] stack backtrace:
[INFO] [stdout]    0:     0x56bae5c8ae91 - <<std[617be2ca0a6fd877]::sys::backtrace::BacktraceLock>::print::DisplayBacktrace as core[a373ad73a504971]::fmt::Display>::fmt
[INFO] [stdout]    1:     0x56bae5c9f8aa - core[a373ad73a504971]::fmt::write
[INFO] [stdout]    2:     0x56bae5c8f0ac - <alloc[2e1b2a31b91974c5]::vec::Vec<u8> as core[a373ad73a504971]::io::write::Write>::write_fmt
[INFO] [stdout]    3:     0x56bae5c66d86 - std[617be2ca0a6fd877]::panicking::default_hook::{closure#0}
[INFO] [stdout]    4:     0x56bae5c831c9 - std[617be2ca0a6fd877]::panicking::default_hook
[INFO] [stdout]    5:     0x56bae5bea410 - test[aada8e7e76ba119b]::test_main_inner::{closure#0}
[INFO] [stdout]    6:     0x56bae5c83382 - std[617be2ca0a6fd877]::panicking::panic_with_hook
[INFO] [stdout]    7:     0x56bae5c66e32 - std[617be2ca0a6fd877]::panicking::panic_handler::{closure#0}
[INFO] [stdout]    8:     0x56bae5c5f9b9 - std[617be2ca0a6fd877]::sys::backtrace::__rust_end_short_backtrace::<std[617be2ca0a6fd877]::panicking::panic_handler::{closure#0}, !>
[INFO] [stdout]    9:     0x56bae5c67a3d - __rustc[ea4f61d10b84890b]::rust_begin_unwind
[INFO] [stdout]   10:     0x56bae5c9ffdc - core[a373ad73a504971]::panicking::panic_fmt
[INFO] [stdout]   11:     0x56bae5bd6f7f - cross_language[f4d9f7b2f2929a58]::load_test_vectors::{closure#0}
[INFO] [stdout]   12:     0x56bae5bd714c - cross_language[f4d9f7b2f2929a58]::load_test_vectors
[INFO] [stdout]   13:     0x56bae5bd7bdd - <cross_language[f4d9f7b2f2929a58]::binary_encoding_matches_all_vectors::{closure#0} as core[a373ad73a504971]::ops::function::FnOnce<()>>::call_once
[INFO] [stdout]   14:     0x56bae5bdd85b - test[aada8e7e76ba119b]::__rust_begin_short_backtrace::<core[a373ad73a504971]::result::Result<(), alloc[2e1b2a31b91974c5]::string::String>, fn() -> core[a373ad73a504971]::result::Result<(), alloc[2e1b2a31b91974c5]::string::String>>
[INFO] [stdout]   15:     0x56bae5beaa35 - test[aada8e7e76ba119b]::run_test::{closure#0}
[INFO] [stdout]   16:     0x56bae5be4324 - std[617be2ca0a6fd877]::sys::backtrace::__rust_begin_short_backtrace::<test[aada8e7e76ba119b]::run_test::{closure#1}, ()>
[INFO] [stdout]   17:     0x56bae5bedac2 - <std[617be2ca0a6fd877]::thread::lifecycle::spawn_unchecked<test[aada8e7e76ba119b]::run_test::{closure#1}, ()>::{closure#1} as core[a373ad73a504971]::ops::function::FnOnce<()>>::call_once::{shim:vtable#0}
[INFO] [stdout]   18:     0x56bae5c8a38f - <std[617be2ca0a6fd877]::sys::thread::unix::Thread>::new::thread_start
[INFO] [stdout]   19:     0x722852701dfa - <unknown>
[INFO] [stdout]   20:     0x7228527953d4 - clone
[INFO] [stdout]   21:                0x0 - <unknown>
[INFO] [stdout] 
[INFO] [stdout] ---- by_source_language::verifies_python_vectors stdout ----
[INFO] [stdout] 
[INFO] [stdout] thread 'by_source_language::verifies_python_vectors' (1268) panicked at tests/cross_language.rs:34:29:
[INFO] [stdout] Failed to read test vectors from "/opt/shared/test_vectors.json"
[INFO] [stdout] stack backtrace:
[INFO] [stdout]    0:     0x56bae5c8ae91 - <<std[617be2ca0a6fd877]::sys::backtrace::BacktraceLock>::print::DisplayBacktrace as core[a373ad73a504971]::fmt::Display>::fmt
[INFO] [stdout]    1:     0x56bae5c9f8aa - core[a373ad73a504971]::fmt::write
[INFO] [stdout]    2:     0x56bae5c8f0ac - <alloc[2e1b2a31b91974c5]::vec::Vec<u8> as core[a373ad73a504971]::io::write::Write>::write_fmt
[INFO] [stdout]    3:     0x56bae5c66d86 - std[617be2ca0a6fd877]::panicking::default_hook::{closure#0}
[INFO] [stdout]    4:     0x56bae5c831c9 - std[617be2ca0a6fd877]::panicking::default_hook
[INFO] [stdout]    5:     0x56bae5bea410 - test[aada8e7e76ba119b]::test_main_inner::{closure#0}
[INFO] [stdout]    6:     0x56bae5c83382 - std[617be2ca0a6fd877]::panicking::panic_with_hook
[INFO] [stdout]    7:     0x56bae5c66e32 - std[617be2ca0a6fd877]::panicking::panic_handler::{closure#0}
[INFO] [stdout]    8:     0x56bae5c5f9b9 - std[617be2ca0a6fd877]::sys::backtrace::__rust_end_short_backtrace::<std[617be2ca0a6fd877]::panicking::panic_handler::{closure#0}, !>
[INFO] [stdout]    9:     0x56bae5c67a3d - __rustc[ea4f61d10b84890b]::rust_begin_unwind
[INFO] [stdout]   10:     0x56bae5c9ffdc - core[a373ad73a504971]::panicking::panic_fmt
[INFO] [stdout]   11:     0x56bae5bd6f7f - cross_language[f4d9f7b2f2929a58]::load_test_vectors::{closure#0}
[INFO] [stdout]   12:     0x56bae5bd714c - cross_language[f4d9f7b2f2929a58]::load_test_vectors
[INFO] [stdout]   13:     0x56bae5bdcb7e - cross_language[f4d9f7b2f2929a58]::by_source_language::test_language_vectors
[INFO] [stdout]   14:     0x56bae5bdd7e5 - <cross_language[f4d9f7b2f2929a58]::by_source_language::verifies_python_vectors::{closure#0} as core[a373ad73a504971]::ops::function::FnOnce<()>>::call_once
[INFO] [stdout]   15:     0x56bae5bdd85b - test[aada8e7e76ba119b]::__rust_begin_short_backtrace::<core[a373ad73a504971]::result::Result<(), alloc[2e1b2a31b91974c5]::string::String>, fn() -> core[a373ad73a504971]::result::Result<(), alloc[2e1b2a31b91974c5]::string::String>>
[INFO] [stdout]   16:     0x56bae5beaa35 - test[aada8e7e76ba119b]::run_test::{closure#0}
[INFO] [stdout]   17:     0x56bae5be4324 - std[617be2ca0a6fd877]::sys::backtrace::__rust_begin_short_backtrace::<test[aada8e7e76ba119b]::run_test::{closure#1}, ()>
[INFO] [stdout]   18:     0x56bae5bedac2 - <std[617be2ca0a6fd877]::thread::lifecycle::spawn_unchecked<test[aada8e7e76ba119b]::run_test::{closure#1}, ()>::{closure#1} as core[a373ad73a504971]::ops::function::FnOnce<()>>::call_once::{shim:vtable#0}
[INFO] [stdout]   19:     0x56bae5c8a38f - <std[617be2ca0a6fd877]::sys::thread::unix::Thread>::new::thread_start
[INFO] [stdout]   20:     0x722852701dfa - <unknown>
[INFO] [stdout]   21:     0x7228527953d4 - clone
[INFO] [stdout]   22:                0x0 - <unknown>
[INFO] [stdout] 
[INFO] [stdout] ---- canonicalization_matches_all_vectors stdout ----
[INFO] [stdout] 
[INFO] [stdout] thread 'canonicalization_matches_all_vectors' (1270) panicked at tests/cross_language.rs:34:29:
[INFO] [stdout] Failed to read test vectors from "/opt/shared/test_vectors.json"
[INFO] [stdout] stack backtrace:
[INFO] [stdout]    0:     0x56bae5c8ae91 - <<std[617be2ca0a6fd877]::sys::backtrace::BacktraceLock>::print::DisplayBacktrace as core[a373ad73a504971]::fmt::Display>::fmt
[INFO] [stdout]    1:     0x56bae5c9f8aa - core[a373ad73a504971]::fmt::write
[INFO] [stdout]    2:     0x56bae5c8f0ac - <alloc[2e1b2a31b91974c5]::vec::Vec<u8> as core[a373ad73a504971]::io::write::Write>::write_fmt
[INFO] [stdout]    3:     0x56bae5c66d86 - std[617be2ca0a6fd877]::panicking::default_hook::{closure#0}
[INFO] [stdout]    4:     0x56bae5c831c9 - std[617be2ca0a6fd877]::panicking::default_hook
[INFO] [stdout]    5:     0x56bae5bea410 - test[aada8e7e76ba119b]::test_main_inner::{closure#0}
[INFO] [stdout]    6:     0x56bae5c83382 - std[617be2ca0a6fd877]::panicking::panic_with_hook
[INFO] [stdout]    7:     0x56bae5c66e32 - std[617be2ca0a6fd877]::panicking::panic_handler::{closure#0}
[INFO] [stdout]    8:     0x56bae5c5f9b9 - std[617be2ca0a6fd877]::sys::backtrace::__rust_end_short_backtrace::<std[617be2ca0a6fd877]::panicking::panic_handler::{closure#0}, !>
[INFO] [stdout]    9:     0x56bae5c67a3d - __rustc[ea4f61d10b84890b]::rust_begin_unwind
[INFO] [stdout]   10:     0x56bae5c9ffdc - core[a373ad73a504971]::panicking::panic_fmt
[INFO] [stdout]   11:     0x56bae5bd6f7f - cross_language[f4d9f7b2f2929a58]::load_test_vectors::{closure#0}
[INFO] [stdout]   12:     0x56bae5bd714c - cross_language[f4d9f7b2f2929a58]::load_test_vectors
[INFO] [stdout]   13:     0x56bae5bd7f8e - <cross_language[f4d9f7b2f2929a58]::canonicalization_matches_all_vectors::{closure#0} as core[a373ad73a504971]::ops::function::FnOnce<()>>::call_once
[INFO] [stdout]   14:     0x56bae5bdd85b - test[aada8e7e76ba119b]::__rust_begin_short_backtrace::<core[a373ad73a504971]::result::Result<(), alloc[2e1b2a31b91974c5]::string::String>, fn() -> core[a373ad73a504971]::result::Result<(), alloc[2e1b2a31b91974c5]::string::String>>
[INFO] [stdout]   15:     0x56bae5beaa35 - test[aada8e7e76ba119b]::run_test::{closure#0}
[INFO] [stdout]   16:     0x56bae5be4324 - std[617be2ca0a6fd877]::sys::backtrace::__rust_begin_short_backtrace::<test[aada8e7e76ba119b]::run_test::{closure#1}, ()>
[INFO] [stdout]   17:     0x56bae5bedac2 - <std[617be2ca0a6fd877]::thread::lifecycle::spawn_unchecked<test[aada8e7e76ba119b]::run_test::{closure#1}, ()>::{closure#1} as core[a373ad73a504971]::ops::function::FnOnce<()>>::call_once::{shim:vtable#0}
[INFO] [stdout]   18:     0x56bae5c8a38f - <std[617be2ca0a6fd877]::sys::thread::unix::Thread>::new::thread_start
[INFO] [stdout]   19:     0x722852701dfa - <unknown>
[INFO] [stdout]   20:     0x7228527953d4 - clone
[INFO] [stdout]   21:                0x0 - <unknown>
[INFO] [stdout] 
[INFO] [stdout] ---- by_source_language::verifies_rust_vectors stdout ----
[INFO] [stdout] 
[INFO] [stdout] thread 'by_source_language::verifies_rust_vectors' (1269) panicked at tests/cross_language.rs:34:29:
[INFO] [stdout] Failed to read test vectors from "/opt/shared/test_vectors.json"
[INFO] [stdout] stack backtrace:
[INFO] [stdout]    0:     0x56bae5c8ae91 - <<std[617be2ca0a6fd877]::sys::backtrace::BacktraceLock>::print::DisplayBacktrace as core[a373ad73a504971]::fmt::Display>::fmt
[INFO] [stdout]    1:     0x56bae5c9f8aa - core[a373ad73a504971]::fmt::write
[INFO] [stdout]    2:     0x56bae5c8f0ac - <alloc[2e1b2a31b91974c5]::vec::Vec<u8> as core[a373ad73a504971]::io::write::Write>::write_fmt
[INFO] [stdout]    3:     0x56bae5c66d86 - std[617be2ca0a6fd877]::panicking::default_hook::{closure#0}
[INFO] [stdout]    4:     0x56bae5c831c9 - std[617be2ca0a6fd877]::panicking::default_hook
[INFO] [stdout]    5:     0x56bae5bea410 - test[aada8e7e76ba119b]::test_main_inner::{closure#0}
[INFO] [stdout]    6:     0x56bae5c83382 - std[617be2ca0a6fd877]::panicking::panic_with_hook
[INFO] [stdout]    7:     0x56bae5c66e32 - std[617be2ca0a6fd877]::panicking::panic_handler::{closure#0}
[INFO] [stdout]    8:     0x56bae5c5f9b9 - std[617be2ca0a6fd877]::sys::backtrace::__rust_end_short_backtrace::<std[617be2ca0a6fd877]::panicking::panic_handler::{closure#0}, !>
[INFO] [stdout]    9:     0x56bae5c67a3d - __rustc[ea4f61d10b84890b]::rust_begin_unwind
[INFO] [stdout]   10:     0x56bae5c9ffdc - core[a373ad73a504971]::panicking::panic_fmt
[INFO] [stdout]   11:     0x56bae5bd6f7f - cross_language[f4d9f7b2f2929a58]::load_test_vectors::{closure#0}
[INFO] [stdout]   12:     0x56bae5bd714c - cross_language[f4d9f7b2f2929a58]::load_test_vectors
[INFO] [stdout]   13:     0x56bae5bdcb7e - cross_language[f4d9f7b2f2929a58]::by_source_language::test_language_vectors
[INFO] [stdout]   14:     0x56bae5bdd7b5 - <cross_language[f4d9f7b2f2929a58]::by_source_language::verifies_rust_vectors::{closure#0} as core[a373ad73a504971]::ops::function::FnOnce<()>>::call_once
[INFO] [stdout]   15:     0x56bae5bdd85b - test[aada8e7e76ba119b]::__rust_begin_short_backtrace::<core[a373ad73a504971]::result::Result<(), alloc[2e1b2a31b91974c5]::string::String>, fn() -> core[a373ad73a504971]::result::Result<(), alloc[2e1b2a31b91974c5]::string::String>>
[INFO] [stdout]   16:     0x56bae5beaa35 - test[aada8e7e76ba119b]::run_test::{closure#0}
[INFO] [stdout]   17:     0x56bae5be4324 - std[617be2ca0a6fd877]::sys::backtrace::__rust_begin_short_backtrace::<test[aada8e7e76ba119b]::run_test::{closure#1}, ()>
[INFO] [stdout]   18:     0x56bae5bedac2 - <std[617be2ca0a6fd877]::thread::lifecycle::spawn_unchecked<test[aada8e7e76ba119b]::run_test::{closure#1}, ()>::{closure#1} as core[a373ad73a504971]::ops::function::FnOnce<()>>::call_once::{shim:vtable#0}
[INFO] [stdout]   19:     0x56bae5c8a38f - <std[617be2ca0a6fd877]::sys::thread::unix::Thread>::new::thread_start
[INFO] [stdout]   20:     0x722852701dfa - <unknown>
[INFO] [stdout]   21:     0x7228527953d4 - clone
[INFO] [stdout]   22:                0x0 - <unknown>
[INFO] [stdout] 
[INFO] [stdout] 
[INFO] [stdout] failures:
[INFO] [stdout]     binary_encoding_matches_all_vectors
[INFO] [stdout]     by_source_language::verifies_go_vectors
[INFO] [stdout]     by_source_language::verifies_javascript_vectors
[INFO] [stdout]     by_source_language::verifies_python_vectors
[INFO] [stdout]     by_source_language::verifies_rust_vectors
[INFO] [stdout]     canonicalization_matches_all_vectors
[INFO] [stdout]     hashing_matches_all_vectors
[INFO] [stdout]     rejects_tampered_signatures
[INFO] [stdout]     verifies_signatures_from_all_vectors
[INFO] [stdout] 
[INFO] [stdout] test result: FAILED. 2 passed; 9 failed; 0 ignored; 0 measured; 0 filtered out; finished in 0.01s
[INFO] [stdout] 
[INFO] [stderr] error: test failed, to rerun pass `--test cross_language`
[INFO] running `Command { std: "docker" "inspect" "5c2cd90dbab34d9cfbf1775ac150475f989d68892d8c916008b7dc2081a6d8b0", kill_on_drop: false }`
[INFO] running `Command { std: "docker" "rm" "-f" "5c2cd90dbab34d9cfbf1775ac150475f989d68892d8c916008b7dc2081a6d8b0", kill_on_drop: false }`
[INFO] [stdout] 5c2cd90dbab34d9cfbf1775ac150475f989d68892d8c916008b7dc2081a6d8b0
