[INFO] fetching crate const_guards 0.1.3...
[INFO] testing const_guards-0.1.3 against 1.99.0-beta.8+cargoflags=--release for beta-release-1.100-2
[INFO] extracting crate const_guards 0.1.3 into /workspace/builds/worker-3-tc1/source
[INFO] started tweaking crates.io crate const_guards 0.1.3
[INFO] removed 0 missing tests
[INFO] finished tweaking crates.io crate const_guards 0.1.3
[INFO] tweaked toml for crates.io crate const_guards 0.1.3 written to /workspace/builds/worker-3-tc1/source/Cargo.toml
[INFO] validating manifest of crates.io crate const_guards 0.1.3 on toolchain 1.99.0-beta.8
[INFO] running `Command { std: CARGO_HOME="/workspace/cargo-home" RUSTUP_HOME="/workspace/rustup-home" "/workspace/cargo-home/bin/cargo" "+1.99.0-beta.8" "metadata" "--manifest-path" "Cargo.toml" "--no-deps", kill_on_drop: false }`
[INFO] running `Command { std: CARGO_HOME="/workspace/cargo-home" RUSTUP_HOME="/workspace/rustup-home" "/workspace/cargo-home/bin/cargo" "+1.99.0-beta.8" "generate-lockfile" "--manifest-path" "Cargo.toml", kill_on_drop: false }`
[INFO] [stderr]     Updating crates.io index
[INFO] [stderr]      Locking 30 packages to highest compatible versions
[INFO] running `Command { std: CARGO_HOME="/workspace/cargo-home" RUSTUP_HOME="/workspace/rustup-home" "/workspace/cargo-home/bin/cargo" "+1.99.0-beta.8" "fetch" "--manifest-path" "Cargo.toml", kill_on_drop: false }`
[INFO] [stderr]  Downloading crates ...
[INFO] [stderr]   Downloaded trybuild v1.0.122
[INFO] [stderr]   Downloaded const_guards_attribute v0.1.3
[INFO] running `Command { std: "docker" "create" "-v" "/var/lib/crater-agent-workspace/builds/worker-3-tc1/source:/opt/rustwide/workdir:ro,Z" "-v" "/var/lib/crater-agent-workspace/builds/worker-3-tc1/target:/opt/rustwide/target:rw,Z" "-v" "/var/lib/crater-agent-workspace/cargo-home:/opt/rustwide/cargo-home:ro,Z" "-v" "/var/lib/crater-agent-workspace/rustup-home:/opt/rustwide/rustup-home:ro,Z" "-m" "1610612736" "--network" "none" "ghcr.io/rust-lang/crates-build-env/linux@sha256:77db811e55d90add9212f6832c23229e3de5f1c1f9905e8cb07319ea15df73ac" "sleep" "infinity", kill_on_drop: false }`
[INFO] [stdout] 20fb997177f7990f823e5fc0a37adbabe1c3a5517abc72eeec28d30efc0942cd
[INFO] running `Command { std: "docker" "start" "20fb997177f7990f823e5fc0a37adbabe1c3a5517abc72eeec28d30efc0942cd", kill_on_drop: false }`
[INFO] running `Command { std: "docker" "inspect" "20fb997177f7990f823e5fc0a37adbabe1c3a5517abc72eeec28d30efc0942cd", kill_on_drop: false }`
[INFO] running `Command { std: "docker" "exec" "-e" "SOURCE_DIR=/opt/rustwide/workdir" "-e" "CARGO_HOME=/opt/rustwide/cargo-home" "-e" "RUSTUP_HOME=/opt/rustwide/rustup-home" "-e" "CARGO_TARGET_DIR=/opt/rustwide/target" "-w" "/opt/rustwide/workdir" "--user" "0:0" "20fb997177f7990f823e5fc0a37adbabe1c3a5517abc72eeec28d30efc0942cd" "/opt/rustwide/cargo-home/bin/cargo" "+1.99.0-beta.8" "metadata" "--no-deps" "--format-version=1", kill_on_drop: false }`
[INFO] running `Command { std: "docker" "inspect" "20fb997177f7990f823e5fc0a37adbabe1c3a5517abc72eeec28d30efc0942cd", kill_on_drop: false }`
[INFO] running `Command { std: "docker" "exec" "-e" "SOURCE_DIR=/opt/rustwide/workdir" "-e" "CARGO_HOME=/opt/rustwide/cargo-home" "-e" "RUSTUP_HOME=/opt/rustwide/rustup-home" "-e" "CARGO_TARGET_DIR=/opt/rustwide/target" "-e" "CARGO_INCREMENTAL=0" "-e" "RUST_BACKTRACE=full" "-e" "RUSTFLAGS=--cap-lints=warn" "-e" "RUSTDOCFLAGS=--cap-lints=warn" "-w" "/opt/rustwide/workdir" "--user" "0:0" "20fb997177f7990f823e5fc0a37adbabe1c3a5517abc72eeec28d30efc0942cd" "/opt/rustwide/cargo-home/bin/cargo" "+1.99.0-beta.8" "build" "--frozen" "--message-format=json" "--release", kill_on_drop: false }`
[INFO] [stderr]    Compiling unicode-ident v1.0.27
[INFO] [stderr]    Compiling syn v1.0.109
[INFO] [stderr]    Compiling proc-macro2 v1.0.107
[INFO] [stderr]    Compiling quote v1.0.47
[INFO] [stderr]    Compiling derive-syn-parse v0.1.5
[INFO] [stderr]    Compiling const_guards_attribute v0.1.3
[INFO] [stderr]    Compiling const_guards v0.1.3 (/opt/rustwide/workdir)
[INFO] [stderr]     Finished `release` profile [optimized] target(s) in 5.98s
[INFO] running `Command { std: "docker" "inspect" "20fb997177f7990f823e5fc0a37adbabe1c3a5517abc72eeec28d30efc0942cd", kill_on_drop: false }`
[INFO] running `Command { std: "docker" "exec" "-e" "SOURCE_DIR=/opt/rustwide/workdir" "-e" "CARGO_HOME=/opt/rustwide/cargo-home" "-e" "RUSTUP_HOME=/opt/rustwide/rustup-home" "-e" "CARGO_TARGET_DIR=/opt/rustwide/target" "-e" "CARGO_INCREMENTAL=0" "-e" "RUST_BACKTRACE=full" "-e" "RUSTFLAGS=--cap-lints=warn" "-e" "RUSTDOCFLAGS=--cap-lints=warn" "-w" "/opt/rustwide/workdir" "--user" "0:0" "20fb997177f7990f823e5fc0a37adbabe1c3a5517abc72eeec28d30efc0942cd" "/opt/rustwide/cargo-home/bin/cargo" "+1.99.0-beta.8" "test" "--frozen" "--no-run" "--message-format=json" "--release", kill_on_drop: false }`
[INFO] [stderr]    Compiling serde_core v1.0.229
[INFO] [stderr]    Compiling target-tuple v1.0.2
[INFO] [stderr]    Compiling winnow v1.0.4
[INFO] [stderr]    Compiling serde_json v1.0.154
[INFO] [stderr]    Compiling serde v1.0.229
[INFO] [stderr]    Compiling syn v3.0.9
[INFO] [stderr]    Compiling memchr v2.8.3
[INFO] [stderr]    Compiling toml_writer v1.1.3+spec-1.1.0
[INFO] [stderr]    Compiling glob v0.3.4
[INFO] [stderr]    Compiling toml_parser v1.1.5+spec-1.1.0
[INFO] [stderr]    Compiling serde_derive v1.0.229
[INFO] [stderr]    Compiling toml_datetime v1.1.2+spec-1.1.0
[INFO] [stderr]    Compiling serde_spanned v1.1.2
[INFO] [stderr]    Compiling toml v1.1.8+spec-1.1.0
[INFO] [stderr]    Compiling trybuild v1.0.122
[INFO] [stderr]    Compiling const_guards v0.1.3 (/opt/rustwide/workdir)
[INFO] [stderr]     Finished `release` profile [optimized] target(s) in 23.22s
[INFO] running `Command { std: "docker" "inspect" "20fb997177f7990f823e5fc0a37adbabe1c3a5517abc72eeec28d30efc0942cd", kill_on_drop: false }`
[INFO] running `Command { std: "docker" "exec" "-e" "SOURCE_DIR=/opt/rustwide/workdir" "-e" "CARGO_HOME=/opt/rustwide/cargo-home" "-e" "RUSTUP_HOME=/opt/rustwide/rustup-home" "-e" "CARGO_TARGET_DIR=/opt/rustwide/target" "-e" "CARGO_INCREMENTAL=0" "-e" "RUST_BACKTRACE=full" "-e" "RUSTFLAGS=--cap-lints=warn" "-e" "RUSTDOCFLAGS=--cap-lints=warn" "-w" "/opt/rustwide/workdir" "--user" "0:0" "20fb997177f7990f823e5fc0a37adbabe1c3a5517abc72eeec28d30efc0942cd" "/opt/rustwide/cargo-home/bin/cargo" "+1.99.0-beta.8" "test" "--frozen" "--release", kill_on_drop: false }`
[INFO] [stderr]     Finished `release` profile [optimized] target(s) in 0.05s
[INFO] [stderr]      Running unittests src/lib.rs (/opt/rustwide/target/release/deps/const_guards-4b317bb9dced8dd8)
[INFO] [stdout] 
[INFO] [stdout] running 0 tests
[INFO] [stdout] 
[INFO] [stdout] test result: ok. 0 passed; 0 failed; 0 ignored; 0 measured; 0 filtered out; finished in 0.00s
[INFO] [stdout] 
[INFO] [stderr]      Running tests/main.rs (/opt/rustwide/target/release/deps/tests-4766cd002315e60b)
[INFO] [stderr]    Compiling proc-macro2 v1.0.107
[INFO] [stderr]    Compiling unicode-ident v1.0.27
[INFO] [stderr]    Compiling quote v1.0.47
[INFO] [stderr]    Compiling syn v1.0.109
[INFO] [stderr]    Compiling derive-syn-parse v0.1.5
[INFO] [stderr]    Compiling const_guards_attribute v0.1.3
[INFO] [stderr]    Compiling const_guards v0.1.3 (/opt/rustwide/workdir)
[INFO] [stderr]    Compiling const_guards-tests v0.0.0 (/opt/rustwide/target/tests/trybuild/const_guards)
[INFO] [stderr]     Finished `dev` profile [unoptimized + debuginfo] target(s) in 7.81s
[INFO] [stderr] 
[INFO] [stderr] 
[INFO] [stderr] test tests/fail/fn.rs [should fail to compile] ... mismatch
[INFO] [stderr] 
[INFO] [stderr] EXPECTED:
[INFO] [stderr] ┈┈┈┈┈┈┈┈┈┈┈┈┈┈┈┈┈┈┈┈┈┈┈┈┈┈┈┈┈┈┈┈┈┈┈┈┈┈┈┈┈┈┈┈┈┈┈┈┈┈┈┈┈┈┈┈┈┈┈┈
[INFO] [stderr] error[E0080]: evaluation of `f::<0_usize>::{constant#0}` failed
[INFO] [stderr]   --> tests/fail/fn.rs:10:1
[INFO] [stderr]    |
[INFO] [stderr] 10 | #[guard(N > 0)]
[INFO] [stderr]    | ^^^^^^^^^^^^^^^
[INFO] [stderr]    | |
[INFO] [stderr]    | the evaluated program panicked at 'guard evaluated to false', $DIR/tests/fail/fn.rs:10:1
[INFO] [stderr]    | inside `_f_guard::<0_usize>` at /home/mari/.rustup/toolchains/nightly-x86_64-unknown-linux-gnu/lib/rustlib/src/rust/library/core/src/panic.rs:57:9
[INFO] [stderr]    | inside `f::<0_usize>::{constant#0}` at $DIR/tests/fail/fn.rs:10:1
[INFO] [stderr]    |
[INFO] [stderr]    = note: this error originates in the macro `$crate::panic::panic_2021` (in Nightly builds, run with -Z macro-backtrace for more info)
[INFO] [stderr] ┈┈┈┈┈┈┈┈┈┈┈┈┈┈┈┈┈┈┈┈┈┈┈┈┈┈┈┈┈┈┈┈┈┈┈┈┈┈┈┈┈┈┈┈┈┈┈┈┈┈┈┈┈┈┈┈┈┈┈┈
[INFO] [stderr] 
[INFO] [stderr] ACTUAL OUTPUT:
[INFO] [stderr] ┈┈┈┈┈┈┈┈┈┈┈┈┈┈┈┈┈┈┈┈┈┈┈┈┈┈┈┈┈┈┈┈┈┈┈┈┈┈┈┈┈┈┈┈┈┈┈┈┈┈┈┈┈┈┈┈┈┈┈┈
[INFO] [stderr] error[E0554]: `#![feature]` may not be used on the beta release channel
[INFO] [stderr]  --> tests/fail/fn.rs:2:1
[INFO] [stderr]   |
[INFO] [stderr] 2 | #![feature(generic_const_exprs)]
[INFO] [stderr]   | ^^^^^^^^^^^^^^^^^^^^^^^^^^^^^^^^
[INFO] [stderr] 
[INFO] [stderr] error[E0080]: evaluation panicked: guard evaluated to false
[INFO] [stderr]   --> tests/fail/fn.rs:10:1
[INFO] [stderr]    |
[INFO] [stderr] 10 | #[guard(N > 0)]
[INFO] [stderr]    | ^^^^^^^^^^^^^^^ evaluation of `f::<0>::{constant#0}` failed inside this call
[INFO] [stderr]    |
[INFO] [stderr] note: inside `_f_guard::<0>`
[INFO] [stderr]   --> tests/fail/fn.rs:10:1
[INFO] [stderr]    |
[INFO] [stderr] 10 | #[guard(N > 0)]
[INFO] [stderr]    | ^^^^^^^^^^^^^^^ the failure occurred here
[INFO] [stderr] ┈┈┈┈┈┈┈┈┈┈┈┈┈┈┈┈┈┈┈┈┈┈┈┈┈┈┈┈┈┈┈┈┈┈┈┈┈┈┈┈┈┈┈┈┈┈┈┈┈┈┈┈┈┈┈┈┈┈┈┈
[INFO] [stderr] note: If the actual output is the correct output you can bless it by rerunning
[INFO] [stderr]       your test with the environment variable TRYBUILD=overwrite
[INFO] [stderr] 
[INFO] [stderr] test tests/pass/associated_type.rs [should pass] ... error
[INFO] [stderr] ┈┈┈┈┈┈┈┈┈┈┈┈┈┈┈┈┈┈┈┈┈┈┈┈┈┈┈┈┈┈┈┈┈┈┈┈┈┈┈┈┈┈┈┈┈┈┈┈┈┈┈┈┈┈┈┈┈┈┈┈
[INFO] [stderr] error[E0554]: `#![feature]` may not be used on the beta release channel
[INFO] [stderr]  --> tests/pass/associated_type.rs:2:1
[INFO] [stderr]   |
[INFO] [stderr] 2 | #![feature(generic_const_exprs)]
[INFO] [stderr]   | ^^^^^^^^^^^^^^^^^^^^^^^^^^^^^^^^
[INFO] [stderr]   |
[INFO] [stderr]   = help: the feature `generic_associated_types` has been stable since `1.65.0` and no longer requires an attribute to enable
[INFO] [stderr] 
[INFO] [stderr] warning: the feature `generic_associated_types` has been stable since 1.65.0 and no longer requires an attribute to enable
[INFO] [stderr]  --> tests/pass/associated_type.rs:3:12
[INFO] [stderr]   |
[INFO] [stderr] 3 | #![feature(generic_associated_types)]
[INFO] [stderr]   |            ^^^^^^^^^^^^^^^^^^^^^^^^
[INFO] [stderr]   |
[INFO] [stderr]   = note: `#[warn(stable_features)]` on by default
[INFO] [stderr] ┈┈┈┈┈┈┈┈┈┈┈┈┈┈┈┈┈┈┈┈┈┈┈┈┈┈┈┈┈┈┈┈┈┈┈┈┈┈┈┈┈┈┈┈┈┈┈┈┈┈┈┈┈┈┈┈┈┈┈┈
[INFO] [stderr] 
[INFO] [stderr] test tests/pass/enum.rs [should pass] ... error
[INFO] [stderr] ┈┈┈┈┈┈┈┈┈┈┈┈┈┈┈┈┈┈┈┈┈┈┈┈┈┈┈┈┈┈┈┈┈┈┈┈┈┈┈┈┈┈┈┈┈┈┈┈┈┈┈┈┈┈┈┈┈┈┈┈
[INFO] [stderr] error[E0554]: `#![feature]` may not be used on the beta release channel
[INFO] [stderr]  --> tests/pass/enum.rs:2:1
[INFO] [stderr]   |
[INFO] [stderr] 2 | #![feature(generic_const_exprs)]
[INFO] [stderr]   | ^^^^^^^^^^^^^^^^^^^^^^^^^^^^^^^^
[INFO] [stderr] ┈┈┈┈┈┈┈┈┈┈┈┈┈┈┈┈┈┈┈┈┈┈┈┈┈┈┈┈┈┈┈┈┈┈┈┈┈┈┈┈┈┈┈┈┈┈┈┈┈┈┈┈┈┈┈┈┈┈┈┈
[INFO] [stderr] 
[INFO] [stderr] test tests/pass/expr.rs [should pass] ... error
[INFO] [stderr] ┈┈┈┈┈┈┈┈┈┈┈┈┈┈┈┈┈┈┈┈┈┈┈┈┈┈┈┈┈┈┈┈┈┈┈┈┈┈┈┈┈┈┈┈┈┈┈┈┈┈┈┈┈┈┈┈┈┈┈┈
[INFO] [stderr] error[E0554]: `#![feature]` may not be used on the beta release channel
[INFO] [stderr]  --> tests/pass/expr.rs:2:1
[INFO] [stderr]   |
[INFO] [stderr] 2 | #![feature(generic_const_exprs)]
[INFO] [stderr]   | ^^^^^^^^^^^^^^^^^^^^^^^^^^^^^^^^
[INFO] [stderr] ┈┈┈┈┈┈┈┈┈┈┈┈┈┈┈┈┈┈┈┈┈┈┈┈┈┈┈┈┈┈┈┈┈┈┈┈┈┈┈┈┈┈┈┈┈┈┈┈┈┈┈┈┈┈┈┈┈┈┈┈
[INFO] [stderr] 
[INFO] [stderr] test tests/pass/fn.rs [should pass] ... error
[INFO] [stderr] ┈┈┈┈┈┈┈┈┈┈┈┈┈┈┈┈┈┈┈┈┈┈┈┈┈┈┈┈┈┈┈┈┈┈┈┈┈┈┈┈┈┈┈┈┈┈┈┈┈┈┈┈┈┈┈┈┈┈┈┈
[INFO] [stderr] error[E0554]: `#![feature]` may not be used on the beta release channel
[INFO] [stderr]  --> tests/pass/fn.rs:2:1
[INFO] [stderr]   |
[INFO] [stderr] 2 | #![feature(generic_const_exprs)]
[INFO] [stderr]   | ^^^^^^^^^^^^^^^^^^^^^^^^^^^^^^^^
[INFO] [stderr] ┈┈┈┈┈┈┈┈┈┈┈┈┈┈┈┈┈┈┈┈┈┈┈┈┈┈┈┈┈┈┈┈┈┈┈┈┈┈┈┈┈┈┈┈┈┈┈┈┈┈┈┈┈┈┈┈┈┈┈┈
[INFO] [stderr] 
[INFO] [stderr] test tests/pass/impl.rs [should pass] ... error
[INFO] [stderr] ┈┈┈┈┈┈┈┈┈┈┈┈┈┈┈┈┈┈┈┈┈┈┈┈┈┈┈┈┈┈┈┈┈┈┈┈┈┈┈┈┈┈┈┈┈┈┈┈┈┈┈┈┈┈┈┈┈┈┈┈
[INFO] [stderr] error[E0554]: `#![feature]` may not be used on the beta release channel
[INFO] [stderr]  --> tests/pass/impl.rs:2:1
[INFO] [stderr]   |
[INFO] [stderr] 2 | #![feature(generic_const_exprs)]
[INFO] [stderr]   | ^^^^^^^^^^^^^^^^^^^^^^^^^^^^^^^^
[INFO] [stderr] ┈┈┈┈┈┈┈┈┈┈┈┈┈┈┈┈┈┈┈┈┈┈┈┈┈┈┈┈┈┈┈┈┈┈┈┈┈┈┈┈┈┈┈┈┈┈┈┈┈┈┈┈┈┈┈┈┈┈┈┈
[INFO] [stderr] 
[INFO] [stderr] test tests/pass/poly_block.rs [should pass] ... error
[INFO] [stderr] ┈┈┈┈┈┈┈┈┈┈┈┈┈┈┈┈┈┈┈┈┈┈┈┈┈┈┈┈┈┈┈┈┈┈┈┈┈┈┈┈┈┈┈┈┈┈┈┈┈┈┈┈┈┈┈┈┈┈┈┈
[INFO] [stderr] error[E0554]: `#![feature]` may not be used on the beta release channel
[INFO] [stderr]  --> tests/pass/poly_block.rs:2:1
[INFO] [stderr]   |
[INFO] [stderr] 2 | #![feature(generic_const_exprs)]
[INFO] [stderr]   | ^^^^^^^^^^^^^^^^^^^^^^^^^^^^^^^^
[INFO] [stderr] ┈┈┈┈┈┈┈┈┈┈┈┈┈┈┈┈┈┈┈┈┈┈┈┈┈┈┈┈┈┈┈┈┈┈┈┈┈┈┈┈┈┈┈┈┈┈┈┈┈┈┈┈┈┈┈┈┈┈┈┈
[INFO] [stderr] 
[INFO] [stderr] test tests/pass/struct.rs [should pass] ... error
[INFO] [stderr] ┈┈┈┈┈┈┈┈┈┈┈┈┈┈┈┈┈┈┈┈┈┈┈┈┈┈┈┈┈┈┈┈┈┈┈┈┈┈┈┈┈┈┈┈┈┈┈┈┈┈┈┈┈┈┈┈┈┈┈┈
[INFO] [stderr] error[E0554]: `#![feature]` may not be used on the beta release channel
[INFO] [stderr]  --> tests/pass/struct.rs:2:1
[INFO] [stderr]   |
[INFO] [stderr] 2 | #![feature(generic_const_exprs)]
[INFO] [stderr]   | ^^^^^^^^^^^^^^^^^^^^^^^^^^^^^^^^
[INFO] [stderr] ┈┈┈┈┈┈┈┈┈┈┈┈┈┈┈┈┈┈┈┈┈┈┈┈┈┈┈┈┈┈┈┈┈┈┈┈┈┈┈┈┈┈┈┈┈┈┈┈┈┈┈┈┈┈┈┈┈┈┈┈
[INFO] [stderr] 
[INFO] [stderr] test tests/pass/trait_fn.rs [should pass] ... error
[INFO] [stderr] ┈┈┈┈┈┈┈┈┈┈┈┈┈┈┈┈┈┈┈┈┈┈┈┈┈┈┈┈┈┈┈┈┈┈┈┈┈┈┈┈┈┈┈┈┈┈┈┈┈┈┈┈┈┈┈┈┈┈┈┈
[INFO] [stderr] error[E0554]: `#![feature]` may not be used on the beta release channel
[INFO] [stderr]  --> tests/pass/trait_fn.rs:2:1
[INFO] [stderr]   |
[INFO] [stderr] 2 | #![feature(generic_const_exprs)]
[INFO] [stderr]   | ^^^^^^^^^^^^^^^^^^^^^^^^^^^^^^^^
[INFO] [stderr] ┈┈┈┈┈┈┈┈┈┈┈┈┈┈┈┈┈┈┈┈┈┈┈┈┈┈┈┈┈┈┈┈┈┈┈┈┈┈┈┈┈┈┈┈┈┈┈┈┈┈┈┈┈┈┈┈┈┈┈┈
[INFO] [stderr] 
[INFO] [stderr] 
[INFO] [stderr] 
[INFO] [stderr] 
[INFO] [stderr] thread 'main' (660) panicked at /opt/rustwide/cargo-home/registry/src/index.crates.io-1949cf8c6b5b557f/trybuild-1.0.122/src/run.rs:103:13:
[INFO] [stderr] 9 of 9 tests failed
[INFO] [stderr] stack backtrace:
[INFO] [stderr]    0:     0x57d65b04f931 - <<std[70759c8f55707aa4]::sys::backtrace::BacktraceLock>::print::DisplayBacktrace as core[df12db4294e9bfd3]::fmt::Display>::fmt
[INFO] [stderr]    1:     0x57d65b064afa - core[df12db4294e9bfd3]::fmt::write
[INFO] [stderr]    2:     0x57d65b0542cc - <std[70759c8f55707aa4]::sys::stdio::unix::Stderr as core[df12db4294e9bfd3]::io::write::Write>::write_fmt
[INFO] [stderr]    3:     0x57d65b02d476 - std[70759c8f55707aa4]::panicking::default_hook::{closure#0}
[INFO] [stderr]    4:     0x57d65b04a361 - std[70759c8f55707aa4]::panicking::default_hook
[INFO] [stderr]    5:     0x57d65b04a51b - std[70759c8f55707aa4]::panicking::panic_with_hook
[INFO] [stderr]    6:     0x57d65b02d522 - std[70759c8f55707aa4]::panicking::panic_handler::{closure#0}
[INFO] [stderr]    7:     0x57d65b025f89 - std[70759c8f55707aa4]::sys::backtrace::__rust_end_short_backtrace::<std[70759c8f55707aa4]::panicking::panic_handler::{closure#0}, !>
[INFO] [stderr]    8:     0x57d65b02dc9d - __rustc[8fa7c3cbc660c2b3]::rust_begin_unwind
[INFO] [stderr]    9:     0x57d65b06526c - core[df12db4294e9bfd3]::panicking::panic_fmt
[INFO] [stderr]   10:     0x57d65af7934b - <trybuild[6c188aa1e2891758]::Runner>::run
[INFO] [stderr]   11:     0x57d65af7c740 - <trybuild[6c188aa1e2891758]::TestCases as core[df12db4294e9bfd3]::ops::drop::Drop>::drop
[INFO] [stderr]   12:     0x57d65af73296 - tests[f5cc93aeafb1d761]::main
[INFO] [stderr]   13:     0x57d65af7316b - std[70759c8f55707aa4]::sys::backtrace::__rust_begin_short_backtrace::<fn(), ()>
[INFO] [stderr]   14:     0x57d65af73179 - std[70759c8f55707aa4]::rt::lang_start::<()>::{closure#0}
[INFO] [stderr]   15:     0x57d65b0491e9 - std[70759c8f55707aa4]::rt::lang_start_internal
[INFO] [stderr]   16:     0x57d65af734e5 - main
[INFO] [stderr]   17:     0x7de353c0f601 - <unknown>
[INFO] [stderr]   18:     0x7de353c0f718 - __libc_start_main
[INFO] [stderr]   19:     0x57d65af72f85 - _start
[INFO] [stderr]   20:                0x0 - <unknown>
[INFO] [stderr] error: test failed, to rerun pass `--test tests`
[INFO] running `Command { std: "docker" "inspect" "20fb997177f7990f823e5fc0a37adbabe1c3a5517abc72eeec28d30efc0942cd", kill_on_drop: false }`
[INFO] running `Command { std: "docker" "rm" "-f" "20fb997177f7990f823e5fc0a37adbabe1c3a5517abc72eeec28d30efc0942cd", kill_on_drop: false }`
[INFO] [stdout] 20fb997177f7990f823e5fc0a37adbabe1c3a5517abc72eeec28d30efc0942cd
