[INFO] fetching crate const_base 0.2.0...
[INFO] testing const_base-0.2.0 against 1.100.0-beta.1+cargoflags=--release for beta-release-1.100-2
[INFO] extracting crate const_base 0.2.0 into /workspace/builds/worker-4-tc2/source
[INFO] started tweaking crates.io crate const_base 0.2.0
[INFO] finished tweaking crates.io crate const_base 0.2.0
[INFO] tweaked toml for crates.io crate const_base 0.2.0 written to /workspace/builds/worker-4-tc2/source/Cargo.toml
[INFO] validating manifest of crates.io crate const_base 0.2.0 on toolchain 1.100.0-beta.1
[INFO] running `Command { std: CARGO_HOME="/workspace/cargo-home" RUSTUP_HOME="/workspace/rustup-home" "/workspace/cargo-home/bin/cargo" "+1.100.0-beta.1" "metadata" "--manifest-path" "Cargo.toml" "--no-deps", kill_on_drop: false }`
[INFO] running `Command { std: CARGO_HOME="/workspace/cargo-home" RUSTUP_HOME="/workspace/rustup-home" "/workspace/cargo-home/bin/cargo" "+1.100.0-beta.1" "generate-lockfile" "--manifest-path" "Cargo.toml", kill_on_drop: false }`
[INFO] [stderr]     Updating crates.io index
[INFO] [stderr]      Locking 35 packages to highest compatible versions
[INFO] [stderr]       Adding base64 v0.13.1 (available: v0.23.1)
[INFO] [stderr]       Adding itertools v0.10.5 (available: v0.15.0)
[INFO] [stderr]       Adding rand v0.8.8 (available: v0.10.3)
[INFO] running `Command { std: CARGO_HOME="/workspace/cargo-home" RUSTUP_HOME="/workspace/rustup-home" "/workspace/cargo-home/bin/cargo" "+1.100.0-beta.1" "fetch" "--manifest-path" "Cargo.toml", kill_on_drop: false }`
[INFO] [stderr] warning: Cargo.toml: `default_features` is deprecated in favor of `default-features` and will not work in the 2024 edition
[INFO] [stderr] (in the `const_panic` dependency)
[INFO] [stderr] warning: Cargo.toml: `default_features` is deprecated in favor of `default-features` and will not work in the 2024 edition
[INFO] [stderr] (in the `base64` dependency)
[INFO] [stderr] warning: Cargo.toml: `default_features` is deprecated in favor of `default-features` and will not work in the 2024 edition
[INFO] [stderr] (in the `data-encoding` dependency)
[INFO] [stderr] warning: Cargo.toml: `default_features` is deprecated in favor of `default-features` and will not work in the 2024 edition
[INFO] [stderr] (in the `itertools` dependency)
[INFO] [stderr] warning: Cargo.toml: `default_features` is deprecated in favor of `default-features` and will not work in the 2024 edition
[INFO] [stderr] (in the `rand` dependency)
[INFO] [stderr] warning: `const_base` (manifest) generated 5 warnings
[INFO] running `Command { std: "docker" "create" "-v" "/var/lib/crater-agent-workspace/builds/worker-4-tc2/source:/opt/rustwide/workdir:ro,Z" "-v" "/var/lib/crater-agent-workspace/builds/worker-4-tc2/target:/opt/rustwide/target:rw,Z" "-v" "/var/lib/crater-agent-workspace/cargo-home:/opt/rustwide/cargo-home:ro,Z" "-v" "/var/lib/crater-agent-workspace/rustup-home:/opt/rustwide/rustup-home:ro,Z" "-m" "1610612736" "--network" "none" "ghcr.io/rust-lang/crates-build-env/linux@sha256:77db811e55d90add9212f6832c23229e3de5f1c1f9905e8cb07319ea15df73ac" "sleep" "infinity", kill_on_drop: false }`
[INFO] [stdout] a2ab7832a15189c9d2c1880208050375afe5454d43e52d95d087d7d745d57047
[INFO] running `Command { std: "docker" "start" "a2ab7832a15189c9d2c1880208050375afe5454d43e52d95d087d7d745d57047", kill_on_drop: false }`
[INFO] running `Command { std: "docker" "inspect" "a2ab7832a15189c9d2c1880208050375afe5454d43e52d95d087d7d745d57047", kill_on_drop: false }`
[INFO] running `Command { std: "docker" "exec" "-e" "SOURCE_DIR=/opt/rustwide/workdir" "-e" "CARGO_HOME=/opt/rustwide/cargo-home" "-e" "RUSTUP_HOME=/opt/rustwide/rustup-home" "-e" "CARGO_TARGET_DIR=/opt/rustwide/target" "-w" "/opt/rustwide/workdir" "--user" "0:0" "a2ab7832a15189c9d2c1880208050375afe5454d43e52d95d087d7d745d57047" "/opt/rustwide/cargo-home/bin/cargo" "+1.100.0-beta.1" "metadata" "--no-deps" "--format-version=1", kill_on_drop: false }`
[INFO] running `Command { std: "docker" "inspect" "a2ab7832a15189c9d2c1880208050375afe5454d43e52d95d087d7d745d57047", kill_on_drop: false }`
[INFO] running `Command { std: "docker" "exec" "-e" "SOURCE_DIR=/opt/rustwide/workdir" "-e" "CARGO_HOME=/opt/rustwide/cargo-home" "-e" "RUSTUP_HOME=/opt/rustwide/rustup-home" "-e" "CARGO_TARGET_DIR=/opt/rustwide/target" "-e" "CARGO_INCREMENTAL=0" "-e" "RUST_BACKTRACE=full" "-e" "RUSTFLAGS=--cap-lints=warn" "-e" "RUSTDOCFLAGS=--cap-lints=warn" "-w" "/opt/rustwide/workdir" "--user" "0:0" "a2ab7832a15189c9d2c1880208050375afe5454d43e52d95d087d7d745d57047" "/opt/rustwide/cargo-home/bin/cargo" "+1.100.0-beta.1" "build" "--frozen" "--message-format=json" "--release", kill_on_drop: false }`
[INFO] [stderr] warning: Cargo.toml: `default_features` is deprecated in favor of `default-features` and will not work in the 2024 edition
[INFO] [stderr] (in the `const_panic` dependency)
[INFO] [stderr] warning: Cargo.toml: `default_features` is deprecated in favor of `default-features` and will not work in the 2024 edition
[INFO] [stderr] (in the `base64` dependency)
[INFO] [stderr] warning: Cargo.toml: `default_features` is deprecated in favor of `default-features` and will not work in the 2024 edition
[INFO] [stderr] (in the `data-encoding` dependency)
[INFO] [stderr] warning: Cargo.toml: `default_features` is deprecated in favor of `default-features` and will not work in the 2024 edition
[INFO] [stderr] (in the `itertools` dependency)
[INFO] [stderr] warning: Cargo.toml: `default_features` is deprecated in favor of `default-features` and will not work in the 2024 edition
[INFO] [stderr] (in the `rand` dependency)
[INFO] [stderr] warning: `const_base` (manifest) generated 5 warnings
[INFO] [stderr]    Compiling typewit v1.15.2
[INFO] [stderr]    Compiling const_panic v0.2.17
[INFO] [stderr]    Compiling const_base v0.2.0 (/opt/rustwide/workdir)
[INFO] [stderr]     Finished `release` profile [optimized] target(s) in 0.93s
[INFO] running `Command { std: "docker" "inspect" "a2ab7832a15189c9d2c1880208050375afe5454d43e52d95d087d7d745d57047", kill_on_drop: false }`
[INFO] running `Command { std: "docker" "exec" "-e" "SOURCE_DIR=/opt/rustwide/workdir" "-e" "CARGO_HOME=/opt/rustwide/cargo-home" "-e" "RUSTUP_HOME=/opt/rustwide/rustup-home" "-e" "CARGO_TARGET_DIR=/opt/rustwide/target" "-e" "CARGO_INCREMENTAL=0" "-e" "RUST_BACKTRACE=full" "-e" "RUSTFLAGS=--cap-lints=warn" "-e" "RUSTDOCFLAGS=--cap-lints=warn" "-w" "/opt/rustwide/workdir" "--user" "0:0" "a2ab7832a15189c9d2c1880208050375afe5454d43e52d95d087d7d745d57047" "/opt/rustwide/cargo-home/bin/cargo" "+1.100.0-beta.1" "test" "--frozen" "--no-run" "--message-format=json" "--release", kill_on_drop: false }`
[INFO] [stderr] warning: Cargo.toml: `default_features` is deprecated in favor of `default-features` and will not work in the 2024 edition
[INFO] [stderr] (in the `const_panic` dependency)
[INFO] [stderr] warning: Cargo.toml: `default_features` is deprecated in favor of `default-features` and will not work in the 2024 edition
[INFO] [stderr] (in the `base64` dependency)
[INFO] [stderr] warning: Cargo.toml: `default_features` is deprecated in favor of `default-features` and will not work in the 2024 edition
[INFO] [stderr] (in the `data-encoding` dependency)
[INFO] [stderr] warning: Cargo.toml: `default_features` is deprecated in favor of `default-features` and will not work in the 2024 edition
[INFO] [stderr] (in the `itertools` dependency)
[INFO] [stderr] warning: Cargo.toml: `default_features` is deprecated in favor of `default-features` and will not work in the 2024 edition
[INFO] [stderr] (in the `rand` dependency)
[INFO] [stderr] warning: `const_base` (manifest) generated 5 warnings
[INFO] [stderr]    Compiling serde_core v1.0.229
[INFO] [stderr]    Compiling proc-macro2 v1.0.107
[INFO] [stderr]    Compiling unicode-ident v1.0.27
[INFO] [stderr]    Compiling quote v1.0.47
[INFO] [stderr]    Compiling target-tuple v1.0.2
[INFO] [stderr]    Compiling winnow v1.0.4
[INFO] [stderr]    Compiling toml_writer v1.1.3+spec-1.1.0
[INFO] [stderr]    Compiling termcolor v1.4.1
[INFO] [stderr]    Compiling either v1.19.0
[INFO] [stderr]    Compiling rand_core v0.6.4
[INFO] [stderr]    Compiling serde_json v1.0.154
[INFO] [stderr]    Compiling serde v1.0.229
[INFO] [stderr]    Compiling glob v0.3.4
[INFO] [stderr]    Compiling data-encoding v2.11.1
[INFO] [stderr]    Compiling base64 v0.13.1
[INFO] [stderr]    Compiling rand v0.8.8
[INFO] [stderr]    Compiling itertools v0.10.5
[INFO] [stderr]    Compiling toml_parser v1.1.5+spec-1.1.0
[INFO] [stderr]    Compiling syn v3.0.9
[INFO] [stderr]    Compiling serde_derive v1.0.229
[INFO] [stderr]    Compiling serde_spanned v1.1.2
[INFO] [stderr]    Compiling toml_datetime v1.1.2+spec-1.1.0
[INFO] [stderr]    Compiling toml v1.1.8+spec-1.1.0
[INFO] [stderr]    Compiling trybuild v1.0.122
[INFO] [stderr]    Compiling const_base v0.2.0 (/opt/rustwide/workdir)
[INFO] [stderr]     Finished `release` profile [optimized] target(s) in 21.08s
[INFO] running `Command { std: "docker" "inspect" "a2ab7832a15189c9d2c1880208050375afe5454d43e52d95d087d7d745d57047", kill_on_drop: false }`
[INFO] running `Command { std: "docker" "exec" "-e" "SOURCE_DIR=/opt/rustwide/workdir" "-e" "CARGO_HOME=/opt/rustwide/cargo-home" "-e" "RUSTUP_HOME=/opt/rustwide/rustup-home" "-e" "CARGO_TARGET_DIR=/opt/rustwide/target" "-e" "CARGO_INCREMENTAL=0" "-e" "RUST_BACKTRACE=full" "-e" "RUSTFLAGS=--cap-lints=warn" "-e" "RUSTDOCFLAGS=--cap-lints=warn" "-w" "/opt/rustwide/workdir" "--user" "0:0" "a2ab7832a15189c9d2c1880208050375afe5454d43e52d95d087d7d745d57047" "/opt/rustwide/cargo-home/bin/cargo" "+1.100.0-beta.1" "test" "--frozen" "--release", kill_on_drop: false }`
[INFO] [stderr] warning: Cargo.toml: `default_features` is deprecated in favor of `default-features` and will not work in the 2024 edition
[INFO] [stderr] (in the `const_panic` dependency)
[INFO] [stderr] warning: Cargo.toml: `default_features` is deprecated in favor of `default-features` and will not work in the 2024 edition
[INFO] [stderr] (in the `base64` dependency)
[INFO] [stderr] warning: Cargo.toml: `default_features` is deprecated in favor of `default-features` and will not work in the 2024 edition
[INFO] [stderr] (in the `data-encoding` dependency)
[INFO] [stderr] warning: Cargo.toml: `default_features` is deprecated in favor of `default-features` and will not work in the 2024 edition
[INFO] [stderr] (in the `itertools` dependency)
[INFO] [stderr] warning: Cargo.toml: `default_features` is deprecated in favor of `default-features` and will not work in the 2024 edition
[INFO] [stderr] (in the `rand` dependency)
[INFO] [stderr] warning: `const_base` (manifest) generated 5 warnings
[INFO] [stderr]     Finished `release` profile [optimized] target(s) in 0.06s
[INFO] [stderr]      Running unittests src/lib.rs (/opt/rustwide/target/release/build/const_base/25ab2322171aa14b/out/const_base-25ab2322171aa14b)
[INFO] [stdout] 
[INFO] [stdout] running 22 tests
[INFO] [stdout] test tests::array_str_tests::accessors_test ... ok
[INFO] [stdout] test tests::array_str_tests::from_utf8_unchecked_test ... ok
[INFO] [stdout] test tests::array_str_tests::len_test ... ok
[INFO] [stdout] test test_utils::byteset_insert_test ... ok
[INFO] [stdout] test tests::base16_tests::test_decode_hex_errors ... ok
[INFO] [stdout] test tests::array_str_tests::from_utf8_test ... ok
[INFO] [stdout] test tests::base16_tests::test_encode_hex_errors ... ok
[INFO] [stdout] test tests::base16_tests::test_encode_decode ... ok
[INFO] [stdout] test tests::base32_tests::test_decode_base32_trailing_bits_err ... ok
[INFO] [stdout] test tests::base32_tests::test_encode_base32 ... ok
[INFO] [stdout] test test_utils::byteset_remove_test ... ok
[INFO] [stdout] test tests::array_str_tests::from_utf8_unwrap_ok_test ... ok
[INFO] [stdout] test tests::base32_tests::test_encode_b32_errors ... ok
[INFO] [stdout] test tests::array_str_tests::from_utf8_unwrap_err_test - should panic ... ok
[INFO] [stdout] test tests::base64_tests::test_decode_base64 ... ok
[INFO] [stdout] test tests::base64_tests::test_decode_base64_trailing_bits_err ... ok
[INFO] [stdout] test tests::base32_tests::test_decode_base32_errors ... ok
[INFO] [stdout] test tests::base32_tests::test_decode_base32 ... ok
[INFO] [stdout] test tests::base64_tests::test_decode_base64_errors ... ok
[INFO] [stdout] test tests::base64_tests::test_encode_b64_errors ... ok
[INFO] [stdout] test tests::base64_tests::test_encode_base64 ... ok
[INFO] [stderr] warning: /opt/rustwide/workdir/Cargo.toml: `default_features` is deprecated in favor of `default-features` and will not work in the 2024 edition
[INFO] [stderr] (in the `const_panic` dependency)
[INFO] [stderr] warning: /opt/rustwide/workdir/Cargo.toml: `default_features` is deprecated in favor of `default-features` and will not work in the 2024 edition
[INFO] [stderr] (in the `base64` dependency)
[INFO] [stderr] warning: /opt/rustwide/workdir/Cargo.toml: `default_features` is deprecated in favor of `default-features` and will not work in the 2024 edition
[INFO] [stderr] (in the `data-encoding` dependency)
[INFO] [stderr] warning: /opt/rustwide/workdir/Cargo.toml: `default_features` is deprecated in favor of `default-features` and will not work in the 2024 edition
[INFO] [stderr] (in the `itertools` dependency)
[INFO] [stderr] warning: /opt/rustwide/workdir/Cargo.toml: `default_features` is deprecated in favor of `default-features` and will not work in the 2024 edition
[INFO] [stderr] (in the `rand` dependency)
[INFO] [stderr] warning: `const_base` (manifest) generated 5 warnings
[INFO] [stderr] warning: Cargo.toml: `default_features` is deprecated in favor of `default-features` and will not work in the 2024 edition
[INFO] [stderr] (in the `base64` dependency)
[INFO] [stderr] warning: Cargo.toml: `default_features` is deprecated in favor of `default-features` and will not work in the 2024 edition
[INFO] [stderr] (in the `const_panic` dependency)
[INFO] [stderr] warning: Cargo.toml: `default_features` is deprecated in favor of `default-features` and will not work in the 2024 edition
[INFO] [stderr] (in the `data-encoding` dependency)
[INFO] [stderr] warning: Cargo.toml: `default_features` is deprecated in favor of `default-features` and will not work in the 2024 edition
[INFO] [stderr] (in the `itertools` dependency)
[INFO] [stderr] warning: Cargo.toml: `default_features` is deprecated in favor of `default-features` and will not work in the 2024 edition
[INFO] [stderr] (in the `rand` dependency)
[INFO] [stderr] warning: `const_base-tests` (manifest) generated 5 warnings
[INFO] [stderr]     Checking typewit v1.15.2
[INFO] [stderr]     Checking either v1.19.0
[INFO] [stderr]     Checking rand_core v0.6.4
[INFO] [stderr]     Checking data-encoding v2.11.1
[INFO] [stderr]     Checking base64 v0.13.1
[INFO] [stderr]     Checking rand v0.8.8
[INFO] [stderr]     Checking itertools v0.10.5
[INFO] [stderr]     Checking const_panic v0.2.17
[INFO] [stderr]     Checking const_base v0.2.0 (/opt/rustwide/workdir)
[INFO] [stderr]     Checking const_base-tests v0.0.0 (/opt/rustwide/target/tests/trybuild/const_base)
[INFO] [stderr]     Finished `dev` profile [unoptimized + debuginfo] target(s) in 1.39s
[INFO] [stderr] 
[INFO] [stderr] 
[INFO] [stderr] test src/tests/ui/decode_err.rs ... error
[INFO] [stderr] Read-only file system (os error 30)
[INFO] [stderr] 
[INFO] [stderr] 
[INFO] [stderr] 
[INFO] [stdout] test tests::ui_tests::ui ... FAILED
[INFO] [stdout] 
[INFO] [stdout] failures:
[INFO] [stdout] 
[INFO] [stdout] ---- tests::ui_tests::ui stdout ----
[INFO] [stdout] 
[INFO] [stdout] thread 'tests::ui_tests::ui' (672) panicked at /opt/rustwide/cargo-home/registry/src/index.crates.io-1949cf8c6b5b557f/trybuild-1.0.122/src/run.rs:103:13:
[INFO] [stdout] 1 of 1 tests failed
[INFO] [stdout] stack backtrace:
[INFO] [stdout]    0:     0x5a94fa09de91 - <<std[617be2ca0a6fd877]::sys::backtrace::BacktraceLock>::print::DisplayBacktrace as core[a373ad73a504971]::fmt::Display>::fmt
[INFO] [stdout]    1:     0x5a94fa0c97aa - core[a373ad73a504971]::fmt::write
[INFO] [stdout]    2:     0x5a94fa0a26dc - <alloc[2e1b2a31b91974c5]::vec::Vec<u8> as core[a373ad73a504971]::io::write::Write>::write_fmt
[INFO] [stdout]    3:     0x5a94fa0772f6 - std[617be2ca0a6fd877]::panicking::default_hook::{closure#0}
[INFO] [stdout]    4:     0x5a94fa095439 - std[617be2ca0a6fd877]::panicking::default_hook
[INFO] [stderr] error: test failed, to rerun pass `--lib`
[INFO] [stdout]    5:     0x5a94fa02ea40 - test[aada8e7e76ba119b]::test_main_inner::{closure#0}
[INFO] [stdout]    6:     0x5a94fa0955f2 - std[617be2ca0a6fd877]::panicking::panic_with_hook
[INFO] [stdout]    7:     0x5a94fa0773a2 - std[617be2ca0a6fd877]::panicking::panic_handler::{closure#0}
[INFO] [stdout]    8:     0x5a94fa06fbf9 - std[617be2ca0a6fd877]::sys::backtrace::__rust_end_short_backtrace::<std[617be2ca0a6fd877]::panicking::panic_handler::{closure#0}, !>
[INFO] [stdout]    9:     0x5a94fa077fad - __rustc[ea4f61d10b84890b]::rust_begin_unwind
[INFO] [stdout]   10:     0x5a94fa0c9f1c - core[a373ad73a504971]::panicking::panic_fmt
[INFO] [stdout]   11:     0x5a94f9f812eb - <trybuild[6656fc012ad59154]::Runner>::run
[INFO] [stdout]   12:     0x5a94f9f84560 - <trybuild[6656fc012ad59154]::TestCases as core[a373ad73a504971]::ops::drop::Drop>::drop
[INFO] [stdout]   13:     0x5a94f9f70996 - const_base[5197356507ec130e]::tests::ui_tests::ui
[INFO] [stdout]   14:     0x5a94f9f73ce9 - <const_base[5197356507ec130e]::tests::ui_tests::ui::{closure#0} as core[a373ad73a504971]::ops::function::FnOnce<()>>::call_once
[INFO] [stdout]   15:     0x5a94fa021e8b - test[aada8e7e76ba119b]::__rust_begin_short_backtrace::<core[a373ad73a504971]::result::Result<(), alloc[2e1b2a31b91974c5]::string::String>, fn() -> core[a373ad73a504971]::result::Result<(), alloc[2e1b2a31b91974c5]::string::String>>
[INFO] [stdout]   16:     0x5a94fa02f065 - test[aada8e7e76ba119b]::run_test::{closure#0}
[INFO] [stdout]   17:     0x5a94fa028954 - std[617be2ca0a6fd877]::sys::backtrace::__rust_begin_short_backtrace::<test[aada8e7e76ba119b]::run_test::{closure#1}, ()>
[INFO] [stdout]   18:     0x5a94fa0320f2 - <std[617be2ca0a6fd877]::thread::lifecycle::spawn_unchecked<test[aada8e7e76ba119b]::run_test::{closure#1}, ()>::{closure#1} as core[a373ad73a504971]::ops::function::FnOnce<()>>::call_once::{shim:vtable#0}
[INFO] [stdout]   19:     0x5a94fa09d0ef - <std[617be2ca0a6fd877]::sys::thread::unix::Thread>::new::thread_start
[INFO] [stdout]   20:     0x7cbff72fddfa - <unknown>
[INFO] [stdout]   21:     0x7cbff73913d4 - clone
[INFO] [stdout]   22:                0x0 - <unknown>
[INFO] [stdout] 
[INFO] [stdout] 
[INFO] [stdout] failures:
[INFO] [stdout]     tests::ui_tests::ui
[INFO] [stdout] 
[INFO] [stdout] test result: FAILED. 21 passed; 1 failed; 0 ignored; 0 measured; 0 filtered out; finished in 3.02s
[INFO] [stdout] 
[INFO] running `Command { std: "docker" "inspect" "a2ab7832a15189c9d2c1880208050375afe5454d43e52d95d087d7d745d57047", kill_on_drop: false }`
[INFO] running `Command { std: "docker" "rm" "-f" "a2ab7832a15189c9d2c1880208050375afe5454d43e52d95d087d7d745d57047", kill_on_drop: false }`
[INFO] [stdout] a2ab7832a15189c9d2c1880208050375afe5454d43e52d95d087d7d745d57047
