[INFO] fetching crate const-tools 0.1.2...
[INFO] testing const-tools-0.1.2 against 1.99.0-beta.8+cargoflags=--release for beta-release-1.100-2
[INFO] extracting crate const-tools 0.1.2 into /workspace/builds/worker-7-tc1/source
[INFO] started tweaking crates.io crate const-tools 0.1.2
[INFO] removed 0 missing examples
[INFO] removed 0 missing tests
[INFO] finished tweaking crates.io crate const-tools 0.1.2
[INFO] tweaked toml for crates.io crate const-tools 0.1.2 written to /workspace/builds/worker-7-tc1/source/Cargo.toml
[INFO] validating manifest of crates.io crate const-tools 0.1.2 on toolchain 1.99.0-beta.8
[INFO] running `Command { std: CARGO_HOME="/workspace/cargo-home" RUSTUP_HOME="/workspace/rustup-home" "/workspace/cargo-home/bin/cargo" "+1.99.0-beta.8" "metadata" "--manifest-path" "Cargo.toml" "--no-deps", kill_on_drop: false }`
[INFO] crate crates.io crate const-tools 0.1.2 already has a lockfile, it will not be regenerated
[INFO] running `Command { std: CARGO_HOME="/workspace/cargo-home" RUSTUP_HOME="/workspace/rustup-home" "/workspace/cargo-home/bin/cargo" "+1.99.0-beta.8" "fetch" "--manifest-path" "Cargo.toml", kill_on_drop: false }`
[INFO] [stderr]  Downloading crates ...
[INFO] [stderr]   Downloaded target-triple v0.1.4
[INFO] [stderr]   Downloaded trybuild v1.0.111
[INFO] running `Command { std: "docker" "create" "-v" "/var/lib/crater-agent-workspace/builds/worker-7-tc1/source:/opt/rustwide/workdir:ro,Z" "-v" "/var/lib/crater-agent-workspace/builds/worker-7-tc1/target:/opt/rustwide/target:rw,Z" "-v" "/var/lib/crater-agent-workspace/cargo-home:/opt/rustwide/cargo-home:ro,Z" "-v" "/var/lib/crater-agent-workspace/rustup-home:/opt/rustwide/rustup-home:ro,Z" "-m" "1610612736" "--network" "none" "ghcr.io/rust-lang/crates-build-env/linux@sha256:77db811e55d90add9212f6832c23229e3de5f1c1f9905e8cb07319ea15df73ac" "sleep" "infinity", kill_on_drop: false }`
[INFO] [stdout] cf5d8b1dbc4dedad2f5561c720488468d67cdc0443f9a753f096c3c4910569b3
[INFO] running `Command { std: "docker" "start" "cf5d8b1dbc4dedad2f5561c720488468d67cdc0443f9a753f096c3c4910569b3", kill_on_drop: false }`
[INFO] running `Command { std: "docker" "inspect" "cf5d8b1dbc4dedad2f5561c720488468d67cdc0443f9a753f096c3c4910569b3", kill_on_drop: false }`
[INFO] running `Command { std: "docker" "exec" "-e" "SOURCE_DIR=/opt/rustwide/workdir" "-e" "CARGO_HOME=/opt/rustwide/cargo-home" "-e" "RUSTUP_HOME=/opt/rustwide/rustup-home" "-e" "CARGO_TARGET_DIR=/opt/rustwide/target" "-w" "/opt/rustwide/workdir" "--user" "0:0" "cf5d8b1dbc4dedad2f5561c720488468d67cdc0443f9a753f096c3c4910569b3" "/opt/rustwide/cargo-home/bin/cargo" "+1.99.0-beta.8" "metadata" "--no-deps" "--format-version=1", kill_on_drop: false }`
[INFO] running `Command { std: "docker" "inspect" "cf5d8b1dbc4dedad2f5561c720488468d67cdc0443f9a753f096c3c4910569b3", kill_on_drop: false }`
[INFO] running `Command { std: "docker" "exec" "-e" "SOURCE_DIR=/opt/rustwide/workdir" "-e" "CARGO_HOME=/opt/rustwide/cargo-home" "-e" "RUSTUP_HOME=/opt/rustwide/rustup-home" "-e" "CARGO_TARGET_DIR=/opt/rustwide/target" "-e" "CARGO_INCREMENTAL=0" "-e" "RUST_BACKTRACE=full" "-e" "RUSTFLAGS=--cap-lints=warn" "-e" "RUSTDOCFLAGS=--cap-lints=warn" "-w" "/opt/rustwide/workdir" "--user" "0:0" "cf5d8b1dbc4dedad2f5561c720488468d67cdc0443f9a753f096c3c4910569b3" "/opt/rustwide/cargo-home/bin/cargo" "+1.99.0-beta.8" "build" "--frozen" "--message-format=json" "--release", kill_on_drop: false }`
[INFO] [stderr]    Compiling const-tools v0.1.2 (/opt/rustwide/workdir)
[INFO] [stderr]     Finished `release` profile [optimized] target(s) in 0.15s
[INFO] running `Command { std: "docker" "inspect" "cf5d8b1dbc4dedad2f5561c720488468d67cdc0443f9a753f096c3c4910569b3", kill_on_drop: false }`
[INFO] running `Command { std: "docker" "exec" "-e" "SOURCE_DIR=/opt/rustwide/workdir" "-e" "CARGO_HOME=/opt/rustwide/cargo-home" "-e" "RUSTUP_HOME=/opt/rustwide/rustup-home" "-e" "CARGO_TARGET_DIR=/opt/rustwide/target" "-e" "CARGO_INCREMENTAL=0" "-e" "RUST_BACKTRACE=full" "-e" "RUSTFLAGS=--cap-lints=warn" "-e" "RUSTDOCFLAGS=--cap-lints=warn" "-w" "/opt/rustwide/workdir" "--user" "0:0" "cf5d8b1dbc4dedad2f5561c720488468d67cdc0443f9a753f096c3c4910569b3" "/opt/rustwide/cargo-home/bin/cargo" "+1.99.0-beta.8" "test" "--frozen" "--no-run" "--message-format=json" "--release", kill_on_drop: false }`
[INFO] [stderr]    Compiling proc-macro2 v1.0.101
[INFO] [stderr]    Compiling quote v1.0.41
[INFO] [stderr]    Compiling unicode-ident v1.0.19
[INFO] [stderr]    Compiling target-triple v0.1.4
[INFO] [stderr]    Compiling winnow v0.7.13
[INFO] [stderr]    Compiling serde v1.0.228
[INFO] [stderr]    Compiling serde_json v1.0.145
[INFO] [stderr]    Compiling toml_datetime v0.7.3
[INFO] [stderr]    Compiling serde_spanned v1.0.3
[INFO] [stderr]    Compiling memchr v2.7.6
[INFO] [stderr]    Compiling ryu v1.0.20
[INFO] [stderr]    Compiling itoa v1.0.15
[INFO] [stderr]    Compiling toml_writer v1.0.4
[INFO] [stderr]    Compiling termcolor v1.4.1
[INFO] [stderr]    Compiling glob v0.3.3
[INFO] [stderr]    Compiling syn v2.0.106
[INFO] [stderr]    Compiling toml_parser v1.0.4
[INFO] [stderr]    Compiling toml v0.9.8
[INFO] [stderr]    Compiling serde_derive v1.0.228
[INFO] [stderr]    Compiling trybuild v1.0.111
[INFO] [stderr]    Compiling const-tools v0.1.2 (/opt/rustwide/workdir)
[INFO] [stderr]     Finished `release` profile [optimized] target(s) in 20.21s
[INFO] running `Command { std: "docker" "inspect" "cf5d8b1dbc4dedad2f5561c720488468d67cdc0443f9a753f096c3c4910569b3", kill_on_drop: false }`
[INFO] running `Command { std: "docker" "exec" "-e" "SOURCE_DIR=/opt/rustwide/workdir" "-e" "CARGO_HOME=/opt/rustwide/cargo-home" "-e" "RUSTUP_HOME=/opt/rustwide/rustup-home" "-e" "CARGO_TARGET_DIR=/opt/rustwide/target" "-e" "CARGO_INCREMENTAL=0" "-e" "RUST_BACKTRACE=full" "-e" "RUSTFLAGS=--cap-lints=warn" "-e" "RUSTDOCFLAGS=--cap-lints=warn" "-w" "/opt/rustwide/workdir" "--user" "0:0" "cf5d8b1dbc4dedad2f5561c720488468d67cdc0443f9a753f096c3c4910569b3" "/opt/rustwide/cargo-home/bin/cargo" "+1.99.0-beta.8" "test" "--frozen" "--release", kill_on_drop: false }`
[INFO] [stderr]     Finished `release` profile [optimized] target(s) in 0.04s
[INFO] [stderr]      Running unittests src/lib.rs (/opt/rustwide/target/release/deps/const_tools-cacda3f2cb766870)
[INFO] [stdout] 
[INFO] [stdout] running 0 tests
[INFO] [stdout] 
[INFO] [stdout] test result: ok. 0 passed; 0 failed; 0 ignored; 0 measured; 0 filtered out; finished in 0.00s
[INFO] [stdout] 
[INFO] [stderr]      Running tests/compile_fail_tests.rs (/opt/rustwide/target/release/deps/compile_fail_tests-e3930f1be09c6f88)
[INFO] [stdout] 
[INFO] [stdout] running 1 test
[INFO] [stderr]     Checking const-tools v0.1.2 (/opt/rustwide/workdir)
[INFO] [stderr]     Checking const-tools-tests v0.0.0 (/opt/rustwide/target/tests/trybuild/const-tools)
[INFO] [stderr]     Finished `dev` profile [unoptimized + debuginfo] target(s) in 0.23s
[INFO] [stderr] 
[INFO] [stderr] 
[INFO] [stderr] test compile_fail_tests/destructure/struct_destructure.rs ... ok
[INFO] [stderr] test compile_fail_tests/destructure/struct_duplicate_field.rs ... ok
[INFO] [stderr] test compile_fail_tests/destructure/struct_implements_drop.rs ... mismatch
[INFO] [stderr] 
[INFO] [stderr] EXPECTED:
[INFO] [stderr] ┈┈┈┈┈┈┈┈┈┈┈┈┈┈┈┈┈┈┈┈┈┈┈┈┈┈┈┈┈┈┈┈┈┈┈┈┈┈┈┈┈┈┈┈┈┈┈┈┈┈┈┈┈┈┈┈┈┈┈┈
[INFO] [stderr] error[E0509]: cannot move out of type `Wrap<T>`, which implements the `Drop` trait
[INFO] [stderr]   --> compile_fail_tests/destructure/struct_implements_drop.rs:13:9
[INFO] [stderr]    |
[INFO] [stderr] 13 |         destructure!(let Wrap { value } = self);
[INFO] [stderr]    |         ^^^^^^^^^^^^^^^^^^^^^^^^^^^^^^^^^^^^^^^
[INFO] [stderr]    |         |
[INFO] [stderr]    |         cannot move out of here
[INFO] [stderr]    |         data moved here
[INFO] [stderr]    |         move occurs because `value` has type `T`, which does not implement the `Copy` trait
[INFO] [stderr]    |
[INFO] [stderr]    = note: this error originates in the macro `$crate::__destructure__struct` which comes from the expansion of the macro `destructure` (in Nightly builds, run with -Z macro-backtrace for more info)
[INFO] [stderr] ┈┈┈┈┈┈┈┈┈┈┈┈┈┈┈┈┈┈┈┈┈┈┈┈┈┈┈┈┈┈┈┈┈┈┈┈┈┈┈┈┈┈┈┈┈┈┈┈┈┈┈┈┈┈┈┈┈┈┈┈
[INFO] [stderr] 
[INFO] [stderr] ACTUAL OUTPUT:
[INFO] [stderr] ┈┈┈┈┈┈┈┈┈┈┈┈┈┈┈┈┈┈┈┈┈┈┈┈┈┈┈┈┈┈┈┈┈┈┈┈┈┈┈┈┈┈┈┈┈┈┈┈┈┈┈┈┈┈┈┈┈┈┈┈
[INFO] [stderr] error[E0509]: cannot move out of type `Wrap<T>`, which implements the `Drop` trait
[INFO] [stderr]   --> compile_fail_tests/destructure/struct_implements_drop.rs:13:9
[INFO] [stderr]    |
[INFO] [stderr] 13 |         destructure!(let Wrap { value } = self);
[INFO] [stderr]    |         ^^^^^^^^^^^^^^^^^^^^^^^^^^^^^^^^^^^^^^^
[INFO] [stderr]    |         |
[INFO] [stderr]    |         cannot move out of here
[INFO] [stderr]    |         data moved here because `value` has type `T`, which does not implement the `Copy` trait
[INFO] [stderr]    |
[INFO] [stderr]    = note: this error originates in the macro `$crate::__destructure__struct` which comes from the expansion of the macro `destructure` (in Nightly builds, run with -Z macro-backtrace for more info)
[INFO] [stderr] ┈┈┈┈┈┈┈┈┈┈┈┈┈┈┈┈┈┈┈┈┈┈┈┈┈┈┈┈┈┈┈┈┈┈┈┈┈┈┈┈┈┈┈┈┈┈┈┈┈┈┈┈┈┈┈┈┈┈┈┈
[INFO] [stderr] note: If the actual output is the correct output you can bless it by rerunning
[INFO] [stderr]       your test with the environment variable TRYBUILD=overwrite
[INFO] [stderr] 
[INFO] [stderr] test compile_fail_tests/destructure/struct_refuse_ellipsis.rs ... ok
[INFO] [stderr] test compile_fail_tests/destructure/struct_unbound_field.rs ... ok
[INFO] [stderr] test compile_fail_tests/destructure/struct_unknown_field.rs ... ok
[INFO] [stderr] test compile_fail_tests/destructure/tuple_arity_too_high.rs ... mismatch
[INFO] [stderr] 
[INFO] [stderr] EXPECTED:
[INFO] [stderr] ┈┈┈┈┈┈┈┈┈┈┈┈┈┈┈┈┈┈┈┈┈┈┈┈┈┈┈┈┈┈┈┈┈┈┈┈┈┈┈┈┈┈┈┈┈┈┈┈┈┈┈┈┈┈┈┈┈┈┈┈
[INFO] [stderr] error[E0308]: mismatched types
[INFO] [stderr]  --> compile_fail_tests/destructure/tuple_arity_too_high.rs:4:32
[INFO] [stderr]   |
[INFO] [stderr] 4 |     destructure!(let (a,b,c) = (1, 2));
[INFO] [stderr]   |     ---------------------------^^^^^^-
[INFO] [stderr]   |     |                          |
[INFO] [stderr]   |     |                          expected a tuple with 3 elements, found one with 2 elements
[INFO] [stderr]   |     expected due to this
[INFO] [stderr]   |
[INFO] [stderr]   = note: expected tuple `({integer}, {integer}, _)`
[INFO] [stderr]              found tuple `({integer}, {integer})`
[INFO] [stderr] 
[INFO] [stderr] error[E0282]: type annotations needed
[INFO] [stderr]  --> compile_fail_tests/destructure/tuple_arity_too_high.rs:4:5
[INFO] [stderr]   |
[INFO] [stderr] 4 |     destructure!(let (a,b,c) = (1, 2));
[INFO] [stderr]   |     ^^^^^^^^^^^^^^^^^^^^^^^^^^^^^^^^^^
[INFO] [stderr]   |     |
[INFO] [stderr]   |     cannot infer type
[INFO] [stderr]   |     cannot call a method on a raw pointer with an unknown pointee type
[INFO] [stderr]   |
[INFO] [stderr]   = note: this error originates in the macro `::core::ptr::addr_of` which comes from the expansion of the macro `destructure` (in Nightly builds, run with -Z macro-backtrace for more info)
[INFO] [stderr] ┈┈┈┈┈┈┈┈┈┈┈┈┈┈┈┈┈┈┈┈┈┈┈┈┈┈┈┈┈┈┈┈┈┈┈┈┈┈┈┈┈┈┈┈┈┈┈┈┈┈┈┈┈┈┈┈┈┈┈┈
[INFO] [stderr] 
[INFO] [stderr] ACTUAL OUTPUT:
[INFO] [stderr] ┈┈┈┈┈┈┈┈┈┈┈┈┈┈┈┈┈┈┈┈┈┈┈┈┈┈┈┈┈┈┈┈┈┈┈┈┈┈┈┈┈┈┈┈┈┈┈┈┈┈┈┈┈┈┈┈┈┈┈┈
[INFO] [stderr] error[E0308]: mismatched types
[INFO] [stderr]  --> compile_fail_tests/destructure/tuple_arity_too_high.rs:4:32
[INFO] [stderr]   |
[INFO] [stderr] 4 |     destructure!(let (a,b,c) = (1, 2));
[INFO] [stderr]   |     ---------------------------^^^^^^-
[INFO] [stderr]   |     |                          |
[INFO] [stderr]   |     |                          expected a tuple with 3 elements, found one with 2 elements
[INFO] [stderr]   |     expected due to this
[INFO] [stderr]   |
[INFO] [stderr]   = note: expected tuple `({integer}, {integer}, _)`
[INFO] [stderr]              found tuple `({integer}, {integer})`
[INFO] [stderr] ┈┈┈┈┈┈┈┈┈┈┈┈┈┈┈┈┈┈┈┈┈┈┈┈┈┈┈┈┈┈┈┈┈┈┈┈┈┈┈┈┈┈┈┈┈┈┈┈┈┈┈┈┈┈┈┈┈┈┈┈
[INFO] [stderr] note: If the actual output is the correct output you can bless it by rerunning
[INFO] [stderr]       your test with the environment variable TRYBUILD=overwrite
[INFO] [stderr] 
[INFO] [stderr] test compile_fail_tests/destructure/tuple_arity_too_low.rs ... ok
[INFO] [stderr] test compile_fail_tests/destructure/tuple_arity_unimplemented.rs ... ok
[INFO] [stderr] test compile_fail_tests/destructure/tuple_destructure.rs ... ok
[INFO] [stderr] test compile_fail_tests/fold/break_in_body.rs ... ok
[INFO] [stderr] test compile_fail_tests/fold/break_in_body_unevaluated.rs ... ok
[INFO] [stderr] test compile_fail_tests/map/break_in_body.rs ... ok
[INFO] [stderr] test compile_fail_tests/map/break_in_body_unevaluated.rs ... ok
[INFO] [stderr] test compile_fail_tests/map/more_arrays_than_params.rs ... ok
[INFO] [stderr] test compile_fail_tests/map/more_params_than_arrays.rs ... ok
[INFO] [stderr] test compile_fail_tests/scan/break_in_body.rs ... ok
[INFO] [stderr] test compile_fail_tests/scan/break_in_body_unevaluated.rs ... ok
[INFO] [stderr] test compile_fail_tests/unzip/too_many_outputs.rs ... mismatch
[INFO] [stderr] 
[INFO] [stderr] EXPECTED:
[INFO] [stderr] ┈┈┈┈┈┈┈┈┈┈┈┈┈┈┈┈┈┈┈┈┈┈┈┈┈┈┈┈┈┈┈┈┈┈┈┈┈┈┈┈┈┈┈┈┈┈┈┈┈┈┈┈┈┈┈┈┈┈┈┈
[INFO] [stderr] error: unsupported number of outputs
[INFO] [stderr]  --> compile_fail_tests/unzip/too_many_outputs.rs:6:5
[INFO] [stderr]   |
[INFO] [stderr] 6 |     unzip!(let (a, b, c, d, e, f, g, h, i, j, k, l, m) = input)
[INFO] [stderr]   |     ^^^^^^^^^^^^^^^^^^^^^^^^^^^^^^^^^^^^^^^^^^^^^^^^^^^^^^^^^^^
[INFO] [stderr]   |
[INFO] [stderr]   = note: this error originates in the macro `$crate::__zip_left` which comes from the expansion of the macro `unzip` (in Nightly builds, run with -Z macro-backtrace for more info)
[INFO] [stderr] ┈┈┈┈┈┈┈┈┈┈┈┈┈┈┈┈┈┈┈┈┈┈┈┈┈┈┈┈┈┈┈┈┈┈┈┈┈┈┈┈┈┈┈┈┈┈┈┈┈┈┈┈┈┈┈┈┈┈┈┈
[INFO] [stderr] 
[INFO] [stderr] ACTUAL OUTPUT:
[INFO] [stderr] ┈┈┈┈┈┈┈┈┈┈┈┈┈┈┈┈┈┈┈┈┈┈┈┈┈┈┈┈┈┈┈┈┈┈┈┈┈┈┈┈┈┈┈┈┈┈┈┈┈┈┈┈┈┈┈┈┈┈┈┈
[INFO] [stderr] error: unsupported number of outputs
[INFO] [stderr]  --> compile_fail_tests/unzip/too_many_outputs.rs:6:5
[INFO] [stderr]   |
[INFO] [stderr] 6 |     unzip!(let (a, b, c, d, e, f, g, h, i, j, k, l, m) = input)
[INFO] [stderr]   |     ^^^^^^^^^^^^^^^^^^^^^^^^^^^^^^^^^^^^^^^^^^^^^^^^^^^^^^^^^^^
[INFO] [stderr]   |
[INFO] [stderr]   = note: this error originates in the macro `$crate::__zip_left` which comes from the expansion of the macro `unzip` (in Nightly builds, run with -Z macro-backtrace for more info)
[INFO] [stderr] 
[INFO] [stderr] warning: trailing semicolon in macro used in expression position
[INFO] [stderr]  --> compile_fail_tests/unzip/too_many_outputs.rs:6:5
[INFO] [stderr]   |
[INFO] [stderr] 6 |     unzip!(let (a, b, c, d, e, f, g, h, i, j, k, l, m) = input)
[INFO] [stderr]   |     ^^^^^^^^^^^^^^^^^^^^^^^^^^^^^^^^^^^^^^^^^^^^^^^^^^^^^^^^^^^
[INFO] [stderr]   |
[INFO] [stderr]   = note: macro invocations at the end of a block are treated as expressions
[INFO] [stderr]   = note: to ignore the value produced by the macro, add a semicolon after the invocation of `__zip_left`
[INFO] [stderr]   = warning: this was previously accepted by the compiler but is being phased out; it will become a hard error in a future release!
[INFO] [stderr]   = note: for more information, see issue #79813 <https://github.com/rust-lang/rust/issues/79813>
[INFO] [stderr]   = note: `#[warn(semicolon_in_expressions_from_non_local_macros)]` (part of `#[warn(future_incompatible)]`) on by default
[INFO] [stderr]   = note: this warning originates in the macro `$crate::__zip_left` which comes from the expansion of the macro `unzip` (in Nightly builds, run with -Z macro-backtrace for more info)
[INFO] [stderr] ┈┈┈┈┈┈┈┈┈┈┈┈┈┈┈┈┈┈┈┈┈┈┈┈┈┈┈┈┈┈┈┈┈┈┈┈┈┈┈┈┈┈┈┈┈┈┈┈┈┈┈┈┈┈┈┈┈┈┈┈
[INFO] [stderr] note: If the actual output is the correct output you can bless it by rerunning
[INFO] [stderr]       your test with the environment variable TRYBUILD=overwrite
[INFO] [stderr] 
[INFO] [stderr] test compile_fail_tests/zip/too_many_inputs.rs ... mismatch
[INFO] [stderr] 
[INFO] [stderr] EXPECTED:
[INFO] [stderr] ┈┈┈┈┈┈┈┈┈┈┈┈┈┈┈┈┈┈┈┈┈┈┈┈┈┈┈┈┈┈┈┈┈┈┈┈┈┈┈┈┈┈┈┈┈┈┈┈┈┈┈┈┈┈┈┈┈┈┈┈
[INFO] [stderr] error: unsupported number of inputs
[INFO] [stderr]   --> compile_fail_tests/zip/too_many_inputs.rs:20:5
[INFO] [stderr]    |
[INFO] [stderr] 20 | /     zip!(
[INFO] [stderr] 21 | |         ia0, ia1, ia2, ia3, ia4, ia5, ia6, ia7, ia8, ia9, ia10, ia11, ia12
[INFO] [stderr] 22 | |     )
[INFO] [stderr]    | |_____^
[INFO] [stderr]    |
[INFO] [stderr]    = note: this error originates in the macro `$crate::__zip_left` which comes from the expansion of the macro `zip` (in Nightly builds, run with -Z macro-backtrace for more info)
[INFO] [stderr] ┈┈┈┈┈┈┈┈┈┈┈┈┈┈┈┈┈┈┈┈┈┈┈┈┈┈┈┈┈┈┈┈┈┈┈┈┈┈┈┈┈┈┈┈┈┈┈┈┈┈┈┈┈┈┈┈┈┈┈┈
[INFO] [stderr] 
[INFO] [stderr] ACTUAL OUTPUT:
[INFO] [stderr] ┈┈┈┈┈┈┈┈┈┈┈┈┈┈┈┈┈┈┈┈┈┈┈┈┈┈┈┈┈┈┈┈┈┈┈┈┈┈┈┈┈┈┈┈┈┈┈┈┈┈┈┈┈┈┈┈┈┈┈┈
[INFO] [stderr] error: unsupported number of inputs
[INFO] [stderr]   --> compile_fail_tests/zip/too_many_inputs.rs:20:5
[INFO] [stderr]    |
[INFO] [stderr] 20 | /     zip!(
[INFO] [stderr] 21 | |         ia0, ia1, ia2, ia3, ia4, ia5, ia6, ia7, ia8, ia9, ia10, ia11, ia12
[INFO] [stderr] 22 | |     )
[INFO] [stderr]    | |_____^
[INFO] [stderr]    |
[INFO] [stderr]    = note: this error originates in the macro `$crate::__zip_left` which comes from the expansion of the macro `zip` (in Nightly builds, run with -Z macro-backtrace for more info)
[INFO] [stderr] 
[INFO] [stderr] warning: trailing semicolon in macro used in expression position
[INFO] [stderr]   --> compile_fail_tests/zip/too_many_inputs.rs:20:5
[INFO] [stderr]    |
[INFO] [stderr] 20 | /     zip!(
[INFO] [stderr] 21 | |         ia0, ia1, ia2, ia3, ia4, ia5, ia6, ia7, ia8, ia9, ia10, ia11, ia12
[INFO] [stderr] 22 | |     )
[INFO] [stderr]    | |_____^
[INFO] [stderr]    |
[INFO] [stderr]    = note: macro invocations at the end of a block are treated as expressions
[INFO] [stderr]    = note: to ignore the value produced by the macro, add a semicolon after the invocation of `__zip_left`
[INFO] [stderr]    = warning: this was previously accepted by the compiler but is being phased out; it will become a hard error in a future release!
[INFO] [stderr]    = note: for more information, see issue #79813 <https://github.com/rust-lang/rust/issues/79813>
[INFO] [stderr]    = note: `#[warn(semicolon_in_expressions_from_non_local_macros)]` (part of `#[warn(future_incompatible)]`) on by default
[INFO] [stderr]    = note: this warning originates in the macro `$crate::__zip_left` which comes from the expansion of the macro `zip` (in Nightly builds, run with -Z macro-backtrace for more info)
[INFO] [stderr] ┈┈┈┈┈┈┈┈┈┈┈┈┈┈┈┈┈┈┈┈┈┈┈┈┈┈┈┈┈┈┈┈┈┈┈┈┈┈┈┈┈┈┈┈┈┈┈┈┈┈┈┈┈┈┈┈┈┈┈┈
[INFO] [stderr] note: If the actual output is the correct output you can bless it by rerunning
[INFO] [stderr]       your test with the environment variable TRYBUILD=overwrite
[INFO] [stderr] 
[INFO] [stderr] 
[INFO] [stderr] 
[INFO] [stderr] error: test failed, to rerun pass `--test compile_fail_tests`
[INFO] [stdout] test compilation_failure_tests ... FAILED
[INFO] [stdout] 
[INFO] [stdout] failures:
[INFO] [stdout] 
[INFO] [stdout] ---- compilation_failure_tests stdout ----
[INFO] [stdout] 
[INFO] [stdout] thread 'compilation_failure_tests' (888) panicked at /opt/rustwide/cargo-home/registry/src/index.crates.io-1949cf8c6b5b557f/trybuild-1.0.111/src/run.rs:102:13:
[INFO] [stdout] 4 of 20 tests failed
[INFO] [stdout] stack backtrace:
[INFO] [stdout]    0:     0x637070655971 - <<std[70759c8f55707aa4]::sys::backtrace::BacktraceLock>::print::DisplayBacktrace as core[df12db4294e9bfd3]::fmt::Display>::fmt
[INFO] [stdout]    1:     0x63707066bffa - core[df12db4294e9bfd3]::fmt::write
[INFO] [stdout]    2:     0x63707065a43c - <alloc[2182bb758b4b3781]::vec::Vec<u8> as core[df12db4294e9bfd3]::io::write::Write>::write_fmt
[INFO] [stdout]    3:     0x63707062ee56 - std[70759c8f55707aa4]::panicking::default_hook::{closure#0}
[INFO] [stdout]    4:     0x63707064cfe9 - std[70759c8f55707aa4]::panicking::default_hook
[INFO] [stdout]    5:     0x6370705e62c0 - test[9d35eded1c95d3be]::test_main_inner::<test[9d35eded1c95d3be]::test_main_static::{closure#0}>::{closure#0}
[INFO] [stdout]    6:     0x63707064d1a2 - std[70759c8f55707aa4]::panicking::panic_with_hook
[INFO] [stdout]    7:     0x63707062ef02 - std[70759c8f55707aa4]::panicking::panic_handler::{closure#0}
[INFO] [stdout]    8:     0x6370706277c9 - std[70759c8f55707aa4]::sys::backtrace::__rust_end_short_backtrace::<std[70759c8f55707aa4]::panicking::panic_handler::{closure#0}, !>
[INFO] [stdout]    9:     0x63707062fafd - __rustc[8fa7c3cbc660c2b3]::rust_begin_unwind
[INFO] [stdout]   10:     0x63707066c76c - core[df12db4294e9bfd3]::panicking::panic_fmt
[INFO] [stdout]   11:     0x637070537a6b - <trybuild[f0b815e62ec70dd6]::Runner>::run
[INFO] [stdout]   12:     0x63707053aca0 - <trybuild[f0b815e62ec70dd6]::TestCases as core[df12db4294e9bfd3]::ops::drop::Drop>::drop
[INFO] [stdout]   13:     0x637070531468 - compile_fail_tests[3029f1d18384efdc]::compilation_failure_tests
[INFO] [stdout]   14:     0x637070531669 - <compile_fail_tests[3029f1d18384efdc]::compilation_failure_tests::{closure#0} as core[df12db4294e9bfd3]::ops::function::FnOnce<()>>::call_once
[INFO] [stdout]   15:     0x6370705d95ab - test[9d35eded1c95d3be]::__rust_begin_short_backtrace::<core[df12db4294e9bfd3]::result::Result<(), alloc[2182bb758b4b3781]::string::String>, fn() -> core[df12db4294e9bfd3]::result::Result<(), alloc[2182bb758b4b3781]::string::String>>
[INFO] [stdout]   16:     0x6370705e6c15 - test[9d35eded1c95d3be]::run_test::{closure#0}
[INFO] [stdout]   17:     0x6370705e04d4 - std[70759c8f55707aa4]::sys::backtrace::__rust_begin_short_backtrace::<test[9d35eded1c95d3be]::run_test::{closure#1}, ()>
[INFO] [stdout]   18:     0x6370705e9d72 - <std[70759c8f55707aa4]::thread::lifecycle::spawn_unchecked<test[9d35eded1c95d3be]::run_test::{closure#1}, ()>::{closure#1} as core[df12db4294e9bfd3]::ops::function::FnOnce<()>>::call_once::{shim:vtable#0}
[INFO] [stdout]   19:     0x637070654c29 - <std[70759c8f55707aa4]::sys::thread::unix::Thread>::new::thread_start
[INFO] [stdout]   20:     0x77f1b7584dfa - <unknown>
[INFO] [stdout]   21:     0x77f1b76183d4 - clone
[INFO] [stdout]   22:                0x0 - <unknown>
[INFO] [stdout] 
[INFO] [stdout] 
[INFO] [stdout] failures:
[INFO] [stdout]     compilation_failure_tests
[INFO] [stdout] 
[INFO] [stdout] test result: FAILED. 0 passed; 1 failed; 0 ignored; 0 measured; 0 filtered out; finished in 0.72s
[INFO] [stdout] 
[INFO] running `Command { std: "docker" "inspect" "cf5d8b1dbc4dedad2f5561c720488468d67cdc0443f9a753f096c3c4910569b3", kill_on_drop: false }`
[INFO] running `Command { std: "docker" "rm" "-f" "cf5d8b1dbc4dedad2f5561c720488468d67cdc0443f9a753f096c3c4910569b3", kill_on_drop: false }`
[INFO] [stdout] cf5d8b1dbc4dedad2f5561c720488468d67cdc0443f9a753f096c3c4910569b3
