[INFO] fetching crate const-map-array 0.1.0...
[INFO] testing const-map-array-0.1.0 against 1.100.0-beta.1+cargoflags=--release for beta-release-1.100-2
[INFO] extracting crate const-map-array 0.1.0 into /workspace/builds/worker-4-tc2/source
[INFO] started tweaking crates.io crate const-map-array 0.1.0
[INFO] removed 0 missing tests
[INFO] finished tweaking crates.io crate const-map-array 0.1.0
[INFO] tweaked toml for crates.io crate const-map-array 0.1.0 written to /workspace/builds/worker-4-tc2/source/Cargo.toml
[INFO] validating manifest of crates.io crate const-map-array 0.1.0 on toolchain 1.100.0-beta.1
[INFO] running `Command { std: CARGO_HOME="/workspace/cargo-home" RUSTUP_HOME="/workspace/rustup-home" "/workspace/cargo-home/bin/cargo" "+1.100.0-beta.1" "metadata" "--manifest-path" "Cargo.toml" "--no-deps", kill_on_drop: false }`
[INFO] crate crates.io crate const-map-array 0.1.0 already has a lockfile, it will not be regenerated
[INFO] running `Command { std: CARGO_HOME="/workspace/cargo-home" RUSTUP_HOME="/workspace/rustup-home" "/workspace/cargo-home/bin/cargo" "+1.100.0-beta.1" "fetch" "--manifest-path" "Cargo.toml", kill_on_drop: false }`
[INFO] running `Command { std: "docker" "create" "-v" "/var/lib/crater-agent-workspace/builds/worker-4-tc2/source:/opt/rustwide/workdir:ro,Z" "-v" "/var/lib/crater-agent-workspace/builds/worker-4-tc2/target:/opt/rustwide/target:rw,Z" "-v" "/var/lib/crater-agent-workspace/cargo-home:/opt/rustwide/cargo-home:ro,Z" "-v" "/var/lib/crater-agent-workspace/rustup-home:/opt/rustwide/rustup-home:ro,Z" "-m" "1610612736" "--network" "none" "ghcr.io/rust-lang/crates-build-env/linux@sha256:77db811e55d90add9212f6832c23229e3de5f1c1f9905e8cb07319ea15df73ac" "sleep" "infinity", kill_on_drop: false }`
[INFO] [stdout] 830191f0adfa621f2285f667798a6fc7d0039f2aff8dccaaa7bb6885ff018eca
[INFO] running `Command { std: "docker" "start" "830191f0adfa621f2285f667798a6fc7d0039f2aff8dccaaa7bb6885ff018eca", kill_on_drop: false }`
[INFO] running `Command { std: "docker" "inspect" "830191f0adfa621f2285f667798a6fc7d0039f2aff8dccaaa7bb6885ff018eca", kill_on_drop: false }`
[INFO] running `Command { std: "docker" "exec" "-e" "SOURCE_DIR=/opt/rustwide/workdir" "-e" "CARGO_HOME=/opt/rustwide/cargo-home" "-e" "RUSTUP_HOME=/opt/rustwide/rustup-home" "-e" "CARGO_TARGET_DIR=/opt/rustwide/target" "-w" "/opt/rustwide/workdir" "--user" "0:0" "830191f0adfa621f2285f667798a6fc7d0039f2aff8dccaaa7bb6885ff018eca" "/opt/rustwide/cargo-home/bin/cargo" "+1.100.0-beta.1" "metadata" "--no-deps" "--format-version=1", kill_on_drop: false }`
[INFO] running `Command { std: "docker" "inspect" "830191f0adfa621f2285f667798a6fc7d0039f2aff8dccaaa7bb6885ff018eca", kill_on_drop: false }`
[INFO] running `Command { std: "docker" "exec" "-e" "SOURCE_DIR=/opt/rustwide/workdir" "-e" "CARGO_HOME=/opt/rustwide/cargo-home" "-e" "RUSTUP_HOME=/opt/rustwide/rustup-home" "-e" "CARGO_TARGET_DIR=/opt/rustwide/target" "-e" "CARGO_INCREMENTAL=0" "-e" "RUST_BACKTRACE=full" "-e" "RUSTFLAGS=--cap-lints=warn" "-e" "RUSTDOCFLAGS=--cap-lints=warn" "-w" "/opt/rustwide/workdir" "--user" "0:0" "830191f0adfa621f2285f667798a6fc7d0039f2aff8dccaaa7bb6885ff018eca" "/opt/rustwide/cargo-home/bin/cargo" "+1.100.0-beta.1" "build" "--frozen" "--message-format=json" "--release", kill_on_drop: false }`
[INFO] [stderr]    Compiling const-destructure v0.1.2
[INFO] [stderr]    Compiling const-map-array v0.1.0 (/opt/rustwide/workdir)
[INFO] [stderr] warning: unused dependency `const-destructure`
[INFO] [stderr]  --> Cargo.toml:1:15
[INFO] [stderr]   |
[INFO] [stderr] 1 | [dependencies.const-destructure]
[INFO] [stderr]   |               ^^^^^^^^^^^^^^^^^^
[INFO] [stderr]   |
[INFO] [stderr]   = note: `cargo::unused_dependencies` is set to `warn` by default
[INFO] [stderr] help: consider removing the dependency on `const-destructure`
[INFO] [stderr] warning: `const-map-array` (manifest) generated 1 warning
[INFO] [stderr]     Finished `release` profile [optimized] target(s) in 0.17s
[INFO] running `Command { std: "docker" "inspect" "830191f0adfa621f2285f667798a6fc7d0039f2aff8dccaaa7bb6885ff018eca", kill_on_drop: false }`
[INFO] running `Command { std: "docker" "exec" "-e" "SOURCE_DIR=/opt/rustwide/workdir" "-e" "CARGO_HOME=/opt/rustwide/cargo-home" "-e" "RUSTUP_HOME=/opt/rustwide/rustup-home" "-e" "CARGO_TARGET_DIR=/opt/rustwide/target" "-e" "CARGO_INCREMENTAL=0" "-e" "RUST_BACKTRACE=full" "-e" "RUSTFLAGS=--cap-lints=warn" "-e" "RUSTDOCFLAGS=--cap-lints=warn" "-w" "/opt/rustwide/workdir" "--user" "0:0" "830191f0adfa621f2285f667798a6fc7d0039f2aff8dccaaa7bb6885ff018eca" "/opt/rustwide/cargo-home/bin/cargo" "+1.100.0-beta.1" "test" "--frozen" "--no-run" "--message-format=json" "--release", kill_on_drop: false }`
[INFO] [stderr]    Compiling serde_core v1.0.228
[INFO] [stderr]    Compiling proc-macro2 v1.0.101
[INFO] [stderr]    Compiling unicode-ident v1.0.19
[INFO] [stderr]    Compiling quote v1.0.41
[INFO] [stderr]    Compiling serde v1.0.228
[INFO] [stderr]    Compiling serde_json v1.0.145
[INFO] [stderr]    Compiling winnow v0.7.13
[INFO] [stderr]    Compiling target-triple v0.1.4
[INFO] [stderr]    Compiling memchr v2.7.6
[INFO] [stderr]    Compiling toml_writer v1.0.4
[INFO] [stderr]    Compiling glob v0.3.3
[INFO] [stderr]    Compiling syn v2.0.106
[INFO] [stderr]    Compiling toml_parser v1.0.4
[INFO] [stderr]    Compiling serde_derive v1.0.228
[INFO] [stderr]    Compiling toml_datetime v0.7.3
[INFO] [stderr]    Compiling serde_spanned v1.0.3
[INFO] [stderr]    Compiling toml v0.9.8
[INFO] [stderr]    Compiling trybuild v1.0.111
[INFO] [stderr]    Compiling const-map-array v0.1.0 (/opt/rustwide/workdir)
[INFO] [stderr] warning: unused dependency `const-destructure`
[INFO] [stderr]  --> Cargo.toml:1:15
[INFO] [stderr]   |
[INFO] [stderr] 1 | [dependencies.const-destructure]
[INFO] [stderr]   |               ^^^^^^^^^^^^^^^^^^
[INFO] [stderr]   |
[INFO] [stderr]   = note: `cargo::unused_dependencies` is set to `warn` by default
[INFO] [stderr] help: consider removing the dependency on `const-destructure`
[INFO] [stderr] help: to still use for development builds, move to `dev-dependencies`
[INFO] [stderr] warning: `const-map-array` (manifest) generated 1 warning
[INFO] [stderr]     Finished `release` profile [optimized] target(s) in 41.19s
[INFO] running `Command { std: "docker" "inspect" "830191f0adfa621f2285f667798a6fc7d0039f2aff8dccaaa7bb6885ff018eca", kill_on_drop: false }`
[INFO] running `Command { std: "docker" "exec" "-e" "SOURCE_DIR=/opt/rustwide/workdir" "-e" "CARGO_HOME=/opt/rustwide/cargo-home" "-e" "RUSTUP_HOME=/opt/rustwide/rustup-home" "-e" "CARGO_TARGET_DIR=/opt/rustwide/target" "-e" "CARGO_INCREMENTAL=0" "-e" "RUST_BACKTRACE=full" "-e" "RUSTFLAGS=--cap-lints=warn" "-e" "RUSTDOCFLAGS=--cap-lints=warn" "-w" "/opt/rustwide/workdir" "--user" "0:0" "830191f0adfa621f2285f667798a6fc7d0039f2aff8dccaaa7bb6885ff018eca" "/opt/rustwide/cargo-home/bin/cargo" "+1.100.0-beta.1" "test" "--frozen" "--release", kill_on_drop: false }`
[INFO] [stderr] warning: unused dependency `const-destructure`
[INFO] [stderr]  --> Cargo.toml:1:15
[INFO] [stderr]   |
[INFO] [stderr] 1 | [dependencies.const-destructure]
[INFO] [stderr]   |               ^^^^^^^^^^^^^^^^^^
[INFO] [stderr]   |
[INFO] [stderr]   = note: `cargo::unused_dependencies` is set to `warn` by default
[INFO] [stderr] help: consider removing the dependency on `const-destructure`
[INFO] [stderr] help: to still use for development builds, move to `dev-dependencies`
[INFO] [stderr] warning: `const-map-array` (manifest) generated 1 warning
[INFO] [stderr]     Finished `release` profile [optimized] target(s) in 0.07s
[INFO] [stderr]      Running unittests src/lib.rs (/opt/rustwide/target/release/build/const-map-array/2605812ed6c03eb2/out/const_map_array-2605812ed6c03eb2)
[INFO] [stdout] 
[INFO] [stdout] running 0 tests
[INFO] [stdout] 
[INFO] [stdout] test result: ok. 0 passed; 0 failed; 0 ignored; 0 measured; 0 filtered out; finished in 0.00s
[INFO] [stdout] 
[INFO] [stderr]      Running tests/compile_fail_tests.rs (/opt/rustwide/target/release/build/const-map-array/254bb98cb7435c77/out/compile_fail_tests-254bb98cb7435c77)
[INFO] [stdout] 
[INFO] [stdout] running 1 test
[INFO] [stderr]     Checking const-destructure v0.1.2
[INFO] [stderr]     Checking const-map-array v0.1.0 (/opt/rustwide/workdir)
[INFO] [stderr]     Checking const-map-array-tests v0.0.0 (/opt/rustwide/target/tests/trybuild/const-map-array)
[INFO] [stderr]     Finished `dev` profile [unoptimized + debuginfo] target(s) in 0.25s
[INFO] [stderr] 
[INFO] [stderr] 
[INFO] [stderr] test compile_fail_tests/break_in_body.rs ... ok
[INFO] [stderr] test compile_fail_tests/more_arrays_than_params.rs ... mismatch
[INFO] [stderr] 
[INFO] [stderr] EXPECTED:
[INFO] [stderr] ┈┈┈┈┈┈┈┈┈┈┈┈┈┈┈┈┈┈┈┈┈┈┈┈┈┈┈┈┈┈┈┈┈┈┈┈┈┈┈┈┈┈┈┈┈┈┈┈┈┈┈┈┈┈┈┈┈┈┈┈
[INFO] [stderr] error[E0308]: mismatched types
[INFO] [stderr]  --> compile_fail_tests/more_arrays_than_params.rs:4:36
[INFO] [stderr]   |
[INFO] [stderr] 4 |     const_map_array!(let out = map(input, |(x,)| x));
[INFO] [stderr]   |     -------------------------------^^^^^------------
[INFO] [stderr]   |     |                              |
[INFO] [stderr]   |     |                              expected a tuple with 1 element, found one with 2 elements
[INFO] [stderr]   |     expected due to this
[INFO] [stderr]   |
[INFO] [stderr]   = note: expected tuple `(_,)`
[INFO] [stderr]              found tuple `([T; N], [T; N])`
[INFO] [stderr] 
[INFO] [stderr] error[E0282]: type annotations needed
[INFO] [stderr]  --> compile_fail_tests/more_arrays_than_params.rs:4:5
[INFO] [stderr]   |
[INFO] [stderr] 4 |     const_map_array!(let out = map(input, |(x,)| x));
[INFO] [stderr]   |     ^^^^^^^^^^^^^^^^^^^^^^^^^^^^^^^^^^^^^^^^^^^^^^^^
[INFO] [stderr]   |     |
[INFO] [stderr]   |     cannot infer type
[INFO] [stderr]   |     cannot call a method on a raw pointer with an unknown pointee type
[INFO] [stderr]   |
[INFO] [stderr]   = note: this error originates in the macro `$crate::const_destructure` which comes from the expansion of the macro `const_map_array` (in Nightly builds, run with -Z macro-backtrace for more info)
[INFO] [stderr] 
[INFO] [stderr] error[E0282]: type annotations needed
[INFO] [stderr]  --> compile_fail_tests/more_arrays_than_params.rs:4:5
[INFO] [stderr]   |
[INFO] [stderr] 4 |     const_map_array!(let out = map(input, |(x,)| x));
[INFO] [stderr]   |     ^^^^^^^^^^^^^^^^^^^^^^^^^^^^^^^^^^^^^^^^^^^^^^^^
[INFO] [stderr]   |     |
[INFO] [stderr]   |     cannot infer type
[INFO] [stderr]   |     cannot call a method on a raw pointer with an unknown pointee type
[INFO] [stderr]   |
[INFO] [stderr]   = note: this error originates in the macro `$crate::const_map_array` which comes from the expansion of the macro `const_map_array` (in Nightly builds, run with -Z macro-backtrace for more info)
[INFO] [stderr] ┈┈┈┈┈┈┈┈┈┈┈┈┈┈┈┈┈┈┈┈┈┈┈┈┈┈┈┈┈┈┈┈┈┈┈┈┈┈┈┈┈┈┈┈┈┈┈┈┈┈┈┈┈┈┈┈┈┈┈┈
[INFO] [stderr] 
[INFO] [stderr] ACTUAL OUTPUT:
[INFO] [stderr] ┈┈┈┈┈┈┈┈┈┈┈┈┈┈┈┈┈┈┈┈┈┈┈┈┈┈┈┈┈┈┈┈┈┈┈┈┈┈┈┈┈┈┈┈┈┈┈┈┈┈┈┈┈┈┈┈┈┈┈┈
[INFO] [stderr] error[E0308]: mismatched types
[INFO] [stderr]  --> compile_fail_tests/more_arrays_than_params.rs:4:36
[INFO] [stderr]   |
[INFO] [stderr] 4 |     const_map_array!(let out = map(input, |(x,)| x));
[INFO] [stderr]   |     -------------------------------^^^^^------------
[INFO] [stderr]   |     |                              |
[INFO] [stderr]   |     |                              expected a tuple with 1 element, found one with 2 elements
[INFO] [stderr]   |     expected due to this
[INFO] [stderr]   |
[INFO] [stderr]   = note: expected tuple `(_,)`
[INFO] [stderr]              found tuple `([T; N], [T; N])`
[INFO] [stderr] ┈┈┈┈┈┈┈┈┈┈┈┈┈┈┈┈┈┈┈┈┈┈┈┈┈┈┈┈┈┈┈┈┈┈┈┈┈┈┈┈┈┈┈┈┈┈┈┈┈┈┈┈┈┈┈┈┈┈┈┈
[INFO] [stderr] note: If the actual output is the correct output you can bless it by rerunning
[INFO] [stderr]       your test with the environment variable TRYBUILD=overwrite
[INFO] [stderr] 
[INFO] [stderr] test compile_fail_tests/more_params_than_arrays.rs ... mismatch
[INFO] [stderr] 
[INFO] [stderr] EXPECTED:
[INFO] [stderr] ┈┈┈┈┈┈┈┈┈┈┈┈┈┈┈┈┈┈┈┈┈┈┈┈┈┈┈┈┈┈┈┈┈┈┈┈┈┈┈┈┈┈┈┈┈┈┈┈┈┈┈┈┈┈┈┈┈┈┈┈
[INFO] [stderr] error[E0308]: mismatched types
[INFO] [stderr]  --> compile_fail_tests/more_params_than_arrays.rs:4:36
[INFO] [stderr]   |
[INFO] [stderr] 4 |     const_map_array!(let out = map(input, |(x, y)| x));
[INFO] [stderr]   |     -------------------------------^^^^^--------------
[INFO] [stderr]   |     |                              |
[INFO] [stderr]   |     |                              expected a tuple with 2 elements, found one with 1 element
[INFO] [stderr]   |     expected due to this
[INFO] [stderr]   |
[INFO] [stderr]   = note: expected tuple `(_, _)`
[INFO] [stderr]              found tuple `([T; N],)`
[INFO] [stderr] 
[INFO] [stderr] error[E0282]: type annotations needed
[INFO] [stderr]  --> compile_fail_tests/more_params_than_arrays.rs:4:5
[INFO] [stderr]   |
[INFO] [stderr] 4 |     const_map_array!(let out = map(input, |(x, y)| x));
[INFO] [stderr]   |     ^^^^^^^^^^^^^^^^^^^^^^^^^^^^^^^^^^^^^^^^^^^^^^^^^^
[INFO] [stderr]   |     |
[INFO] [stderr]   |     cannot infer type
[INFO] [stderr]   |     cannot call a method on a raw pointer with an unknown pointee type
[INFO] [stderr]   |
[INFO] [stderr]   = note: this error originates in the macro `$crate::const_destructure` which comes from the expansion of the macro `const_map_array` (in Nightly builds, run with -Z macro-backtrace for more info)
[INFO] [stderr] 
[INFO] [stderr] error[E0282]: type annotations needed
[INFO] [stderr]  --> compile_fail_tests/more_params_than_arrays.rs:4:5
[INFO] [stderr]   |
[INFO] [stderr] 4 |     const_map_array!(let out = map(input, |(x, y)| x));
[INFO] [stderr]   |     ^^^^^^^^^^^^^^^^^^^^^^^^^^^^^^^^^^^^^^^^^^^^^^^^^^
[INFO] [stderr]   |     |
[INFO] [stderr]   |     cannot infer type
[INFO] [stderr]   |     cannot call a method on a raw pointer with an unknown pointee type
[INFO] [stderr]   |
[INFO] [stderr]   = note: this error originates in the macro `$crate::const_map_array` which comes from the expansion of the macro `const_map_array` (in Nightly builds, run with -Z macro-backtrace for more info)
[INFO] [stderr] ┈┈┈┈┈┈┈┈┈┈┈┈┈┈┈┈┈┈┈┈┈┈┈┈┈┈┈┈┈┈┈┈┈┈┈┈┈┈┈┈┈┈┈┈┈┈┈┈┈┈┈┈┈┈┈┈┈┈┈┈
[INFO] [stderr] 
[INFO] [stderr] ACTUAL OUTPUT:
[INFO] [stderr] ┈┈┈┈┈┈┈┈┈┈┈┈┈┈┈┈┈┈┈┈┈┈┈┈┈┈┈┈┈┈┈┈┈┈┈┈┈┈┈┈┈┈┈┈┈┈┈┈┈┈┈┈┈┈┈┈┈┈┈┈
[INFO] [stderr] error[E0308]: mismatched types
[INFO] [stderr]  --> compile_fail_tests/more_params_than_arrays.rs:4:36
[INFO] [stderr]   |
[INFO] [stderr] 4 |     const_map_array!(let out = map(input, |(x, y)| x));
[INFO] [stderr]   |     -------------------------------^^^^^--------------
[INFO] [stderr]   |     |                              |
[INFO] [stderr]   |     |                              expected a tuple with 2 elements, found one with 1 element
[INFO] [stderr]   |     expected due to this
[INFO] [stderr]   |
[INFO] [stderr]   = note: expected tuple `(_, _)`
[INFO] [stderr]              found tuple `([T; N],)`
[INFO] [stderr] ┈┈┈┈┈┈┈┈┈┈┈┈┈┈┈┈┈┈┈┈┈┈┈┈┈┈┈┈┈┈┈┈┈┈┈┈┈┈┈┈┈┈┈┈┈┈┈┈┈┈┈┈┈┈┈┈┈┈┈┈
[INFO] [stderr] note: If the actual output is the correct output you can bless it by rerunning
[INFO] [stderr]       your test with the environment variable TRYBUILD=overwrite
[INFO] [stderr] 
[INFO] [stderr] test compile_fail_tests/too_many_inputs.rs ... ok
[INFO] [stderr] test compile_fail_tests/too_many_outputs.rs ... mismatch
[INFO] [stderr] 
[INFO] [stderr] EXPECTED:
[INFO] [stderr] ┈┈┈┈┈┈┈┈┈┈┈┈┈┈┈┈┈┈┈┈┈┈┈┈┈┈┈┈┈┈┈┈┈┈┈┈┈┈┈┈┈┈┈┈┈┈┈┈┈┈┈┈┈┈┈┈┈┈┈┈
[INFO] [stderr] error: const_map_array only supports up to 12 outputs
[INFO] [stderr]  --> compile_fail_tests/too_many_outputs.rs:6:5
[INFO] [stderr]   |
[INFO] [stderr] 6 |     const_map_array!(let (a, b, c, d, e, f, g, h, i, j, k, l, m) = map(input, |x| (x, x, x, x, x, x, x, x, x, x, x, x, x)));
[INFO] [stderr]   |     ^^^^^^^^^^^^^^^^^^^^^^^^^^^^^^^^^^^^^^^^^^^^^^^^^^^^^^^^^^^^^^^^^^^^^^^^^^^^^^^^^^^^^^^^^^^^^^^^^^^^^^^^^^^^^^^^^^^^^^^
[INFO] [stderr]   |
[INFO] [stderr]   = note: this error originates in the macro `$crate::const_map_array` which comes from the expansion of the macro `const_map_array` (in Nightly builds, run with -Z macro-backtrace for more info)
[INFO] [stderr] 
[INFO] [stderr] error[E0425]: cannot find value `a` in this scope
[INFO] [stderr]  --> compile_fail_tests/too_many_outputs.rs:7:6
[INFO] [stderr]   |
[INFO] [stderr] 5 | const fn test<T, const N: usize>(input: [T13<T>; N]) -> (T13<[T; N]>) {
[INFO] [stderr]   |                        - similarly named const parameter `N` defined here
[INFO] [stderr] 6 |     const_map_array!(let (a, b, c, d, e, f, g, h, i, j, k, l, m) = map(input, |x| (x, x, x, x, x, x, x, x, x, x, x, x, x)));
[INFO] [stderr] 7 |     (a, b, c, d, e, f, g, h, i, j, k, l, m)
[INFO] [stderr]   |      ^ help: a const parameter with a similar name exists: `N`
[INFO] [stderr] 
[INFO] [stderr] error[E0425]: cannot find value `b` in this scope
[INFO] [stderr]  --> compile_fail_tests/too_many_outputs.rs:7:9
[INFO] [stderr]   |
[INFO] [stderr] 5 | const fn test<T, const N: usize>(input: [T13<T>; N]) -> (T13<[T; N]>) {
[INFO] [stderr]   |                        - similarly named const parameter `N` defined here
[INFO] [stderr] 6 |     const_map_array!(let (a, b, c, d, e, f, g, h, i, j, k, l, m) = map(input, |x| (x, x, x, x, x, x, x, x, x, x, x, x, x)));
[INFO] [stderr] 7 |     (a, b, c, d, e, f, g, h, i, j, k, l, m)
[INFO] [stderr]   |         ^ help: a const parameter with a similar name exists: `N`
[INFO] [stderr] 
[INFO] [stderr] error[E0425]: cannot find value `c` in this scope
[INFO] [stderr]  --> compile_fail_tests/too_many_outputs.rs:7:12
[INFO] [stderr]   |
[INFO] [stderr] 5 | const fn test<T, const N: usize>(input: [T13<T>; N]) -> (T13<[T; N]>) {
[INFO] [stderr]   |                        - similarly named const parameter `N` defined here
[INFO] [stderr] 6 |     const_map_array!(let (a, b, c, d, e, f, g, h, i, j, k, l, m) = map(input, |x| (x, x, x, x, x, x, x, x, x, x, x, x, x)));
[INFO] [stderr] 7 |     (a, b, c, d, e, f, g, h, i, j, k, l, m)
[INFO] [stderr]   |            ^ help: a const parameter with a similar name exists: `N`
[INFO] [stderr] 
[INFO] [stderr] error[E0425]: cannot find value `d` in this scope
[INFO] [stderr]  --> compile_fail_tests/too_many_outputs.rs:7:15
[INFO] [stderr]   |
[INFO] [stderr] 5 | const fn test<T, const N: usize>(input: [T13<T>; N]) -> (T13<[T; N]>) {
[INFO] [stderr]   |                        - similarly named const parameter `N` defined here
[INFO] [stderr] 6 |     const_map_array!(let (a, b, c, d, e, f, g, h, i, j, k, l, m) = map(input, |x| (x, x, x, x, x, x, x, x, x, x, x, x, x)));
[INFO] [stderr] 7 |     (a, b, c, d, e, f, g, h, i, j, k, l, m)
[INFO] [stderr]   |               ^ help: a const parameter with a similar name exists: `N`
[INFO] [stderr] 
[INFO] [stderr] error[E0425]: cannot find value `e` in this scope
[INFO] [stderr]  --> compile_fail_tests/too_many_outputs.rs:7:18
[INFO] [stderr]   |
[INFO] [stderr] 5 | const fn test<T, const N: usize>(input: [T13<T>; N]) -> (T13<[T; N]>) {
[INFO] [stderr]   |                        - similarly named const parameter `N` defined here
[INFO] [stderr] 6 |     const_map_array!(let (a, b, c, d, e, f, g, h, i, j, k, l, m) = map(input, |x| (x, x, x, x, x, x, x, x, x, x, x, x, x)));
[INFO] [stderr] 7 |     (a, b, c, d, e, f, g, h, i, j, k, l, m)
[INFO] [stderr]   |                  ^ help: a const parameter with a similar name exists: `N`
[INFO] [stderr] 
[INFO] [stderr] error[E0425]: cannot find value `f` in this scope
[INFO] [stderr]  --> compile_fail_tests/too_many_outputs.rs:7:21
[INFO] [stderr]   |
[INFO] [stderr] 5 | const fn test<T, const N: usize>(input: [T13<T>; N]) -> (T13<[T; N]>) {
[INFO] [stderr]   |                        - similarly named const parameter `N` defined here
[INFO] [stderr] 6 |     const_map_array!(let (a, b, c, d, e, f, g, h, i, j, k, l, m) = map(input, |x| (x, x, x, x, x, x, x, x, x, x, x, x, x)));
[INFO] [stderr] 7 |     (a, b, c, d, e, f, g, h, i, j, k, l, m)
[INFO] [stderr]   |                     ^ help: a const parameter with a similar name exists: `N`
[INFO] [stderr] 
[INFO] [stderr] error[E0425]: cannot find value `g` in this scope
[INFO] [stderr]  --> compile_fail_tests/too_many_outputs.rs:7:24
[INFO] [stderr]   |
[INFO] [stderr] 5 | const fn test<T, const N: usize>(input: [T13<T>; N]) -> (T13<[T; N]>) {
[INFO] [stderr]   |                        - similarly named const parameter `N` defined here
[INFO] [stderr] 6 |     const_map_array!(let (a, b, c, d, e, f, g, h, i, j, k, l, m) = map(input, |x| (x, x, x, x, x, x, x, x, x, x, x, x, x)));
[INFO] [stderr] 7 |     (a, b, c, d, e, f, g, h, i, j, k, l, m)
[INFO] [stderr]   |                        ^ help: a const parameter with a similar name exists: `N`
[INFO] [stderr] 
[INFO] [stderr] error[E0425]: cannot find value `h` in this scope
[INFO] [stderr]  --> compile_fail_tests/too_many_outputs.rs:7:27
[INFO] [stderr]   |
[INFO] [stderr] 5 | const fn test<T, const N: usize>(input: [T13<T>; N]) -> (T13<[T; N]>) {
[INFO] [stderr]   |                        - similarly named const parameter `N` defined here
[INFO] [stderr] 6 |     const_map_array!(let (a, b, c, d, e, f, g, h, i, j, k, l, m) = map(input, |x| (x, x, x, x, x, x, x, x, x, x, x, x, x)));
[INFO] [stderr] 7 |     (a, b, c, d, e, f, g, h, i, j, k, l, m)
[INFO] [stderr]   |                           ^ help: a const parameter with a similar name exists: `N`
[INFO] [stderr] 
[INFO] [stderr] error[E0425]: cannot find value `i` in this scope
[INFO] [stderr]  --> compile_fail_tests/too_many_outputs.rs:7:30
[INFO] [stderr]   |
[INFO] [stderr] 5 | const fn test<T, const N: usize>(input: [T13<T>; N]) -> (T13<[T; N]>) {
[INFO] [stderr]   |                        - similarly named const parameter `N` defined here
[INFO] [stderr] 6 |     const_map_array!(let (a, b, c, d, e, f, g, h, i, j, k, l, m) = map(input, |x| (x, x, x, x, x, x, x, x, x, x, x, x, x)));
[INFO] [stderr] 7 |     (a, b, c, d, e, f, g, h, i, j, k, l, m)
[INFO] [stderr]   |                              ^ help: a const parameter with a similar name exists: `N`
[INFO] [stderr] 
[INFO] [stderr] error[E0425]: cannot find value `j` in this scope
[INFO] [stderr]  --> compile_fail_tests/too_many_outputs.rs:7:33
[INFO] [stderr]   |
[INFO] [stderr] 5 | const fn test<T, const N: usize>(input: [T13<T>; N]) -> (T13<[T; N]>) {
[INFO] [stderr]   |                        - similarly named const parameter `N` defined here
[INFO] [stderr] 6 |     const_map_array!(let (a, b, c, d, e, f, g, h, i, j, k, l, m) = map(input, |x| (x, x, x, x, x, x, x, x, x, x, x, x, x)));
[INFO] [stderr] 7 |     (a, b, c, d, e, f, g, h, i, j, k, l, m)
[INFO] [stderr]   |                                 ^ help: a const parameter with a similar name exists: `N`
[INFO] [stderr] 
[INFO] [stderr] error[E0425]: cannot find value `k` in this scope
[INFO] [stderr]  --> compile_fail_tests/too_many_outputs.rs:7:36
[INFO] [stderr]   |
[INFO] [stderr] 5 | const fn test<T, const N: usize>(input: [T13<T>; N]) -> (T13<[T; N]>) {
[INFO] [stderr]   |                        - similarly named const parameter `N` defined here
[INFO] [stderr] 6 |     const_map_array!(let (a, b, c, d, e, f, g, h, i, j, k, l, m) = map(input, |x| (x, x, x, x, x, x, x, x, x, x, x, x, x)));
[INFO] [stderr] 7 |     (a, b, c, d, e, f, g, h, i, j, k, l, m)
[INFO] [stderr]   |                                    ^ help: a const parameter with a similar name exists: `N`
[INFO] [stderr] 
[INFO] [stderr] error[E0425]: cannot find value `l` in this scope
[INFO] [stderr]  --> compile_fail_tests/too_many_outputs.rs:7:39
[INFO] [stderr]   |
[INFO] [stderr] 5 | const fn test<T, const N: usize>(input: [T13<T>; N]) -> (T13<[T; N]>) {
[INFO] [stderr]   |                        - similarly named const parameter `N` defined here
[INFO] [stderr] 6 |     const_map_array!(let (a, b, c, d, e, f, g, h, i, j, k, l, m) = map(input, |x| (x, x, x, x, x, x, x, x, x, x, x, x, x)));
[INFO] [stderr] 7 |     (a, b, c, d, e, f, g, h, i, j, k, l, m)
[INFO] [stderr]   |                                       ^ help: a const parameter with a similar name exists: `N`
[INFO] [stderr] 
[INFO] [stderr] error[E0425]: cannot find value `m` in this scope
[INFO] [stderr]  --> compile_fail_tests/too_many_outputs.rs:7:42
[INFO] [stderr]   |
[INFO] [stderr] 5 | const fn test<T, const N: usize>(input: [T13<T>; N]) -> (T13<[T; N]>) {
[INFO] [stderr]   |                        - similarly named const parameter `N` defined here
[INFO] [stderr] 6 |     const_map_array!(let (a, b, c, d, e, f, g, h, i, j, k, l, m) = map(input, |x| (x, x, x, x, x, x, x, x, x, x, x, x, x)));
[INFO] [stderr] 7 |     (a, b, c, d, e, f, g, h, i, j, k, l, m)
[INFO] [stderr]   |                                          ^ help: a const parameter with a similar name exists: `N`
[INFO] [stderr] 
[INFO] [stderr] warning: unnecessary parentheses around type
[INFO] [stderr]  --> compile_fail_tests/too_many_outputs.rs:5:57
[INFO] [stderr]   |
[INFO] [stderr] 5 | const fn test<T, const N: usize>(input: [T13<T>; N]) -> (T13<[T; N]>) {
[INFO] [stderr]   |                                                         ^           ^
[INFO] [stderr]   |
[INFO] [stderr]   = note: `#[warn(unused_parens)]` on by default
[INFO] [stderr] help: remove these parentheses
[INFO] [stderr]   |
[INFO] [stderr] 5 - const fn test<T, const N: usize>(input: [T13<T>; N]) -> (T13<[T; N]>) {
[INFO] [stderr] 5 + const fn test<T, const N: usize>(input: [T13<T>; N]) -> T13<[T; N]> {
[INFO] [stderr]   |
[INFO] [stderr] ┈┈┈┈┈┈┈┈┈┈┈┈┈┈┈┈┈┈┈┈┈┈┈┈┈┈┈┈┈┈┈┈┈┈┈┈┈┈┈┈┈┈┈┈┈┈┈┈┈┈┈┈┈┈┈┈┈┈┈┈
[INFO] [stderr] 
[INFO] [stderr] ACTUAL OUTPUT:
[INFO] [stderr] ┈┈┈┈┈┈┈┈┈┈┈┈┈┈┈┈┈┈┈┈┈┈┈┈┈┈┈┈┈┈┈┈┈┈┈┈┈┈┈┈┈┈┈┈┈┈┈┈┈┈┈┈┈┈┈┈┈┈┈┈
[INFO] [stderr] error: const_map_array only supports up to 12 outputs
[INFO] [stderr]  --> compile_fail_tests/too_many_outputs.rs:6:5
[INFO] [stderr]   |
[INFO] [stderr] 6 |     const_map_array!(let (a, b, c, d, e, f, g, h, i, j, k, l, m) = map(input, |x| (x, x, x, x, x, x, x, x, x, x, x, x, x)));
[INFO] [stderr]   |     ^^^^^^^^^^^^^^^^^^^^^^^^^^^^^^^^^^^^^^^^^^^^^^^^^^^^^^^^^^^^^^^^^^^^^^^^^^^^^^^^^^^^^^^^^^^^^^^^^^^^^^^^^^^^^^^^^^^^^^^
[INFO] [stderr]   |
[INFO] [stderr]   = note: this error originates in the macro `$crate::const_map_array` which comes from the expansion of the macro `const_map_array` (in Nightly builds, run with -Z macro-backtrace for more info)
[INFO] [stderr] 
[INFO] [stderr] error[E0425]: cannot find value `a` in this scope
[INFO] [stderr]  --> compile_fail_tests/too_many_outputs.rs:7:6
[INFO] [stderr]   |
[INFO] [stderr] 7 |     (a, b, c, d, e, f, g, h, i, j, k, l, m)
[INFO] [stderr]   |      ^ not found in this scope
[INFO] [stderr]   |
[INFO] [stderr] note: similarly named const parameter `N` defined here
[INFO] [stderr]  --> compile_fail_tests/too_many_outputs.rs:5:24
[INFO] [stderr]   |
[INFO] [stderr] 5 | const fn test<T, const N: usize>(input: [T13<T>; N]) -> (T13<[T; N]>) {
[INFO] [stderr]   |                        ^
[INFO] [stderr] help: a const parameter with a similar name exists
[INFO] [stderr]   |
[INFO] [stderr] 7 -     (a, b, c, d, e, f, g, h, i, j, k, l, m)
[INFO] [stderr] 7 +     (N, b, c, d, e, f, g, h, i, j, k, l, m)
[INFO] [stderr]   |
[INFO] [stderr] 
[INFO] [stderr] error[E0425]: cannot find value `b` in this scope
[INFO] [stderr]  --> compile_fail_tests/too_many_outputs.rs:7:9
[INFO] [stderr]   |
[INFO] [stderr] 7 |     (a, b, c, d, e, f, g, h, i, j, k, l, m)
[INFO] [stderr]   |         ^ not found in this scope
[INFO] [stderr]   |
[INFO] [stderr] note: similarly named const parameter `N` defined here
[INFO] [stderr]  --> compile_fail_tests/too_many_outputs.rs:5:24
[INFO] [stderr]   |
[INFO] [stderr] 5 | const fn test<T, const N: usize>(input: [T13<T>; N]) -> (T13<[T; N]>) {
[INFO] [stderr]   |                        ^
[INFO] [stderr] help: a const parameter with a similar name exists
[INFO] [stderr]   |
[INFO] [stderr] 7 -     (a, b, c, d, e, f, g, h, i, j, k, l, m)
[INFO] [stderr] 7 +     (a, N, c, d, e, f, g, h, i, j, k, l, m)
[INFO] [stderr]   |
[INFO] [stderr] 
[INFO] [stderr] error[E0425]: cannot find value `c` in this scope
[INFO] [stderr]  --> compile_fail_tests/too_many_outputs.rs:7:12
[INFO] [stderr]   |
[INFO] [stderr] 7 |     (a, b, c, d, e, f, g, h, i, j, k, l, m)
[INFO] [stderr]   |            ^ not found in this scope
[INFO] [stderr]   |
[INFO] [stderr] note: similarly named const parameter `N` defined here
[INFO] [stderr]  --> compile_fail_tests/too_many_outputs.rs:5:24
[INFO] [stderr]   |
[INFO] [stderr] 5 | const fn test<T, const N: usize>(input: [T13<T>; N]) -> (T13<[T; N]>) {
[INFO] [stderr]   |                        ^
[INFO] [stderr] help: a const parameter with a similar name exists
[INFO] [stderr]   |
[INFO] [stderr] 7 -     (a, b, c, d, e, f, g, h, i, j, k, l, m)
[INFO] [stderr] 7 +     (a, b, N, d, e, f, g, h, i, j, k, l, m)
[INFO] [stderr]   |
[INFO] [stderr] 
[INFO] [stderr] error[E0425]: cannot find value `d` in this scope
[INFO] [stderr]  --> compile_fail_tests/too_many_outputs.rs:7:15
[INFO] [stderr]   |
[INFO] [stderr] 7 |     (a, b, c, d, e, f, g, h, i, j, k, l, m)
[INFO] [stderr]   |               ^ not found in this scope
[INFO] [stderr]   |
[INFO] [stderr] note: similarly named const parameter `N` defined here
[INFO] [stderr]  --> compile_fail_tests/too_many_outputs.rs:5:24
[INFO] [stderr]   |
[INFO] [stderr] 5 | const fn test<T, const N: usize>(input: [T13<T>; N]) -> (T13<[T; N]>) {
[INFO] [stderr]   |                        ^
[INFO] [stderr] help: a const parameter with a similar name exists
[INFO] [stderr]   |
[INFO] [stderr] 7 -     (a, b, c, d, e, f, g, h, i, j, k, l, m)
[INFO] [stderr] 7 +     (a, b, c, N, e, f, g, h, i, j, k, l, m)
[INFO] [stderr]   |
[INFO] [stderr] 
[INFO] [stderr] error[E0425]: cannot find value `e` in this scope
[INFO] [stderr]  --> compile_fail_tests/too_many_outputs.rs:7:18
[INFO] [stderr]   |
[INFO] [stderr] 7 |     (a, b, c, d, e, f, g, h, i, j, k, l, m)
[INFO] [stderr]   |                  ^ not found in this scope
[INFO] [stderr]   |
[INFO] [stderr] note: similarly named const parameter `N` defined here
[INFO] [stderr]  --> compile_fail_tests/too_many_outputs.rs:5:24
[INFO] [stderr]   |
[INFO] [stderr] 5 | const fn test<T, const N: usize>(input: [T13<T>; N]) -> (T13<[T; N]>) {
[INFO] [stderr]   |                        ^
[INFO] [stderr] help: a const parameter with a similar name exists
[INFO] [stderr]   |
[INFO] [stderr] 7 -     (a, b, c, d, e, f, g, h, i, j, k, l, m)
[INFO] [stderr] 7 +     (a, b, c, d, N, f, g, h, i, j, k, l, m)
[INFO] [stderr]   |
[INFO] [stderr] 
[INFO] [stderr] error[E0425]: cannot find value `f` in this scope
[INFO] [stderr]  --> compile_fail_tests/too_many_outputs.rs:7:21
[INFO] [stderr]   |
[INFO] [stderr] 7 |     (a, b, c, d, e, f, g, h, i, j, k, l, m)
[INFO] [stderr]   |                     ^ not found in this scope
[INFO] [stderr]   |
[INFO] [stderr] note: similarly named const parameter `N` defined here
[INFO] [stderr]  --> compile_fail_tests/too_many_outputs.rs:5:24
[INFO] [stderr]   |
[INFO] [stderr] 5 | const fn test<T, const N: usize>(input: [T13<T>; N]) -> (T13<[T; N]>) {
[INFO] [stderr]   |                        ^
[INFO] [stderr] help: a const parameter with a similar name exists
[INFO] [stderr]   |
[INFO] [stderr] 7 -     (a, b, c, d, e, f, g, h, i, j, k, l, m)
[INFO] [stderr] 7 +     (a, b, c, d, e, N, g, h, i, j, k, l, m)
[INFO] [stderr]   |
[INFO] [stderr] 
[INFO] [stderr] error[E0425]: cannot find value `g` in this scope
[INFO] [stderr]  --> compile_fail_tests/too_many_outputs.rs:7:24
[INFO] [stderr]   |
[INFO] [stderr] 7 |     (a, b, c, d, e, f, g, h, i, j, k, l, m)
[INFO] [stderr]   |                        ^ not found in this scope
[INFO] [stderr]   |
[INFO] [stderr] note: similarly named const parameter `N` defined here
[INFO] [stderr]  --> compile_fail_tests/too_many_outputs.rs:5:24
[INFO] [stderr]   |
[INFO] [stderr] 5 | const fn test<T, const N: usize>(input: [T13<T>; N]) -> (T13<[T; N]>) {
[INFO] [stderr]   |                        ^
[INFO] [stderr] help: a const parameter with a similar name exists
[INFO] [stderr]   |
[INFO] [stderr] 7 -     (a, b, c, d, e, f, g, h, i, j, k, l, m)
[INFO] [stderr] 7 +     (a, b, c, d, e, f, N, h, i, j, k, l, m)
[INFO] [stderr]   |
[INFO] [stderr] 
[INFO] [stderr] error[E0425]: cannot find value `h` in this scope
[INFO] [stderr]  --> compile_fail_tests/too_many_outputs.rs:7:27
[INFO] [stderr]   |
[INFO] [stderr] 7 |     (a, b, c, d, e, f, g, h, i, j, k, l, m)
[INFO] [stderr]   |                           ^ not found in this scope
[INFO] [stderr]   |
[INFO] [stderr] note: similarly named const parameter `N` defined here
[INFO] [stderr]  --> compile_fail_tests/too_many_outputs.rs:5:24
[INFO] [stderr]   |
[INFO] [stderr] 5 | const fn test<T, const N: usize>(input: [T13<T>; N]) -> (T13<[T; N]>) {
[INFO] [stderr]   |                        ^
[INFO] [stderr] help: a const parameter with a similar name exists
[INFO] [stderr]   |
[INFO] [stderr] 7 -     (a, b, c, d, e, f, g, h, i, j, k, l, m)
[INFO] [stderr] 7 +     (a, b, c, d, e, f, g, N, i, j, k, l, m)
[INFO] [stderr]   |
[INFO] [stderr] 
[INFO] [stderr] error[E0425]: cannot find value `i` in this scope
[INFO] [stderr]  --> compile_fail_tests/too_many_outputs.rs:7:30
[INFO] [stderr]   |
[INFO] [stderr] 7 |     (a, b, c, d, e, f, g, h, i, j, k, l, m)
[INFO] [stderr]   |                              ^ not found in this scope
[INFO] [stderr]   |
[INFO] [stderr] note: similarly named const parameter `N` defined here
[INFO] [stderr]  --> compile_fail_tests/too_many_outputs.rs:5:24
[INFO] [stderr]   |
[INFO] [stderr] 5 | const fn test<T, const N: usize>(input: [T13<T>; N]) -> (T13<[T; N]>) {
[INFO] [stderr]   |                        ^
[INFO] [stderr] help: a const parameter with a similar name exists
[INFO] [stderr]   |
[INFO] [stderr] 7 -     (a, b, c, d, e, f, g, h, i, j, k, l, m)
[INFO] [stderr] 7 +     (a, b, c, d, e, f, g, h, N, j, k, l, m)
[INFO] [stderr]   |
[INFO] [stderr] 
[INFO] [stderr] error[E0425]: cannot find value `j` in this scope
[INFO] [stderr]  --> compile_fail_tests/too_many_outputs.rs:7:33
[INFO] [stderr]   |
[INFO] [stderr] 7 |     (a, b, c, d, e, f, g, h, i, j, k, l, m)
[INFO] [stderr]   |                                 ^ not found in this scope
[INFO] [stderr]   |
[INFO] [stderr] note: similarly named const parameter `N` defined here
[INFO] [stderr]  --> compile_fail_tests/too_many_outputs.rs:5:24
[INFO] [stderr]   |
[INFO] [stderr] 5 | const fn test<T, const N: usize>(input: [T13<T>; N]) -> (T13<[T; N]>) {
[INFO] [stderr]   |                        ^
[INFO] [stderr] help: a const parameter with a similar name exists
[INFO] [stderr]   |
[INFO] [stderr] 7 -     (a, b, c, d, e, f, g, h, i, j, k, l, m)
[INFO] [stderr] 7 +     (a, b, c, d, e, f, g, h, i, N, k, l, m)
[INFO] [stderr]   |
[INFO] [stderr] 
[INFO] [stderr] error[E0425]: cannot find value `k` in this scope
[INFO] [stderr]  --> compile_fail_tests/too_many_outputs.rs:7:36
[INFO] [stderr]   |
[INFO] [stderr] 7 |     (a, b, c, d, e, f, g, h, i, j, k, l, m)
[INFO] [stderr]   |                                    ^ not found in this scope
[INFO] [stderr]   |
[INFO] [stderr] note: similarly named const parameter `N` defined here
[INFO] [stderr]  --> compile_fail_tests/too_many_outputs.rs:5:24
[INFO] [stderr]   |
[INFO] [stderr] 5 | const fn test<T, const N: usize>(input: [T13<T>; N]) -> (T13<[T; N]>) {
[INFO] [stderr]   |                        ^
[INFO] [stderr] help: a const parameter with a similar name exists
[INFO] [stderr]   |
[INFO] [stderr] 7 -     (a, b, c, d, e, f, g, h, i, j, k, l, m)
[INFO] [stderr] 7 +     (a, b, c, d, e, f, g, h, i, j, N, l, m)
[INFO] [stderr]   |
[INFO] [stderr] 
[INFO] [stderr] error[E0425]: cannot find value `l` in this scope
[INFO] [stderr]  --> compile_fail_tests/too_many_outputs.rs:7:39
[INFO] [stderr]   |
[INFO] [stderr] 7 |     (a, b, c, d, e, f, g, h, i, j, k, l, m)
[INFO] [stderr]   |                                       ^ not found in this scope
[INFO] [stderr]   |
[INFO] [stderr] note: similarly named const parameter `N` defined here
[INFO] [stderr]  --> compile_fail_tests/too_many_outputs.rs:5:24
[INFO] [stderr]   |
[INFO] [stderr] 5 | const fn test<T, const N: usize>(input: [T13<T>; N]) -> (T13<[T; N]>) {
[INFO] [stderr]   |                        ^
[INFO] [stderr] help: a const parameter with a similar name exists
[INFO] [stderr]   |
[INFO] [stderr] 7 -     (a, b, c, d, e, f, g, h, i, j, k, l, m)
[INFO] [stderr] 7 +     (a, b, c, d, e, f, g, h, i, j, k, N, m)
[INFO] [stderr]   |
[INFO] [stderr] 
[INFO] [stderr] error[E0425]: cannot find value `m` in this scope
[INFO] [stderr]  --> compile_fail_tests/too_many_outputs.rs:7:42
[INFO] [stderr]   |
[INFO] [stderr] 7 |     (a, b, c, d, e, f, g, h, i, j, k, l, m)
[INFO] [stderr]   |                                          ^ not found in this scope
[INFO] [stderr]   |
[INFO] [stderr] note: similarly named const parameter `N` defined here
[INFO] [stderr]  --> compile_fail_tests/too_many_outputs.rs:5:24
[INFO] [stderr]   |
[INFO] [stderr] 5 | const fn test<T, const N: usize>(input: [T13<T>; N]) -> (T13<[T; N]>) {
[INFO] [stderr]   |                        ^
[INFO] [stderr] help: a const parameter with a similar name exists
[INFO] [stderr]   |
[INFO] [stderr] 7 -     (a, b, c, d, e, f, g, h, i, j, k, l, m)
[INFO] [stderr] 7 +     (a, b, c, d, e, f, g, h, i, j, k, l, N)
[INFO] [stderr]   |
[INFO] [stderr] 
[INFO] [stderr] warning: unnecessary parentheses around type
[INFO] [stderr]  --> compile_fail_tests/too_many_outputs.rs:5:57
[INFO] [stderr]   |
[INFO] [stderr] 5 | const fn test<T, const N: usize>(input: [T13<T>; N]) -> (T13<[T; N]>) {
[INFO] [stderr]   |                                                         ^           ^
[INFO] [stderr]   |
[INFO] [stderr]   = note: `#[warn(unused_parens)]` (part of `#[warn(unused)]`) on by default
[INFO] [stderr] help: remove these parentheses
[INFO] [stderr]   |
[INFO] [stderr] 5 - const fn test<T, const N: usize>(input: [T13<T>; N]) -> (T13<[T; N]>) {
[INFO] [stderr] 5 + const fn test<T, const N: usize>(input: [T13<T>; N]) -> T13<[T; N]> {
[INFO] [stderr]   |
[INFO] [stderr] ┈┈┈┈┈┈┈┈┈┈┈┈┈┈┈┈┈┈┈┈┈┈┈┈┈┈┈┈┈┈┈┈┈┈┈┈┈┈┈┈┈┈┈┈┈┈┈┈┈┈┈┈┈┈┈┈┈┈┈┈
[INFO] [stderr] note: If the actual output is the correct output you can bless it by rerunning
[INFO] [stderr]       your test with the environment variable TRYBUILD=overwrite
[INFO] [stderr] 
[INFO] [stderr] 
[INFO] [stderr] 
[INFO] [stdout] test compilation_failure_tests ... FAILED
[INFO] [stdout] 
[INFO] [stdout] failures:
[INFO] [stdout] 
[INFO] [stdout] ---- compilation_failure_tests stdout ----
[INFO] [stdout] 
[INFO] [stdout] thread 'compilation_failure_tests' (608) panicked at /opt/rustwide/cargo-home/registry/src/index.crates.io-1949cf8c6b5b557f/trybuild-1.0.111/src/run.rs:102:13:
[INFO] [stdout] 3 of 5 tests failed
[INFO] [stdout] stack backtrace:
[INFO] [stdout]    0:     0x60f46ca8de61 - <<std[617be2ca0a6fd877]::sys::backtrace::BacktraceLock>::print::DisplayBacktrace as core[a373ad73a504971]::fmt::Display>::fmt
[INFO] [stdout]    1:     0x60f46caa414a - core[a373ad73a504971]::fmt::write
[INFO] [stdout]    2:     0x60f46ca926ac - <alloc[2e1b2a31b91974c5]::vec::Vec<u8> as core[a373ad73a504971]::io::write::Write>::write_fmt
[INFO] [stdout]    3:     0x60f46ca672c6 - std[617be2ca0a6fd877]::panicking::default_hook::{closure#0}
[INFO] [stdout]    4:     0x60f46ca85409 - std[617be2ca0a6fd877]::panicking::default_hook
[INFO] [stdout]    5:     0x60f46ca1ea10 - test[aada8e7e76ba119b]::test_main_inner::{closure#0}
[INFO] [stdout]    6:     0x60f46ca855c2 - std[617be2ca0a6fd877]::panicking::panic_with_hook
[INFO] [stdout]    7:     0x60f46ca67372 - std[617be2ca0a6fd877]::panicking::panic_handler::{closure#0}
[INFO] [stdout]    8:     0x60f46ca5fbc9 - std[617be2ca0a6fd877]::sys::backtrace::__rust_end_short_backtrace::<std[617be2ca0a6fd877]::panicking::panic_handler::{closure#0}, !>
[INFO] [stdout]    9:     0x60f46ca67f7d - __rustc[ea4f61d10b84890b]::rust_begin_unwind
[INFO] [stdout]   10:     0x60f46caa48bc - core[a373ad73a504971]::panicking::panic_fmt
[INFO] [stdout]   11:     0x60f46c96e74b - <trybuild[4d3f38c5e676b828]::Runner>::run
[INFO] [stdout]   12:     0x60f46c971810 - <trybuild[4d3f38c5e676b828]::TestCases as core[a373ad73a504971]::ops::drop::Drop>::drop
[INFO] [stdout]   13:     0x60f46c968a28 - compile_fail_tests[c5f9176ec7ca5546]::compilation_failure_tests
[INFO] [stdout]   14:     0x60f46c968c29 - <compile_fail_tests[c5f9176ec7ca5546]::compilation_failure_tests::{closure#0} as core[a373ad73a504971]::ops::function::FnOnce<()>>::call_once
[INFO] [stdout]   15:     0x60f46ca11e5b - test[aada8e7e76ba119b]::__rust_begin_short_backtrace::<core[a373ad73a504971]::result::Result<(), alloc[2e1b2a31b91974c5]::string::String>, fn() -> core[a373ad73a504971]::result::Result<(), alloc[2e1b2a31b91974c5]::string::String>>
[INFO] [stdout]   16:     0x60f46ca1f035 - test[aada8e7e76ba119b]::run_test::{closure#0}
[INFO] [stdout]   17:     0x60f46ca18924 - std[617be2ca0a6fd877]::sys::backtrace::__rust_begin_short_backtrace::<test[aada8e7e76ba119b]::run_test::{closure#1}, ()>
[INFO] [stdout]   18:     0x60f46ca220c2 - <std[617be2ca0a6fd877]::thread::lifecycle::spawn_unchecked<test[aada8e7e76ba119b]::run_test::{closure#1}, ()>::{closure#1} as core[a373ad73a504971]::ops::function::FnOnce<()>>::call_once::{shim:vtable#0}
[INFO] [stdout]   19:     0x60f46ca8d0bf - <std[617be2ca0a6fd877]::sys::thread::unix::Thread>::new::thread_start
[INFO] [stdout]   20:     0x79230f8acdfa - <unknown>
[INFO] [stdout]   21:     0x79230f9403d4 - clone
[INFO] [stdout]   22:                0x0 - <unknown>
[INFO] [stdout] 
[INFO] [stdout] 
[INFO] [stdout] failures:
[INFO] [stdout]     compilation_failure_tests
[INFO] [stdout] 
[INFO] [stdout] test result: FAILED. 0 passed; 1 failed; 0 ignored; 0 measured; 0 filtered out; finished in 0.60s
[INFO] [stdout] 
[INFO] [stderr] error: test failed, to rerun pass `--test compile_fail_tests`
[INFO] running `Command { std: "docker" "inspect" "830191f0adfa621f2285f667798a6fc7d0039f2aff8dccaaa7bb6885ff018eca", kill_on_drop: false }`
[INFO] running `Command { std: "docker" "rm" "-f" "830191f0adfa621f2285f667798a6fc7d0039f2aff8dccaaa7bb6885ff018eca", kill_on_drop: false }`
[INFO] [stdout] 830191f0adfa621f2285f667798a6fc7d0039f2aff8dccaaa7bb6885ff018eca
