[INFO] fetching crate consortium-cli 0.3.1...
[INFO] testing consortium-cli-0.3.1 against 1.99.0-beta.8+cargoflags=--release for beta-release-1.100-2
[INFO] extracting crate consortium-cli 0.3.1 into /workspace/builds/worker-3-tc1/source
[INFO] started tweaking crates.io crate consortium-cli 0.3.1
[INFO] removed 0 missing examples
[INFO] removed 0 missing tests
[INFO] finished tweaking crates.io crate consortium-cli 0.3.1
[INFO] tweaked toml for crates.io crate consortium-cli 0.3.1 written to /workspace/builds/worker-3-tc1/source/Cargo.toml
[INFO] validating manifest of crates.io crate consortium-cli 0.3.1 on toolchain 1.99.0-beta.8
[INFO] running `Command { std: CARGO_HOME="/workspace/cargo-home" RUSTUP_HOME="/workspace/rustup-home" "/workspace/cargo-home/bin/cargo" "+1.99.0-beta.8" "metadata" "--manifest-path" "Cargo.toml" "--no-deps", kill_on_drop: false }`
[INFO] crate crates.io crate consortium-cli 0.3.1 already has a lockfile, it will not be regenerated
[INFO] running `Command { std: CARGO_HOME="/workspace/cargo-home" RUSTUP_HOME="/workspace/rustup-home" "/workspace/cargo-home/bin/cargo" "+1.99.0-beta.8" "fetch" "--manifest-path" "Cargo.toml", kill_on_drop: false }`
[INFO] [stderr]     Updating crates.io index
[INFO] [stderr]  Downloading crates ...
[INFO] [stderr]   Downloaded consortium-slurm v0.3.1
[INFO] [stderr]   Downloaded consortium-skypilot v0.3.1
[INFO] [stderr]   Downloaded consortium-ray v0.3.1
[INFO] [stderr]   Downloaded consortium-ansible v0.3.1
[INFO] [stderr]   Downloaded consortium-integration v0.3.1
[INFO] [stderr]   Downloaded consortium-fanout-sim v0.3.1
[INFO] [stderr]   Downloaded consortium-crate v0.3.1
[INFO] [stderr]   Downloaded consortium-nix v0.3.1
[INFO] running `Command { std: "docker" "create" "-v" "/var/lib/crater-agent-workspace/builds/worker-3-tc1/source:/opt/rustwide/workdir:ro,Z" "-v" "/var/lib/crater-agent-workspace/builds/worker-3-tc1/target:/opt/rustwide/target:rw,Z" "-v" "/var/lib/crater-agent-workspace/cargo-home:/opt/rustwide/cargo-home:ro,Z" "-v" "/var/lib/crater-agent-workspace/rustup-home:/opt/rustwide/rustup-home:ro,Z" "-m" "1610612736" "--network" "none" "ghcr.io/rust-lang/crates-build-env/linux@sha256:77db811e55d90add9212f6832c23229e3de5f1c1f9905e8cb07319ea15df73ac" "sleep" "infinity", kill_on_drop: false }`
[INFO] [stdout] 892057c48299f1f72ecb10ebc37381faf6cd24fe801c210fc32627262c675aa7
[INFO] running `Command { std: "docker" "start" "892057c48299f1f72ecb10ebc37381faf6cd24fe801c210fc32627262c675aa7", kill_on_drop: false }`
[INFO] running `Command { std: "docker" "inspect" "892057c48299f1f72ecb10ebc37381faf6cd24fe801c210fc32627262c675aa7", kill_on_drop: false }`
[INFO] running `Command { std: "docker" "exec" "-e" "SOURCE_DIR=/opt/rustwide/workdir" "-e" "CARGO_HOME=/opt/rustwide/cargo-home" "-e" "RUSTUP_HOME=/opt/rustwide/rustup-home" "-e" "CARGO_TARGET_DIR=/opt/rustwide/target" "-w" "/opt/rustwide/workdir" "--user" "0:0" "892057c48299f1f72ecb10ebc37381faf6cd24fe801c210fc32627262c675aa7" "/opt/rustwide/cargo-home/bin/cargo" "+1.99.0-beta.8" "metadata" "--no-deps" "--format-version=1", kill_on_drop: false }`
[INFO] running `Command { std: "docker" "inspect" "892057c48299f1f72ecb10ebc37381faf6cd24fe801c210fc32627262c675aa7", kill_on_drop: false }`
[INFO] running `Command { std: "docker" "exec" "-e" "SOURCE_DIR=/opt/rustwide/workdir" "-e" "CARGO_HOME=/opt/rustwide/cargo-home" "-e" "RUSTUP_HOME=/opt/rustwide/rustup-home" "-e" "CARGO_TARGET_DIR=/opt/rustwide/target" "-e" "CARGO_INCREMENTAL=0" "-e" "RUST_BACKTRACE=full" "-e" "RUSTFLAGS=--cap-lints=warn" "-e" "RUSTDOCFLAGS=--cap-lints=warn" "-w" "/opt/rustwide/workdir" "--user" "0:0" "892057c48299f1f72ecb10ebc37381faf6cd24fe801c210fc32627262c675aa7" "/opt/rustwide/cargo-home/bin/cargo" "+1.99.0-beta.8" "build" "--frozen" "--message-format=json" "--release", kill_on_drop: false }`
[INFO] [stderr]    Compiling serde v1.0.228
[INFO] [stderr]    Compiling configparser v3.1.0
[INFO] [stderr]    Compiling libc v0.2.184
[INFO] [stderr]    Compiling slotmap v1.1.1
[INFO] [stderr]    Compiling indexmap v2.14.0
[INFO] [stderr]    Compiling toml_write v0.1.2
[INFO] [stderr]    Compiling serde_json v1.0.149
[INFO] [stderr]    Compiling anstyle-parse v1.0.0
[INFO] [stderr]    Compiling colorchoice v1.0.5
[INFO] [stderr]    Compiling anstyle v1.0.14
[INFO] [stderr]    Compiling syn v2.0.117
[INFO] [stderr]    Compiling ppv-lite86 v0.2.21
[INFO] [stderr]    Compiling clap_lex v1.1.0
[INFO] [stderr]    Compiling winnow v0.7.15
[INFO] [stderr]    Compiling anstream v1.0.0
[INFO] [stderr]    Compiling toml_datetime v0.6.11
[INFO] [stderr]    Compiling serde_spanned v0.6.9
[INFO] [stderr]    Compiling dirs-sys-next v0.1.2
[INFO] [stderr]    Compiling hostname v0.4.2
[INFO] [stderr]    Compiling getrandom v0.2.17
[INFO] [stderr]    Compiling console v0.15.11
[INFO] [stderr]    Compiling is-terminal v0.4.17
[INFO] [stderr]    Compiling clap_builder v4.6.0
[INFO] [stderr]    Compiling rand_core v0.6.4
[INFO] [stderr]    Compiling toml_edit v0.22.27
[INFO] [stderr]    Compiling dirs-next v2.0.0
[INFO] [stderr]    Compiling rand_chacha v0.3.1
[INFO] [stderr]    Compiling rand v0.8.6
[INFO] [stderr]    Compiling indicatif v0.17.11
[INFO] [stderr]    Compiling serde_derive v1.0.228
[INFO] [stderr]    Compiling thiserror-impl v2.0.18
[INFO] [stderr]    Compiling clap_derive v4.6.0
[INFO] [stderr]    Compiling toml v0.8.23
[INFO] [stderr]    Compiling thiserror v2.0.18
[INFO] [stderr]    Compiling consortium-crate v0.3.1
[INFO] [stderr]    Compiling consortium-cli v0.3.1 (/opt/rustwide/workdir)
[INFO] [stderr]    Compiling clap v4.6.0
[INFO] [stderr]    Compiling consortium-integration v0.3.1
[INFO] [stderr]    Compiling serde_yaml v0.9.34+deprecated
[INFO] [stderr]    Compiling consortium-nix v0.3.1
[INFO] [stderr]    Compiling consortium-skypilot v0.3.1
[INFO] [stderr]    Compiling consortium-ray v0.3.1
[INFO] [stderr]    Compiling consortium-ansible v0.3.1
[INFO] [stderr]    Compiling consortium-slurm v0.3.1
[INFO] [stderr]    Compiling consortium-fanout-sim v0.3.1
[INFO] [stderr]     Finished `release` profile [optimized] target(s) in 59.83s
[INFO] running `Command { std: "docker" "inspect" "892057c48299f1f72ecb10ebc37381faf6cd24fe801c210fc32627262c675aa7", kill_on_drop: false }`
[INFO] running `Command { std: "docker" "exec" "-e" "SOURCE_DIR=/opt/rustwide/workdir" "-e" "CARGO_HOME=/opt/rustwide/cargo-home" "-e" "RUSTUP_HOME=/opt/rustwide/rustup-home" "-e" "CARGO_TARGET_DIR=/opt/rustwide/target" "-e" "CARGO_INCREMENTAL=0" "-e" "RUST_BACKTRACE=full" "-e" "RUSTFLAGS=--cap-lints=warn" "-e" "RUSTDOCFLAGS=--cap-lints=warn" "-w" "/opt/rustwide/workdir" "--user" "0:0" "892057c48299f1f72ecb10ebc37381faf6cd24fe801c210fc32627262c675aa7" "/opt/rustwide/cargo-home/bin/cargo" "+1.99.0-beta.8" "test" "--frozen" "--no-run" "--message-format=json" "--release", kill_on_drop: false }`
[INFO] [stderr]    Compiling regex-automata v0.4.14
[INFO] [stderr]    Compiling predicates-core v1.0.10
[INFO] [stderr]    Compiling rustix v1.1.4
[INFO] [stderr]    Compiling termtree v0.5.1
[INFO] [stderr]    Compiling assert_cmd v2.2.0
[INFO] [stderr]    Compiling linux-raw-sys v0.12.1
[INFO] [stderr]    Compiling getrandom v0.4.2
[INFO] [stderr]    Compiling wait-timeout v0.2.1
[INFO] [stderr]    Compiling float-cmp v0.10.0
[INFO] [stderr]    Compiling predicates-tree v1.0.13
[INFO] [stderr]    Compiling tempfile v3.27.0
[INFO] [stderr]    Compiling regex v1.12.3
[INFO] [stderr]    Compiling bstr v1.12.1
[INFO] [stderr]    Compiling predicates v3.1.4
[INFO] [stderr]    Compiling consortium-cli v0.3.1 (/opt/rustwide/workdir)
[INFO] [stderr]     Finished `release` profile [optimized] target(s) in 33.45s
[INFO] running `Command { std: "docker" "inspect" "892057c48299f1f72ecb10ebc37381faf6cd24fe801c210fc32627262c675aa7", kill_on_drop: false }`
[INFO] running `Command { std: "docker" "exec" "-e" "SOURCE_DIR=/opt/rustwide/workdir" "-e" "CARGO_HOME=/opt/rustwide/cargo-home" "-e" "RUSTUP_HOME=/opt/rustwide/rustup-home" "-e" "CARGO_TARGET_DIR=/opt/rustwide/target" "-e" "CARGO_INCREMENTAL=0" "-e" "RUST_BACKTRACE=full" "-e" "RUSTFLAGS=--cap-lints=warn" "-e" "RUSTDOCFLAGS=--cap-lints=warn" "-w" "/opt/rustwide/workdir" "--user" "0:0" "892057c48299f1f72ecb10ebc37381faf6cd24fe801c210fc32627262c675aa7" "/opt/rustwide/cargo-home/bin/cargo" "+1.99.0-beta.8" "test" "--frozen" "--release", kill_on_drop: false }`
[INFO] [stderr]     Finished `release` profile [optimized] target(s) in 0.14s
[INFO] [stderr]      Running unittests src/lib.rs (/opt/rustwide/target/release/deps/consortium_cli-a9c9d5750176b9db)
[INFO] [stdout] 
[INFO] [stdout] running 91 tests
[INFO] [stdout] test cascade::tests::live_rejects_an_unknown_strategy ... ok
[INFO] [stdout] test cascade::tests::verify_checks_the_requested_node_count ... ok
[INFO] [stdout] test cascade::tests::verify_rejects_a_round_count_the_strategy_could_not_produce ... ok
[INFO] [stdout] test cascade::tests::verify_accepts_a_relayed_trace ... ok
[INFO] [stdout] test cascade::tests::verify_requires_a_fanout ... ok
[INFO] [stdout] test cascade::tests::tree_json_output_is_an_event_array ... ok
[INFO] [stdout] test cascade::tests::tree_names_invalid_event_json_by_line ... ok
[INFO] [stdout] test cascade::tests::tree_parses_the_contract_flags ... ok
[INFO] [stdout] test cascade::tests::verify_requires_a_started_event ... ok
[INFO] [stdout] test cascade::tests::verify_rejects_a_swarm_trace_by_the_star_rule ... ok
[INFO] [stdout] test cast::tests::implicit_fleet_json_in_cwd_beats_flake_discovery ... ok
[INFO] [stdout] test cast::tests::nix_args_flags_split_words_and_layer_platforms ... ok
[INFO] [stdout] test cascade::tests::verify_rejects_a_pull_only_trace ... ok
[INFO] [stdout] test cascade::tests::tree_renders_a_trace ... ok
[INFO] [stdout] test cascade::tests::live_preserves_the_viz_flags ... ok
[INFO] [stdout] test cast::tests::resolve_endpoints_splits_local_and_rewrites_remote_target_host ... ok
[INFO] [stdout] test event_render::tests::live_tree_renderer_truncates_tall_frames ... ok
[INFO] [stdout] test cascade::tests::verify_rejects_a_zero_fanout ... ok
[INFO] [stdout] test cast::tests::user_flag_overrides_every_node ... ok
[INFO] [stdout] test cast::tests::without_any_file_the_fleet_is_derived_from_flake_configurations ... ok
[INFO] [stdout] test cascade::tests::verify_names_a_malformed_line ... ok
[INFO] [stdout] test cascade::tests::tree_names_a_missing_file ... ok
[INFO] [stdout] test event_render::tests::accumulator_marks_failed_nodes ... ok
[INFO] [stdout] test cast::tests::resolve_targets_maps_group_entries_to_bare_node_names ... ok
[INFO] [stdout] test event_render::tests::snapshot_accumulator_builds_correct_tree_topology ... ok
[INFO] [stdout] test fold::tests::fold_1d_default ... ok
[INFO] [stdout] test fold::tests::fold_1d_axis1_folds ... ok
[INFO] [stdout] test fold::tests::fold_1d_padding_preserved ... ok
[INFO] [stdout] test fold::tests::fold_1d_axis_minus1_folds ... ok
[INFO] [stdout] test cascade::tests::tree_jsonl_passes_events_through ... ok
[INFO] [stdout] test cast::tests::resolve_targets_splits_comma_lists_into_distinct_nodes ... ok
[INFO] [stdout] test event_render::tests::event_collector_records_in_order ... ok
[INFO] [stdout] test cast::tests::explicit_config_beats_implicit_fleet_json_and_flake ... ok
[INFO] [stdout] test fold::tests::fold_mixed_templates_sorted ... ok
[INFO] [stdout] test fold::tests::fold_nd_3d_full_cartesian ... ok
[INFO] [stdout] test event_render::tests::render_events_jsonl_format_round_trips ... ok
[INFO] [stdout] test event_render::tests::render_events_tree_format_includes_status_glyphs ... ok
[INFO] [stdout] test fold::tests::fold_1d_axis2_expands ... ok
[INFO] [stdout] test fold::tests::fold_nd_axis_minus1 ... ok
[INFO] [stdout] test fold::tests::fold_nd_axis_minus2 ... ok
[INFO] [stdout] test fold::tests::fold_nd_out_of_range_axis_expands_everything ... ok
[INFO] [stdout] test fold::tests::fold_nd_padding_preserved ... ok
[INFO] [stdout] test event_render::tests::jsonl_writer_writes_one_line_per_event ... ok
[INFO] [stdout] test event_render::tests::live_tree_renderer_emits_multiple_frames_with_ansi_redraw ... ok
[INFO] [stdout] test fold::tests::parse_axis_single ... ok
[INFO] [stdout] test fold::tests::parse_axis_zero_ignored ... ok
[INFO] [stdout] test fold::tests::fold_nd_axis1 ... ok
[INFO] [stdout] test fold::tests::fold_nd_axis2 ... ok
[INFO] [stdout] test fold::tests::parse_axis_rangeset ... ok
[INFO] [stdout] test fold::tests::fold_nd_univariate_merges_along_varying_dim ... ok
[INFO] [stdout] test fold::tests::fold_nd_partial_overlap_does_not_merge ... ok
[INFO] [stdout] test grammar::tests::global_flags_rejects_missing_and_unexpected_root_longs ... ok
[INFO] [stdout] test fold::tests::fold_plain_nodes ... ok
[INFO] [stdout] test fold::tests::parse_axis_errors ... ok
[INFO] [stdout] test fold::tests::parse_axis_negative ... ok
[INFO] [stdout] test cascade::tests::verify_rejects_an_unknown_strategy ... ok
[INFO] [stdout] test fold::tests::fold_1d_single_element_no_brackets ... ok
[INFO] [stdout] test groups::tests::flat_lookup_prefers_first_dir_and_honours_source_stem ... ok
[INFO] [stdout] test groups::tests::parses_flat_group_lines_and_skips_comments ... ok
[INFO] [stdout] test groups::tests::split_top_level_keeps_bracket_commas ... ok
[INFO] [stdout] test inventory::tests::loads_basic_inventory ... ok
[INFO] [stdout] test fold::tests::fold_nd_contained_range_keeps_largest ... ok
[INFO] [stdout] test groups::tests::expand_pattern_mixes_groups_and_bracket_ranges ... ok
[INFO] [stdout] test fold::tests::fold_nd_default_folds_all_axes ... ok
[INFO] [stdout] test fold::tests::fold_nd_multivariate_keeps_larger_vector_first ... ok
[INFO] [stdout] test output::tests::color_always_forces_color ... ok
[INFO] [stdout] test grammar::tests::typed_keys_distinguish_same_arg_across_subcommands ... ok
[INFO] [stdout] test output::tests::color_auto_respects_no_color_env ... ok
[INFO] [stdout] test inventory::tests::rejects_empty_seed ... ok
[INFO] [stdout] test tree::tests::custom_status_glyph_renders ... ok
[INFO] [stdout] test output::tests::verbosity_two_is_trace ... ok
[INFO] [stdout] test output::tests::format_field_passed_through ... ok
[INFO] [stdout] test tree::tests::toml_format_wraps_under_tree_key ... ok
[INFO] [stdout] test grammar::tests::selector_rule_rejects_unknown_and_missing_selectors ... ok
[INFO] [stdout] test tree::tests::json_format_round_trips ... ok
[INFO] [stdout] test tree::tests::output_format_parses_cli_strings ... ok
[INFO] [stdout] test tree::tests::tree_failed_glyph_renders ... ok
[INFO] [stdout] test tree::tests::tree_format_uses_box_drawing_chars ... ok
[INFO] [stdout] test tree::tests::tree_status_glyphs_present ... ok
[INFO] [stdout] test tree::tests::yaml_format_round_trips ... ok
[INFO] [stdout] test inventory::tests::skips_empty_node_entries ... ok
[INFO] [stdout] test output::tests::color_never_forces_no_color ... ok
[INFO] [stdout] test output::tests::warn_prefix_no_color ... ok
[INFO] [stdout] test tree::tests::tree_max_depth_truncates_with_marker ... ok
[INFO] [stdout] test output::tests::info_prefix_no_color ... ok
[INFO] [stdout] test tree::tests::tree_metadata_renders_inline ... ok
[INFO] [stdout] test output::tests::verbosity_one_is_verbose ... ok
[INFO] [stdout] test tree::tests::tree_max_depth_zero_shows_only_root ... ok
[INFO] [stdout] test output::tests::verbosity_zero_is_default ... ok
[INFO] [stdout] test tree::tests::empty_children_render_correctly_in_all_formats ... ok
[INFO] [stdout] test output::tests::error_prefix_no_color ... ok
[INFO] [stdout] 
[INFO] [stdout] test result: ok. 91 passed; 0 failed; 0 ignored; 0 measured; 0 filtered out; finished in 0.02s
[INFO] [stdout] 
[INFO] [stderr]      Running unittests src/bin/cascade_copy.rs (/opt/rustwide/target/release/deps/cascade_copy-05d120776440ac2c)
[INFO] [stdout] 
[INFO] [stdout] running 0 tests
[INFO] [stdout] 
[INFO] [stdout] test result: ok. 0 passed; 0 failed; 0 ignored; 0 measured; 0 filtered out; finished in 0.00s
[INFO] [stdout] 
[INFO] [stderr]      Running unittests src/bin/cast.rs (/opt/rustwide/target/release/deps/cast-cb00858cb503f355)
[INFO] [stdout] 
[INFO] [stdout] running 0 tests
[INFO] [stdout] 
[INFO] [stdout] test result: ok. 0 passed; 0 failed; 0 ignored; 0 measured; 0 filtered out; finished in 0.00s
[INFO] [stdout] 
[INFO] [stdout] 
[INFO] [stdout] running 0 tests
[INFO] [stdout] 
[INFO] [stdout] test result: ok. 0 passed; 0 failed; 0 ignored; 0 measured; 0 filtered out; finished in 0.00s
[INFO] [stdout] 
[INFO] [stderr]      Running unittests src/bin/claw.rs (/opt/rustwide/target/release/deps/claw-9f67163e1eb5e3f2)
[INFO] [stderr]      Running unittests src/bin/consortium_grammar.rs (/opt/rustwide/target/release/deps/consortium_grammar-d84f6a327ede0dec)
[INFO] [stdout] 
[INFO] [stdout] running 0 tests
[INFO] [stdout] 
[INFO] [stdout] test result: ok. 0 passed; 0 failed; 0 ignored; 0 measured; 0 filtered out; finished in 0.00s
[INFO] [stdout] 
[INFO] [stderr]      Running unittests src/bin/molt.rs (/opt/rustwide/target/release/deps/molt-ae34da231aa32bad)
[INFO] [stdout] 
[INFO] [stdout] running 0 tests
[INFO] [stdout] 
[INFO] [stdout] test result: ok. 0 passed; 0 failed; 0 ignored; 0 measured; 0 filtered out; finished in 0.00s
[INFO] [stdout] 
[INFO] [stderr]      Running unittests src/bin/pinch.rs (/opt/rustwide/target/release/deps/pinch-94c4b8f304e5d98c)
[INFO] [stdout] 
[INFO] [stdout] running 0 tests
[INFO] [stdout] 
[INFO] [stdout] test result: ok. 0 passed; 0 failed; 0 ignored; 0 measured; 0 filtered out; finished in 0.00s
[INFO] [stdout] 
[INFO] [stderr]      Running tests/cascade_cli_tests.rs (/opt/rustwide/target/release/deps/cascade_cli_tests-a56fff30dca95877)
[INFO] [stdout] 
[INFO] [stdout] running 23 tests
[INFO] [stdout] test cast_cascade_live_max_bottleneck_strategy ... ok
[INFO] [stdout] test cast_cascade_live_jsonl_each_line_is_valid_json ... ok
[INFO] [stdout] test cast_cascade_tree_bad_file_errors ... ok
[INFO] [stdout] test cast_cascade_max_depth_zero_shows_only_root ... ok
[INFO] [stdout] test cast_cascade_strategies_lists_the_registry ... ok
[INFO] [stdout] test cast_cascade_live_unknown_order_errors ... ok
[INFO] [stdout] test cast_cascade_live_order_rejects_non_fanout_strategy ... ok
[INFO] [stdout] test cast_cascade_strategies_lists_the_traversal_orders ... ok
[INFO] [stdout] test cast_cascade_live_log2_with_bfs_order_verifies ... ok
[INFO] [stdout] test cast_cascade_live_renders_all_requested_nodes ... ok
[INFO] [stdout] test cast_cascade_tree_renders_trace ... ok
[INFO] [stdout] test cast_cascade_live_tree_renders ... ok
[INFO] [stdout] test cast_cascade_verify_requires_a_started_event ... ok
[INFO] [stdout] test cast_cascade_verify_names_a_malformed_line ... ok
[INFO] [stdout] test cast_cascade_verify_accepts_a_relayed_trace ... ok
[INFO] [stdout] test cast_cascade_verify_rejects_a_pull_only_trace ... ok
[INFO] [stdout] test cast_cascade_verify_fanout_is_required ... ok
[INFO] [stdout] test cast_cascade_verify_rejects_a_real_swarm_run ... ok
[INFO] [stdout] test cast_cascade_verify_accepts_a_real_log2_run ... ok
[INFO] [stdout] test cast_cascade_live_unknown_strategy_errors ... ok
[INFO] [stdout] test cast_cascade_live_steiner_strategy ... ok
[INFO] [stderr]      Running tests/cascade_copy_sink_tests.rs (/opt/rustwide/target/release/deps/cascade_copy_sink_tests-77539c00efd74484)
[INFO] [stdout] test cast_cascade_live_json_is_valid ... ok
[INFO] [stdout] test cast_cascade_live_default_order_matches_omitted_flag ... ok
[INFO] [stdout] 
[INFO] [stdout] test result: ok. 23 passed; 0 failed; 0 ignored; 0 measured; 0 filtered out; finished in 0.20s
[INFO] [stdout] 
[INFO] [stdout] 
[INFO] [stderr]      Running tests/cascade_copy_tests.rs (/opt/rustwide/target/release/deps/cascade_copy_tests-a27c2ac478a8b3ba)
[INFO] [stdout] running 5 tests
[INFO] [stdout] test the_format_match_is_case_insensitive ... ok
[INFO] [stdout] test the_default_tree_format_keeps_its_live_renderer_on_a_tty ... ok
[INFO] [stdout] test a_non_tty_run_emits_nothing_for_the_visual_formats ... ok
[INFO] [stdout] test jsonl_selects_the_streaming_sink_on_a_tty_too ... ok
[INFO] [stdout] test jsonl_selects_the_streaming_sink_even_without_a_tty ... ok
[INFO] [stdout] 
[INFO] [stdout] test result: ok. 5 passed; 0 failed; 0 ignored; 0 measured; 0 filtered out; finished in 0.00s
[INFO] [stdout] 
[INFO] [stdout] 
[INFO] [stdout] running 1 test
[INFO] [stdout] test help_succeeds ... ok
[INFO] [stdout] 
[INFO] [stdout] test result: ok. 1 passed; 0 failed; 0 ignored; 0 measured; 0 filtered out; finished in 0.01s
[INFO] [stdout] 
[INFO] [stderr]      Running tests/cast_tests.rs (/opt/rustwide/target/release/deps/cast_tests-9eebce2ab5103a14)
[INFO] [stdout] 
[INFO] [stdout] running 13 tests
[INFO] [stdout] test test_invalid_deploy_action ... ok
[INFO] [stdout] test test_eval_by_tag ... ok
[INFO] [stdout] test test_implicit_fleet_json_in_cwd ... ok
[INFO] [stdout] test test_malformed_bracket_pattern ... ok
[INFO] [stdout] test test_nix_args_accept_space_separated_flag_values ... ok
[INFO] [stdout] test test_eval_all_nodes ... ok
[INFO] [stdout] test test_missing_config_file ... ok
[INFO] [stdout] test test_eval_shows_target_details ... ok
[INFO] [stdout] test test_health_no_builders ... ok
[INFO] [stdout] test test_invalid_json_config ... ok
[INFO] [stdout] test test_eval_specific_node ... ok
[INFO] [stdout] test test_unknown_node ... ok
[INFO] [stdout] test test_eval_group_from_xdg_groups_d ... ok
[INFO] [stdout] 
[INFO] [stdout] test result: ok. 13 passed; 0 failed; 0 ignored; 0 measured; 0 filtered out; finished in 0.02s
[INFO] [stdout] 
[INFO] [stderr]      Running tests/claw_tests.rs (/opt/rustwide/target/release/deps/claw_tests-b6c52f9e7237a5bb)
[INFO] [stdout] 
[INFO] [stdout] running 2 tests
[INFO] [stdout] test test_046_axis ... ok
[INFO] [stdout] test test_045_pipe_line_buffering ... ok
[INFO] [stdout] 
[INFO] [stdout] test result: ok. 2 passed; 0 failed; 0 ignored; 0 measured; 0 filtered out; finished in 1.56s
[INFO] [stdout] 
[INFO] [stderr]      Running tests/consortium_grammar_tests.rs (/opt/rustwide/target/release/deps/consortium_grammar_tests-9a8f21359ee9d505)
[INFO] [stdout] 
[INFO] [stdout] running 4 tests
[INFO] [stdout] test missing_baseline_override_fails_closed ... ok
[INFO] [stderr]      Running tests/grammar_module_tests.rs (/opt/rustwide/target/release/deps/grammar_module_tests-59e23bb7afd8d08f)
[INFO] [stdout] test default_check_is_clean ... ok
[INFO] [stdout] test dump_includes_cast_subcommand_and_registry_placeholder ... ok
[INFO] [stdout] test stale_baseline_rejected ... ok
[INFO] [stdout] 
[INFO] [stdout] test result: ok. 4 passed; 0 failed; 0 ignored; 0 measured; 0 filtered out; finished in 0.15s
[INFO] [stdout] 
[INFO] [stdout] 
[INFO] [stdout] running 8 tests
[INFO] [stdout] test baseline_stale_entry_errors ... ok
[INFO] [stdout] test registry_flags_unclassified_bin_without_tests ... ok
[INFO] [stdout] test repeated_cast_arg_ids_have_distinct_subcommand_keys ... ok
[INFO] [stdout] test registry_flags_missing_declared_source ... ok
[INFO] [stdout] test dump_is_total ... ok
[INFO] [stdout] test registry_flags_kinds_bin_missing_from_manifest ... ok
[INFO] [stderr]      Running tests/grammar_tests.rs (/opt/rustwide/target/release/deps/grammar_tests-6f1f8d9835a9e065)
[INFO] [stdout] test legacy_flag_sets_pinned ... ok
[INFO] [stdout] test duplicate_keys_cannot_hide_distinct_violations ... ok
[INFO] [stdout] 
[INFO] [stdout] test result: ok. 8 passed; 0 failed; 0 ignored; 0 measured; 0 filtered out; finished in 0.01s
[INFO] [stdout] 
[INFO] [stdout] 
[INFO] [stdout] running 3 tests
[INFO] [stdout] test registry_covers_every_bin ... ok
[INFO] [stdout] test molt_takes_no_node_selection ... ok
[INFO] [stdout] test global_flag_vocabulary ... ok
[INFO] [stderr]      Running tests/molt_tests.rs (/opt/rustwide/target/release/deps/molt_tests-944dc43717383f09)
[INFO] [stdout] 
[INFO] [stdout] test result: ok. 3 passed; 0 failed; 0 ignored; 0 measured; 0 filtered out; finished in 0.09s
[INFO] [stdout] 
[INFO] [stdout] 
[INFO] [stdout] running 2 tests
[INFO] [stdout] test test_010_axis_edge_cases ... FAILED
[INFO] [stderr] error: test failed, to rerun pass `--test molt_tests`
[INFO] [stdout] test test_010_axis ... ok
[INFO] [stdout] 
[INFO] [stdout] failures:
[INFO] [stdout] 
[INFO] [stdout] ---- test_010_axis_edge_cases stdout ----
[INFO] [stdout] 
[INFO] [stdout] thread 'test_010_axis_edge_cases' (2487) panicked at tests/molt_tests.rs:28:10:
[INFO] [stdout] called `Result::unwrap()` on an `Err` value: Os { code: 32, kind: BrokenPipe, message: "Broken pipe" }
[INFO] [stdout] stack backtrace:
[INFO] [stdout]    0:     0x5a28d3ec0ba1 - <<std[70759c8f55707aa4]::sys::backtrace::BacktraceLock>::print::DisplayBacktrace as core[df12db4294e9bfd3]::fmt::Display>::fmt
[INFO] [stdout]    1:     0x5a28d3ed4eba - core[df12db4294e9bfd3]::fmt::write
[INFO] [stdout]    2:     0x5a28d3ec50ac - <alloc[2182bb758b4b3781]::vec::Vec<u8> as core[df12db4294e9bfd3]::io::write::Write>::write_fmt
[INFO] [stdout]    3:     0x5a28d3e9cd06 - std[70759c8f55707aa4]::panicking::default_hook::{closure#0}
[INFO] [stdout]    4:     0x5a28d3eb9309 - std[70759c8f55707aa4]::panicking::default_hook
[INFO] [stdout]    5:     0x5a28d3e552b0 - test[9d35eded1c95d3be]::test_main_inner::<test[9d35eded1c95d3be]::test_main_static::{closure#0}>::{closure#0}
[INFO] [stdout]    6:     0x5a28d3eb94c2 - std[70759c8f55707aa4]::panicking::panic_with_hook
[INFO] [stdout]    7:     0x5a28d3e9cdb2 - std[70759c8f55707aa4]::panicking::panic_handler::{closure#0}
[INFO] [stdout]    8:     0x5a28d3e95b39 - std[70759c8f55707aa4]::sys::backtrace::__rust_end_short_backtrace::<std[70759c8f55707aa4]::panicking::panic_handler::{closure#0}, !>
[INFO] [stdout]    9:     0x5a28d3e9d9ad - __rustc[8fa7c3cbc660c2b3]::rust_begin_unwind
[INFO] [stdout]   10:     0x5a28d3ed55ec - core[df12db4294e9bfd3]::panicking::panic_fmt
[INFO] [stdout]   11:     0x5a28d3ed53c2 - core[df12db4294e9bfd3]::result::unwrap_failed
[INFO] [stdout]   12:     0x5a28d3e4769e - molt_tests[7d3ffb7fb174353b]::run_molt
[INFO] [stdout]   13:     0x5a28d3e48021 - <molt_tests[7d3ffb7fb174353b]::test_010_axis_edge_cases::{closure#0} as core[df12db4294e9bfd3]::ops::function::FnOnce<()>>::call_once
[INFO] [stdout]   14:     0x5a28d3e4859b - test[9d35eded1c95d3be]::__rust_begin_short_backtrace::<core[df12db4294e9bfd3]::result::Result<(), alloc[2182bb758b4b3781]::string::String>, fn() -> core[df12db4294e9bfd3]::result::Result<(), alloc[2182bb758b4b3781]::string::String>>
[INFO] [stdout]   15:     0x5a28d3e55c05 - test[9d35eded1c95d3be]::run_test::{closure#0}
[INFO] [stdout]   16:     0x5a28d3e4f4c4 - std[70759c8f55707aa4]::sys::backtrace::__rust_begin_short_backtrace::<test[9d35eded1c95d3be]::run_test::{closure#1}, ()>
[INFO] [stdout]   17:     0x5a28d3e58d62 - <std[70759c8f55707aa4]::thread::lifecycle::spawn_unchecked<test[9d35eded1c95d3be]::run_test::{closure#1}, ()>::{closure#1} as core[df12db4294e9bfd3]::ops::function::FnOnce<()>>::call_once::{shim:vtable#0}
[INFO] [stdout]   18:     0x5a28d3ec0479 - <std[70759c8f55707aa4]::sys::thread::unix::Thread>::new::thread_start
[INFO] [stdout]   19:     0x787b52455dfa - <unknown>
[INFO] [stdout]   20:     0x787b524e93d4 - clone
[INFO] [stdout]   21:                0x0 - <unknown>
[INFO] [stdout] 
[INFO] [stdout] 
[INFO] [stdout] failures:
[INFO] [stdout]     test_010_axis_edge_cases
[INFO] [stdout] 
[INFO] [stdout] test result: FAILED. 1 passed; 1 failed; 0 ignored; 0 measured; 0 filtered out; finished in 0.03s
[INFO] [stdout] 
[INFO] running `Command { std: "docker" "inspect" "892057c48299f1f72ecb10ebc37381faf6cd24fe801c210fc32627262c675aa7", kill_on_drop: false }`
[INFO] running `Command { std: "docker" "rm" "-f" "892057c48299f1f72ecb10ebc37381faf6cd24fe801c210fc32627262c675aa7", kill_on_drop: false }`
[INFO] [stdout] 892057c48299f1f72ecb10ebc37381faf6cd24fe801c210fc32627262c675aa7
