[INFO] fetching crate consolespec-mtree 0.4.0...
[INFO] testing consolespec-mtree-0.4.0 against 1.99.0-beta.8+cargoflags=--release for beta-release-1.100-2
[INFO] extracting crate consolespec-mtree 0.4.0 into /workspace/builds/worker-3-tc1/source
[INFO] started tweaking crates.io crate consolespec-mtree 0.4.0
[INFO] removed 0 missing tests
[INFO] finished tweaking crates.io crate consolespec-mtree 0.4.0
[INFO] tweaked toml for crates.io crate consolespec-mtree 0.4.0 written to /workspace/builds/worker-3-tc1/source/Cargo.toml
[INFO] validating manifest of crates.io crate consolespec-mtree 0.4.0 on toolchain 1.99.0-beta.8
[INFO] running `Command { std: CARGO_HOME="/workspace/cargo-home" RUSTUP_HOME="/workspace/rustup-home" "/workspace/cargo-home/bin/cargo" "+1.99.0-beta.8" "metadata" "--manifest-path" "Cargo.toml" "--no-deps", kill_on_drop: false }`
[INFO] crate crates.io crate consolespec-mtree 0.4.0 already has a lockfile, it will not be regenerated
[INFO] running `Command { std: CARGO_HOME="/workspace/cargo-home" RUSTUP_HOME="/workspace/rustup-home" "/workspace/cargo-home/bin/cargo" "+1.99.0-beta.8" "fetch" "--manifest-path" "Cargo.toml", kill_on_drop: false }`
[INFO] [stderr]     Updating crates.io index
[INFO] [stderr]  Downloading crates ...
[INFO] [stderr]   Downloaded rstest_macros v0.26.1
[INFO] [stderr]   Downloaded testresult v0.4.1
[INFO] [stderr]   Downloaded rstest v0.26.1
[INFO] [stderr]   Downloaded unic-langid-macros v0.9.6
[INFO] [stderr]   Downloaded fluent-langneg v0.13.1
[INFO] [stderr]   Downloaded fluent-template-macros v0.13.3
[INFO] [stderr]   Downloaded relative-path v1.9.3
[INFO] [stderr]   Downloaded strip-ansi-escapes v0.2.1
[INFO] [stderr]   Downloaded unic-langid-macros-impl v0.9.6
[INFO] [stderr]   Downloaded intl_pluralrules v7.0.2
[INFO] [stderr]   Downloaded intl-memoizer v0.5.3
[INFO] [stderr]   Downloaded fluent-i18n v0.1.0
[INFO] [stderr]   Downloaded unic-langid v0.9.6
[INFO] [stderr]   Downloaded fluent-syntax v0.12.0
[INFO] [stderr]   Downloaded alpm-common v0.2.1
[INFO] [stderr]   Downloaded fluent-templates v0.13.3
[INFO] [stderr]   Downloaded serde_with_macros v3.17.0
[INFO] [stderr]   Downloaded spin v0.10.1
[INFO] [stderr]   Downloaded alpm-parsers v0.4.1
[INFO] [stderr]   Downloaded fluent-bundle v0.16.0
[INFO] [stderr]   Downloaded vte v0.14.1
[INFO] [stderr]   Downloaded ignore v0.4.30
[INFO] [stderr]   Downloaded insta v1.48.0
[INFO] [stderr]   Downloaded unic-langid-impl v0.9.6
[INFO] [stderr]   Downloaded alpm-types v0.11.2
[INFO] [stderr]   Downloaded serde_with v3.17.0
[INFO] [stderr]   Downloaded crc-fast v1.9.0
[INFO] [stderr]   Downloaded spdx v0.13.5
[INFO] running `Command { std: "docker" "create" "-v" "/var/lib/crater-agent-workspace/builds/worker-3-tc1/source:/opt/rustwide/workdir:ro,Z" "-v" "/var/lib/crater-agent-workspace/builds/worker-3-tc1/target:/opt/rustwide/target:rw,Z" "-v" "/var/lib/crater-agent-workspace/cargo-home:/opt/rustwide/cargo-home:ro,Z" "-v" "/var/lib/crater-agent-workspace/rustup-home:/opt/rustwide/rustup-home:ro,Z" "-m" "1610612736" "--network" "none" "ghcr.io/rust-lang/crates-build-env/linux@sha256:77db811e55d90add9212f6832c23229e3de5f1c1f9905e8cb07319ea15df73ac" "sleep" "infinity", kill_on_drop: false }`
[INFO] [stdout] d9ef83e0762d23b592c08f6761e11edb10ce3b103dc4582b9d41a84352291127
[INFO] running `Command { std: "docker" "start" "d9ef83e0762d23b592c08f6761e11edb10ce3b103dc4582b9d41a84352291127", kill_on_drop: false }`
[INFO] running `Command { std: "docker" "inspect" "d9ef83e0762d23b592c08f6761e11edb10ce3b103dc4582b9d41a84352291127", kill_on_drop: false }`
[INFO] running `Command { std: "docker" "exec" "-e" "SOURCE_DIR=/opt/rustwide/workdir" "-e" "CARGO_HOME=/opt/rustwide/cargo-home" "-e" "RUSTUP_HOME=/opt/rustwide/rustup-home" "-e" "CARGO_TARGET_DIR=/opt/rustwide/target" "-w" "/opt/rustwide/workdir" "--user" "0:0" "d9ef83e0762d23b592c08f6761e11edb10ce3b103dc4582b9d41a84352291127" "/opt/rustwide/cargo-home/bin/cargo" "+1.99.0-beta.8" "metadata" "--no-deps" "--format-version=1", kill_on_drop: false }`
[INFO] running `Command { std: "docker" "inspect" "d9ef83e0762d23b592c08f6761e11edb10ce3b103dc4582b9d41a84352291127", kill_on_drop: false }`
[INFO] running `Command { std: "docker" "exec" "-e" "SOURCE_DIR=/opt/rustwide/workdir" "-e" "CARGO_HOME=/opt/rustwide/cargo-home" "-e" "RUSTUP_HOME=/opt/rustwide/rustup-home" "-e" "CARGO_TARGET_DIR=/opt/rustwide/target" "-e" "CARGO_INCREMENTAL=0" "-e" "RUST_BACKTRACE=full" "-e" "RUSTFLAGS=--cap-lints=warn" "-e" "RUSTDOCFLAGS=--cap-lints=warn" "-w" "/opt/rustwide/workdir" "--user" "0:0" "d9ef83e0762d23b592c08f6761e11edb10ce3b103dc4582b9d41a84352291127" "/opt/rustwide/cargo-home/bin/cargo" "+1.99.0-beta.8" "build" "--frozen" "--message-format=json" "--release", kill_on_drop: false }`
[INFO] [stderr]    Compiling proc-macro-hack v0.5.20+deprecated
[INFO] [stderr]    Compiling crossbeam-utils v0.8.22
[INFO] [stderr]    Compiling crossbeam-epoch v0.9.20
[INFO] [stderr]    Compiling memchr v2.8.3
[INFO] [stderr]    Compiling crossbeam-deque v0.8.7
[INFO] [stderr]    Compiling smallvec v1.15.2
[INFO] [stderr]    Compiling thiserror v2.0.20
[INFO] [stderr]    Compiling regex-syntax v0.8.11
[INFO] [stderr]    Compiling lock_api v0.4.14
[INFO] [stderr]    Compiling syn v2.0.119
[INFO] [stderr]    Compiling syn v3.0.3
[INFO] [stderr]    Compiling rustc-hash v2.1.3
[INFO] [stderr]    Compiling strsim v0.11.1
[INFO] [stderr]    Compiling log v0.4.33
[INFO] [stderr]    Compiling serde v1.0.229
[INFO] [stderr]    Compiling type-map v0.5.1
[INFO] [stderr]    Compiling spin v0.9.9
[INFO] [stderr]    Compiling zmij v1.0.23
[INFO] [stderr]    Compiling rustversion v1.0.23
[INFO] [stderr]    Compiling self_cell v1.3.0
[INFO] [stderr]    Compiling flume v0.11.1
[INFO] [stderr]    Compiling crc-catalog v2.5.0
[INFO] [stderr]    Compiling serde_json v1.0.151
[INFO] [stderr]    Compiling percent-encoding v2.3.2
[INFO] [stderr]    Compiling crc v3.3.0
[INFO] [stderr]    Compiling winnow v0.7.15
[INFO] [stderr]    Compiling form_urlencoded v1.2.2
[INFO] [stderr]    Compiling deranged v0.5.8
[INFO] [stderr]    Compiling time-core v0.1.9
[INFO] [stderr]    Compiling num-conv v0.2.2
[INFO] [stderr]    Compiling aho-corasick v1.1.5
[INFO] [stderr]    Compiling bstr v1.13.1
[INFO] [stderr]    Compiling sys-locale v0.3.2
[INFO] [stderr]    Compiling testresult v0.4.1
[INFO] [stderr]    Compiling spin v0.10.1
[INFO] [stderr]    Compiling sha1 v0.10.7
[INFO] [stderr]    Compiling spdx v0.13.5
[INFO] [stderr]    Compiling crc-fast v1.9.0
[INFO] [stderr]    Compiling md-5 v0.10.6
[INFO] [stderr]    Compiling blake2 v0.10.6
[INFO] [stderr]    Compiling semver v1.0.28
[INFO] [stderr]    Compiling simd-adler32 v0.3.10
[INFO] [stderr]    Compiling which v8.0.5
[INFO] [stderr]    Compiling miniz_oxide v0.8.9
[INFO] [stderr]    Compiling regex-automata v0.4.18
[INFO] [stderr]    Compiling time v0.3.55
[INFO] [stderr]    Compiling flate2 v1.1.9
[INFO] [stderr]    Compiling displaydoc v0.2.7
[INFO] [stderr]    Compiling thiserror-impl v2.0.20
[INFO] [stderr]    Compiling serde_derive v1.0.229
[INFO] [stderr]    Compiling tinystr v0.8.3
[INFO] [stderr]    Compiling unic-langid-impl v0.9.6
[INFO] [stderr]    Compiling synstructure v0.13.2
[INFO] [stderr]    Compiling darling_core v0.21.3
[INFO] [stderr]    Compiling fluent-syntax v0.12.0
[INFO] [stderr]    Compiling zerofrom-derive v0.1.7
[INFO] [stderr]    Compiling yoke-derive v0.8.2
[INFO] [stderr]    Compiling zerovec-derive v0.11.3
[INFO] [stderr]    Compiling unic-langid-macros-impl v0.9.6
[INFO] [stderr]    Compiling strum_macros v0.28.0
[INFO] [stderr]    Compiling unic-langid-macros v0.9.6
[INFO] [stderr]    Compiling unic-langid v0.9.6
[INFO] [stderr]    Compiling globset v0.4.19
[INFO] [stderr]    Compiling zerofrom v0.1.8
[INFO] [stderr]    Compiling yoke v0.8.3
[INFO] [stderr]    Compiling zerovec v0.11.6
[INFO] [stderr]    Compiling zerotrie v0.2.4
[INFO] [stderr]    Compiling ignore v0.4.30
[INFO] [stderr]    Compiling email_address v0.2.9
[INFO] [stderr]    Compiling alpm-parsers v0.4.1
[INFO] [stderr]    Compiling strum v0.28.0
[INFO] [stderr]    Compiling darling_macro v0.21.3
[INFO] [stderr]    Compiling darling v0.21.3
[INFO] [stderr]    Compiling serde_with_macros v3.17.0
[INFO] [stderr]    Compiling fluent-template-macros v0.13.3
[INFO] [stderr]    Compiling serde_with v3.17.0
[INFO] [stderr]    Compiling potential_utf v0.1.5
[INFO] [stderr]    Compiling icu_collections v2.1.1
[INFO] [stderr]    Compiling icu_locale_core v2.1.1
[INFO] [stderr]    Compiling intl-memoizer v0.5.3
[INFO] [stderr]    Compiling intl_pluralrules v7.0.2
[INFO] [stderr]    Compiling fluent-langneg v0.13.1
[INFO] [stderr]    Compiling fluent-bundle v0.16.0
[INFO] [stderr]    Compiling fluent-templates v0.13.3
[INFO] [stderr]    Compiling icu_provider v2.1.1
[INFO] [stderr]    Compiling icu_normalizer v2.1.1
[INFO] [stderr]    Compiling icu_properties v2.1.2
[INFO] [stderr]    Compiling fluent-i18n v0.1.0
[INFO] [stderr]    Compiling idna_adapter v1.2.1
[INFO] [stderr]    Compiling idna v1.1.0
[INFO] [stderr]    Compiling url v2.5.8
[INFO] [stderr]    Compiling alpm-types v0.11.2
[INFO] [stderr]    Compiling alpm-common v0.2.1
[INFO] [stderr]    Compiling consolespec-mtree v0.4.0 (/opt/rustwide/workdir)
[INFO] [stderr]     Finished `release` profile [optimized] target(s) in 1m 12s
[INFO] running `Command { std: "docker" "inspect" "d9ef83e0762d23b592c08f6761e11edb10ce3b103dc4582b9d41a84352291127", kill_on_drop: false }`
[INFO] running `Command { std: "docker" "exec" "-e" "SOURCE_DIR=/opt/rustwide/workdir" "-e" "CARGO_HOME=/opt/rustwide/cargo-home" "-e" "RUSTUP_HOME=/opt/rustwide/rustup-home" "-e" "CARGO_TARGET_DIR=/opt/rustwide/target" "-e" "CARGO_INCREMENTAL=0" "-e" "RUST_BACKTRACE=full" "-e" "RUSTFLAGS=--cap-lints=warn" "-e" "RUSTDOCFLAGS=--cap-lints=warn" "-w" "/opt/rustwide/workdir" "--user" "0:0" "d9ef83e0762d23b592c08f6761e11edb10ce3b103dc4582b9d41a84352291127" "/opt/rustwide/cargo-home/bin/cargo" "+1.99.0-beta.8" "test" "--frozen" "--no-run" "--message-format=json" "--release", kill_on_drop: false }`
[INFO] [stderr]    Compiling regex-syntax v0.8.11
[INFO] [stderr]    Compiling syn v2.0.119
[INFO] [stderr]    Compiling syn v3.0.3
[INFO] [stderr]    Compiling log v0.4.33
[INFO] [stderr]    Compiling time-core v0.1.9
[INFO] [stderr]    Compiling num-conv v0.2.2
[INFO] [stderr]    Compiling num_threads v0.1.7
[INFO] [stderr]    Compiling winnow v1.0.4
[INFO] [stderr]    Compiling rstest_macros v0.26.1
[INFO] [stderr]    Compiling predicates-core v1.0.10
[INFO] [stderr]    Compiling bitflags v2.13.1
[INFO] [stderr]    Compiling vte v0.14.1
[INFO] [stderr]    Compiling futures-core v0.3.34
[INFO] [stderr]    Compiling termtree v0.5.1
[INFO] [stderr]    Compiling relative-path v1.9.3
[INFO] [stderr]    Compiling futures-task v0.3.34
[INFO] [stderr]    Compiling glob v0.3.4
[INFO] [stderr]    Compiling assert_cmd v2.2.2
[INFO] [stderr]    Compiling predicates v3.1.4
[INFO] [stderr]    Compiling strip-ansi-escapes v0.2.1
[INFO] [stderr]    Compiling predicates-tree v1.0.13
[INFO] [stderr]    Compiling console v0.16.4
[INFO] [stderr]    Compiling termcolor v1.4.1
[INFO] [stderr]    Compiling rustix v1.1.4
[INFO] [stderr]    Compiling similar v2.7.0
[INFO] [stderr]    Compiling futures-timer v3.0.4
[INFO] [stderr]    Compiling time-macros v0.2.32
[INFO] [stderr]    Compiling filetime v0.2.29
[INFO] [stderr]    Compiling toml_parser v1.1.3+spec-1.1.0
[INFO] [stderr]    Compiling time v0.3.55
[INFO] [stderr]    Compiling toml_edit v0.25.13+spec-1.1.0
[INFO] [stderr]    Compiling regex-automata v0.4.18
[INFO] [stderr]    Compiling proc-macro-crate v3.5.0
[INFO] [stderr]    Compiling tempfile v3.27.0
[INFO] [stderr]    Compiling displaydoc v0.2.7
[INFO] [stderr]    Compiling thiserror-impl v2.0.20
[INFO] [stderr]    Compiling serde_derive v1.0.229
[INFO] [stderr]    Compiling futures-macro v0.3.34
[INFO] [stderr]    Compiling simplelog v0.12.2
[INFO] [stderr]    Compiling synstructure v0.13.2
[INFO] [stderr]    Compiling darling_core v0.21.3
[INFO] [stderr]    Compiling tinystr v0.8.3
[INFO] [stderr]    Compiling unic-langid-impl v0.9.6
[INFO] [stderr]    Compiling futures-util v0.3.34
[INFO] [stderr]    Compiling zerovec-derive v0.11.3
[INFO] [stderr]    Compiling unic-langid-macros-impl v0.9.6
[INFO] [stderr]    Compiling strum_macros v0.28.0
[INFO] [stderr]    Compiling zerofrom-derive v0.1.7
[INFO] [stderr]    Compiling yoke-derive v0.8.2
[INFO] [stderr]    Compiling globset v0.4.19
[INFO] [stderr]    Compiling regex v1.13.1
[INFO] [stderr]    Compiling thiserror v2.0.20
[INFO] [stderr]    Compiling fluent-syntax v0.12.0
[INFO] [stderr]    Compiling ignore v0.4.30
[INFO] [stderr]    Compiling unic-langid-macros v0.9.6
[INFO] [stderr]    Compiling unic-langid v0.9.6
[INFO] [stderr]    Compiling zerofrom v0.1.8
[INFO] [stderr]    Compiling yoke v0.8.3
[INFO] [stderr]    Compiling zerovec v0.11.6
[INFO] [stderr]    Compiling zerotrie v0.2.4
[INFO] [stderr]    Compiling fluent-template-macros v0.13.3
[INFO] [stderr]    Compiling serde v1.0.229
[INFO] [stderr]    Compiling strum v0.28.0
[INFO] [stderr]    Compiling darling_macro v0.21.3
[INFO] [stderr]    Compiling alpm-parsers v0.4.1
[INFO] [stderr]    Compiling email_address v0.2.9
[INFO] [stderr]    Compiling darling v0.21.3
[INFO] [stderr]    Compiling serde_with_macros v3.17.0
[INFO] [stderr]    Compiling potential_utf v0.1.5
[INFO] [stderr]    Compiling icu_collections v2.1.1
[INFO] [stderr]    Compiling icu_locale_core v2.1.1
[INFO] [stderr]    Compiling fluent-langneg v0.13.1
[INFO] [stderr]    Compiling intl-memoizer v0.5.3
[INFO] [stderr]    Compiling intl_pluralrules v7.0.2
[INFO] [stderr]    Compiling serde_with v3.17.0
[INFO] [stderr]    Compiling bstr v1.13.1
[INFO] [stderr]    Compiling fluent-bundle v0.16.0
[INFO] [stderr]    Compiling rstest v0.26.1
[INFO] [stderr]    Compiling insta v1.48.0
[INFO] [stderr]    Compiling icu_provider v2.1.1
[INFO] [stderr]    Compiling icu_normalizer v2.1.1
[INFO] [stderr]    Compiling icu_properties v2.1.2
[INFO] [stderr]    Compiling fluent-templates v0.13.3
[INFO] [stderr]    Compiling idna_adapter v1.2.1
[INFO] [stderr]    Compiling idna v1.1.0
[INFO] [stderr]    Compiling fluent-i18n v0.1.0
[INFO] [stderr]    Compiling url v2.5.8
[INFO] [stderr]    Compiling alpm-types v0.11.2
[INFO] [stderr]    Compiling alpm-common v0.2.1
[INFO] [stderr]    Compiling consolespec-mtree v0.4.0 (/opt/rustwide/workdir)
[INFO] [stderr]     Finished `release` profile [optimized] target(s) in 1m 31s
[INFO] running `Command { std: "docker" "inspect" "d9ef83e0762d23b592c08f6761e11edb10ce3b103dc4582b9d41a84352291127", kill_on_drop: false }`
[INFO] running `Command { std: "docker" "exec" "-e" "SOURCE_DIR=/opt/rustwide/workdir" "-e" "CARGO_HOME=/opt/rustwide/cargo-home" "-e" "RUSTUP_HOME=/opt/rustwide/rustup-home" "-e" "CARGO_TARGET_DIR=/opt/rustwide/target" "-e" "CARGO_INCREMENTAL=0" "-e" "RUST_BACKTRACE=full" "-e" "RUSTFLAGS=--cap-lints=warn" "-e" "RUSTDOCFLAGS=--cap-lints=warn" "-w" "/opt/rustwide/workdir" "--user" "0:0" "d9ef83e0762d23b592c08f6761e11edb10ce3b103dc4582b9d41a84352291127" "/opt/rustwide/cargo-home/bin/cargo" "+1.99.0-beta.8" "test" "--frozen" "--release", kill_on_drop: false }`
[INFO] [stderr]     Finished `release` profile [optimized] target(s) in 0.22s
[INFO] [stderr]      Running unittests src/lib.rs (/opt/rustwide/target/release/deps/consolespec_mtree-da871da24e6e5794)
[INFO] [stdout] 
[INFO] [stdout] running 20 tests
[INFO] [stdout] test mtree::v2::tests::test_normalize_mtree_path_success::case_1 ... ok
[INFO] [stdout] test parser::tests::link_stops_before_crlf ... ok
[INFO] [stdout] test parser::tests::parses_standard_digest_names ... ok
[INFO] [stdout] test parser::tests::size_stops_before_crlf ... ok
[INFO] [stdout] test path_decoder::tests::test_decode_utf8_chars::case_2 ... ok
[INFO] [stdout] test path_decoder::tests::test_decode_utf8_chars::case_3 ... ok
[INFO] [stdout] test path_decoder::tests::test_decode_utf8_chars::case_4 ... ok
[INFO] [stdout] test path_decoder::tests::test_decode_utf8_chars::case_5 ... ok
[INFO] [stdout] test path_decoder::tests::test_decode_utf8_chars::case_6 ... ok
[INFO] [stdout] test path_decoder::tests::test_decode_utf8_chars_invalid_escape::case_1 ... ok
[INFO] [stdout] test path_decoder::tests::test_decode_utf8_chars_invalid_escape::case_2 ... ok
[INFO] [stdout] test path_decoder::tests::test_decode_utf8_chars_invalid_escape::case_3 ... ok
[INFO] [stdout] test mtree::v2::tests::test_normalize_mtree_path_failure::case_2 ... ok
[INFO] [stdout] test mtree::v2::tests::test_normalize_mtree_path_success::case_2 ... ok
[INFO] [stdout] test path_decoder::tests::test_decode_utf8_chars::case_1 ... ok
[INFO] [stdout] test mtree::v2::tests::test_path_metadata_success ... ok
[INFO] [stdout] test mtree::v2::tests::test_path_metadata_failure ... ok
[INFO] [stdout] test parser::tests::parses_sha1_digest_alias ... ok
[INFO] [stdout] test mtree::v2::tests::test_normalize_mtree_path_failure::case_1 ... ok
[INFO] [stdout] test path_decoder::tests::test_decode_utf8_chars_invalid_escape::case_4 ... ok
[INFO] [stdout] 
[INFO] [stdout] test result: ok. 20 passed; 0 failed; 0 ignored; 0 measured; 0 filtered out; finished in 0.01s
[INFO] [stdout] 
[INFO] [stderr]      Running tests/correct_syntax.rs (/opt/rustwide/target/release/deps/correct_syntax-45b09a3a3b3ae105)
[INFO] [stdout] 
[INFO] [stdout] running 0 tests
[INFO] [stdout] 
[INFO] [stdout] test result: ok. 0 passed; 0 failed; 0 ignored; 0 measured; 0 filtered out; finished in 0.00s
[INFO] [stdout] 
[INFO] [stderr]      Running tests/create.rs (/opt/rustwide/target/release/deps/create-5329d105e82cdfc3)
[INFO] [stdout] 
[INFO] [stdout] running 2 tests
[INFO] [stdout] test create_mtreev1_from_input ... FAILED
[INFO] [stdout] test create_mtreev2_from_input ... FAILED
[INFO] [stdout] 
[INFO] [stdout] failures:
[INFO] [stdout] 
[INFO] [stdout] ---- create_mtreev1_from_input stdout ----
[INFO] [stdout] 
[INFO] [stdout] thread 'create_mtreev1_from_input' (4233) panicked at tests/create.rs:60:22:
[INFO] [stdout] error: consolespec_mtree::error::Error - File creation error:
[INFO] [stdout] The command "bsdtar" could not be found:
[INFO] [stdout] cannot find binary path
[INFO] [stdout] stack backtrace:
[INFO] [stdout]    0:     0x57d6d4953a41 - <<std[70759c8f55707aa4]::sys::backtrace::BacktraceLock>::print::DisplayBacktrace as core[df12db4294e9bfd3]::fmt::Display>::fmt
[INFO] [stdout]    1:     0x57d6d496ae0a - core[df12db4294e9bfd3]::fmt::write
[INFO] [stdout]    2:     0x57d6d495995c - <alloc[2182bb758b4b3781]::vec::Vec<u8> as core[df12db4294e9bfd3]::io::write::Write>::write_fmt
[INFO] [stdout]    3:     0x57d6d492d876 - std[70759c8f55707aa4]::panicking::default_hook::{closure#0}
[INFO] [stdout]    4:     0x57d6d494b5c9 - std[70759c8f55707aa4]::panicking::default_hook
[INFO] [stdout]    5:     0x57d6d48760f0 - test[9d35eded1c95d3be]::test_main_inner::<test[9d35eded1c95d3be]::test_main_static::{closure#0}>::{closure#0}
[INFO] [stdout]    6:     0x57d6d494b782 - std[70759c8f55707aa4]::panicking::panic_with_hook
[INFO] [stdout]    7:     0x57d6d492d922 - std[70759c8f55707aa4]::panicking::panic_handler::{closure#0}
[INFO] [stdout]    8:     0x57d6d4926489 - std[70759c8f55707aa4]::sys::backtrace::__rust_end_short_backtrace::<std[70759c8f55707aa4]::panicking::panic_handler::{closure#0}, !>
[INFO] [stdout]    9:     0x57d6d492e60d - __rustc[8fa7c3cbc660c2b3]::rust_begin_unwind
[INFO] [stdout]   10:     0x57d6d496b56c - core[df12db4294e9bfd3]::panicking::panic_fmt
[INFO] [stdout]   11:     0x57d6d4868432 - <testresult[473f8dcf73605204]::TestError as core[df12db4294e9bfd3]::convert::From<consolespec_mtree[d4725a19e6a66b35]::error::Error>>::from
[INFO] [stdout]   12:     0x57d6d4868e35 - <create[3d35d0ad76fd004d]::create_mtreev1_from_input::{closure#0} as core[df12db4294e9bfd3]::ops::function::FnOnce<()>>::call_once
[INFO] [stdout]   13:     0x57d6d48693db - test[9d35eded1c95d3be]::__rust_begin_short_backtrace::<core[df12db4294e9bfd3]::result::Result<(), alloc[2182bb758b4b3781]::string::String>, fn() -> core[df12db4294e9bfd3]::result::Result<(), alloc[2182bb758b4b3781]::string::String>>
[INFO] [stdout]   14:     0x57d6d4876a45 - test[9d35eded1c95d3be]::run_test::{closure#0}
[INFO] [stdout]   15:     0x57d6d4870304 - std[70759c8f55707aa4]::sys::backtrace::__rust_begin_short_backtrace::<test[9d35eded1c95d3be]::run_test::{closure#1}, ()>
[INFO] [stdout]   16:     0x57d6d4879ba2 - <std[70759c8f55707aa4]::thread::lifecycle::spawn_unchecked<test[9d35eded1c95d3be]::run_test::{closure#1}, ()>::{closure#1} as core[df12db4294e9bfd3]::ops::function::FnOnce<()>>::call_once::{shim:vtable#0}
[INFO] [stdout]   17:     0x57d6d4953299 - <std[70759c8f55707aa4]::sys::thread::unix::Thread>::new::thread_start
[INFO] [stdout]   18:     0x741f341cedfa - <unknown>
[INFO] [stdout]   19:     0x741f342623d4 - clone
[INFO] [stdout]   20:                0x0 - <unknown>
[INFO] [stdout] 
[INFO] [stdout] ---- create_mtreev2_from_input stdout ----
[INFO] [stdout] 
[INFO] [stdout] thread 'create_mtreev2_from_input' (4234) panicked at tests/create.rs:82:22:
[INFO] [stdout] error: consolespec_mtree::error::Error - File creation error:
[INFO] [stdout] The command "bsdtar" could not be found:
[INFO] [stdout] cannot find binary path
[INFO] [stdout] stack backtrace:
[INFO] [stdout]    0:     0x57d6d4953a41 - <<std[70759c8f55707aa4]::sys::backtrace::BacktraceLock>::print::DisplayBacktrace as core[df12db4294e9bfd3]::fmt::Display>::fmt
[INFO] [stdout]    1:     0x57d6d496ae0a - core[df12db4294e9bfd3]::fmt::write
[INFO] [stdout]    2:     0x57d6d495995c - <alloc[2182bb758b4b3781]::vec::Vec<u8> as core[df12db4294e9bfd3]::io::write::Write>::write_fmt
[INFO] [stdout]    3:     0x57d6d492d876 - std[70759c8f55707aa4]::panicking::default_hook::{closure#0}
[INFO] [stdout]    4:     0x57d6d494b5c9 - std[70759c8f55707aa4]::panicking::default_hook
[INFO] [stdout]    5:     0x57d6d48760f0 - test[9d35eded1c95d3be]::test_main_inner::<test[9d35eded1c95d3be]::test_main_static::{closure#0}>::{closure#0}
[INFO] [stdout]    6:     0x57d6d494b782 - std[70759c8f55707aa4]::panicking::panic_with_hook
[INFO] [stdout]    7:     0x57d6d492d922 - std[70759c8f55707aa4]::panicking::panic_handler::{closure#0}
[INFO] [stdout]    8:     0x57d6d4926489 - std[70759c8f55707aa4]::sys::backtrace::__rust_end_short_backtrace::<std[70759c8f55707aa4]::panicking::panic_handler::{closure#0}, !>
[INFO] [stdout]    9:     0x57d6d492e60d - __rustc[8fa7c3cbc660c2b3]::rust_begin_unwind
[INFO] [stdout]   10:     0x57d6d496b56c - core[df12db4294e9bfd3]::panicking::panic_fmt
[INFO] [stdout]   11:     0x57d6d4868432 - <testresult[473f8dcf73605204]::TestError as core[df12db4294e9bfd3]::convert::From<consolespec_mtree[d4725a19e6a66b35]::error::Error>>::from
[INFO] [stdout]   12:     0x57d6d4869175 - <create[3d35d0ad76fd004d]::create_mtreev2_from_input::{closure#0} as core[df12db4294e9bfd3]::ops::function::FnOnce<()>>::call_once
[INFO] [stdout]   13:     0x57d6d48693db - test[9d35eded1c95d3be]::__rust_begin_short_backtrace::<core[df12db4294e9bfd3]::result::Result<(), alloc[2182bb758b4b3781]::string::String>, fn() -> core[df12db4294e9bfd3]::result::Result<(), alloc[2182bb758b4b3781]::string::String>>
[INFO] [stdout]   14:     0x57d6d4876a45 - test[9d35eded1c95d3be]::run_test::{closure#0}
[INFO] [stdout]   15:     0x57d6d4870304 - std[70759c8f55707aa4]::sys::backtrace::__rust_begin_short_backtrace::<test[9d35eded1c95d3be]::run_test::{closure#1}, ()>
[INFO] [stdout]   16:     0x57d6d4879ba2 - <std[70759c8f55707aa4]::thread::lifecycle::spawn_unchecked<test[9d35eded1c95d3be]::run_test::{closure#1}, ()>::{closure#1} as core[df12db4294e9bfd3]::ops::function::FnOnce<()>>::call_once::{shim:vtable#0}
[INFO] [stdout]   17:     0x57d6d4953299 - <std[70759c8f55707aa4]::sys::thread::unix::Thread>::new::thread_start
[INFO] [stdout]   18:     0x741f341cedfa - <unknown>
[INFO] [stdout]   19:     0x741f342623d4 - clone
[INFO] [stdout]   20:                0x0 - <unknown>
[INFO] [stdout] 
[INFO] [stdout] 
[INFO] [stdout] failures:
[INFO] [stdout]     create_mtreev1_from_input
[INFO] [stdout]     create_mtreev2_from_input
[INFO] [stdout] 
[INFO] [stdout] test result: FAILED. 0 passed; 2 failed; 0 ignored; 0 measured; 0 filtered out; finished in 0.01s
[INFO] [stdout] 
[INFO] [stderr] error: test failed, to rerun pass `--test create`
[INFO] running `Command { std: "docker" "inspect" "d9ef83e0762d23b592c08f6761e11edb10ce3b103dc4582b9d41a84352291127", kill_on_drop: false }`
[INFO] running `Command { std: "docker" "rm" "-f" "d9ef83e0762d23b592c08f6761e11edb10ce3b103dc4582b9d41a84352291127", kill_on_drop: false }`
[INFO] [stdout] d9ef83e0762d23b592c08f6761e11edb10ce3b103dc4582b9d41a84352291127
