[INFO] fetching crate connector-mcp-server 0.16.0...
[INFO] testing connector-mcp-server-0.16.0 against 1.99.0-beta.8+cargoflags=--release for beta-release-1.100-2
[INFO] extracting crate connector-mcp-server 0.16.0 into /workspace/builds/worker-5-tc1/source
[INFO] started tweaking crates.io crate connector-mcp-server 0.16.0
[INFO] finished tweaking crates.io crate connector-mcp-server 0.16.0
[INFO] tweaked toml for crates.io crate connector-mcp-server 0.16.0 written to /workspace/builds/worker-5-tc1/source/Cargo.toml
[INFO] validating manifest of crates.io crate connector-mcp-server 0.16.0 on toolchain 1.99.0-beta.8
[INFO] running `Command { std: CARGO_HOME="/workspace/cargo-home" RUSTUP_HOME="/workspace/rustup-home" "/workspace/cargo-home/bin/cargo" "+1.99.0-beta.8" "metadata" "--manifest-path" "Cargo.toml" "--no-deps", kill_on_drop: false }`
[INFO] crate crates.io crate connector-mcp-server 0.16.0 already has a lockfile, it will not be regenerated
[INFO] running `Command { std: CARGO_HOME="/workspace/cargo-home" RUSTUP_HOME="/workspace/rustup-home" "/workspace/cargo-home/bin/cargo" "+1.99.0-beta.8" "fetch" "--manifest-path" "Cargo.toml", kill_on_drop: false }`
[INFO] [stderr]     Updating crates.io index
[INFO] [stderr]  Downloading crates ...
[INFO] [stderr]   Downloaded tokio-tungstenite v0.30.0
[INFO] [stderr]   Downloaded connector-client v0.16.0
[INFO] [stderr]   Downloaded tungstenite v0.30.0
[INFO] running `Command { std: "docker" "create" "-v" "/var/lib/crater-agent-workspace/builds/worker-5-tc1/source:/opt/rustwide/workdir:ro,Z" "-v" "/var/lib/crater-agent-workspace/builds/worker-5-tc1/target:/opt/rustwide/target:rw,Z" "-v" "/var/lib/crater-agent-workspace/cargo-home:/opt/rustwide/cargo-home:ro,Z" "-v" "/var/lib/crater-agent-workspace/rustup-home:/opt/rustwide/rustup-home:ro,Z" "-m" "1610612736" "--network" "none" "ghcr.io/rust-lang/crates-build-env/linux@sha256:77db811e55d90add9212f6832c23229e3de5f1c1f9905e8cb07319ea15df73ac" "sleep" "infinity", kill_on_drop: false }`
[INFO] [stdout] 165e0938cb606da0c9ab7634c76c7348590650f6f41e6d677c766772f748adbe
[INFO] running `Command { std: "docker" "start" "165e0938cb606da0c9ab7634c76c7348590650f6f41e6d677c766772f748adbe", kill_on_drop: false }`
[INFO] running `Command { std: "docker" "inspect" "165e0938cb606da0c9ab7634c76c7348590650f6f41e6d677c766772f748adbe", kill_on_drop: false }`
[INFO] running `Command { std: "docker" "exec" "-e" "SOURCE_DIR=/opt/rustwide/workdir" "-e" "CARGO_HOME=/opt/rustwide/cargo-home" "-e" "RUSTUP_HOME=/opt/rustwide/rustup-home" "-e" "CARGO_TARGET_DIR=/opt/rustwide/target" "-w" "/opt/rustwide/workdir" "--user" "0:0" "165e0938cb606da0c9ab7634c76c7348590650f6f41e6d677c766772f748adbe" "/opt/rustwide/cargo-home/bin/cargo" "+1.99.0-beta.8" "metadata" "--no-deps" "--format-version=1", kill_on_drop: false }`
[INFO] running `Command { std: "docker" "inspect" "165e0938cb606da0c9ab7634c76c7348590650f6f41e6d677c766772f748adbe", kill_on_drop: false }`
[INFO] running `Command { std: "docker" "exec" "-e" "SOURCE_DIR=/opt/rustwide/workdir" "-e" "CARGO_HOME=/opt/rustwide/cargo-home" "-e" "RUSTUP_HOME=/opt/rustwide/rustup-home" "-e" "CARGO_TARGET_DIR=/opt/rustwide/target" "-e" "CARGO_INCREMENTAL=0" "-e" "RUST_BACKTRACE=full" "-e" "RUSTFLAGS=--cap-lints=warn" "-e" "RUSTDOCFLAGS=--cap-lints=warn" "-w" "/opt/rustwide/workdir" "--user" "0:0" "165e0938cb606da0c9ab7634c76c7348590650f6f41e6d677c766772f748adbe" "/opt/rustwide/cargo-home/bin/cargo" "+1.99.0-beta.8" "build" "--frozen" "--message-format=json" "--release", kill_on_drop: false }`
[INFO] [stderr]    Compiling syn v3.0.5
[INFO] [stderr]    Compiling rand_core v0.10.1
[INFO] [stderr]    Compiling getrandom v0.4.3
[INFO] [stderr]    Compiling thiserror v2.0.20
[INFO] [stderr]    Compiling smallvec v1.16.1
[INFO] [stderr]    Compiling futures-core v0.3.34
[INFO] [stderr]    Compiling slab v0.4.12
[INFO] [stderr]    Compiling data-encoding v2.11.1
[INFO] [stderr]    Compiling futures-task v0.3.34
[INFO] [stderr]    Compiling futures-sink v0.3.34
[INFO] [stderr]    Compiling digest v0.11.3
[INFO] [stderr]    Compiling memchr v2.8.3
[INFO] [stderr]    Compiling parking_lot_core v0.9.12
[INFO] [stderr]    Compiling chacha20 v0.10.2
[INFO] [stderr]    Compiling sha1 v0.11.0
[INFO] [stderr]    Compiling uuid v1.26.1
[INFO] [stderr]    Compiling parking_lot v0.12.5
[INFO] [stderr]    Compiling rand v0.10.2
[INFO] [stderr]    Compiling serde_json v1.0.151
[INFO] [stderr]    Compiling thiserror-impl v2.0.20
[INFO] [stderr]    Compiling futures-macro v0.3.34
[INFO] [stderr]    Compiling tokio-macros v2.7.2
[INFO] [stderr]    Compiling serde_derive v1.0.229
[INFO] [stderr]    Compiling tokio v1.53.1
[INFO] [stderr]    Compiling futures-util v0.3.34
[INFO] [stderr]    Compiling tungstenite v0.30.0
[INFO] [stderr]    Compiling serde v1.0.229
[INFO] [stderr]    Compiling tokio-tungstenite v0.30.0
[INFO] [stderr]    Compiling connector-client v0.16.0
[INFO] [stderr]    Compiling connector-mcp-server v0.16.0 (/opt/rustwide/workdir)
[INFO] [stderr]     Finished `release` profile [optimized] target(s) in 1m 01s
[INFO] running `Command { std: "docker" "inspect" "165e0938cb606da0c9ab7634c76c7348590650f6f41e6d677c766772f748adbe", kill_on_drop: false }`
[INFO] running `Command { std: "docker" "exec" "-e" "SOURCE_DIR=/opt/rustwide/workdir" "-e" "CARGO_HOME=/opt/rustwide/cargo-home" "-e" "RUSTUP_HOME=/opt/rustwide/rustup-home" "-e" "CARGO_TARGET_DIR=/opt/rustwide/target" "-e" "CARGO_INCREMENTAL=0" "-e" "RUST_BACKTRACE=full" "-e" "RUSTFLAGS=--cap-lints=warn" "-e" "RUSTDOCFLAGS=--cap-lints=warn" "-w" "/opt/rustwide/workdir" "--user" "0:0" "165e0938cb606da0c9ab7634c76c7348590650f6f41e6d677c766772f748adbe" "/opt/rustwide/cargo-home/bin/cargo" "+1.99.0-beta.8" "test" "--frozen" "--no-run" "--message-format=json" "--release", kill_on_drop: false }`
[INFO] [stderr]    Compiling connector-mcp-server v0.16.0 (/opt/rustwide/workdir)
[INFO] [stderr]     Finished `release` profile [optimized] target(s) in 20.89s
[INFO] running `Command { std: "docker" "inspect" "165e0938cb606da0c9ab7634c76c7348590650f6f41e6d677c766772f748adbe", kill_on_drop: false }`
[INFO] running `Command { std: "docker" "exec" "-e" "SOURCE_DIR=/opt/rustwide/workdir" "-e" "CARGO_HOME=/opt/rustwide/cargo-home" "-e" "RUSTUP_HOME=/opt/rustwide/rustup-home" "-e" "CARGO_TARGET_DIR=/opt/rustwide/target" "-e" "CARGO_INCREMENTAL=0" "-e" "RUST_BACKTRACE=full" "-e" "RUSTFLAGS=--cap-lints=warn" "-e" "RUSTDOCFLAGS=--cap-lints=warn" "-w" "/opt/rustwide/workdir" "--user" "0:0" "165e0938cb606da0c9ab7634c76c7348590650f6f41e6d677c766772f748adbe" "/opt/rustwide/cargo-home/bin/cargo" "+1.99.0-beta.8" "test" "--frozen" "--release", kill_on_drop: false }`
[INFO] [stderr]     Finished `release` profile [optimized] target(s) in 0.08s
[INFO] [stderr]      Running unittests src/lib.rs (/opt/rustwide/target/release/deps/connector_mcp_server-b4b0bf924b525578)
[INFO] [stdout] 
[INFO] [stdout] running 15 tests
[INFO] [stdout] test tools::tests::workflow_exit_codes_keep_pending_and_unknown_distinct_from_success ... ok
[INFO] [stdout] test tools::tests::runtime_schema_contains_since_mark_and_window ... ok
[INFO] [stdout] test tools::tests::tool_transport_failure_sets_mcp_error_flag ... ok
[INFO] [stdout] test tools::tests::dom_snapshot_schema_contains_budget_args ... ok
[INFO] [stdout] test tools::tests::batch_actions_reports_per_action_logs_when_disconnected ... ok
[INFO] [stdout] test tools::tests::batch_actions_rejects_nesting_and_driver_session ... ok
[INFO] [stdout] test tools::tests::workflow_requests_are_forwarded_even_without_a_local_executor ... ok
[INFO] [stdout] test tools::tests::artifact_schema_contains_prune_tool ... ok
[INFO] [stdout] test tools::tests::wait_and_locator_schema_expose_agent_oriented_args ... ok
[INFO] [stdout] test tools::tests::batch_actions_schema_describes_spec ... ok
[INFO] [stdout] test tools::tests::vendored_schema_matches_plugin_source ... FAILED
[INFO] [stdout] test tools::tests::interact_schema_contains_drag_args ... ok
[INFO] [stdout] test tools::tests::standalone_tools_are_embedded_plus_driver_session ... ok
[INFO] [stdout] test tools::tests::workflow_schemas_define_app_owned_lifecycle ... ok
[INFO] [stdout] test tools::tests::screenshot_schema_contains_artifact_args ... ok
[INFO] [stdout] 
[INFO] [stdout] failures:
[INFO] [stdout] 
[INFO] [stdout] ---- tools::tests::vendored_schema_matches_plugin_source stdout ----
[INFO] [stdout] 
[INFO] [stdout] thread 'tools::tests::vendored_schema_matches_plugin_source' (858) panicked at src/tools.rs:1300:14:
[INFO] [stdout] plugin schema source readable (parity test must run from the workspace): Os { code: 2, kind: NotFound, message: "No such file or directory" }
[INFO] [stdout] stack backtrace:
[INFO] [stdout]    0:     0x5afc0efb1971 - <<std[70759c8f55707aa4]::sys::backtrace::BacktraceLock>::print::DisplayBacktrace as core[df12db4294e9bfd3]::fmt::Display>::fmt
[INFO] [stdout]    1:     0x5afc0efc782a - core[df12db4294e9bfd3]::fmt::write
[INFO] [stdout]    2:     0x5afc0efb637c - <alloc[2182bb758b4b3781]::vec::Vec<u8> as core[df12db4294e9bfd3]::io::write::Write>::write_fmt
[INFO] [stdout]    3:     0x5afc0ef8c4e6 - std[70759c8f55707aa4]::panicking::default_hook::{closure#0}
[INFO] [stdout]    4:     0x5afc0efa9599 - std[70759c8f55707aa4]::panicking::default_hook
[INFO] [stdout]    5:     0x5afc0eecd480 - test[9d35eded1c95d3be]::test_main_inner::<test[9d35eded1c95d3be]::test_main_static::{closure#0}>::{closure#0}
[INFO] [stdout]    6:     0x5afc0efa98c2 - std[70759c8f55707aa4]::panicking::panic_with_hook
[INFO] [stdout]    7:     0x5afc0ef8c592 - std[70759c8f55707aa4]::panicking::panic_handler::{closure#0}
[INFO] [stdout]    8:     0x5afc0ef84fb9 - std[70759c8f55707aa4]::sys::backtrace::__rust_end_short_backtrace::<std[70759c8f55707aa4]::panicking::panic_handler::{closure#0}, !>
[INFO] [stdout]    9:     0x5afc0ef8d37d - __rustc[8fa7c3cbc660c2b3]::rust_begin_unwind
[INFO] [stdout]   10:     0x5afc0efc7f8c - core[df12db4294e9bfd3]::panicking::panic_fmt
[INFO] [stdout]   11:     0x5afc0efc7d62 - core[df12db4294e9bfd3]::result::unwrap_failed
[INFO] [stdout]   12:     0x5afc0ee4dc59 - connector_mcp_server[bd6cb3afab33689d]::tools::tests::vendored_schema_matches_plugin_source
[INFO] [stdout]   13:     0x5afc0eea60c9 - <connector_mcp_server[bd6cb3afab33689d]::tools::tests::vendored_schema_matches_plugin_source::{closure#0} as core[df12db4294e9bfd3]::ops::function::FnOnce<()>>::call_once
[INFO] [stdout]   14:     0x5afc0eec076b - test[9d35eded1c95d3be]::__rust_begin_short_backtrace::<core[df12db4294e9bfd3]::result::Result<(), alloc[2182bb758b4b3781]::string::String>, fn() -> core[df12db4294e9bfd3]::result::Result<(), alloc[2182bb758b4b3781]::string::String>>
[INFO] [stdout]   15:     0x5afc0eecddd5 - test[9d35eded1c95d3be]::run_test::{closure#0}
[INFO] [stdout]   16:     0x5afc0eec7694 - std[70759c8f55707aa4]::sys::backtrace::__rust_begin_short_backtrace::<test[9d35eded1c95d3be]::run_test::{closure#1}, ()>
[INFO] [stdout]   17:     0x5afc0eed0f32 - <std[70759c8f55707aa4]::thread::lifecycle::spawn_unchecked<test[9d35eded1c95d3be]::run_test::{closure#1}, ()>::{closure#1} as core[df12db4294e9bfd3]::ops::function::FnOnce<()>>::call_once::{shim:vtable#0}
[INFO] [stdout]   18:     0x5afc0efb0969 - <std[70759c8f55707aa4]::sys::thread::unix::Thread>::new::thread_start
[INFO] [stdout]   19:     0x7fd285f38dfa - <unknown>
[INFO] [stdout]   20:     0x7fd285fcc3d4 - clone
[INFO] [stdout]   21:                0x0 - <unknown>
[INFO] [stdout] 
[INFO] [stdout] 
[INFO] [stdout] failures:
[INFO] [stdout]     tools::tests::vendored_schema_matches_plugin_source
[INFO] [stdout] 
[INFO] [stdout] test result: FAILED. 14 passed; 1 failed; 0 ignored; 0 measured; 0 filtered out; finished in 0.05s
[INFO] [stdout] 
[INFO] [stderr] error: test failed, to rerun pass `--lib`
[INFO] running `Command { std: "docker" "inspect" "165e0938cb606da0c9ab7634c76c7348590650f6f41e6d677c766772f748adbe", kill_on_drop: false }`
[INFO] running `Command { std: "docker" "rm" "-f" "165e0938cb606da0c9ab7634c76c7348590650f6f41e6d677c766772f748adbe", kill_on_drop: false }`
[INFO] [stdout] 165e0938cb606da0c9ab7634c76c7348590650f6f41e6d677c766772f748adbe
