[INFO] fetching crate connect2axum-codegen 0.5.2...
[INFO] testing connect2axum-codegen-0.5.2 against 1.99.0-beta.8+cargoflags=--release for beta-release-1.100-2
[INFO] extracting crate connect2axum-codegen 0.5.2 into /workspace/builds/worker-1-tc1/source
[INFO] started tweaking crates.io crate connect2axum-codegen 0.5.2
[INFO] removed 0 missing tests
[INFO] finished tweaking crates.io crate connect2axum-codegen 0.5.2
[INFO] tweaked toml for crates.io crate connect2axum-codegen 0.5.2 written to /workspace/builds/worker-1-tc1/source/Cargo.toml
[INFO] validating manifest of crates.io crate connect2axum-codegen 0.5.2 on toolchain 1.99.0-beta.8
[INFO] running `Command { std: CARGO_HOME="/workspace/cargo-home" RUSTUP_HOME="/workspace/rustup-home" "/workspace/cargo-home/bin/cargo" "+1.99.0-beta.8" "metadata" "--manifest-path" "Cargo.toml" "--no-deps", kill_on_drop: false }`
[INFO] crate crates.io crate connect2axum-codegen 0.5.2 already has a lockfile, it will not be regenerated
[INFO] running `Command { std: CARGO_HOME="/workspace/cargo-home" RUSTUP_HOME="/workspace/rustup-home" "/workspace/cargo-home/bin/cargo" "+1.99.0-beta.8" "fetch" "--manifest-path" "Cargo.toml", kill_on_drop: false }`
[INFO] [stderr]     Updating crates.io index
[INFO] [stderr]  Downloading crates ...
[INFO] [stderr]   Downloaded uni_error v0.11.3
[INFO] [stderr]   Downloaded oas3 v0.22.0
[INFO] [stderr]   Downloaded prost v0.14.3
[INFO] [stderr]   Downloaded inline_flexstr v0.1.9
[INFO] [stderr]   Downloaded flexstr v0.11.7
[INFO] [stderr]   Downloaded flexstr_support v0.1.4
[INFO] [stderr]   Downloaded connectrpc-codegen v0.9.0
[INFO] [stderr]   Downloaded smoothutf8 v0.2.3
[INFO] [stderr]   Downloaded buffa v0.9.2
[INFO] [stderr]   Downloaded buffa-descriptor v0.9.2
[INFO] [stderr]   Downloaded buffa-codegen v0.9.2
[INFO] running `Command { std: "docker" "create" "-v" "/var/lib/crater-agent-workspace/builds/worker-1-tc1/source:/opt/rustwide/workdir:ro,Z" "-v" "/var/lib/crater-agent-workspace/builds/worker-1-tc1/target:/opt/rustwide/target:rw,Z" "-v" "/var/lib/crater-agent-workspace/cargo-home:/opt/rustwide/cargo-home:ro,Z" "-v" "/var/lib/crater-agent-workspace/rustup-home:/opt/rustwide/rustup-home:ro,Z" "-m" "1610612736" "--network" "none" "ghcr.io/rust-lang/crates-build-env/linux@sha256:77db811e55d90add9212f6832c23229e3de5f1c1f9905e8cb07319ea15df73ac" "sleep" "infinity", kill_on_drop: false }`
[INFO] [stdout] a82841493e22ade3d39b238b2e2596ad3d49adebb041b7a48fdc73ae3074c5e2
[INFO] running `Command { std: "docker" "start" "a82841493e22ade3d39b238b2e2596ad3d49adebb041b7a48fdc73ae3074c5e2", kill_on_drop: false }`
[INFO] running `Command { std: "docker" "inspect" "a82841493e22ade3d39b238b2e2596ad3d49adebb041b7a48fdc73ae3074c5e2", kill_on_drop: false }`
[INFO] running `Command { std: "docker" "exec" "-e" "SOURCE_DIR=/opt/rustwide/workdir" "-e" "CARGO_HOME=/opt/rustwide/cargo-home" "-e" "RUSTUP_HOME=/opt/rustwide/rustup-home" "-e" "CARGO_TARGET_DIR=/opt/rustwide/target" "-w" "/opt/rustwide/workdir" "--user" "0:0" "a82841493e22ade3d39b238b2e2596ad3d49adebb041b7a48fdc73ae3074c5e2" "/opt/rustwide/cargo-home/bin/cargo" "+1.99.0-beta.8" "metadata" "--no-deps" "--format-version=1", kill_on_drop: false }`
[INFO] running `Command { std: "docker" "inspect" "a82841493e22ade3d39b238b2e2596ad3d49adebb041b7a48fdc73ae3074c5e2", kill_on_drop: false }`
[INFO] running `Command { std: "docker" "exec" "-e" "SOURCE_DIR=/opt/rustwide/workdir" "-e" "CARGO_HOME=/opt/rustwide/cargo-home" "-e" "RUSTUP_HOME=/opt/rustwide/rustup-home" "-e" "CARGO_TARGET_DIR=/opt/rustwide/target" "-e" "CARGO_INCREMENTAL=0" "-e" "RUST_BACKTRACE=full" "-e" "RUSTFLAGS=--cap-lints=warn" "-e" "RUSTDOCFLAGS=--cap-lints=warn" "-w" "/opt/rustwide/workdir" "--user" "0:0" "a82841493e22ade3d39b238b2e2596ad3d49adebb041b7a48fdc73ae3074c5e2" "/opt/rustwide/cargo-home/bin/cargo" "+1.99.0-beta.8" "build" "--frozen" "--message-format=json" "--release", kill_on_drop: false }`
[INFO] [stderr]    Compiling serde_json v1.0.149
[INFO] [stderr]    Compiling proc-macro2 v1.0.106
[INFO] [stderr]    Compiling thiserror v2.0.18
[INFO] [stderr]    Compiling syn v2.0.117
[INFO] [stderr]    Compiling simdutf8 v0.1.5
[INFO] [stderr]    Compiling foldhash v0.1.5
[INFO] [stderr]    Compiling smallvec v1.15.1
[INFO] [stderr]    Compiling unicode-segmentation v1.13.2
[INFO] [stderr]    Compiling base64 v0.22.1
[INFO] [stderr]    Compiling prettyplease v0.2.37
[INFO] [stderr]    Compiling hashbrown v0.17.0
[INFO] [stderr]    Compiling smoothutf8 v0.2.3
[INFO] [stderr]    Compiling percent-encoding v2.3.2
[INFO] [stderr]    Compiling convert_case v0.10.0
[INFO] [stderr]    Compiling regex-automata v0.4.14
[INFO] [stderr]    Compiling quote v1.0.45
[INFO] [stderr]    Compiling form_urlencoded v1.2.2
[INFO] [stderr]    Compiling flexstr_support v0.1.4
[INFO] [stderr]    Compiling inline_flexstr v0.1.9
[INFO] [stderr]    Compiling http v1.4.0
[INFO] [stderr]    Compiling indexmap v2.14.0
[INFO] [stderr]    Compiling heck v0.5.0
[INFO] [stderr]    Compiling semver v1.0.28
[INFO] [stderr]    Compiling flexstr v0.11.7
[INFO] [stderr]    Compiling uni_error v0.11.3
[INFO] [stderr]    Compiling synstructure v0.13.2
[INFO] [stderr]    Compiling zerofrom-derive v0.1.7
[INFO] [stderr]    Compiling yoke-derive v0.8.2
[INFO] [stderr]    Compiling zerovec-derive v0.11.3
[INFO] [stderr]    Compiling displaydoc v0.2.5
[INFO] [stderr]    Compiling serde_derive v1.0.228
[INFO] [stderr]    Compiling thiserror-impl v2.0.18
[INFO] [stderr]    Compiling derive_more-impl v2.1.1
[INFO] [stderr]    Compiling zerofrom v0.1.7
[INFO] [stderr]    Compiling regex v1.12.3
[INFO] [stderr]    Compiling yoke v0.8.2
[INFO] [stderr]    Compiling zerotrie v0.2.4
[INFO] [stderr]    Compiling zerovec v0.11.6
[INFO] [stderr]    Compiling tinystr v0.8.3
[INFO] [stderr]    Compiling icu_locale_core v2.2.0
[INFO] [stderr]    Compiling potential_utf v0.1.5
[INFO] [stderr]    Compiling icu_collections v2.2.0
[INFO] [stderr]    Compiling icu_provider v2.2.0
[INFO] [stderr]    Compiling derive_more v2.1.1
[INFO] [stderr]    Compiling serde v1.0.228
[INFO] [stderr]    Compiling icu_normalizer v2.2.0
[INFO] [stderr]    Compiling icu_properties v2.2.0
[INFO] [stderr]    Compiling hashbrown v0.15.5
[INFO] [stderr]    Compiling serde_yaml v0.9.34+deprecated
[INFO] [stderr]    Compiling buffa v0.9.2
[INFO] [stderr]    Compiling idna_adapter v1.2.2
[INFO] [stderr]    Compiling idna v1.1.0
[INFO] [stderr]    Compiling url v2.5.8
[INFO] [stderr]    Compiling buffa-descriptor v0.9.2
[INFO] [stderr]    Compiling oas3 v0.22.0
[INFO] [stderr]    Compiling buffa-codegen v0.9.2
[INFO] [stderr]    Compiling connectrpc-codegen v0.9.0
[INFO] [stderr]    Compiling connect2axum-codegen v0.5.2 (/opt/rustwide/workdir)
[INFO] [stderr]     Finished `release` profile [optimized] target(s) in 3m 55s
[INFO] running `Command { std: "docker" "inspect" "a82841493e22ade3d39b238b2e2596ad3d49adebb041b7a48fdc73ae3074c5e2", kill_on_drop: false }`
[INFO] running `Command { std: "docker" "exec" "-e" "SOURCE_DIR=/opt/rustwide/workdir" "-e" "CARGO_HOME=/opt/rustwide/cargo-home" "-e" "RUSTUP_HOME=/opt/rustwide/rustup-home" "-e" "CARGO_TARGET_DIR=/opt/rustwide/target" "-e" "CARGO_INCREMENTAL=0" "-e" "RUST_BACKTRACE=full" "-e" "RUSTFLAGS=--cap-lints=warn" "-e" "RUSTDOCFLAGS=--cap-lints=warn" "-w" "/opt/rustwide/workdir" "--user" "0:0" "a82841493e22ade3d39b238b2e2596ad3d49adebb041b7a48fdc73ae3074c5e2" "/opt/rustwide/cargo-home/bin/cargo" "+1.99.0-beta.8" "test" "--frozen" "--no-run" "--message-format=json" "--release", kill_on_drop: false }`
[INFO] [stderr]    Compiling connect2axum-codegen v0.5.2 (/opt/rustwide/workdir)
[INFO] [stderr]     Finished `release` profile [optimized] target(s) in 52.78s
[INFO] running `Command { std: "docker" "inspect" "a82841493e22ade3d39b238b2e2596ad3d49adebb041b7a48fdc73ae3074c5e2", kill_on_drop: false }`
[INFO] running `Command { std: "docker" "exec" "-e" "SOURCE_DIR=/opt/rustwide/workdir" "-e" "CARGO_HOME=/opt/rustwide/cargo-home" "-e" "RUSTUP_HOME=/opt/rustwide/rustup-home" "-e" "CARGO_TARGET_DIR=/opt/rustwide/target" "-e" "CARGO_INCREMENTAL=0" "-e" "RUST_BACKTRACE=full" "-e" "RUSTFLAGS=--cap-lints=warn" "-e" "RUSTDOCFLAGS=--cap-lints=warn" "-w" "/opt/rustwide/workdir" "--user" "0:0" "a82841493e22ade3d39b238b2e2596ad3d49adebb041b7a48fdc73ae3074c5e2" "/opt/rustwide/cargo-home/bin/cargo" "+1.99.0-beta.8" "test" "--frozen" "--release", kill_on_drop: false }`
[INFO] [stderr]     Finished `release` profile [optimized] target(s) in 0.11s
[INFO] [stderr]      Running unittests src/lib.rs (/opt/rustwide/target/release/deps/connect2axum_codegen-7e56c2e12b1cb09b)
[INFO] [stdout] 
[INFO] [stdout] running 67 tests
[INFO] [stdout] test internal::asyncapi::tests::parses_asyncapi_options ... ok
[INFO] [stdout] test internal::asyncapi::tests::rejects_suppressed_schema_name_collisions ... ok
[INFO] [stdout] test internal::asyncapi::tests::documents_streaming_websocket_routes ... ok
[INFO] [stdout] test internal::asyncapi::tests::skips_server_streaming_routes_with_path_or_query_bindings ... ok
[INFO] [stdout] test internal::http::tests::extracts_http_extension_from_method_options_unknown_fields ... ok
[INFO] [stdout] test internal::http::tests::extracts_nested_path_variables ... ok
[INFO] [stdout] test internal::http::tests::rejects_empty_nested_path_segments ... ok
[INFO] [stdout] test internal::ir::tests::missing_path_field_is_an_error ... ok
[INFO] [stdout] test internal::http::tests::no_http_extension_returns_none ... ok
[INFO] [stdout] test internal::ir::tests::source_comments_are_attached_to_ir_nodes ... ok
[INFO] [stdout] test internal::asyncapi::tests::keeps_package_prefixes_when_requested ... ok
[INFO] [stdout] test internal::asyncapi::tests::applies_config_security_and_servers ... ok
[INFO] [stdout] test internal::openapi::tests::merge_rejects_conflicting_paths ... ok
[INFO] [stdout] test internal::ir::tests::unsupported_path_template_is_an_error ... ok
[INFO] [stdout] test internal::ir::tests::extracts_unary_post_with_path_fields_and_single_field_body ... ok
[INFO] [stdout] test internal::openapi::tests::injects_synthetic_go_package_when_missing ... ok
[INFO] [stdout] test internal::openapi::tests::applies_config_headers_security_and_info ... ok
[INFO] [stdout] test internal::openapi::tests::suppresses_schema_package_prefixes_and_refs ... ok
[INFO] [stdout] test internal::options::tests::defaults_match_phase_2_contract ... ok
[INFO] [stdout] test internal::openapi::tests::rejects_suppressed_schema_name_collisions ... ok
[INFO] [stdout] test internal::openapi::tests::merges_multiple_child_documents_and_validates_with_oas3 ... ok
[INFO] [stdout] test internal::openapi::tests::parses_openapi_options ... ok
[INFO] [stdout] test internal::openapi::tests::patches_streaming_operations_to_ndjson ... ok
[INFO] [stdout] test internal::options::tests::rejects_removed_options ... ok
[INFO] [stdout] test internal::options::tests::rejects_unknown_options ... ok
[INFO] [stdout] test internal::options::tests::parses_all_phase_2_options ... ok
[INFO] [stdout] test internal::resolver::tests::resolves_buffa_owned_and_view_paths ... ok
[INFO] [stdout] test internal::resolver::tests::resolves_connect_service_trait_path ... ok
[INFO] [stdout] test internal::resolver::tests::resolves_cross_package_message_references ... ok
[INFO] [stdout] test internal::resolver::tests::resolves_enum_path_and_scalar_query_types ... ok
[INFO] [stdout] test internal::rest::tests::generates_streaming_handlers_for_all_stream_shapes ... ok
[INFO] [stdout] test internal::rest::tests::rejects_duplicate_rest_handler_idents ... ok
[INFO] [stdout] test internal::rest::tests::rejects_duplicate_rest_routes ... ok
[INFO] [stdout] test internal::rest::tests::rejects_same_verb_on_equivalent_route_templates ... ok
[INFO] [stdout] test internal::rest::tests::generates_expected_rust_skeleton ... ok
[INFO] [stdout] test internal::rest::tests::resolves_cross_package_inputs_and_outputs ... ok
[INFO] [stdout] test internal::shape::tests::body_wildcard_uses_original_request_without_query_fields ... ok
[INFO] [stdout] test internal::rest::tests::resolves_same_package_types_split_across_files ... ok
[INFO] [stdout] test internal::rest::tests::equivalent_templates_with_different_fields_share_route_parameters ... ok
[INFO] [stdout] test internal::rest::tests::resolves_google_protobuf_empty ... ok
[INFO] [stdout] test internal::shape::tests::client_streaming_body_wildcard_uses_streamed_request_messages ... ok
[INFO] [stdout] test internal::rest::tests::nested_path_field_overrides_the_reconstructed_request ... ok
[INFO] [stdout] test internal::rest::tests::generates_modules_for_multiple_services_in_one_file ... ok
[INFO] [stdout] test internal::shape::tests::client_streaming_rejects_field_body_bindings ... ok
[INFO] [stdout] test internal::shape::tests::nested_path_fields_leave_the_parent_message_to_the_body ... ok
[INFO] [stdout] test internal::shape::tests::nested_path_fields_must_resolve_through_singular_messages ... ok
[INFO] [stdout] test internal::shape::tests::client_streaming_rejects_query_parameters ... ok
[INFO] [stdout] test internal::shape::tests::generated_dto_names_are_deduplicated_by_kind_and_field_set ... ok
[INFO] [stdout] test internal::shape::tests::google_protobuf_empty_plans_as_empty_request ... ok
[INFO] [stdout] test internal::shape::tests::client_streaming_rejects_path_parameters ... ok
[INFO] [stdout] test internal::shape::tests::partitions_test_request_like_the_old_http_parser ... ok
[INFO] [stdout] test internal::shape::tests::scalar_body_field_uses_original_request_when_it_is_the_entire_request ... ok
[INFO] [stdout] test internal::ws::tests::generates_expected_websocket_handlers ... ok
[INFO] [stdout] test internal::ws::tests::skips_server_streaming_methods_with_path_or_query_bindings ... ok
[INFO] [stdout] test internal::ws::tests::rejects_duplicate_websocket_handler_idents ... ok
[INFO] [stdout] test internal::ws::tests::rejects_duplicate_websocket_routes ... ok
[INFO] [stdout] test internal::ws::tests::skips_files_without_websocket_methods ... ok
[INFO] [stdout] test internal::shape::tests::no_body_leaves_remaining_fields_as_query_dto ... ok
[INFO] [stdout] test tests::generators_advertise_proto3_optional_support ... ok
[INFO] [stdout] test tests::missing_file_to_generate_is_a_typed_error ... ok
[INFO] [stdout] test tests::plugin_protocol_messages_round_trip ... ok
[INFO] [stdout] test tests::skips_files_without_http_bindings ... ok
[INFO] [stdout] test tests::generates_deterministic_file_names_for_files_with_http_bindings ... ok
[INFO] [stdout] test tests::unknown_option_generates_plugin_error_response ... ok
[INFO] [stdout] test internal::shape::tests::scalar_body_field_uses_generated_dto_unless_it_is_the_whole_request ... ok
[INFO] [stdout] test tests::empty_request_generates_empty_response ... ok
[INFO] [stderr] error: test failed, to rerun pass `--lib`
[INFO] [stdout] test internal::rest::tests::generated_handlers_compile_and_call_service ... FAILED
[INFO] [stdout] 
[INFO] [stdout] failures:
[INFO] [stdout] 
[INFO] [stdout] ---- internal::rest::tests::generated_handlers_compile_and_call_service stdout ----
[INFO] [stdout] 
[INFO] [stdout] thread 'internal::rest::tests::generated_handlers_compile_and_call_service' (1462) panicked at src/internal/rest.rs:1074:13:
[INFO] [stdout] generated crate tests failed
[INFO] [stdout] stdout:
[INFO] [stdout] 
[INFO] [stdout] stderr:
[INFO] [stdout] error: failed to get `serde` as a dependency of package `connect2rest-generated-check v0.0.0 (/tmp/connect2rest-codegen-1430-1792304949462480638)`
[INFO] [stdout] 
[INFO] [stdout] Caused by:
[INFO] [stdout]   failed to load source for dependency `serde`
[INFO] [stdout] 
[INFO] [stdout] Caused by:
[INFO] [stdout]   unable to update registry `crates-io`
[INFO] [stdout] 
[INFO] [stdout] Caused by:
[INFO] [stdout]   download of config.json failed
[INFO] [stdout] 
[INFO] [stdout] Caused by:
[INFO] [stdout]   [6] Could not resolve hostname (Could not resolve host: index.crates.io)
[INFO] [stdout] 
[INFO] [stdout] source:
[INFO] [stdout] // @generated by connect2rest.
[INFO] [stdout] // This file is generated from test/v1/test.proto. Do not edit by hand.
[INFO] [stdout] 
[INFO] [stdout] /// Generated axum handlers and router.
[INFO] [stdout] pub mod test_service_rest {
[INFO] [stdout]     #![allow(unused_imports)]
[INFO] [stdout]     use std::sync::Arc;
[INFO] [stdout]     use axum::extract::{Path, State};
[INFO] [stdout]     use axum::Json;
[INFO] [stdout]     use http::{Extensions, HeaderMap};
[INFO] [stdout]     #[derive(Clone, Debug, Default, serde::Deserialize)]
[INFO] [stdout]     #[serde(default)]
[INFO] [stdout]     pub struct TestRequestQuery__ {
[INFO] [stdout]         #[serde(
[INFO] [stdout]             rename = "testType",
[INFO] [stdout]             alias = "test_type",
[INFO] [stdout]             with = "::buffa::json_helpers::proto_enum"
[INFO] [stdout]         )]
[INFO] [stdout]         pub test_type: ::buffa::EnumValue<crate::proto::test::v1::Tester>,
[INFO] [stdout]         #[serde(rename = "tester")]
[INFO] [stdout]         pub tester: ::core::option::Option<crate::proto::test::v1::Nested>,
[INFO] [stdout]     }
[INFO] [stdout]     pub async fn get_one<S>(
[INFO] [stdout]         State(service__): State<Arc<S>>,
[INFO] [stdout]         Path(data__): Path<::std::string::String>,
[INFO] [stdout]         ::connect2axum::ProtoQuery(
[INFO] [stdout]             query__,
[INFO] [stdout]         ): ::connect2axum::ProtoQuery<TestRequestQuery__>,
[INFO] [stdout]         headers__: HeaderMap,
[INFO] [stdout]         extensions__: Extensions,
[INFO] [stdout]     ) -> http::Response<axum::body::Body>
[INFO] [stdout]     where
[INFO] [stdout]         S: crate::connect::test::v1::TestService + Send + Sync + 'static,
[INFO] [stdout]     {
[INFO] [stdout]         let ctx__ = ::connect2axum::request_context(headers__, extensions__);
[INFO] [stdout]         let request__ = crate::proto::test::v1::TestRequest {
[INFO] [stdout]             data: data__,
[INFO] [stdout]             test_type: query__.test_type,
[INFO] [stdout]             tester: query__.tester.into(),
[INFO] [stdout]             ..::core::default::Default::default()
[INFO] [stdout]         };
[INFO] [stdout]         let request__ = match ::connect2axum::owned_view::<
[INFO] [stdout]             crate::proto::test::v1::__buffa::view::TestRequestView<'static>,
[INFO] [stdout]         >(&request__) {
[INFO] [stdout]             Ok(request__) => request__,
[INFO] [stdout]             Err(err) => return ::connect2axum::error_response(err),
[INFO] [stdout]         };
[INFO] [stdout]         let request__ = ::connectrpc::ServiceRequest::from_parts(
[INFO] [stdout]             request__.reborrow(),
[INFO] [stdout]             request__.bytes(),
[INFO] [stdout]         );
[INFO] [stdout]         ::connect2axum::service_response::<
[INFO] [stdout]             crate::proto::test::v1::TestResponse,
[INFO] [stdout]             _,
[INFO] [stdout]         >(service__.get_one(ctx__, request__).await)
[INFO] [stdout]     }
[INFO] [stdout]     pub async fn do_test<S>(
[INFO] [stdout]         State(service__): State<Arc<S>>,
[INFO] [stdout]         Path(
[INFO] [stdout]             (data__, test_type__),
[INFO] [stdout]         ): Path<
[INFO] [stdout]             (::std::string::String, ::buffa::EnumValue<crate::proto::test::v1::Tester>),
[INFO] [stdout]         >,
[INFO] [stdout]         headers__: HeaderMap,
[INFO] [stdout]         extensions__: Extensions,
[INFO] [stdout]         Json(body__): Json<crate::proto::test::v1::Nested>,
[INFO] [stdout]     ) -> http::Response<axum::body::Body>
[INFO] [stdout]     where
[INFO] [stdout]         S: crate::connect::test::v1::TestService + Send + Sync + 'static,
[INFO] [stdout]     {
[INFO] [stdout]         let ctx__ = ::connect2axum::request_context(headers__, extensions__);
[INFO] [stdout]         let request__ = crate::proto::test::v1::TestRequest {
[INFO] [stdout]             data: data__,
[INFO] [stdout]             test_type: test_type__,
[INFO] [stdout]             tester: body__.into(),
[INFO] [stdout]             ..::core::default::Default::default()
[INFO] [stdout]         };
[INFO] [stdout]         let request__ = match ::connect2axum::owned_view::<
[INFO] [stdout]             crate::proto::test::v1::__buffa::view::TestRequestView<'static>,
[INFO] [stdout]         >(&request__) {
[INFO] [stdout]             Ok(request__) => request__,
[INFO] [stdout]             Err(err) => return ::connect2axum::error_response(err),
[INFO] [stdout]         };
[INFO] [stdout]         let request__ = ::connectrpc::ServiceRequest::from_parts(
[INFO] [stdout]             request__.reborrow(),
[INFO] [stdout]             request__.bytes(),
[INFO] [stdout]         );
[INFO] [stdout]         ::connect2axum::service_response::<
[INFO] [stdout]             crate::proto::test::v1::TestResponse,
[INFO] [stdout]             _,
[INFO] [stdout]         >(service__.do_test(ctx__, request__).await)
[INFO] [stdout]     }
[INFO] [stdout]     pub async fn patch_all<S>(
[INFO] [stdout]         State(service__): State<Arc<S>>,
[INFO] [stdout]         headers__: HeaderMap,
[INFO] [stdout]         extensions__: Extensions,
[INFO] [stdout]         Json(body__): Json<crate::proto::test::v1::TestRequest>,
[INFO] [stdout]     ) -> http::Response<axum::body::Body>
[INFO] [stdout]     where
[INFO] [stdout]         S: crate::connect::test::v1::TestService + Send + Sync + 'static,
[INFO] [stdout]     {
[INFO] [stdout]         let ctx__ = ::connect2axum::request_context(headers__, extensions__);
[INFO] [stdout]         let request__ = body__;
[INFO] [stdout]         let request__ = match ::connect2axum::owned_view::<
[INFO] [stdout]             crate::proto::test::v1::__buffa::view::TestRequestView<'static>,
[INFO] [stdout]         >(&request__) {
[INFO] [stdout]             Ok(request__) => request__,
[INFO] [stdout]             Err(err) => return ::connect2axum::error_response(err),
[INFO] [stdout]         };
[INFO] [stdout]         let request__ = ::connectrpc::ServiceRequest::from_parts(
[INFO] [stdout]             request__.reborrow(),
[INFO] [stdout]             request__.bytes(),
[INFO] [stdout]         );
[INFO] [stdout]         ::connect2axum::service_response::<
[INFO] [stdout]             crate::proto::test::v1::TestResponse,
[INFO] [stdout]             _,
[INFO] [stdout]         >(service__.patch_all(ctx__, request__).await)
[INFO] [stdout]     }
[INFO] [stdout]     pub async fn ping<S>(
[INFO] [stdout]         State(service__): State<Arc<S>>,
[INFO] [stdout]         headers__: HeaderMap,
[INFO] [stdout]         extensions__: Extensions,
[INFO] [stdout]     ) -> http::Response<axum::body::Body>
[INFO] [stdout]     where
[INFO] [stdout]         S: crate::connect::test::v1::TestService + Send + Sync + 'static,
[INFO] [stdout]     {
[INFO] [stdout]         let ctx__ = ::connect2axum::request_context(headers__, extensions__);
[INFO] [stdout]         let request__ = crate::proto::test::v1::EmptyRequest::default();
[INFO] [stdout]         let request__ = match ::connect2axum::owned_view::<
[INFO] [stdout]             crate::proto::test::v1::__buffa::view::EmptyRequestView<'static>,
[INFO] [stdout]         >(&request__) {
[INFO] [stdout]             Ok(request__) => request__,
[INFO] [stdout]             Err(err) => return ::connect2axum::error_response(err),
[INFO] [stdout]         };
[INFO] [stdout]         let request__ = ::connectrpc::ServiceRequest::from_parts(
[INFO] [stdout]             request__.reborrow(),
[INFO] [stdout]             request__.bytes(),
[INFO] [stdout]         );
[INFO] [stdout]         ::connect2axum::service_response::<
[INFO] [stdout]             crate::proto::test::v1::TestResponse,
[INFO] [stdout]             _,
[INFO] [stdout]         >(service__.ping(ctx__, request__).await)
[INFO] [stdout]     }
[INFO] [stdout]     pub fn make_router<S>(service: Arc<S>) -> axum::Router
[INFO] [stdout]     where
[INFO] [stdout]         S: crate::connect::test::v1::TestService + Send + Sync + 'static,
[INFO] [stdout]     {
[INFO] [stdout]         axum::Router::new()
[INFO] [stdout]             .route("/test/{p0}", axum::routing::get(get_one::<S>))
[INFO] [stdout]             .route("/test/{p0}/testing/{p1}", axum::routing::post(do_test::<S>))
[INFO] [stdout]             .route("/test", axum::routing::patch(patch_all::<S>))
[INFO] [stdout]             .route("/ping", axum::routing::get(ping::<S>))
[INFO] [stdout]             .with_state(service)
[INFO] [stdout]     }
[INFO] [stdout] }
[INFO] [stdout] 
[INFO] [stdout] stack backtrace:
[INFO] [stdout]    0:     0x5ec13b350031 - <<std[70759c8f55707aa4]::sys::backtrace::BacktraceLock>::print::DisplayBacktrace as core[df12db4294e9bfd3]::fmt::Display>::fmt
[INFO] [stdout]    1:     0x5ec13b366baa - core[df12db4294e9bfd3]::fmt::write
[INFO] [stdout]    2:     0x5ec13b354abc - <alloc[2182bb758b4b3781]::vec::Vec<u8> as core[df12db4294e9bfd3]::io::write::Write>::write_fmt
[INFO] [stdout]    3:     0x5ec13b32a5b6 - std[70759c8f55707aa4]::panicking::default_hook::{closure#0}
[INFO] [stdout]    4:     0x5ec13b3479a9 - std[70759c8f55707aa4]::panicking::default_hook
[INFO] [stdout]    5:     0x5ec13b1544c0 - test[9d35eded1c95d3be]::test_main_inner::<test[9d35eded1c95d3be]::test_main_static::{closure#0}>::{closure#0}
[INFO] [stdout]    6:     0x5ec13b347cd2 - std[70759c8f55707aa4]::panicking::panic_with_hook
[INFO] [stdout]    7:     0x5ec13b32a662 - std[70759c8f55707aa4]::panicking::panic_handler::{closure#0}
[INFO] [stdout]    8:     0x5ec13b323139 - std[70759c8f55707aa4]::sys::backtrace::__rust_end_short_backtrace::<std[70759c8f55707aa4]::panicking::panic_handler::{closure#0}, !>
[INFO] [stdout]    9:     0x5ec13b32b25d - __rustc[8fa7c3cbc660c2b3]::rust_begin_unwind
[INFO] [stdout]   10:     0x5ec13b36738c - core[df12db4294e9bfd3]::panicking::panic_fmt
[INFO] [stdout]   11:     0x5ec13b016d7d - connect2axum_codegen[415e286e3f154238]::internal::rest::tests::generated_handlers_compile_and_call_service
[INFO] [stdout]   12:     0x5ec13b0aa9e9 - <connect2axum_codegen[415e286e3f154238]::internal::rest::tests::generated_handlers_compile_and_call_service::{closure#0} as core[df12db4294e9bfd3]::ops::function::FnOnce<()>>::call_once
[INFO] [stdout]   13:     0x5ec13b1477ab - test[9d35eded1c95d3be]::__rust_begin_short_backtrace::<core[df12db4294e9bfd3]::result::Result<(), alloc[2182bb758b4b3781]::string::String>, fn() -> core[df12db4294e9bfd3]::result::Result<(), alloc[2182bb758b4b3781]::string::String>>
[INFO] [stdout]   14:     0x5ec13b154e15 - test[9d35eded1c95d3be]::run_test::{closure#0}
[INFO] [stdout]   15:     0x5ec13b14e6d4 - std[70759c8f55707aa4]::sys::backtrace::__rust_begin_short_backtrace::<test[9d35eded1c95d3be]::run_test::{closure#1}, ()>
[INFO] [stdout]   16:     0x5ec13b157f72 - <std[70759c8f55707aa4]::thread::lifecycle::spawn_unchecked<test[9d35eded1c95d3be]::run_test::{closure#1}, ()>::{closure#1} as core[df12db4294e9bfd3]::ops::function::FnOnce<()>>::call_once::{shim:vtable#0}
[INFO] [stdout]   17:     0x5ec13b34f399 - <std[70759c8f55707aa4]::sys::thread::unix::Thread>::new::thread_start
[INFO] [stdout]   18:     0x75f192e0bdfa - <unknown>
[INFO] [stdout]   19:     0x75f192e9f3d4 - clone
[INFO] [stdout]   20:                0x0 - <unknown>
[INFO] [stdout] 
[INFO] [stdout] 
[INFO] [stdout] failures:
[INFO] [stdout]     internal::rest::tests::generated_handlers_compile_and_call_service
[INFO] [stdout] 
[INFO] [stdout] test result: FAILED. 66 passed; 1 failed; 0 ignored; 0 measured; 0 filtered out; finished in 11.14s
[INFO] [stdout] 
[INFO] running `Command { std: "docker" "inspect" "a82841493e22ade3d39b238b2e2596ad3d49adebb041b7a48fdc73ae3074c5e2", kill_on_drop: false }`
[INFO] running `Command { std: "docker" "rm" "-f" "a82841493e22ade3d39b238b2e2596ad3d49adebb041b7a48fdc73ae3074c5e2", kill_on_drop: false }`
[INFO] [stdout] a82841493e22ade3d39b238b2e2596ad3d49adebb041b7a48fdc73ae3074c5e2
