[INFO] fetching crate conjure-runtime 7.6.0...
[INFO] testing conjure-runtime-7.6.0 against 1.100.0-beta.1+cargoflags=--release for beta-release-1.100-2
[INFO] extracting crate conjure-runtime 7.6.0 into /workspace/builds/worker-3-tc2/source
[INFO] started tweaking crates.io crate conjure-runtime 7.6.0
[INFO] finished tweaking crates.io crate conjure-runtime 7.6.0
[INFO] tweaked toml for crates.io crate conjure-runtime 7.6.0 written to /workspace/builds/worker-3-tc2/source/Cargo.toml
[INFO] validating manifest of crates.io crate conjure-runtime 7.6.0 on toolchain 1.100.0-beta.1
[INFO] running `Command { std: CARGO_HOME="/workspace/cargo-home" RUSTUP_HOME="/workspace/rustup-home" "/workspace/cargo-home/bin/cargo" "+1.100.0-beta.1" "metadata" "--manifest-path" "Cargo.toml" "--no-deps", kill_on_drop: false }`
[INFO] crate crates.io crate conjure-runtime 7.6.0 already has a lockfile, it will not be regenerated
[INFO] running `Command { std: CARGO_HOME="/workspace/cargo-home" RUSTUP_HOME="/workspace/rustup-home" "/workspace/cargo-home/bin/cargo" "+1.100.0-beta.1" "fetch" "--manifest-path" "Cargo.toml", kill_on_drop: false }`
[INFO] running `Command { std: "docker" "create" "-v" "/var/lib/crater-agent-workspace/builds/worker-3-tc2/source:/opt/rustwide/workdir:ro,Z" "-v" "/var/lib/crater-agent-workspace/builds/worker-3-tc2/target:/opt/rustwide/target:rw,Z" "-v" "/var/lib/crater-agent-workspace/cargo-home:/opt/rustwide/cargo-home:ro,Z" "-v" "/var/lib/crater-agent-workspace/rustup-home:/opt/rustwide/rustup-home:ro,Z" "-m" "1610612736" "--network" "none" "ghcr.io/rust-lang/crates-build-env/linux@sha256:77db811e55d90add9212f6832c23229e3de5f1c1f9905e8cb07319ea15df73ac" "sleep" "infinity", kill_on_drop: false }`
[INFO] [stdout] ae7e36a80188450f016c4e5e8c7a5f221bbc38efc27c0ea357223b31f5da10bd
[INFO] running `Command { std: "docker" "start" "ae7e36a80188450f016c4e5e8c7a5f221bbc38efc27c0ea357223b31f5da10bd", kill_on_drop: false }`
[INFO] running `Command { std: "docker" "inspect" "ae7e36a80188450f016c4e5e8c7a5f221bbc38efc27c0ea357223b31f5da10bd", kill_on_drop: false }`
[INFO] running `Command { std: "docker" "exec" "-e" "SOURCE_DIR=/opt/rustwide/workdir" "-e" "CARGO_HOME=/opt/rustwide/cargo-home" "-e" "RUSTUP_HOME=/opt/rustwide/rustup-home" "-e" "CARGO_TARGET_DIR=/opt/rustwide/target" "-w" "/opt/rustwide/workdir" "--user" "0:0" "ae7e36a80188450f016c4e5e8c7a5f221bbc38efc27c0ea357223b31f5da10bd" "/opt/rustwide/cargo-home/bin/cargo" "+1.100.0-beta.1" "metadata" "--no-deps" "--format-version=1", kill_on_drop: false }`
[INFO] running `Command { std: "docker" "inspect" "ae7e36a80188450f016c4e5e8c7a5f221bbc38efc27c0ea357223b31f5da10bd", kill_on_drop: false }`
[INFO] running `Command { std: "docker" "exec" "-e" "SOURCE_DIR=/opt/rustwide/workdir" "-e" "CARGO_HOME=/opt/rustwide/cargo-home" "-e" "RUSTUP_HOME=/opt/rustwide/rustup-home" "-e" "CARGO_TARGET_DIR=/opt/rustwide/target" "-e" "CARGO_INCREMENTAL=0" "-e" "RUST_BACKTRACE=full" "-e" "RUSTFLAGS=--cap-lints=warn" "-e" "RUSTDOCFLAGS=--cap-lints=warn" "-w" "/opt/rustwide/workdir" "--user" "0:0" "ae7e36a80188450f016c4e5e8c7a5f221bbc38efc27c0ea357223b31f5da10bd" "/opt/rustwide/cargo-home/bin/cargo" "+1.100.0-beta.1" "build" "--frozen" "--message-format=json" "--release", kill_on_drop: false }`
[INFO] [stderr]    Compiling serde v1.0.229
[INFO] [stderr]    Compiling getrandom v0.4.3
[INFO] [stderr]    Compiling smallvec v1.16.2
[INFO] [stderr]    Compiling num-traits v0.2.19
[INFO] [stderr]    Compiling find-msvc-tools v0.1.14
[INFO] [stderr]    Compiling syn v3.0.6
[INFO] [stderr]    Compiling syn v2.0.119
[INFO] [stderr]    Compiling aho-corasick v1.1.5
[INFO] [stderr]    Compiling regex-syntax v0.8.11
[INFO] [stderr]    Compiling bytes v1.12.1
[INFO] [stderr]    Compiling mio v1.2.3
[INFO] [stderr]    Compiling indexmap v2.14.2
[INFO] [stderr]    Compiling zerocopy v0.8.59
[INFO] [stderr]    Compiling chacha20 v0.10.2
[INFO] [stderr]    Compiling getrandom v0.2.17
[INFO] [stderr]    Compiling rustversion v1.0.23
[INFO] [stderr]    Compiling cc v1.5.1
[INFO] [stderr]    Compiling rustls v0.23.45
[INFO] [stderr]    Compiling serde_json v1.0.151
[INFO] [stderr]    Compiling parking_lot_core v0.9.12
[INFO] [stderr]    Compiling serde_bytes v0.11.19
[INFO] [stderr]    Compiling crc32fast v1.5.2
[INFO] [stderr]    Compiling data-encoding v2.11.1
[INFO] [stderr]    Compiling subtle v2.6.1
[INFO] [stderr]    Compiling uuid v1.26.1
[INFO] [stderr]    Compiling rand v0.10.3
[INFO] [stderr]    Compiling parking_lot v0.12.5
[INFO] [stderr]    Compiling erased-serde v0.4.10
[INFO] [stderr]    Compiling humantime v2.4.0
[INFO] [stderr]    Compiling http v1.5.0
[INFO] [stderr]    Compiling zipkin-types v1.1.0
[INFO] [stderr]    Compiling lazycell v1.3.0
[INFO] [stderr]    Compiling simd-adler32 v0.3.10
[INFO] [stderr]    Compiling arc-swap v1.9.2
[INFO] [stderr]    Compiling ordered-float v2.10.1
[INFO] [stderr]    Compiling miniz_oxide v0.9.1
[INFO] [stderr]    Compiling mediatype v0.23.0
[INFO] [stderr]    Compiling webpki-roots v1.0.9
[INFO] [stderr]    Compiling refreshable v2.0.0
[INFO] [stderr]    Compiling rustls-pemfile v2.2.0
[INFO] [stderr]    Compiling zipkin v1.1.0
[INFO] [stderr]    Compiling linked-hash-map v0.5.6
[INFO] [stderr]    Compiling ring v0.17.14
[INFO] [stderr]    Compiling flate2 v1.1.10
[INFO] [stderr]    Compiling regex-automata v0.4.18
[INFO] [stderr]    Compiling zerocopy-derive v0.8.59
[INFO] [stderr]    Compiling pin-project-internal v1.1.13
[INFO] [stderr]    Compiling synstructure v0.14.0
[INFO] [stderr]    Compiling pin-project v1.1.13
[INFO] [stderr]    Compiling serde_derive v1.0.229
[INFO] [stderr]    Compiling zerofrom-derive v0.1.8
[INFO] [stderr]    Compiling yoke-derive v0.8.3
[INFO] [stderr]    Compiling zerovec-derive v0.11.6
[INFO] [stderr]    Compiling displaydoc v0.2.7
[INFO] [stderr]    Compiling structmeta-derive v0.4.0
[INFO] [stderr]    Compiling enum-ordinalize-derive v4.4.2
[INFO] [stderr]    Compiling futures-macro v0.3.34
[INFO] [stderr]    Compiling enum-ordinalize v4.4.2
[INFO] [stderr]    Compiling zerofrom v0.1.8
[INFO] [stderr]    Compiling educe v0.5.11
[INFO] [stderr]    Compiling futures-util v0.3.34
[INFO] [stderr]    Compiling structmeta v0.4.0
[INFO] [stderr]    Compiling yoke v0.8.3
[INFO] [stderr]    Compiling staged-builder-internals v0.2.1
[INFO] [stderr]    Compiling conjure-macros v5.19.0
[INFO] [stderr]    Compiling zerovec v0.11.8
[INFO] [stderr]    Compiling zerotrie v0.2.5
[INFO] [stderr]    Compiling regex v1.13.1
[INFO] [stderr]    Compiling staged-builder v0.2.1
[INFO] [stderr]    Compiling tinystr v0.8.4
[INFO] [stderr]    Compiling potential_utf v0.1.6
[INFO] [stderr]    Compiling icu_collections v2.3.0
[INFO] [stderr]    Compiling icu_locale_core v2.3.0
[INFO] [stderr]    Compiling icu_provider v2.3.1
[INFO] [stderr]    Compiling icu_properties v2.3.0
[INFO] [stderr]    Compiling icu_normalizer v2.3.0
[INFO] [stderr]    Compiling ordered-float v5.5.0
[INFO] [stderr]    Compiling chrono v0.4.45
[INFO] [stderr]    Compiling serde-smile v0.3.1
[INFO] [stderr]    Compiling serde-value v0.7.0
[INFO] [stderr]    Compiling humantime-serde v1.1.1
[INFO] [stderr]    Compiling exponential-decay-histogram v0.1.16
[INFO] [stderr]    Compiling tokio v1.53.1
[INFO] [stderr]    Compiling idna_adapter v1.2.2
[INFO] [stderr]    Compiling witchcraft-metrics v1.1.0
[INFO] [stderr]    Compiling idna v1.1.0
[INFO] [stderr]    Compiling http-body v1.1.0
[INFO] [stderr]    Compiling http-zipkin v1.1.0
[INFO] [stderr]    Compiling http-body-util v0.1.5
[INFO] [stderr]    Compiling futures-executor v0.3.34
[INFO] [stderr]    Compiling futures v0.3.34
[INFO] [stderr]    Compiling url v2.5.8
[INFO] [stderr]    Compiling half v2.7.1
[INFO] [stderr]    Compiling conjure-object v5.19.0
[INFO] [stderr]    Compiling serde_cbor_2 v0.13.0
[INFO] [stderr]    Compiling conjure-error v5.19.0
[INFO] [stderr]    Compiling conjure-runtime-config v7.6.0
[INFO] [stderr]    Compiling conjure-serde v5.19.0
[INFO] [stderr]    Compiling witchcraft-log v5.1.0
[INFO] [stderr]    Compiling conjure-http v5.19.0
[INFO] [stderr]    Compiling tokio-util v0.7.19
[INFO] [stderr]    Compiling tokio-io-timeout v1.2.1
[INFO] [stderr]    Compiling h2 v0.4.19
[INFO] [stderr]    Compiling rustls-webpki v0.103.15
[INFO] [stderr]    Compiling hyper v1.11.1
[INFO] [stderr]    Compiling tokio-rustls v0.26.6
[INFO] [stderr]    Compiling hyper-util v0.1.21
[INFO] [stderr]    Compiling hyper-rustls v0.27.10
[INFO] [stderr]    Compiling conjure-runtime v7.6.0 (/opt/rustwide/workdir)
[INFO] [stdout] warning: use of deprecated method `std::sync::atomic::Atomic::<u64>::fetch_update`: renamed to `try_update` for consistency
[INFO] [stdout]   --> src/util/atomic_f64.rs:38:14
[INFO] [stdout]    |
[INFO] [stdout] 38 |             .fetch_update(set_order, fetch_order, |v| {
[INFO] [stdout]    |              ^^^^^^^^^^^^
[INFO] [stdout]    |
[INFO] [stdout]    = note: `#[warn(deprecated)]` on by default
[INFO] [stdout] help: replace the use of the deprecated method
[INFO] [stdout]    |
[INFO] [stdout] 38 -             .fetch_update(set_order, fetch_order, |v| {
[INFO] [stdout] 38 +             .try_update(set_order, fetch_order, |v| {
[INFO] [stdout]    |
[INFO] [stdout] 
[INFO] [stdout] 
[INFO] [stderr]     Finished `release` profile [optimized] target(s) in 1m 56s
[INFO] running `Command { std: "docker" "inspect" "ae7e36a80188450f016c4e5e8c7a5f221bbc38efc27c0ea357223b31f5da10bd", kill_on_drop: false }`
[INFO] running `Command { std: "docker" "exec" "-e" "SOURCE_DIR=/opt/rustwide/workdir" "-e" "CARGO_HOME=/opt/rustwide/cargo-home" "-e" "RUSTUP_HOME=/opt/rustwide/rustup-home" "-e" "CARGO_TARGET_DIR=/opt/rustwide/target" "-e" "CARGO_INCREMENTAL=0" "-e" "RUST_BACKTRACE=full" "-e" "RUSTFLAGS=--cap-lints=warn" "-e" "RUSTDOCFLAGS=--cap-lints=warn" "-w" "/opt/rustwide/workdir" "--user" "0:0" "ae7e36a80188450f016c4e5e8c7a5f221bbc38efc27c0ea357223b31f5da10bd" "/opt/rustwide/cargo-home/bin/cargo" "+1.100.0-beta.1" "test" "--frozen" "--no-run" "--message-format=json" "--release", kill_on_drop: false }`
[INFO] [stderr]    Compiling tokio-macros v2.7.2
[INFO] [stderr]    Compiling openssl-sys v0.9.117
[INFO] [stderr]    Compiling proc-macro2 v1.0.107
[INFO] [stderr]    Compiling unicode-ident v1.0.26
[INFO] [stderr]    Compiling syn v1.0.109
[INFO] [stderr]    Compiling quote v1.0.47
[INFO] [stderr]    Compiling pin-project-internal v0.4.30
[INFO] [stderr]    Compiling prettyplease v0.3.0
[INFO] [stderr]    Compiling thiserror v2.0.21
[INFO] [stderr]    Compiling thiserror-impl v2.0.21
[INFO] [stderr]    Compiling openssl-macros v0.1.1
[INFO] [stderr]    Compiling bitflags v2.13.2
[INFO] [stderr]    Compiling tokio-openssl v0.6.5
[INFO] [stderr]    Compiling heck v0.5.0
[INFO] [stderr]    Compiling unsafe-libyaml v0.2.11
[INFO] [stderr]    Compiling futures-test v0.3.34
[INFO] [stderr]    Compiling openssl v0.10.81
[INFO] [stderr]    Compiling tokio v1.53.1
[INFO] [stderr]    Compiling syn v3.0.6
[INFO] [stderr]    Compiling serde_yaml v0.9.34+deprecated
[INFO] [stderr]    Compiling conjure-codegen v5.19.0
[INFO] [stderr]    Compiling pin-project v0.4.30
[INFO] [stderr]    Compiling tower-util v0.3.1
[INFO] [stderr]    Compiling tokio-util v0.7.19
[INFO] [stderr]    Compiling tokio-rustls v0.26.6
[INFO] [stderr]    Compiling tokio-io-timeout v1.2.1
[INFO] [stderr]    Compiling tokio-stream v0.1.19
[INFO] [stderr]    Compiling tokio-test v0.4.6
[INFO] [stderr]    Compiling h2 v0.4.19
[INFO] [stderr]    Compiling hyper v1.11.1
[INFO] [stderr]    Compiling hyper-util v0.1.21
[INFO] [stderr]    Compiling hyper-rustls v0.27.10
[INFO] [stderr]    Compiling conjure-runtime v7.6.0 (/opt/rustwide/workdir)
[INFO] [stdout] warning: use of deprecated method `std::sync::atomic::Atomic::<u64>::fetch_update`: renamed to `try_update` for consistency
[INFO] [stdout]   --> src/util/atomic_f64.rs:38:14
[INFO] [stdout]    |
[INFO] [stdout] 38 |             .fetch_update(set_order, fetch_order, |v| {
[INFO] [stdout]    |              ^^^^^^^^^^^^
[INFO] [stdout]    |
[INFO] [stdout]    = note: `#[warn(deprecated)]` on by default
[INFO] [stdout] help: replace the use of the deprecated method
[INFO] [stdout]    |
[INFO] [stdout] 38 -             .fetch_update(set_order, fetch_order, |v| {
[INFO] [stdout] 38 +             .try_update(set_order, fetch_order, |v| {
[INFO] [stdout]    |
[INFO] [stdout] 
[INFO] [stdout] 
[INFO] [stdout] warning: use of deprecated method `std::sync::atomic::Atomic::<u64>::fetch_update`: renamed to `try_update` for consistency
[INFO] [stdout]   --> src/util/atomic_f64.rs:38:14
[INFO] [stdout]    |
[INFO] [stdout] 38 |             .fetch_update(set_order, fetch_order, |v| {
[INFO] [stdout]    |              ^^^^^^^^^^^^
[INFO] [stdout]    |
[INFO] [stdout]    = note: `#[warn(deprecated)]` on by default
[INFO] [stdout] help: replace the use of the deprecated method
[INFO] [stdout]    |
[INFO] [stdout] 38 -             .fetch_update(set_order, fetch_order, |v| {
[INFO] [stdout] 38 +             .try_update(set_order, fetch_order, |v| {
[INFO] [stdout]    |
[INFO] [stdout] 
[INFO] [stdout] 
[INFO] [stderr]     Finished `release` profile [optimized] target(s) in 1m 32s
[INFO] running `Command { std: "docker" "inspect" "ae7e36a80188450f016c4e5e8c7a5f221bbc38efc27c0ea357223b31f5da10bd", kill_on_drop: false }`
[INFO] running `Command { std: "docker" "exec" "-e" "SOURCE_DIR=/opt/rustwide/workdir" "-e" "CARGO_HOME=/opt/rustwide/cargo-home" "-e" "RUSTUP_HOME=/opt/rustwide/rustup-home" "-e" "CARGO_TARGET_DIR=/opt/rustwide/target" "-e" "CARGO_INCREMENTAL=0" "-e" "RUST_BACKTRACE=full" "-e" "RUSTFLAGS=--cap-lints=warn" "-e" "RUSTDOCFLAGS=--cap-lints=warn" "-w" "/opt/rustwide/workdir" "--user" "0:0" "ae7e36a80188450f016c4e5e8c7a5f221bbc38efc27c0ea357223b31f5da10bd" "/opt/rustwide/cargo-home/bin/cargo" "+1.100.0-beta.1" "test" "--frozen" "--release", kill_on_drop: false }`
[INFO] [stderr] warning: use of deprecated method `std::sync::atomic::Atomic::<u64>::fetch_update`: renamed to `try_update` for consistency
[INFO] [stderr]   --> src/util/atomic_f64.rs:38:14
[INFO] [stderr]    |
[INFO] [stderr] 38 |             .fetch_update(set_order, fetch_order, |v| {
[INFO] [stderr]    |              ^^^^^^^^^^^^
[INFO] [stderr]    |
[INFO] [stderr]    = note: `#[warn(deprecated)]` on by default
[INFO] [stderr] help: replace the use of the deprecated method
[INFO] [stderr]    |
[INFO] [stderr] 38 -             .fetch_update(set_order, fetch_order, |v| {
[INFO] [stderr] 38 +             .try_update(set_order, fetch_order, |v| {
[INFO] [stderr]    |
[INFO] [stderr] 
[INFO] [stderr] warning: `conjure-runtime` (lib) generated 1 warning (run `cargo fix --lib -p conjure-runtime` to apply 1 suggestion)
[INFO] [stderr] warning: `conjure-runtime` (lib test) generated 1 warning (1 duplicate)
[INFO] [stderr]     Finished `release` profile [optimized] target(s) in 0.36s
[INFO] [stderr]      Running unittests src/lib.rs (/opt/rustwide/target/release/build/conjure-runtime/2288629d9a04bd18/out/conjure_runtime-2288629d9a04bd18)
[INFO] [stdout] 
[INFO] [stdout] running 91 tests
[INFO] [stdout] test host_metrics::test::node_gc ... ok
[INFO] [stdout] test service::gzip::hyper::test::custom_accept_encoding ... ok
[INFO] [stdout] test service::http_error::test::propagated_unavailable_handling ... ok
[INFO] [stdout] test service::http_error::test::propagated_service_handling ... ok
[INFO] [stdout] test service::http_error::test::default_unavailable_handling ... ok
[INFO] [stdout] test service::gzip::hyper::test::compressed ... ok
[INFO] [stdout] test service::http_error::test::propagated_throttle_handling ... ok
[INFO] [stdout] test service::http_error::test::default_throttle_handling ... ok
[INFO] [stdout] test service::http_error::test::default_service_handling ... ok
[INFO] [stdout] test service::gzip::hyper::test::uncompressed ... ok
[INFO] [stdout] test service::node::limiter::deficit_semaphore::test::early_middle_drop ... ok
[INFO] [stdout] test service::node::limiter::ciad::test::dropped_reduces_limit ... ok
[INFO] [stdout] test service::node::limiter::deficit_semaphore::test::early_tail_drop ... ok
[INFO] [stdout] test service::node::limiter::ciad::test::ignore_does_not_change_limits ... ok
[INFO] [stdout] test service::node::limiter::ciad::test::acquire_returns_permits_while_limit_not_reached ... ok
[INFO] [stdout] test service::node::limiter::deficit_semaphore::test::acquires_are_ordered ... ok
[INFO] [stdout] test service::http_error::test::success_is_ok ... ok
[INFO] [stdout] test service::node::limiter::deficit_semaphore::test::early_head_drop ... ok
[INFO] [stdout] test service::http_error::test::smile_service_handling ... ok
[INFO] [stdout] test service::node::limiter::ciad::test::success_increases_limit_if_sufficient_requests_are_in_flight ... ok
[INFO] [stdout] test service::node::selector::balanced::test::a_single_4xx_doesnt_move_the_needle ... ok
[INFO] [stdout] test service::node::limiter::deficit_semaphore::test::add_permits ... ok
[INFO] [stdout] test service::node::limiter::deficit_semaphore::test::single_queued_acquire ... ok
[INFO] [stdout] test service::node::limiter::deficit_semaphore::test::remove_permits ... ok
[INFO] [stdout] test service::node::limiter::deficit_semaphore::test::wakes_chain_on_acquire ... ok
[INFO] [stdout] test service::node::selector::balanced::test::constant_4xxs_do_eventually_move_the_needle_but_we_go_back_to_fair_distribution ... ok
[INFO] [stdout] test service::node::limiter::deficit_semaphore::test::uncontended_acquire ... ok
[INFO] [stdout] test service::node::selector::pin_until_error::test::fixed_nodes_shuffle_on_construction ... ok
[INFO] [stdout] test service::node::selector::pin_until_error::test::reshuffling_nodes_shuffle_perodically ... ok
[INFO] [stdout] test service::node::selector::pin_until_error::test::rotate_on_io_error ... ok
[INFO] [stdout] test service::proxy::hyper::request::test::http_proxied_https ... ok
[INFO] [stdout] test service::node::uri::test::with_trailing_slash ... ok
[INFO] [stdout] test service::node::selector::pin_until_error::test::pin_on_success ... ok
[INFO] [stdout] test service::node::selector::pin_until_error::test::pin_on_4xx ... ok
[INFO] [stdout] test service::node::selector::pin_until_error::test::rotate_on_5xx ... ok
[INFO] [stdout] test service::proxy::hyper::connector::test::http_proxied_https ... ok
[INFO] [stdout] test service::proxy::hyper::connector::test::unproxied ... ok
[INFO] [stdout] test service::node::selector::balanced::test::when_both_channels_are_free_we_get_roughly_fair_tiebreaking ... ok
[INFO] [stdout] test service::node::selector::balanced::test::when_one_channel_is_in_use_prefer_the_other ... ok
[INFO] [stdout] test service::proxy::hyper::connector::test::http_proxied_https_error ... ok
[INFO] [stdout] test service::retry::test::no_body ... ok
[INFO] [stdout] test service::retry::test::no_retry_non_idempotent ... ok
[INFO] [stdout] test service::retry::test::give_up_after_limit ... ok
[INFO] [stdout] test service::retry::test::no_reset_unread_body ... ok
[INFO] [stdout] test service::proxy::hyper::connector::test::http_proxied_http ... ok
[INFO] [stdout] test service::node::uri::test::without_trailing_slash ... ok
[INFO] [stdout] test service::retry::test::streamed_body_error ... ok
[INFO] [stdout] test service::retry::test::no_retry_after_propagated_throttled ... ok
[INFO] [stdout] test service::retry::test::no_retry_after_propagated_unavailable ... ok
[INFO] [stdout] test service::proxy::hyper::request::test::unproxied ... ok
[INFO] [stdout] test service::retry::test::fixed_size_body ... ok
[INFO] [stdout] test service::retry::test::streamed_body_hangup ... ok
[INFO] [stdout] test service::proxy::hyper::request::test::http_proxied_http ... ok
[INFO] [stdout] test service::retry::test::streamed_body ... ok
[INFO] [stdout] test service::retry::test::retry_after_raw_client_error ... ok
[INFO] [stdout] test service::retry::test::retry_after_unavailable ... ok
[INFO] [stdout] test service::retry::test::retry_after_throttled ... ok
[INFO] [stdout] test service::retry::test::retry_non_idempotent_for_qos_errors ... ok
[INFO] [stdout] test service::timeout::test::read_no_timeout ... ok
[INFO] [stdout] test service::timeout::test::write_timeout ... ok
[INFO] [stdout] test service::timeout::test::read_timeout ... ok
[INFO] [stdout] test service::timeout::test::write_no_timeout ... ok
[INFO] [stdout] test service::user_agent::test::basic ... ok
[INFO] [stdout] test service::trace_propagation::test::with_span ... ok
[INFO] [stdout] test service::trace_propagation::test::no_span ... ok
[INFO] [stdout] test test::connect_error_doesnt_reset_body ... FAILED
[INFO] [stdout] test test::propagate_503 ... FAILED
[INFO] [stdout] test test::pinned_certs_accepts_matching_leaf ... FAILED
[INFO] [stdout] test test::dont_propagate_protocol_errors ... FAILED
[INFO] [stdout] test test::empty_body_has_no_transfer_encoding ... FAILED
[INFO] [stdout] test test::body_write_ends_after_error ... FAILED
[INFO] [stdout] test test::fixed_body_has_content_length ... FAILED
[INFO] [stdout] test test::retry_after_503 ... FAILED
[INFO] [stdout] test test::read_past_eof ... FAILED
[INFO] [stdout] test user_agent::test::version_fallback ... ok
[INFO] [stdout] test test::propagate_429_with_retry_after ... FAILED
[INFO] [stdout] test weak_cache::test::cleanup_after_drop ... ok
[INFO] [stdout] test test::pinned_certs_rejects_correct_cert_with_wrong_key ... FAILED
[INFO] [stdout] test test::dont_bail_when_all_timed_out ... FAILED
[INFO] [stdout] test test::propagate_429 ... FAILED
[INFO] [stdout] test test::gzip_body ... FAILED
[INFO] [stdout] test test::service_error_propagation ... FAILED
[INFO] [stdout] test test::no_retry_after_404 ... FAILED
[INFO] [stdout] test test::blocking_zipkin_propagation ... FAILED
[INFO] [stdout] test user_agent::test::fmt ... ok
[INFO] [stdout] test test::streaming_write_error_reporting ... FAILED
[INFO] [stdout] test weak_cache::test::lru_eviction ... ok
[INFO] [stdout] test test::zipkin_propagation ... FAILED
[INFO] [stdout] test test::retry_after_overrides ... FAILED
[INFO] [stdout] test service::node::limiter::deficit_semaphore::test::stress_test ... ok
[INFO] [stdout] test test::pinned_certs_rejects_wrong_leaf ... ok
[INFO] [stdout] 
[INFO] [stdout] failures:
[INFO] [stdout] 
[INFO] [stdout] ---- test::connect_error_doesnt_reset_body stdout ----
[INFO] [stdout] 
[INFO] [stdout] thread 'test::connect_error_doesnt_reset_body' (3345) panicked at src/test.rs:324:14:
[INFO] [stdout] called `Result::unwrap()` on an `Err` value: Error(Inner { cause: Os { code: 2, kind: NotFound, message: "No such file or directory" }, cause_safe: true, kind: Service(SerializableError { error_code: Internal, error_name: "Default:Internal", error_instance_id: ad203c2f-991f-40fc-9bc5-47952d35fb5b, parameters: {} }), safe_params: {}, unsafe_params: {}, backtraces: [   0: <conjure_error::error::Error>::new
[INFO] [stdout]    1: <conjure_error::error::Error>::service_inner
[INFO] [stdout]    2: <conjure_error::error::Error>::service_safe::<core::io::error::Error, conjure_error::types::errors::internal::Internal>
[INFO] [stdout]    3: conjure_runtime::service::raw::hyper::load_certs_file
[INFO] [stdout]    4: <conjure_runtime::builder::Builder>::build
[INFO] [stdout]    5: <futures_util::future::maybe_done::MaybeDone<conjure_runtime::test::client<conjure_runtime::test::connect_error_doesnt_reset_body::{closure#0}::{closure#1}::{closure#0}, conjure_runtime::test::connect_error_doesnt_reset_body::{closure#0}::{closure#1}>::{closure#0}> as core::future::future::Future>::poll
[INFO] [stdout]    6: <futures_util::future::poll_fn::PollFn<conjure_runtime::test::connect_error_doesnt_reset_body::{closure#0}::{closure#2}> as core::future::future::Future>::poll
[INFO] [stdout]    7: conjure_runtime::test::connect_error_doesnt_reset_body::{closure#0}
[INFO] [stdout]    8: <tokio::runtime::scheduler::current_thread::Context>::enter::<core::task::poll::Poll<()>, <tokio::runtime::scheduler::current_thread::CoreGuard>::block_on<core::pin::Pin<&mut core::pin::Pin<&mut dyn core::future::future::Future<Output = ()>>>>::{closure#0}::{closure#0}>
[INFO] [stdout]    9: <tokio::runtime::context::scoped::Scoped<tokio::runtime::scheduler::Context>>::set::<<tokio::runtime::scheduler::current_thread::CoreGuard>::enter<<tokio::runtime::scheduler::current_thread::CoreGuard>::block_on<core::pin::Pin<&mut core::pin::Pin<&mut dyn core::future::future::Future<Output = ()>>>>::{closure#0}, core::option::Option<()>>::{closure#0}, (alloc::boxed::Box<tokio::runtime::scheduler::current_thread::Core>, core::option::Option<()>)>
[INFO] [stdout]   10: <tokio::runtime::scheduler::current_thread::CoreGuard>::block_on::<core::pin::Pin<&mut core::pin::Pin<&mut dyn core::future::future::Future<Output = ()>>>>
[INFO] [stdout]   11: tokio::runtime::context::runtime::enter_runtime::<<tokio::runtime::scheduler::current_thread::CurrentThread>::block_on<core::pin::Pin<&mut dyn core::future::future::Future<Output = ()>>>::{closure#0}, ()>
[INFO] [stdout]   12: <tokio::runtime::runtime::Runtime>::block_on::<core::pin::Pin<&mut dyn core::future::future::Future<Output = ()>>>
[INFO] [stdout]   13: <conjure_runtime::test::connect_error_doesnt_reset_body::{closure#0} as core::ops::function::FnOnce<()>>::call_once
[INFO] [stdout]   14: test::__rust_begin_short_backtrace::<core::result::Result<(), alloc::string::String>, fn() -> core::result::Result<(), alloc::string::String>>
[INFO] [stdout]   15: test::run_test::{closure#0}
[INFO] [stdout]   16: std::sys::backtrace::__rust_begin_short_backtrace::<test::run_test::{closure#1}, ()>
[INFO] [stdout]   17: <std::thread::lifecycle::spawn_unchecked<test::run_test::{closure#1}, ()>::{closure#1} as core::ops::function::FnOnce<()>>::call_once::{shim:vtable#0}
[INFO] [stdout]   18: <std::sys::thread::unix::Thread>::new::thread_start
[INFO] [stdout]   19: <unknown>
[INFO] [stdout]   20: clone
[INFO] [stdout] ] })
[INFO] [stdout] stack backtrace:
[INFO] [stdout]    0:     0x5c1f55fbb7d1 - <<std[617be2ca0a6fd877]::sys::backtrace::BacktraceLock>::print::DisplayBacktrace as core[a373ad73a504971]::fmt::Display>::fmt
[INFO] [stdout]    1:     0x5c1f55fd51ba - core[a373ad73a504971]::fmt::write
[INFO] [stdout]    2:     0x5c1f55fc094c - <alloc[2e1b2a31b91974c5]::vec::Vec<u8> as core[a373ad73a504971]::io::write::Write>::write_fmt
[INFO] [stdout]    3:     0x5c1f55f963f6 - std[617be2ca0a6fd877]::panicking::default_hook::{closure#0}
[INFO] [stdout]    4:     0x5c1f55fb3469 - std[617be2ca0a6fd877]::panicking::default_hook
[INFO] [stdout]    5:     0x5c1f55c56840 - test[aada8e7e76ba119b]::test_main_inner::{closure#0}
[INFO] [stdout]    6:     0x5c1f55fb3792 - std[617be2ca0a6fd877]::panicking::panic_with_hook
[INFO] [stdout]    7:     0x5c1f55f964a2 - std[617be2ca0a6fd877]::panicking::panic_handler::{closure#0}
[INFO] [stdout]    8:     0x5c1f55f8e9b9 - std[617be2ca0a6fd877]::sys::backtrace::__rust_end_short_backtrace::<std[617be2ca0a6fd877]::panicking::panic_handler::{closure#0}, !>
[INFO] [stdout]    9:     0x5c1f55f973ad - __rustc[ea4f61d10b84890b]::rust_begin_unwind
[INFO] [stdout]   10:     0x5c1f55fd599c - core[a373ad73a504971]::panicking::panic_fmt
[INFO] [stdout]   11:     0x5c1f55fd5772 - core[a373ad73a504971]::result::unwrap_failed
[INFO] [stdout]   12:     0x5c1f55a6ae1e - <futures_util[7b40a2082737ff0]::future::maybe_done::MaybeDone<conjure_runtime[2d56c123a5541c16]::test::client<conjure_runtime[2d56c123a5541c16]::test::connect_error_doesnt_reset_body::{closure#0}::{closure#1}::{closure#0}, conjure_runtime[2d56c123a5541c16]::test::connect_error_doesnt_reset_body::{closure#0}::{closure#1}>::{closure#0}> as core[a373ad73a504971]::future::future::Future>::poll
[INFO] [stdout]   13:     0x5c1f55b3512a - <futures_util[7b40a2082737ff0]::future::poll_fn::PollFn<conjure_runtime[2d56c123a5541c16]::test::connect_error_doesnt_reset_body::{closure#0}::{closure#2}> as core[a373ad73a504971]::future::future::Future>::poll
[INFO] [stdout]   14:     0x5c1f55bbd42e - conjure_runtime[2d56c123a5541c16]::test::connect_error_doesnt_reset_body::{closure#0}
[INFO] [stdout]   15:     0x5c1f55b22733 - <tokio[e321726bbbedc260]::runtime::scheduler::current_thread::Context>::enter::<core[a373ad73a504971]::task::poll::Poll<()>, <tokio[e321726bbbedc260]::runtime::scheduler::current_thread::CoreGuard>::block_on<core[a373ad73a504971]::pin::Pin<&mut core[a373ad73a504971]::pin::Pin<&mut dyn core[a373ad73a504971]::future::future::Future<Output = ()>>>>::{closure#0}::{closure#0}>
[INFO] [stdout]   16:     0x5c1f55bef5dc - <tokio[e321726bbbedc260]::runtime::context::scoped::Scoped<tokio[e321726bbbedc260]::runtime::scheduler::Context>>::set::<<tokio[e321726bbbedc260]::runtime::scheduler::current_thread::CoreGuard>::enter<<tokio[e321726bbbedc260]::runtime::scheduler::current_thread::CoreGuard>::block_on<core[a373ad73a504971]::pin::Pin<&mut core[a373ad73a504971]::pin::Pin<&mut dyn core[a373ad73a504971]::future::future::Future<Output = ()>>>>::{closure#0}, core[a373ad73a504971]::option::Option<()>>::{closure#0}, (alloc[2e1b2a31b91974c5]::boxed::Box<tokio[e321726bbbedc260]::runtime::scheduler::current_thread::Core>, core[a373ad73a504971]::option::Option<()>)>
[INFO] [stdout]   17:     0x5c1f55b231e7 - <tokio[e321726bbbedc260]::runtime::scheduler::current_thread::CoreGuard>::block_on::<core[a373ad73a504971]::pin::Pin<&mut core[a373ad73a504971]::pin::Pin<&mut dyn core[a373ad73a504971]::future::future::Future<Output = ()>>>>
[INFO] [stdout]   18:     0x5c1f55bf958d - tokio[e321726bbbedc260]::runtime::context::runtime::enter_runtime::<<tokio[e321726bbbedc260]::runtime::scheduler::current_thread::CurrentThread>::block_on<core[a373ad73a504971]::pin::Pin<&mut dyn core[a373ad73a504971]::future::future::Future<Output = ()>>>::{closure#0}, ()>
[INFO] [stdout]   19:     0x5c1f55bea7af - <tokio[e321726bbbedc260]::runtime::runtime::Runtime>::block_on::<core[a373ad73a504971]::pin::Pin<&mut dyn core[a373ad73a504971]::future::future::Future<Output = ()>>>
[INFO] [stdout]   20:     0x5c1f55bc679c - <conjure_runtime[2d56c123a5541c16]::test::connect_error_doesnt_reset_body::{closure#0} as core[a373ad73a504971]::ops::function::FnOnce<()>>::call_once
[INFO] [stdout]   21:     0x5c1f55c49c8b - test[aada8e7e76ba119b]::__rust_begin_short_backtrace::<core[a373ad73a504971]::result::Result<(), alloc[2e1b2a31b91974c5]::string::String>, fn() -> core[a373ad73a504971]::result::Result<(), alloc[2e1b2a31b91974c5]::string::String>>
[INFO] [stdout]   22:     0x5c1f55c56e65 - test[aada8e7e76ba119b]::run_test::{closure#0}
[INFO] [stdout]   23:     0x5c1f55c50754 - std[617be2ca0a6fd877]::sys::backtrace::__rust_begin_short_backtrace::<test[aada8e7e76ba119b]::run_test::{closure#1}, ()>
[INFO] [stdout]   24:     0x5c1f55c59ef2 - <std[617be2ca0a6fd877]::thread::lifecycle::spawn_unchecked<test[aada8e7e76ba119b]::run_test::{closure#1}, ()>::{closure#1} as core[a373ad73a504971]::ops::function::FnOnce<()>>::call_once::{shim:vtable#0}
[INFO] [stdout]   25:     0x5c1f55fba91f - <std[617be2ca0a6fd877]::sys::thread::unix::Thread>::new::thread_start
[INFO] [stdout]   26:     0x765967291dfa - <unknown>
[INFO] [stdout]   27:     0x7659673253d4 - clone
[INFO] [stdout]   28:                0x0 - <unknown>
[INFO] [stdout] 
[INFO] [stdout] ---- test::propagate_503 stdout ----
[INFO] [stdout] 
[INFO] [stdout] thread 'test::propagate_503' (3374) panicked at src/test.rs:77:10:
[INFO] [stdout] called `Result::unwrap()` on an `Err` value: ErrorStack([Error { code: 2147483650, library: "system library", function: "file_ctrl", file: "../crypto/bio/bss_file.c", line: 288, data: "calling fopen(/opt/rustwide/workdir/../test/key.pem, r)" }, Error { code: 268959746, library: "BIO routines", function: "file_ctrl", reason: "system lib", file: "../crypto/bio/bss_file.c", line: 291 }, Error { code: 168296450, library: "SSL routines", function: "SSL_CTX_use_PrivateKey_file", reason: "system lib", file: "../ssl/ssl_rsa.c", line: 411 }])
[INFO] [stdout] stack backtrace:
[INFO] [stdout]    0:     0x5c1f55fbb7d1 - <<std[617be2ca0a6fd877]::sys::backtrace::BacktraceLock>::print::DisplayBacktrace as core[a373ad73a504971]::fmt::Display>::fmt
[INFO] [stdout]    1:     0x5c1f55fd51ba - core[a373ad73a504971]::fmt::write
[INFO] [stdout]    2:     0x5c1f55fc094c - <alloc[2e1b2a31b91974c5]::vec::Vec<u8> as core[a373ad73a504971]::io::write::Write>::write_fmt
[INFO] [stdout]    3:     0x5c1f55f963f6 - std[617be2ca0a6fd877]::panicking::default_hook::{closure#0}
[INFO] [stdout]    4:     0x5c1f55fb3469 - std[617be2ca0a6fd877]::panicking::default_hook
[INFO] [stdout]    5:     0x5c1f55c56840 - test[aada8e7e76ba119b]::test_main_inner::{closure#0}
[INFO] [stdout]    6:     0x5c1f55fb3792 - std[617be2ca0a6fd877]::panicking::panic_with_hook
[INFO] [stdout]    7:     0x5c1f55f964a2 - std[617be2ca0a6fd877]::panicking::panic_handler::{closure#0}
[INFO] [stdout]    8:     0x5c1f55f8e9b9 - std[617be2ca0a6fd877]::sys::backtrace::__rust_end_short_backtrace::<std[617be2ca0a6fd877]::panicking::panic_handler::{closure#0}, !>
[INFO] [stdout]    9:     0x5c1f55f973ad - __rustc[ea4f61d10b84890b]::rust_begin_unwind
[INFO] [stdout]   10:     0x5c1f55fd599c - core[a373ad73a504971]::panicking::panic_fmt
[INFO] [stdout]   11:     0x5c1f55fd5772 - core[a373ad73a504971]::result::unwrap_failed
[INFO] [stdout]   12:     0x5c1f55bc0dfb - conjure_runtime[2d56c123a5541c16]::test::ssl_acceptor
[INFO] [stdout]   13:     0x5c1f55a6d531 - <futures_util[7b40a2082737ff0]::future::maybe_done::MaybeDone<conjure_runtime[2d56c123a5541c16]::test::server<conjure_runtime[2d56c123a5541c16]::test::propagate_503::{closure#0}::{closure#0}::{closure#0}, conjure_runtime[2d56c123a5541c16]::test::propagate_503::{closure#0}::{closure#0}>::{closure#0}> as core[a373ad73a504971]::future::future::Future>::poll
[INFO] [stdout]   14:     0x5c1f55b33fdd - <futures_util[7b40a2082737ff0]::future::poll_fn::PollFn<conjure_runtime[2d56c123a5541c16]::test::test<conjure_runtime[2d56c123a5541c16]::test::propagate_503::{closure#0}::{closure#0}::{closure#0}, conjure_runtime[2d56c123a5541c16]::test::propagate_503::{closure#0}::{closure#1}::{closure#0}, conjure_runtime[2d56c123a5541c16]::test::propagate_503::{closure#0}::{closure#0}, conjure_runtime[2d56c123a5541c16]::test::propagate_503::{closure#0}::{closure#1}>::{closure#0}::{closure#0}> as core[a373ad73a504971]::future::future::Future>::poll
[INFO] [stdout]   15:     0x5c1f55bba562 - conjure_runtime[2d56c123a5541c16]::test::propagate_503::{closure#0}
[INFO] [stdout]   16:     0x5c1f55b22733 - <tokio[e321726bbbedc260]::runtime::scheduler::current_thread::Context>::enter::<core[a373ad73a504971]::task::poll::Poll<()>, <tokio[e321726bbbedc260]::runtime::scheduler::current_thread::CoreGuard>::block_on<core[a373ad73a504971]::pin::Pin<&mut core[a373ad73a504971]::pin::Pin<&mut dyn core[a373ad73a504971]::future::future::Future<Output = ()>>>>::{closure#0}::{closure#0}>
[INFO] [stdout]   17:     0x5c1f55bef5dc - <tokio[e321726bbbedc260]::runtime::context::scoped::Scoped<tokio[e321726bbbedc260]::runtime::scheduler::Context>>::set::<<tokio[e321726bbbedc260]::runtime::scheduler::current_thread::CoreGuard>::enter<<tokio[e321726bbbedc260]::runtime::scheduler::current_thread::CoreGuard>::block_on<core[a373ad73a504971]::pin::Pin<&mut core[a373ad73a504971]::pin::Pin<&mut dyn core[a373ad73a504971]::future::future::Future<Output = ()>>>>::{closure#0}, core[a373ad73a504971]::option::Option<()>>::{closure#0}, (alloc[2e1b2a31b91974c5]::boxed::Box<tokio[e321726bbbedc260]::runtime::scheduler::current_thread::Core>, core[a373ad73a504971]::option::Option<()>)>
[INFO] [stdout]   18:     0x5c1f55b231e7 - <tokio[e321726bbbedc260]::runtime::scheduler::current_thread::CoreGuard>::block_on::<core[a373ad73a504971]::pin::Pin<&mut core[a373ad73a504971]::pin::Pin<&mut dyn core[a373ad73a504971]::future::future::Future<Output = ()>>>>
[INFO] [stdout]   19:     0x5c1f55bf958d - tokio[e321726bbbedc260]::runtime::context::runtime::enter_runtime::<<tokio[e321726bbbedc260]::runtime::scheduler::current_thread::CurrentThread>::block_on<core[a373ad73a504971]::pin::Pin<&mut dyn core[a373ad73a504971]::future::future::Future<Output = ()>>>::{closure#0}, ()>
[INFO] [stdout]   20:     0x5c1f55bea7af - <tokio[e321726bbbedc260]::runtime::runtime::Runtime>::block_on::<core[a373ad73a504971]::pin::Pin<&mut dyn core[a373ad73a504971]::future::future::Future<Output = ()>>>
[INFO] [stdout]   21:     0x5c1f55bc3f2c - <conjure_runtime[2d56c123a5541c16]::test::propagate_503::{closure#0} as core[a373ad73a504971]::ops::function::FnOnce<()>>::call_once
[INFO] [stdout]   22:     0x5c1f55c49c8b - test[aada8e7e76ba119b]::__rust_begin_short_backtrace::<core[a373ad73a504971]::result::Result<(), alloc[2e1b2a31b91974c5]::string::String>, fn() -> core[a373ad73a504971]::result::Result<(), alloc[2e1b2a31b91974c5]::string::String>>
[INFO] [stdout]   23:     0x5c1f55c56e65 - test[aada8e7e76ba119b]::run_test::{closure#0}
[INFO] [stdout]   24:     0x5c1f55c50754 - std[617be2ca0a6fd877]::sys::backtrace::__rust_begin_short_backtrace::<test[aada8e7e76ba119b]::run_test::{closure#1}, ()>
[INFO] [stdout]   25:     0x5c1f55c59ef2 - <std[617be2ca0a6fd877]::thread::lifecycle::spawn_unchecked<test[aada8e7e76ba119b]::run_test::{closure#1}, ()>::{closure#1} as core[a373ad73a504971]::ops::function::FnOnce<()>>::call_once::{shim:vtable#0}
[INFO] [stdout]   26:     0x5c1f55fba91f - <std[617be2ca0a6fd877]::sys::thread::unix::Thread>::new::thread_start
[INFO] [stdout]   27:     0x765967291dfa - <unknown>
[INFO] [stdout]   28:     0x7659673253d4 - clone
[INFO] [stdout]   29:                0x0 - <unknown>
[INFO] [stdout] 
[INFO] [stdout] ---- test::pinned_certs_accepts_matching_leaf stdout ----
[INFO] [stdout] 
[INFO] [stdout] thread 'test::pinned_certs_accepts_matching_leaf' (3369) panicked at src/test.rs:789:42:
[INFO] [stdout] called `Result::unwrap()` on an `Err` value: Os { code: 2, kind: NotFound, message: "No such file or directory" }
[INFO] [stdout] stack backtrace:
[INFO] [stdout]    0:     0x5c1f55fbb7d1 - <<std[617be2ca0a6fd877]::sys::backtrace::BacktraceLock>::print::DisplayBacktrace as core[a373ad73a504971]::fmt::Display>::fmt
[INFO] [stdout]    1:     0x5c1f55fd51ba - core[a373ad73a504971]::fmt::write
[INFO] [stdout]    2:     0x5c1f55fc094c - <alloc[2e1b2a31b91974c5]::vec::Vec<u8> as core[a373ad73a504971]::io::write::Write>::write_fmt
[INFO] [stdout]    3:     0x5c1f55f963f6 - std[617be2ca0a6fd877]::panicking::default_hook::{closure#0}
[INFO] [stdout]    4:     0x5c1f55fb3469 - std[617be2ca0a6fd877]::panicking::default_hook
[INFO] [stdout]    5:     0x5c1f55c56840 - test[aada8e7e76ba119b]::test_main_inner::{closure#0}
[INFO] [stdout]    6:     0x5c1f55fb3792 - std[617be2ca0a6fd877]::panicking::panic_with_hook
[INFO] [stdout]    7:     0x5c1f55f964a2 - std[617be2ca0a6fd877]::panicking::panic_handler::{closure#0}
[INFO] [stdout]    8:     0x5c1f55f8e9b9 - std[617be2ca0a6fd877]::sys::backtrace::__rust_end_short_backtrace::<std[617be2ca0a6fd877]::panicking::panic_handler::{closure#0}, !>
[INFO] [stdout]    9:     0x5c1f55f973ad - __rustc[ea4f61d10b84890b]::rust_begin_unwind
[INFO] [stdout]   10:     0x5c1f55fd599c - core[a373ad73a504971]::panicking::panic_fmt
[INFO] [stdout]   11:     0x5c1f55fd5772 - core[a373ad73a504971]::result::unwrap_failed
[INFO] [stdout]   12:     0x5c1f55bbea2c - conjure_runtime[2d56c123a5541c16]::test::pinned_certs_accepts_matching_leaf::{closure#0}
[INFO] [stdout]   13:     0x5c1f55b22733 - <tokio[e321726bbbedc260]::runtime::scheduler::current_thread::Context>::enter::<core[a373ad73a504971]::task::poll::Poll<()>, <tokio[e321726bbbedc260]::runtime::scheduler::current_thread::CoreGuard>::block_on<core[a373ad73a504971]::pin::Pin<&mut core[a373ad73a504971]::pin::Pin<&mut dyn core[a373ad73a504971]::future::future::Future<Output = ()>>>>::{closure#0}::{closure#0}>
[INFO] [stdout]   14:     0x5c1f55bef5dc - <tokio[e321726bbbedc260]::runtime::context::scoped::Scoped<tokio[e321726bbbedc260]::runtime::scheduler::Context>>::set::<<tokio[e321726bbbedc260]::runtime::scheduler::current_thread::CoreGuard>::enter<<tokio[e321726bbbedc260]::runtime::scheduler::current_thread::CoreGuard>::block_on<core[a373ad73a504971]::pin::Pin<&mut core[a373ad73a504971]::pin::Pin<&mut dyn core[a373ad73a504971]::future::future::Future<Output = ()>>>>::{closure#0}, core[a373ad73a504971]::option::Option<()>>::{closure#0}, (alloc[2e1b2a31b91974c5]::boxed::Box<tokio[e321726bbbedc260]::runtime::scheduler::current_thread::Core>, core[a373ad73a504971]::option::Option<()>)>
[INFO] [stdout]   15:     0x5c1f55b231e7 - <tokio[e321726bbbedc260]::runtime::scheduler::current_thread::CoreGuard>::block_on::<core[a373ad73a504971]::pin::Pin<&mut core[a373ad73a504971]::pin::Pin<&mut dyn core[a373ad73a504971]::future::future::Future<Output = ()>>>>
[INFO] [stdout]   16:     0x5c1f55bf958d - tokio[e321726bbbedc260]::runtime::context::runtime::enter_runtime::<<tokio[e321726bbbedc260]::runtime::scheduler::current_thread::CurrentThread>::block_on<core[a373ad73a504971]::pin::Pin<&mut dyn core[a373ad73a504971]::future::future::Future<Output = ()>>>::{closure#0}, ()>
[INFO] [stdout]   17:     0x5c1f55bea7af - <tokio[e321726bbbedc260]::runtime::runtime::Runtime>::block_on::<core[a373ad73a504971]::pin::Pin<&mut dyn core[a373ad73a504971]::future::future::Future<Output = ()>>>
[INFO] [stdout]   18:     0x5c1f55bc6c0c - <conjure_runtime[2d56c123a5541c16]::test::pinned_certs_accepts_matching_leaf::{closure#0} as core[a373ad73a504971]::ops::function::FnOnce<()>>::call_once
[INFO] [stdout]   19:     0x5c1f55c49c8b - test[aada8e7e76ba119b]::__rust_begin_short_backtrace::<core[a373ad73a504971]::result::Result<(), alloc[2e1b2a31b91974c5]::string::String>, fn() -> core[a373ad73a504971]::result::Result<(), alloc[2e1b2a31b91974c5]::string::String>>
[INFO] [stdout]   20:     0x5c1f55c56e65 - test[aada8e7e76ba119b]::run_test::{closure#0}
[INFO] [stdout]   21:     0x5c1f55c50754 - std[617be2ca0a6fd877]::sys::backtrace::__rust_begin_short_backtrace::<test[aada8e7e76ba119b]::run_test::{closure#1}, ()>
[INFO] [stdout]   22:     0x5c1f55c59ef2 - <std[617be2ca0a6fd877]::thread::lifecycle::spawn_unchecked<test[aada8e7e76ba119b]::run_test::{closure#1}, ()>::{closure#1} as core[a373ad73a504971]::ops::function::FnOnce<()>>::call_once::{shim:vtable#0}
[INFO] [stdout]   23:     0x5c1f55fba91f - <std[617be2ca0a6fd877]::sys::thread::unix::Thread>::new::thread_start
[INFO] [stdout]   24:     0x765967291dfa - <unknown>
[INFO] [stdout]   25:     0x7659673253d4 - clone
[INFO] [stdout]   26:                0x0 - <unknown>
[INFO] [stdout] 
[INFO] [stdout] ---- test::dont_propagate_protocol_errors stdout ----
[INFO] [stdout] 
[INFO] [stdout] thread 'test::dont_propagate_protocol_errors' (3364) panicked at src/test.rs:77:10:
[INFO] [stdout] called `Result::unwrap()` on an `Err` value: ErrorStack([Error { code: 2147483650, library: "system library", function: "file_ctrl", file: "../crypto/bio/bss_file.c", line: 288, data: "calling fopen(/opt/rustwide/workdir/../test/key.pem, r)" }, Error { code: 268959746, library: "BIO routines", function: "file_ctrl", reason: "system lib", file: "../crypto/bio/bss_file.c", line: 291 }, Error { code: 168296450, library: "SSL routines", function: "SSL_CTX_use_PrivateKey_file", reason: "system lib", file: "../ssl/ssl_rsa.c", line: 411 }])
[INFO] [stdout] stack backtrace:
[INFO] [stdout]    0:     0x5c1f55fbb7d1 - <<std[617be2ca0a6fd877]::sys::backtrace::BacktraceLock>::print::DisplayBacktrace as core[a373ad73a504971]::fmt::Display>::fmt
[INFO] [stdout]    1:     0x5c1f55fd51ba - core[a373ad73a504971]::fmt::write
[INFO] [stdout]    2:     0x5c1f55fc094c - <alloc[2e1b2a31b91974c5]::vec::Vec<u8> as core[a373ad73a504971]::io::write::Write>::write_fmt
[INFO] [stdout]    3:     0x5c1f55f963f6 - std[617be2ca0a6fd877]::panicking::default_hook::{closure#0}
[INFO] [stdout]    4:     0x5c1f55fb3469 - std[617be2ca0a6fd877]::panicking::default_hook
[INFO] [stdout]    5:     0x5c1f55c56840 - test[aada8e7e76ba119b]::test_main_inner::{closure#0}
[INFO] [stdout]    6:     0x5c1f55fb3792 - std[617be2ca0a6fd877]::panicking::panic_with_hook
[INFO] [stdout]    7:     0x5c1f55f964a2 - std[617be2ca0a6fd877]::panicking::panic_handler::{closure#0}
[INFO] [stdout]    8:     0x5c1f55f8e9b9 - std[617be2ca0a6fd877]::sys::backtrace::__rust_end_short_backtrace::<std[617be2ca0a6fd877]::panicking::panic_handler::{closure#0}, !>
[INFO] [stdout]    9:     0x5c1f55f973ad - __rustc[ea4f61d10b84890b]::rust_begin_unwind
[INFO] [stdout]   10:     0x5c1f55fd599c - core[a373ad73a504971]::panicking::panic_fmt
[INFO] [stdout]   11:     0x5c1f55fd5772 - core[a373ad73a504971]::result::unwrap_failed
[INFO] [stdout]   12:     0x5c1f55bc0dfb - conjure_runtime[2d56c123a5541c16]::test::ssl_acceptor
[INFO] [stdout]   13:     0x5c1f55a71b68 - <futures_util[7b40a2082737ff0]::future::maybe_done::MaybeDone<conjure_runtime[2d56c123a5541c16]::test::server<conjure_runtime[2d56c123a5541c16]::test::dont_propagate_protocol_errors::{closure#0}::{closure#0}::{closure#0}, conjure_runtime[2d56c123a5541c16]::test::dont_propagate_protocol_errors::{closure#0}::{closure#0}>::{closure#0}> as core[a373ad73a504971]::future::future::Future>::poll
[INFO] [stdout]   14:     0x5c1f55b34b5d - <futures_util[7b40a2082737ff0]::future::poll_fn::PollFn<conjure_runtime[2d56c123a5541c16]::test::test<conjure_runtime[2d56c123a5541c16]::test::dont_propagate_protocol_errors::{closure#0}::{closure#0}::{closure#0}, conjure_runtime[2d56c123a5541c16]::test::dont_propagate_protocol_errors::{closure#0}::{closure#1}::{closure#0}, conjure_runtime[2d56c123a5541c16]::test::dont_propagate_protocol_errors::{closure#0}::{closure#0}, conjure_runtime[2d56c123a5541c16]::test::dont_propagate_protocol_errors::{closure#0}::{closure#1}>::{closure#0}::{closure#0}> as core[a373ad73a504971]::future::future::Future>::poll
[INFO] [stdout]   15:     0x5c1f55bbcc9a - conjure_runtime[2d56c123a5541c16]::test::dont_propagate_protocol_errors::{closure#0}
[INFO] [stdout]   16:     0x5c1f55b22733 - <tokio[e321726bbbedc260]::runtime::scheduler::current_thread::Context>::enter::<core[a373ad73a504971]::task::poll::Poll<()>, <tokio[e321726bbbedc260]::runtime::scheduler::current_thread::CoreGuard>::block_on<core[a373ad73a504971]::pin::Pin<&mut core[a373ad73a504971]::pin::Pin<&mut dyn core[a373ad73a504971]::future::future::Future<Output = ()>>>>::{closure#0}::{closure#0}>
[INFO] [stdout]   17:     0x5c1f55bef5dc - <tokio[e321726bbbedc260]::runtime::context::scoped::Scoped<tokio[e321726bbbedc260]::runtime::scheduler::Context>>::set::<<tokio[e321726bbbedc260]::runtime::scheduler::current_thread::CoreGuard>::enter<<tokio[e321726bbbedc260]::runtime::scheduler::current_thread::CoreGuard>::block_on<core[a373ad73a504971]::pin::Pin<&mut core[a373ad73a504971]::pin::Pin<&mut dyn core[a373ad73a504971]::future::future::Future<Output = ()>>>>::{closure#0}, core[a373ad73a504971]::option::Option<()>>::{closure#0}, (alloc[2e1b2a31b91974c5]::boxed::Box<tokio[e321726bbbedc260]::runtime::scheduler::current_thread::Core>, core[a373ad73a504971]::option::Option<()>)>
[INFO] [stdout]   18:     0x5c1f55b231e7 - <tokio[e321726bbbedc260]::runtime::scheduler::current_thread::CoreGuard>::block_on::<core[a373ad73a504971]::pin::Pin<&mut core[a373ad73a504971]::pin::Pin<&mut dyn core[a373ad73a504971]::future::future::Future<Output = ()>>>>
[INFO] [stdout]   19:     0x5c1f55bf958d - tokio[e321726bbbedc260]::runtime::context::runtime::enter_runtime::<<tokio[e321726bbbedc260]::runtime::scheduler::current_thread::CurrentThread>::block_on<core[a373ad73a504971]::pin::Pin<&mut dyn core[a373ad73a504971]::future::future::Future<Output = ()>>>::{closure#0}, ()>
[INFO] [stdout]   20:     0x5c1f55bea7af - <tokio[e321726bbbedc260]::runtime::runtime::Runtime>::block_on::<core[a373ad73a504971]::pin::Pin<&mut dyn core[a373ad73a504971]::future::future::Future<Output = ()>>>
[INFO] [stdout]   21:     0x5c1f55bc647c - <conjure_runtime[2d56c123a5541c16]::test::dont_propagate_protocol_errors::{closure#0} as core[a373ad73a504971]::ops::function::FnOnce<()>>::call_once
[INFO] [stdout]   22:     0x5c1f55c49c8b - test[aada8e7e76ba119b]::__rust_begin_short_backtrace::<core[a373ad73a504971]::result::Result<(), alloc[2e1b2a31b91974c5]::string::String>, fn() -> core[a373ad73a504971]::result::Result<(), alloc[2e1b2a31b91974c5]::string::String>>
[INFO] [stdout]   23:     0x5c1f55c56e65 - test[aada8e7e76ba119b]::run_test::{closure#0}
[INFO] [stdout]   24:     0x5c1f55c50754 - std[617be2ca0a6fd877]::sys::backtrace::__rust_begin_short_backtrace::<test[aada8e7e76ba119b]::run_test::{closure#1}, ()>
[INFO] [stdout]   25:     0x5c1f55c59ef2 - <std[617be2ca0a6fd877]::thread::lifecycle::spawn_unchecked<test[aada8e7e76ba119b]::run_test::{closure#1}, ()>::{closure#1} as core[a373ad73a504971]::ops::function::FnOnce<()>>::call_once::{shim:vtable#0}
[INFO] [stdout]   26:     0x5c1f55fba91f - <std[617be2ca0a6fd877]::sys::thread::unix::Thread>::new::thread_start
[INFO] [stdout]   27:     0x765967291dfa - <unknown>
[INFO] [stdout]   28:     0x7659673253d4 - clone
[INFO] [stdout]   29:                0x0 - <unknown>
[INFO] [stdout] 
[INFO] [stdout] ---- test::empty_body_has_no_transfer_encoding stdout ----
[INFO] [stdout] 
[INFO] [stdout] thread 'test::empty_body_has_no_transfer_encoding' (3365) panicked at src/test.rs:77:10:
[INFO] [stdout] called `Result::unwrap()` on an `Err` value: ErrorStack([Error { code: 2147483650, library: "system library", function: "file_ctrl", file: "../crypto/bio/bss_file.c", line: 288, data: "calling fopen(/opt/rustwide/workdir/../test/key.pem, r)" }, Error { code: 268959746, library: "BIO routines", function: "file_ctrl", reason: "system lib", file: "../crypto/bio/bss_file.c", line: 291 }, Error { code: 168296450, library: "SSL routines", function: "SSL_CTX_use_PrivateKey_file", reason: "system lib", file: "../ssl/ssl_rsa.c", line: 411 }])
[INFO] [stdout] stack backtrace:
[INFO] [stdout]    0:     0x5c1f55fbb7d1 - <<std[617be2ca0a6fd877]::sys::backtrace::BacktraceLock>::print::DisplayBacktrace as core[a373ad73a504971]::fmt::Display>::fmt
[INFO] [stdout]    1:     0x5c1f55fd51ba - core[a373ad73a504971]::fmt::write
[INFO] [stdout]    2:     0x5c1f55fc094c - <alloc[2e1b2a31b91974c5]::vec::Vec<u8> as core[a373ad73a504971]::io::write::Write>::write_fmt
[INFO] [stdout]    3:     0x5c1f55f963f6 - std[617be2ca0a6fd877]::panicking::default_hook::{closure#0}
[INFO] [stdout]    4:     0x5c1f55fb3469 - std[617be2ca0a6fd877]::panicking::default_hook
[INFO] [stdout]    5:     0x5c1f55c56840 - test[aada8e7e76ba119b]::test_main_inner::{closure#0}
[INFO] [stdout]    6:     0x5c1f55fb3792 - std[617be2ca0a6fd877]::panicking::panic_with_hook
[INFO] [stdout]    7:     0x5c1f55f964a2 - std[617be2ca0a6fd877]::panicking::panic_handler::{closure#0}
[INFO] [stdout]    8:     0x5c1f55f8e9b9 - std[617be2ca0a6fd877]::sys::backtrace::__rust_end_short_backtrace::<std[617be2ca0a6fd877]::panicking::panic_handler::{closure#0}, !>
[INFO] [stdout]    9:     0x5c1f55f973ad - __rustc[ea4f61d10b84890b]::rust_begin_unwind
[INFO] [stdout]   10:     0x5c1f55fd599c - core[a373ad73a504971]::panicking::panic_fmt
[INFO] [stdout]   11:     0x5c1f55fd5772 - core[a373ad73a504971]::result::unwrap_failed
[INFO] [stdout]   12:     0x5c1f55bc0dfb - conjure_runtime[2d56c123a5541c16]::test::ssl_acceptor
[INFO] [stdout]   13:     0x5c1f55a73771 - <futures_util[7b40a2082737ff0]::future::maybe_done::MaybeDone<conjure_runtime[2d56c123a5541c16]::test::server<conjure_runtime[2d56c123a5541c16]::test::empty_body_has_no_transfer_encoding::{closure#0}::{closure#0}::{closure#0}, conjure_runtime[2d56c123a5541c16]::test::empty_body_has_no_transfer_encoding::{closure#0}::{closure#0}>::{closure#0}> as core[a373ad73a504971]::future::future::Future>::poll
[INFO] [stdout]   14:     0x5c1f55b34edd - <futures_util[7b40a2082737ff0]::future::poll_fn::PollFn<conjure_runtime[2d56c123a5541c16]::test::test<conjure_runtime[2d56c123a5541c16]::test::empty_body_has_no_transfer_encoding::{closure#0}::{closure#0}::{closure#0}, conjure_runtime[2d56c123a5541c16]::test::empty_body_has_no_transfer_encoding::{closure#0}::{closure#1}::{closure#0}, conjure_runtime[2d56c123a5541c16]::test::empty_body_has_no_transfer_encoding::{closure#0}::{closure#0}, conjure_runtime[2d56c123a5541c16]::test::empty_body_has_no_transfer_encoding::{closure#0}::{closure#1}>::{closure#0}::{closure#0}> as core[a373ad73a504971]::future::future::Future>::poll
[INFO] [stdout]   15:     0x5c1f55bbedd3 - conjure_runtime[2d56c123a5541c16]::test::empty_body_has_no_transfer_encoding::{closure#0}
[INFO] [stdout]   16:     0x5c1f55b22733 - <tokio[e321726bbbedc260]::runtime::scheduler::current_thread::Context>::enter::<core[a373ad73a504971]::task::poll::Poll<()>, <tokio[e321726bbbedc260]::runtime::scheduler::current_thread::CoreGuard>::block_on<core[a373ad73a504971]::pin::Pin<&mut core[a373ad73a504971]::pin::Pin<&mut dyn core[a373ad73a504971]::future::future::Future<Output = ()>>>>::{closure#0}::{closure#0}>
[INFO] [stdout]   17:     0x5c1f55bef5dc - <tokio[e321726bbbedc260]::runtime::context::scoped::Scoped<tokio[e321726bbbedc260]::runtime::scheduler::Context>>::set::<<tokio[e321726bbbedc260]::runtime::scheduler::current_thread::CoreGuard>::enter<<tokio[e321726bbbedc260]::runtime::scheduler::current_thread::CoreGuard>::block_on<core[a373ad73a504971]::pin::Pin<&mut core[a373ad73a504971]::pin::Pin<&mut dyn core[a373ad73a504971]::future::future::Future<Output = ()>>>>::{closure#0}, core[a373ad73a504971]::option::Option<()>>::{closure#0}, (alloc[2e1b2a31b91974c5]::boxed::Box<tokio[e321726bbbedc260]::runtime::scheduler::current_thread::Core>, core[a373ad73a504971]::option::Option<()>)>
[INFO] [stdout]   18:     0x5c1f55b231e7 - <tokio[e321726bbbedc260]::runtime::scheduler::current_thread::CoreGuard>::block_on::<core[a373ad73a504971]::pin::Pin<&mut core[a373ad73a504971]::pin::Pin<&mut dyn core[a373ad73a504971]::future::future::Future<Output = ()>>>>
[INFO] [stdout]   19:     0x5c1f55bf958d - tokio[e321726bbbedc260]::runtime::context::runtime::enter_runtime::<<tokio[e321726bbbedc260]::runtime::scheduler::current_thread::CurrentThread>::block_on<core[a373ad73a504971]::pin::Pin<&mut dyn core[a373ad73a504971]::future::future::Future<Output = ()>>>::{closure#0}, ()>
[INFO] [stdout]   20:     0x5c1f55bea7af - <tokio[e321726bbbedc260]::runtime::runtime::Runtime>::block_on::<core[a373ad73a504971]::pin::Pin<&mut dyn core[a373ad73a504971]::future::future::Future<Output = ()>>>
[INFO] [stdout]   21:     0x5c1f55bc6d7c - <conjure_runtime[2d56c123a5541c16]::test::empty_body_has_no_transfer_encoding::{closure#0} as core[a373ad73a504971]::ops::function::FnOnce<()>>::call_once
[INFO] [stdout]   22:     0x5c1f55c49c8b - test[aada8e7e76ba119b]::__rust_begin_short_backtrace::<core[a373ad73a504971]::result::Result<(), alloc[2e1b2a31b91974c5]::string::String>, fn() -> core[a373ad73a504971]::result::Result<(), alloc[2e1b2a31b91974c5]::string::String>>
[INFO] [stderr] error: test failed, to rerun pass `--lib`
[INFO] [stdout]   23:     0x5c1f55c56e65 - test[aada8e7e76ba119b]::run_test::{closure#0}
[INFO] [stdout]   24:     0x5c1f55c50754 - std[617be2ca0a6fd877]::sys::backtrace::__rust_begin_short_backtrace::<test[aada8e7e76ba119b]::run_test::{closure#1}, ()>
[INFO] [stdout]   25:     0x5c1f55c59ef2 - <std[617be2ca0a6fd877]::thread::lifecycle::spawn_unchecked<test[aada8e7e76ba119b]::run_test::{closure#1}, ()>::{closure#1} as core[a373ad73a504971]::ops::function::FnOnce<()>>::call_once::{shim:vtable#0}
[INFO] [stdout]   26:     0x5c1f55fba91f - <std[617be2ca0a6fd877]::sys::thread::unix::Thread>::new::thread_start
[INFO] [stdout]   27:     0x765967291dfa - <unknown>
[INFO] [stdout]   28:     0x7659673253d4 - clone
[INFO] [stdout]   29:                0x0 - <unknown>
[INFO] [stdout] 
[INFO] [stdout] ---- test::body_write_ends_after_error stdout ----
[INFO] [stdout] 
[INFO] [stdout] thread 'test::body_write_ends_after_error' (3344) panicked at src/test.rs:77:10:
[INFO] [stdout] called `Result::unwrap()` on an `Err` value: ErrorStack([Error { code: 2147483650, library: "system library", function: "file_ctrl", file: "../crypto/bio/bss_file.c", line: 288, data: "calling fopen(/opt/rustwide/workdir/../test/key.pem, r)" }, Error { code: 268959746, library: "BIO routines", function: "file_ctrl", reason: "system lib", file: "../crypto/bio/bss_file.c", line: 291 }, Error { code: 168296450, library: "SSL routines", function: "SSL_CTX_use_PrivateKey_file", reason: "system lib", file: "../ssl/ssl_rsa.c", line: 411 }])
[INFO] [stdout] stack backtrace:
[INFO] [stdout]    0:     0x5c1f55fbb7d1 - <<std[617be2ca0a6fd877]::sys::backtrace::BacktraceLock>::print::DisplayBacktrace as core[a373ad73a504971]::fmt::Display>::fmt
[INFO] [stdout]    1:     0x5c1f55fd51ba - core[a373ad73a504971]::fmt::write
[INFO] [stdout]    2:     0x5c1f55fc094c - <alloc[2e1b2a31b91974c5]::vec::Vec<u8> as core[a373ad73a504971]::io::write::Write>::write_fmt
[INFO] [stdout]    3:     0x5c1f55f963f6 - std[617be2ca0a6fd877]::panicking::default_hook::{closure#0}
[INFO] [stdout]    4:     0x5c1f55fb3469 - std[617be2ca0a6fd877]::panicking::default_hook
[INFO] [stdout]    5:     0x5c1f55c56840 - test[aada8e7e76ba119b]::test_main_inner::{closure#0}
[INFO] [stdout]    6:     0x5c1f55fb3792 - std[617be2ca0a6fd877]::panicking::panic_with_hook
[INFO] [stdout]    7:     0x5c1f55f964a2 - std[617be2ca0a6fd877]::panicking::panic_handler::{closure#0}
[INFO] [stdout]    8:     0x5c1f55f8e9b9 - std[617be2ca0a6fd877]::sys::backtrace::__rust_end_short_backtrace::<std[617be2ca0a6fd877]::panicking::panic_handler::{closure#0}, !>
[INFO] [stdout]    9:     0x5c1f55f973ad - __rustc[ea4f61d10b84890b]::rust_begin_unwind
[INFO] [stdout]   10:     0x5c1f55fd599c - core[a373ad73a504971]::panicking::panic_fmt
[INFO] [stdout]   11:     0x5c1f55fd5772 - core[a373ad73a504971]::result::unwrap_failed
[INFO] [stdout]   12:     0x5c1f55bc0dfb - conjure_runtime[2d56c123a5541c16]::test::ssl_acceptor
[INFO] [stdout]   13:     0x5c1f55a70651 - <futures_util[7b40a2082737ff0]::future::maybe_done::MaybeDone<conjure_runtime[2d56c123a5541c16]::test::server<conjure_runtime[2d56c123a5541c16]::test::body_write_ends_after_error::{closure#0}::{closure#0}::{closure#0}, conjure_runtime[2d56c123a5541c16]::test::body_write_ends_after_error::{closure#0}::{closure#0}>::{closure#0}> as core[a373ad73a504971]::future::future::Future>::poll
[INFO] [stdout]   14:     0x5c1f55b347fd - <futures_util[7b40a2082737ff0]::future::poll_fn::PollFn<conjure_runtime[2d56c123a5541c16]::test::test<conjure_runtime[2d56c123a5541c16]::test::body_write_ends_after_error::{closure#0}::{closure#0}::{closure#0}, conjure_runtime[2d56c123a5541c16]::test::body_write_ends_after_error::{closure#0}::{closure#1}::{closure#0}, conjure_runtime[2d56c123a5541c16]::test::body_write_ends_after_error::{closure#0}::{closure#0}, conjure_runtime[2d56c123a5541c16]::test::body_write_ends_after_error::{closure#0}::{closure#1}>::{closure#0}::{closure#0}> as core[a373ad73a504971]::future::future::Future>::poll
[INFO] [stdout]   15:     0x5c1f55bbc0e3 - conjure_runtime[2d56c123a5541c16]::test::body_write_ends_after_error::{closure#0}
[INFO] [stdout]   16:     0x5c1f55b22733 - <tokio[e321726bbbedc260]::runtime::scheduler::current_thread::Context>::enter::<core[a373ad73a504971]::task::poll::Poll<()>, <tokio[e321726bbbedc260]::runtime::scheduler::current_thread::CoreGuard>::block_on<core[a373ad73a504971]::pin::Pin<&mut core[a373ad73a504971]::pin::Pin<&mut dyn core[a373ad73a504971]::future::future::Future<Output = ()>>>>::{closure#0}::{closure#0}>
[INFO] [stdout]   17:     0x5c1f55bef5dc - <tokio[e321726bbbedc260]::runtime::context::scoped::Scoped<tokio[e321726bbbedc260]::runtime::scheduler::Context>>::set::<<tokio[e321726bbbedc260]::runtime::scheduler::current_thread::CoreGuard>::enter<<tokio[e321726bbbedc260]::runtime::scheduler::current_thread::CoreGuard>::block_on<core[a373ad73a504971]::pin::Pin<&mut core[a373ad73a504971]::pin::Pin<&mut dyn core[a373ad73a504971]::future::future::Future<Output = ()>>>>::{closure#0}, core[a373ad73a504971]::option::Option<()>>::{closure#0}, (alloc[2e1b2a31b91974c5]::boxed::Box<tokio[e321726bbbedc260]::runtime::scheduler::current_thread::Core>, core[a373ad73a504971]::option::Option<()>)>
[INFO] [stdout]   18:     0x5c1f55b231e7 - <tokio[e321726bbbedc260]::runtime::scheduler::current_thread::CoreGuard>::block_on::<core[a373ad73a504971]::pin::Pin<&mut core[a373ad73a504971]::pin::Pin<&mut dyn core[a373ad73a504971]::future::future::Future<Output = ()>>>>
[INFO] [stdout]   19:     0x5c1f55bf958d - tokio[e321726bbbedc260]::runtime::context::runtime::enter_runtime::<<tokio[e321726bbbedc260]::runtime::scheduler::current_thread::CurrentThread>::block_on<core[a373ad73a504971]::pin::Pin<&mut dyn core[a373ad73a504971]::future::future::Future<Output = ()>>>::{closure#0}, ()>
[INFO] [stdout]   20:     0x5c1f55bea7af - <tokio[e321726bbbedc260]::runtime::runtime::Runtime>::block_on::<core[a373ad73a504971]::pin::Pin<&mut dyn core[a373ad73a504971]::future::future::Future<Output = ()>>>
[INFO] [stdout]   21:     0x5c1f55bc5fcc - <conjure_runtime[2d56c123a5541c16]::test::body_write_ends_after_error::{closure#0} as core[a373ad73a504971]::ops::function::FnOnce<()>>::call_once
[INFO] [stdout]   22:     0x5c1f55c49c8b - test[aada8e7e76ba119b]::__rust_begin_short_backtrace::<core[a373ad73a504971]::result::Result<(), alloc[2e1b2a31b91974c5]::string::String>, fn() -> core[a373ad73a504971]::result::Result<(), alloc[2e1b2a31b91974c5]::string::String>>
[INFO] [stdout]   23:     0x5c1f55c56e65 - test[aada8e7e76ba119b]::run_test::{closure#0}
[INFO] [stdout]   24:     0x5c1f55c50754 - std[617be2ca0a6fd877]::sys::backtrace::__rust_begin_short_backtrace::<test[aada8e7e76ba119b]::run_test::{closure#1}, ()>
[INFO] [stdout]   25:     0x5c1f55c59ef2 - <std[617be2ca0a6fd877]::thread::lifecycle::spawn_unchecked<test[aada8e7e76ba119b]::run_test::{closure#1}, ()>::{closure#1} as core[a373ad73a504971]::ops::function::FnOnce<()>>::call_once::{shim:vtable#0}
[INFO] [stdout]   26:     0x5c1f55fba91f - <std[617be2ca0a6fd877]::sys::thread::unix::Thread>::new::thread_start
[INFO] [stdout]   27:     0x765967291dfa - <unknown>
[INFO] [stdout]   28:     0x7659673253d4 - clone
[INFO] [stdout]   29:                0x0 - <unknown>
[INFO] [stdout] 
[INFO] [stdout] ---- test::fixed_body_has_content_length stdout ----
[INFO] [stdout] 
[INFO] [stdout] thread 'test::fixed_body_has_content_length' (3366) panicked at src/test.rs:77:10:
[INFO] [stdout] called `Result::unwrap()` on an `Err` value: ErrorStack([Error { code: 2147483650, library: "system library", function: "file_ctrl", file: "../crypto/bio/bss_file.c", line: 288, data: "calling fopen(/opt/rustwide/workdir/../test/key.pem, r)" }, Error { code: 268959746, library: "BIO routines", function: "file_ctrl", reason: "system lib", file: "../crypto/bio/bss_file.c", line: 291 }, Error { code: 168296450, library: "SSL routines", function: "SSL_CTX_use_PrivateKey_file", reason: "system lib", file: "../ssl/ssl_rsa.c", line: 411 }])
[INFO] [stdout] stack backtrace:
[INFO] [stdout]    0:     0x5c1f55fbb7d1 - <<std[617be2ca0a6fd877]::sys::backtrace::BacktraceLock>::print::DisplayBacktrace as core[a373ad73a504971]::fmt::Display>::fmt
[INFO] [stdout]    1:     0x5c1f55fd51ba - core[a373ad73a504971]::fmt::write
[INFO] [stdout]    2:     0x5c1f55fc094c - <alloc[2e1b2a31b91974c5]::vec::Vec<u8> as core[a373ad73a504971]::io::write::Write>::write_fmt
[INFO] [stdout]    3:     0x5c1f55f963f6 - std[617be2ca0a6fd877]::panicking::default_hook::{closure#0}
[INFO] [stdout]    4:     0x5c1f55fb3469 - std[617be2ca0a6fd877]::panicking::default_hook
[INFO] [stdout]    5:     0x5c1f55c56840 - test[aada8e7e76ba119b]::test_main_inner::{closure#0}
[INFO] [stdout]    6:     0x5c1f55fb3792 - std[617be2ca0a6fd877]::panicking::panic_with_hook
[INFO] [stdout]    7:     0x5c1f55f964a2 - std[617be2ca0a6fd877]::panicking::panic_handler::{closure#0}
[INFO] [stdout]    8:     0x5c1f55f8e9b9 - std[617be2ca0a6fd877]::sys::backtrace::__rust_end_short_backtrace::<std[617be2ca0a6fd877]::panicking::panic_handler::{closure#0}, !>
[INFO] [stdout]    9:     0x5c1f55f973ad - __rustc[ea4f61d10b84890b]::rust_begin_unwind
[INFO] [stdout]   10:     0x5c1f55fd599c - core[a373ad73a504971]::panicking::panic_fmt
[INFO] [stdout]   11:     0x5c1f55fd5772 - core[a373ad73a504971]::result::unwrap_failed
[INFO] [stdout]   12:     0x5c1f55bc0dfb - conjure_runtime[2d56c123a5541c16]::test::ssl_acceptor
[INFO] [stdout]   13:     0x5c1f55a71461 - <futures_util[7b40a2082737ff0]::future::maybe_done::MaybeDone<conjure_runtime[2d56c123a5541c16]::test::server<conjure_runtime[2d56c123a5541c16]::test::fixed_body_has_content_length::{closure#0}::{closure#0}::{closure#0}, conjure_runtime[2d56c123a5541c16]::test::fixed_body_has_content_length::{closure#0}::{closure#0}>::{closure#0}> as core[a373ad73a504971]::future::future::Future>::poll
[INFO] [stdout]   14:     0x5c1f55b34a3d - <futures_util[7b40a2082737ff0]::future::poll_fn::PollFn<conjure_runtime[2d56c123a5541c16]::test::test<conjure_runtime[2d56c123a5541c16]::test::fixed_body_has_content_length::{closure#0}::{closure#0}::{closure#0}, conjure_runtime[2d56c123a5541c16]::test::fixed_body_has_content_length::{closure#0}::{closure#1}::{closure#0}, conjure_runtime[2d56c123a5541c16]::test::fixed_body_has_content_length::{closure#0}::{closure#0}, conjure_runtime[2d56c123a5541c16]::test::fixed_body_has_content_length::{closure#0}::{closure#1}>::{closure#0}::{closure#0}> as core[a373ad73a504971]::future::future::Future>::poll
[INFO] [stdout]   15:     0x5c1f55bbc8b3 - conjure_runtime[2d56c123a5541c16]::test::fixed_body_has_content_length::{closure#0}
[INFO] [stdout]   16:     0x5c1f55b22733 - <tokio[e321726bbbedc260]::runtime::scheduler::current_thread::Context>::enter::<core[a373ad73a504971]::task::poll::Poll<()>, <tokio[e321726bbbedc260]::runtime::scheduler::current_thread::CoreGuard>::block_on<core[a373ad73a504971]::pin::Pin<&mut core[a373ad73a504971]::pin::Pin<&mut dyn core[a373ad73a504971]::future::future::Future<Output = ()>>>>::{closure#0}::{closure#0}>
[INFO] [stdout]   17:     0x5c1f55bef5dc - <tokio[e321726bbbedc260]::runtime::context::scoped::Scoped<tokio[e321726bbbedc260]::runtime::scheduler::Context>>::set::<<tokio[e321726bbbedc260]::runtime::scheduler::current_thread::CoreGuard>::enter<<tokio[e321726bbbedc260]::runtime::scheduler::current_thread::CoreGuard>::block_on<core[a373ad73a504971]::pin::Pin<&mut core[a373ad73a504971]::pin::Pin<&mut dyn core[a373ad73a504971]::future::future::Future<Output = ()>>>>::{closure#0}, core[a373ad73a504971]::option::Option<()>>::{closure#0}, (alloc[2e1b2a31b91974c5]::boxed::Box<tokio[e321726bbbedc260]::runtime::scheduler::current_thread::Core>, core[a373ad73a504971]::option::Option<()>)>
[INFO] [stdout]   18:     0x5c1f55b231e7 - <tokio[e321726bbbedc260]::runtime::scheduler::current_thread::CoreGuard>::block_on::<core[a373ad73a504971]::pin::Pin<&mut core[a373ad73a504971]::pin::Pin<&mut dyn core[a373ad73a504971]::future::future::Future<Output = ()>>>>
[INFO] [stdout]   19:     0x5c1f55bf958d - tokio[e321726bbbedc260]::runtime::context::runtime::enter_runtime::<<tokio[e321726bbbedc260]::runtime::scheduler::current_thread::CurrentThread>::block_on<core[a373ad73a504971]::pin::Pin<&mut dyn core[a373ad73a504971]::future::future::Future<Output = ()>>>::{closure#0}, ()>
[INFO] [stdout]   20:     0x5c1f55bea7af - <tokio[e321726bbbedc260]::runtime::runtime::Runtime>::block_on::<core[a373ad73a504971]::pin::Pin<&mut dyn core[a373ad73a504971]::future::future::Future<Output = ()>>>
[INFO] [stdout]   21:     0x5c1f55bc62ec - <conjure_runtime[2d56c123a5541c16]::test::fixed_body_has_content_length::{closure#0} as core[a373ad73a504971]::ops::function::FnOnce<()>>::call_once
[INFO] [stdout]   22:     0x5c1f55c49c8b - test[aada8e7e76ba119b]::__rust_begin_short_backtrace::<core[a373ad73a504971]::result::Result<(), alloc[2e1b2a31b91974c5]::string::String>, fn() -> core[a373ad73a504971]::result::Result<(), alloc[2e1b2a31b91974c5]::string::String>>
[INFO] [stdout]   23:     0x5c1f55c56e65 - test[aada8e7e76ba119b]::run_test::{closure#0}
[INFO] [stdout]   24:     0x5c1f55c50754 - std[617be2ca0a6fd877]::sys::backtrace::__rust_begin_short_backtrace::<test[aada8e7e76ba119b]::run_test::{closure#1}, ()>
[INFO] [stdout]   25:     0x5c1f55c59ef2 - <std[617be2ca0a6fd877]::thread::lifecycle::spawn_unchecked<test[aada8e7e76ba119b]::run_test::{closure#1}, ()>::{closure#1} as core[a373ad73a504971]::ops::function::FnOnce<()>>::call_once::{shim:vtable#0}
[INFO] [stdout]   26:     0x5c1f55fba91f - <std[617be2ca0a6fd877]::sys::thread::unix::Thread>::new::thread_start
[INFO] [stdout]   27:     0x765967291dfa - <unknown>
[INFO] [stdout]   28:     0x7659673253d4 - clone
[INFO] [stdout]   29:                0x0 - <unknown>
[INFO] [stdout] 
[INFO] [stdout] ---- test::retry_after_503 stdout ----
[INFO] [stdout] 
[INFO] [stdout] thread 'test::retry_after_503' (3376) panicked at src/test.rs:77:10:
[INFO] [stdout] called `Result::unwrap()` on an `Err` value: ErrorStack([Error { code: 2147483650, library: "system library", function: "file_ctrl", file: "../crypto/bio/bss_file.c", line: 288, data: "calling fopen(/opt/rustwide/workdir/../test/key.pem, r)" }, Error { code: 268959746, library: "BIO routines", function: "file_ctrl", reason: "system lib", file: "../crypto/bio/bss_file.c", line: 291 }, Error { code: 168296450, library: "SSL routines", function: "SSL_CTX_use_PrivateKey_file", reason: "system lib", file: "../ssl/ssl_rsa.c", line: 411 }])
[INFO] [stdout] stack backtrace:
[INFO] [stdout]    0:     0x5c1f55fbb7d1 - <<std[617be2ca0a6fd877]::sys::backtrace::BacktraceLock>::print::DisplayBacktrace as core[a373ad73a504971]::fmt::Display>::fmt
[INFO] [stdout]    1:     0x5c1f55fd51ba - core[a373ad73a504971]::fmt::write
[INFO] [stdout]    2:     0x5c1f55fc094c - <alloc[2e1b2a31b91974c5]::vec::Vec<u8> as core[a373ad73a504971]::io::write::Write>::write_fmt
[INFO] [stdout]    3:     0x5c1f55f963f6 - std[617be2ca0a6fd877]::panicking::default_hook::{closure#0}
[INFO] [stdout]    4:     0x5c1f55fb3469 - std[617be2ca0a6fd877]::panicking::default_hook
[INFO] [stdout]    5:     0x5c1f55c56840 - test[aada8e7e76ba119b]::test_main_inner::{closure#0}
[INFO] [stdout]    6:     0x5c1f55fb3792 - std[617be2ca0a6fd877]::panicking::panic_with_hook
[INFO] [stdout]    7:     0x5c1f55f964a2 - std[617be2ca0a6fd877]::panicking::panic_handler::{closure#0}
[INFO] [stdout]    8:     0x5c1f55f8e9b9 - std[617be2ca0a6fd877]::sys::backtrace::__rust_end_short_backtrace::<std[617be2ca0a6fd877]::panicking::panic_handler::{closure#0}, !>
[INFO] [stdout]    9:     0x5c1f55f973ad - __rustc[ea4f61d10b84890b]::rust_begin_unwind
[INFO] [stdout]   10:     0x5c1f55fd599c - core[a373ad73a504971]::panicking::panic_fmt
[INFO] [stdout]   11:     0x5c1f55fd5772 - core[a373ad73a504971]::result::unwrap_failed
[INFO] [stdout]   12:     0x5c1f55bc0dfb - conjure_runtime[2d56c123a5541c16]::test::ssl_acceptor
[INFO] [stdout]   13:     0x5c1f55a6e338 - <futures_util[7b40a2082737ff0]::future::maybe_done::MaybeDone<conjure_runtime[2d56c123a5541c16]::test::server<conjure_runtime[2d56c123a5541c16]::test::retry_after_503::{closure#0}::{closure#0}::{closure#0}, conjure_runtime[2d56c123a5541c16]::test::retry_after_503::{closure#0}::{closure#0}>::{closure#0}> as core[a373ad73a504971]::future::future::Future>::poll
[INFO] [stdout]   14:     0x5c1f55b3423d - <futures_util[7b40a2082737ff0]::future::poll_fn::PollFn<conjure_runtime[2d56c123a5541c16]::test::test<conjure_runtime[2d56c123a5541c16]::test::retry_after_503::{closure#0}::{closure#0}::{closure#0}, conjure_runtime[2d56c123a5541c16]::test::retry_after_503::{closure#0}::{closure#1}::{closure#0}, conjure_runtime[2d56c123a5541c16]::test::retry_after_503::{closure#0}::{closure#0}, conjure_runtime[2d56c123a5541c16]::test::retry_after_503::{closure#0}::{closure#1}>::{closure#0}::{closure#0}> as core[a373ad73a504971]::future::future::Future>::poll
[INFO] [stdout]   15:     0x5c1f55bbad2b - conjure_runtime[2d56c123a5541c16]::test::retry_after_503::{closure#0}
[INFO] [stdout]   16:     0x5c1f55b22733 - <tokio[e321726bbbedc260]::runtime::scheduler::current_thread::Context>::enter::<core[a373ad73a504971]::task::poll::Poll<()>, <tokio[e321726bbbedc260]::runtime::scheduler::current_thread::CoreGuard>::block_on<core[a373ad73a504971]::pin::Pin<&mut core[a373ad73a504971]::pin::Pin<&mut dyn core[a373ad73a504971]::future::future::Future<Output = ()>>>>::{closure#0}::{closure#0}>
[INFO] [stdout]   17:     0x5c1f55bef5dc - <tokio[e321726bbbedc260]::runtime::context::scoped::Scoped<tokio[e321726bbbedc260]::runtime::scheduler::Context>>::set::<<tokio[e321726bbbedc260]::runtime::scheduler::current_thread::CoreGuard>::enter<<tokio[e321726bbbedc260]::runtime::scheduler::current_thread::CoreGuard>::block_on<core[a373ad73a504971]::pin::Pin<&mut core[a373ad73a504971]::pin::Pin<&mut dyn core[a373ad73a504971]::future::future::Future<Output = ()>>>>::{closure#0}, core[a373ad73a504971]::option::Option<()>>::{closure#0}, (alloc[2e1b2a31b91974c5]::boxed::Box<tokio[e321726bbbedc260]::runtime::scheduler::current_thread::Core>, core[a373ad73a504971]::option::Option<()>)>
[INFO] [stdout]   18:     0x5c1f55b231e7 - <tokio[e321726bbbedc260]::runtime::scheduler::current_thread::CoreGuard>::block_on::<core[a373ad73a504971]::pin::Pin<&mut core[a373ad73a504971]::pin::Pin<&mut dyn core[a373ad73a504971]::future::future::Future<Output = ()>>>>
[INFO] [stdout]   19:     0x5c1f55bf958d - tokio[e321726bbbedc260]::runtime::context::runtime::enter_runtime::<<tokio[e321726bbbedc260]::runtime::scheduler::current_thread::CurrentThread>::block_on<core[a373ad73a504971]::pin::Pin<&mut dyn core[a373ad73a504971]::future::future::Future<Output = ()>>>::{closure#0}, ()>
[INFO] [stdout]   20:     0x5c1f55bea7af - <tokio[e321726bbbedc260]::runtime::runtime::Runtime>::block_on::<core[a373ad73a504971]::pin::Pin<&mut dyn core[a373ad73a504971]::future::future::Future<Output = ()>>>
[INFO] [stdout]   21:     0x5c1f55bc424c - <conjure_runtime[2d56c123a5541c16]::test::retry_after_503::{closure#0} as core[a373ad73a504971]::ops::function::FnOnce<()>>::call_once
[INFO] [stdout]   22:     0x5c1f55c49c8b - test[aada8e7e76ba119b]::__rust_begin_short_backtrace::<core[a373ad73a504971]::result::Result<(), alloc[2e1b2a31b91974c5]::string::String>, fn() -> core[a373ad73a504971]::result::Result<(), alloc[2e1b2a31b91974c5]::string::String>>
[INFO] [stdout]   23:     0x5c1f55c56e65 - test[aada8e7e76ba119b]::run_test::{closure#0}
[INFO] [stdout]   24:     0x5c1f55c50754 - std[617be2ca0a6fd877]::sys::backtrace::__rust_begin_short_backtrace::<test[aada8e7e76ba119b]::run_test::{closure#1}, ()>
[INFO] [stdout]   25:     0x5c1f55c59ef2 - <std[617be2ca0a6fd877]::thread::lifecycle::spawn_unchecked<test[aada8e7e76ba119b]::run_test::{closure#1}, ()>::{closure#1} as core[a373ad73a504971]::ops::function::FnOnce<()>>::call_once::{shim:vtable#0}
[INFO] [stdout]   26:     0x5c1f55fba91f - <std[617be2ca0a6fd877]::sys::thread::unix::Thread>::new::thread_start
[INFO] [stdout]   27:     0x765967291dfa - <unknown>
[INFO] [stdout]   28:     0x7659673253d4 - clone
[INFO] [stdout]   29:                0x0 - <unknown>
[INFO] [stdout] 
[INFO] [stdout] ---- test::read_past_eof stdout ----
[INFO] [stdout] 
[INFO] [stdout] thread 'test::read_past_eof' (3375) panicked at src/test.rs:77:10:
[INFO] [stdout] called `Result::unwrap()` on an `Err` value: ErrorStack([Error { code: 2147483650, library: "system library", function: "file_ctrl", file: "../crypto/bio/bss_file.c", line: 288, data: "calling fopen(/opt/rustwide/workdir/../test/key.pem, r)" }, Error { code: 268959746, library: "BIO routines", function: "file_ctrl", reason: "system lib", file: "../crypto/bio/bss_file.c", line: 291 }, Error { code: 168296450, library: "SSL routines", function: "SSL_CTX_use_PrivateKey_file", reason: "system lib", file: "../ssl/ssl_rsa.c", line: 411 }])
[INFO] [stdout] stack backtrace:
[INFO] [stdout]    0:     0x5c1f55fbb7d1 - <<std[617be2ca0a6fd877]::sys::backtrace::BacktraceLock>::print::DisplayBacktrace as core[a373ad73a504971]::fmt::Display>::fmt
[INFO] [stdout]    1:     0x5c1f55fd51ba - core[a373ad73a504971]::fmt::write
[INFO] [stdout]    2:     0x5c1f55fc094c - <alloc[2e1b2a31b91974c5]::vec::Vec<u8> as core[a373ad73a504971]::io::write::Write>::write_fmt
[INFO] [stdout]    3:     0x5c1f55f963f6 - std[617be2ca0a6fd877]::panicking::default_hook::{closure#0}
[INFO] [stdout]    4:     0x5c1f55fb3469 - std[617be2ca0a6fd877]::panicking::default_hook
[INFO] [stdout]    5:     0x5c1f55c56840 - test[aada8e7e76ba119b]::test_main_inner::{closure#0}
[INFO] [stdout]    6:     0x5c1f55fb3792 - std[617be2ca0a6fd877]::panicking::panic_with_hook
[INFO] [stdout]    7:     0x5c1f55f964a2 - std[617be2ca0a6fd877]::panicking::panic_handler::{closure#0}
[INFO] [stdout]    8:     0x5c1f55f8e9b9 - std[617be2ca0a6fd877]::sys::backtrace::__rust_end_short_backtrace::<std[617be2ca0a6fd877]::panicking::panic_handler::{closure#0}, !>
[INFO] [stdout]    9:     0x5c1f55f973ad - __rustc[ea4f61d10b84890b]::rust_begin_unwind
[INFO] [stdout]   10:     0x5c1f55fd599c - core[a373ad73a504971]::panicking::panic_fmt
[INFO] [stdout]   11:     0x5c1f55fd5772 - core[a373ad73a504971]::result::unwrap_failed
[INFO] [stdout]   12:     0x5c1f55bc0dfb - conjure_runtime[2d56c123a5541c16]::test::ssl_acceptor
[INFO] [stdout]   13:     0x5c1f55a6dc31 - <futures_util[7b40a2082737ff0]::future::maybe_done::MaybeDone<conjure_runtime[2d56c123a5541c16]::test::server<conjure_runtime[2d56c123a5541c16]::test::read_past_eof::{closure#0}::{closure#0}::{closure#0}, conjure_runtime[2d56c123a5541c16]::test::read_past_eof::{closure#0}::{closure#0}>::{closure#0}> as core[a373ad73a504971]::future::future::Future>::poll
[INFO] [stdout]   14:     0x5c1f55b3410d - <futures_util[7b40a2082737ff0]::future::poll_fn::PollFn<conjure_runtime[2d56c123a5541c16]::test::test<conjure_runtime[2d56c123a5541c16]::test::read_past_eof::{closure#0}::{closure#0}::{closure#0}, conjure_runtime[2d56c123a5541c16]::test::read_past_eof::{closure#0}::{closure#1}::{closure#0}, conjure_runtime[2d56c123a5541c16]::test::read_past_eof::{closure#0}::{closure#0}, conjure_runtime[2d56c123a5541c16]::test::read_past_eof::{closure#0}::{closure#1}>::{closure#0}::{closure#0}> as core[a373ad73a504971]::future::future::Future>::poll
[INFO] [stdout]   15:     0x5c1f55bba942 - conjure_runtime[2d56c123a5541c16]::test::read_past_eof::{closure#0}
[INFO] [stdout]   16:     0x5c1f55b22733 - <tokio[e321726bbbedc260]::runtime::scheduler::current_thread::Context>::enter::<core[a373ad73a504971]::task::poll::Poll<()>, <tokio[e321726bbbedc260]::runtime::scheduler::current_thread::CoreGuard>::block_on<core[a373ad73a504971]::pin::Pin<&mut core[a373ad73a504971]::pin::Pin<&mut dyn core[a373ad73a504971]::future::future::Future<Output = ()>>>>::{closure#0}::{closure#0}>
[INFO] [stdout]   17:     0x5c1f55bef5dc - <tokio[e321726bbbedc260]::runtime::context::scoped::Scoped<tokio[e321726bbbedc260]::runtime::scheduler::Context>>::set::<<tokio[e321726bbbedc260]::runtime::scheduler::current_thread::CoreGuard>::enter<<tokio[e321726bbbedc260]::runtime::scheduler::current_thread::CoreGuard>::block_on<core[a373ad73a504971]::pin::Pin<&mut core[a373ad73a504971]::pin::Pin<&mut dyn core[a373ad73a504971]::future::future::Future<Output = ()>>>>::{closure#0}, core[a373ad73a504971]::option::Option<()>>::{closure#0}, (alloc[2e1b2a31b91974c5]::boxed::Box<tokio[e321726bbbedc260]::runtime::scheduler::current_thread::Core>, core[a373ad73a504971]::option::Option<()>)>
[INFO] [stdout]   18:     0x5c1f55b231e7 - <tokio[e321726bbbedc260]::runtime::scheduler::current_thread::CoreGuard>::block_on::<core[a373ad73a504971]::pin::Pin<&mut core[a373ad73a504971]::pin::Pin<&mut dyn core[a373ad73a504971]::future::future::Future<Output = ()>>>>
[INFO] [stdout]   19:     0x5c1f55bf958d - tokio[e321726bbbedc260]::runtime::context::runtime::enter_runtime::<<tokio[e321726bbbedc260]::runtime::scheduler::current_thread::CurrentThread>::block_on<core[a373ad73a504971]::pin::Pin<&mut dyn core[a373ad73a504971]::future::future::Future<Output = ()>>>::{closure#0}, ()>
[INFO] [stdout]   20:     0x5c1f55bea7af - <tokio[e321726bbbedc260]::runtime::runtime::Runtime>::block_on::<core[a373ad73a504971]::pin::Pin<&mut dyn core[a373ad73a504971]::future::future::Future<Output = ()>>>
[INFO] [stdout]   21:     0x5c1f55bc40bc - <conjure_runtime[2d56c123a5541c16]::test::read_past_eof::{closure#0} as core[a373ad73a504971]::ops::function::FnOnce<()>>::call_once
[INFO] [stdout]   22:     0x5c1f55c49c8b - test[aada8e7e76ba119b]::__rust_begin_short_backtrace::<core[a373ad73a504971]::result::Result<(), alloc[2e1b2a31b91974c5]::string::String>, fn() -> core[a373ad73a504971]::result::Result<(), alloc[2e1b2a31b91974c5]::string::String>>
[INFO] [stdout]   23:     0x5c1f55c56e65 - test[aada8e7e76ba119b]::run_test::{closure#0}
[INFO] [stdout]   24:     0x5c1f55c50754 - std[617be2ca0a6fd877]::sys::backtrace::__rust_begin_short_backtrace::<test[aada8e7e76ba119b]::run_test::{closure#1}, ()>
[INFO] [stdout]   25:     0x5c1f55c59ef2 - <std[617be2ca0a6fd877]::thread::lifecycle::spawn_unchecked<test[aada8e7e76ba119b]::run_test::{closure#1}, ()>::{closure#1} as core[a373ad73a504971]::ops::function::FnOnce<()>>::call_once::{shim:vtable#0}
[INFO] [stdout]   26:     0x5c1f55fba91f - <std[617be2ca0a6fd877]::sys::thread::unix::Thread>::new::thread_start
[INFO] [stdout]   27:     0x765967291dfa - <unknown>
[INFO] [stdout]   28:     0x7659673253d4 - clone
[INFO] [stdout]   29:                0x0 - <unknown>
[INFO] [stdout] 
[INFO] [stdout] ---- test::propagate_429_with_retry_after stdout ----
[INFO] [stdout] 
[INFO] [stdout] thread 'test::propagate_429_with_retry_after' (3373) panicked at src/test.rs:77:10:
[INFO] [stdout] called `Result::unwrap()` on an `Err` value: ErrorStack([Error { code: 2147483650, library: "system library", function: "file_ctrl", file: "../crypto/bio/bss_file.c", line: 288, data: "calling fopen(/opt/rustwide/workdir/../test/key.pem, r)" }, Error { code: 268959746, library: "BIO routines", function: "file_ctrl", reason: "system lib", file: "../crypto/bio/bss_file.c", line: 291 }, Error { code: 168296450, library: "SSL routines", function: "SSL_CTX_use_PrivateKey_file", reason: "system lib", file: "../ssl/ssl_rsa.c", line: 411 }])
[INFO] [stdout] stack backtrace:
[INFO] [stdout]    0:     0x5c1f55fbb7d1 - <<std[617be2ca0a6fd877]::sys::backtrace::BacktraceLock>::print::DisplayBacktrace as core[a373ad73a504971]::fmt::Display>::fmt
[INFO] [stdout]    1:     0x5c1f55fd51ba - core[a373ad73a504971]::fmt::write
[INFO] [stdout]    2:     0x5c1f55fc094c - <alloc[2e1b2a31b91974c5]::vec::Vec<u8> as core[a373ad73a504971]::io::write::Write>::write_fmt
[INFO] [stdout]    3:     0x5c1f55f963f6 - std[617be2ca0a6fd877]::panicking::default_hook::{closure#0}
[INFO] [stdout]    4:     0x5c1f55fb3469 - std[617be2ca0a6fd877]::panicking::default_hook
[INFO] [stdout]    5:     0x5c1f55c56840 - test[aada8e7e76ba119b]::test_main_inner::{closure#0}
[INFO] [stdout]    6:     0x5c1f55fb3792 - std[617be2ca0a6fd877]::panicking::panic_with_hook
[INFO] [stdout]    7:     0x5c1f55f964a2 - std[617be2ca0a6fd877]::panicking::panic_handler::{closure#0}
[INFO] [stdout]    8:     0x5c1f55f8e9b9 - std[617be2ca0a6fd877]::sys::backtrace::__rust_end_short_backtrace::<std[617be2ca0a6fd877]::panicking::panic_handler::{closure#0}, !>
[INFO] [stdout]    9:     0x5c1f55f973ad - __rustc[ea4f61d10b84890b]::rust_begin_unwind
[INFO] [stdout]   10:     0x5c1f55fd599c - core[a373ad73a504971]::panicking::panic_fmt
[INFO] [stdout]   11:     0x5c1f55fd5772 - core[a373ad73a504971]::result::unwrap_failed
[INFO] [stdout]   12:     0x5c1f55bc0dfb - conjure_runtime[2d56c123a5541c16]::test::ssl_acceptor
[INFO] [stdout]   13:     0x5c1f55a72271 - <futures_util[7b40a2082737ff0]::future::maybe_done::MaybeDone<conjure_runtime[2d56c123a5541c16]::test::server<conjure_runtime[2d56c123a5541c16]::test::propagate_429_with_retry_after::{closure#0}::{closure#0}::{closure#0}, conjure_runtime[2d56c123a5541c16]::test::propagate_429_with_retry_after::{closure#0}::{closure#0}>::{closure#0}> as core[a373ad73a504971]::future::future::Future>::poll
[INFO] [stdout]   14:     0x5c1f55b34c8d - <futures_util[7b40a2082737ff0]::future::poll_fn::PollFn<conjure_runtime[2d56c123a5541c16]::test::test<conjure_runtime[2d56c123a5541c16]::test::propagate_429_with_retry_after::{closure#0}::{closure#0}::{closure#0}, conjure_runtime[2d56c123a5541c16]::test::propagate_429_with_retry_after::{closure#0}::{closure#1}::{closure#0}, conjure_runtime[2d56c123a5541c16]::test::propagate_429_with_retry_after::{closure#0}::{closure#0}, conjure_runtime[2d56c123a5541c16]::test::propagate_429_with_retry_after::{closure#0}::{closure#1}>::{closure#0}::{closure#0}> as core[a373ad73a504971]::future::future::Future>::poll
[INFO] [stdout]   15:     0x5c1f55bbd082 - conjure_runtime[2d56c123a5541c16]::test::propagate_429_with_retry_after::{closure#0}
[INFO] [stdout]   16:     0x5c1f55b22733 - <tokio[e321726bbbedc260]::runtime::scheduler::current_thread::Context>::enter::<core[a373ad73a504971]::task::poll::Poll<()>, <tokio[e321726bbbedc260]::runtime::scheduler::current_thread::CoreGuard>::block_on<core[a373ad73a504971]::pin::Pin<&mut core[a373ad73a504971]::pin::Pin<&mut dyn core[a373ad73a504971]::future::future::Future<Output = ()>>>>::{closure#0}::{closure#0}>
[INFO] [stdout]   17:     0x5c1f55bef5dc - <tokio[e321726bbbedc260]::runtime::context::scoped::Scoped<tokio[e321726bbbedc260]::runtime::scheduler::Context>>::set::<<tokio[e321726bbbedc260]::runtime::scheduler::current_thread::CoreGuard>::enter<<tokio[e321726bbbedc260]::runtime::scheduler::current_thread::CoreGuard>::block_on<core[a373ad73a504971]::pin::Pin<&mut core[a373ad73a504971]::pin::Pin<&mut dyn core[a373ad73a504971]::future::future::Future<Output = ()>>>>::{closure#0}, core[a373ad73a504971]::option::Option<()>>::{closure#0}, (alloc[2e1b2a31b91974c5]::boxed::Box<tokio[e321726bbbedc260]::runtime::scheduler::current_thread::Core>, core[a373ad73a504971]::option::Option<()>)>
[INFO] [stdout]   18:     0x5c1f55b231e7 - <tokio[e321726bbbedc260]::runtime::scheduler::current_thread::CoreGuard>::block_on::<core[a373ad73a504971]::pin::Pin<&mut core[a373ad73a504971]::pin::Pin<&mut dyn core[a373ad73a504971]::future::future::Future<Output = ()>>>>
[INFO] [stdout]   19:     0x5c1f55bf958d - tokio[e321726bbbedc260]::runtime::context::runtime::enter_runtime::<<tokio[e321726bbbedc260]::runtime::scheduler::current_thread::CurrentThread>::block_on<core[a373ad73a504971]::pin::Pin<&mut dyn core[a373ad73a504971]::future::future::Future<Output = ()>>>::{closure#0}, ()>
[INFO] [stdout]   20:     0x5c1f55bea7af - <tokio[e321726bbbedc260]::runtime::runtime::Runtime>::block_on::<core[a373ad73a504971]::pin::Pin<&mut dyn core[a373ad73a504971]::future::future::Future<Output = ()>>>
[INFO] [stdout]   21:     0x5c1f55bc660c - <conjure_runtime[2d56c123a5541c16]::test::propagate_429_with_retry_after::{closure#0} as core[a373ad73a504971]::ops::function::FnOnce<()>>::call_once
[INFO] [stdout]   22:     0x5c1f55c49c8b - test[aada8e7e76ba119b]::__rust_begin_short_backtrace::<core[a373ad73a504971]::result::Result<(), alloc[2e1b2a31b91974c5]::string::String>, fn() -> core[a373ad73a504971]::result::Result<(), alloc[2e1b2a31b91974c5]::string::String>>
[INFO] [stdout]   23:     0x5c1f55c56e65 - test[aada8e7e76ba119b]::run_test::{closure#0}
[INFO] [stdout]   24:     0x5c1f55c50754 - std[617be2ca0a6fd877]::sys::backtrace::__rust_begin_short_backtrace::<test[aada8e7e76ba119b]::run_test::{closure#1}, ()>
[INFO] [stdout]   25:     0x5c1f55c59ef2 - <std[617be2ca0a6fd877]::thread::lifecycle::spawn_unchecked<test[aada8e7e76ba119b]::run_test::{closure#1}, ()>::{closure#1} as core[a373ad73a504971]::ops::function::FnOnce<()>>::call_once::{shim:vtable#0}
[INFO] [stdout]   26:     0x5c1f55fba91f - <std[617be2ca0a6fd877]::sys::thread::unix::Thread>::new::thread_start
[INFO] [stdout]   27:     0x765967291dfa - <unknown>
[INFO] [stdout]   28:     0x7659673253d4 - clone
[INFO] [stdout]   29:                0x0 - <unknown>
[INFO] [stdout] 
[INFO] [stdout] ---- test::pinned_certs_rejects_correct_cert_with_wrong_key stdout ----
[INFO] [stdout] 
[INFO] [stdout] thread 'test::pinned_certs_rejects_correct_cert_with_wrong_key' (3370) panicked at src/test.rs:789:42:
[INFO] [stdout] called `Result::unwrap()` on an `Err` value: Os { code: 2, kind: NotFound, message: "No such file or directory" }
[INFO] [stdout] stack backtrace:
[INFO] [stdout]    0:     0x5c1f55fbb7d1 - <<std[617be2ca0a6fd877]::sys::backtrace::BacktraceLock>::print::DisplayBacktrace as core[a373ad73a504971]::fmt::Display>::fmt
[INFO] [stdout]    1:     0x5c1f55fd51ba - core[a373ad73a504971]::fmt::write
[INFO] [stdout]    2:     0x5c1f55fc094c - <alloc[2e1b2a31b91974c5]::vec::Vec<u8> as core[a373ad73a504971]::io::write::Write>::write_fmt
[INFO] [stdout]    3:     0x5c1f55f963f6 - std[617be2ca0a6fd877]::panicking::default_hook::{closure#0}
[INFO] [stdout]    4:     0x5c1f55fb3469 - std[617be2ca0a6fd877]::panicking::default_hook
[INFO] [stdout]    5:     0x5c1f55c56840 - test[aada8e7e76ba119b]::test_main_inner::{closure#0}
[INFO] [stdout]    6:     0x5c1f55fb3792 - std[617be2ca0a6fd877]::panicking::panic_with_hook
[INFO] [stdout]    7:     0x5c1f55f964a2 - std[617be2ca0a6fd877]::panicking::panic_handler::{closure#0}
[INFO] [stdout]    8:     0x5c1f55f8e9b9 - std[617be2ca0a6fd877]::sys::backtrace::__rust_end_short_backtrace::<std[617be2ca0a6fd877]::panicking::panic_handler::{closure#0}, !>
[INFO] [stdout]    9:     0x5c1f55f973ad - __rustc[ea4f61d10b84890b]::rust_begin_unwind
[INFO] [stdout]   10:     0x5c1f55fd599c - core[a373ad73a504971]::panicking::panic_fmt
[INFO] [stdout]   11:     0x5c1f55fd5772 - core[a373ad73a504971]::result::unwrap_failed
[INFO] [stdout]   12:     0x5c1f55bbf8ac - conjure_runtime[2d56c123a5541c16]::test::pinned_certs_rejects_correct_cert_with_wrong_key::{closure#0}
[INFO] [stdout]   13:     0x5c1f55b22733 - <tokio[e321726bbbedc260]::runtime::scheduler::current_thread::Context>::enter::<core[a373ad73a504971]::task::poll::Poll<()>, <tokio[e321726bbbedc260]::runtime::scheduler::current_thread::CoreGuard>::block_on<core[a373ad73a504971]::pin::Pin<&mut core[a373ad73a504971]::pin::Pin<&mut dyn core[a373ad73a504971]::future::future::Future<Output = ()>>>>::{closure#0}::{closure#0}>
[INFO] [stdout]   14:     0x5c1f55bef5dc - <tokio[e321726bbbedc260]::runtime::context::scoped::Scoped<tokio[e321726bbbedc260]::runtime::scheduler::Context>>::set::<<tokio[e321726bbbedc260]::runtime::scheduler::current_thread::CoreGuard>::enter<<tokio[e321726bbbedc260]::runtime::scheduler::current_thread::CoreGuard>::block_on<core[a373ad73a504971]::pin::Pin<&mut core[a373ad73a504971]::pin::Pin<&mut dyn core[a373ad73a504971]::future::future::Future<Output = ()>>>>::{closure#0}, core[a373ad73a504971]::option::Option<()>>::{closure#0}, (alloc[2e1b2a31b91974c5]::boxed::Box<tokio[e321726bbbedc260]::runtime::scheduler::current_thread::Core>, core[a373ad73a504971]::option::Option<()>)>
[INFO] [stdout]   15:     0x5c1f55b231e7 - <tokio[e321726bbbedc260]::runtime::scheduler::current_thread::CoreGuard>::block_on::<core[a373ad73a504971]::pin::Pin<&mut core[a373ad73a504971]::pin::Pin<&mut dyn core[a373ad73a504971]::future::future::Future<Output = ()>>>>
[INFO] [stdout]   16:     0x5c1f55bf958d - tokio[e321726bbbedc260]::runtime::context::runtime::enter_runtime::<<tokio[e321726bbbedc260]::runtime::scheduler::current_thread::CurrentThread>::block_on<core[a373ad73a504971]::pin::Pin<&mut dyn core[a373ad73a504971]::future::future::Future<Output = ()>>>::{closure#0}, ()>
[INFO] [stdout]   17:     0x5c1f55bea7af - <tokio[e321726bbbedc260]::runtime::runtime::Runtime>::block_on::<core[a373ad73a504971]::pin::Pin<&mut dyn core[a373ad73a504971]::future::future::Future<Output = ()>>>
[INFO] [stdout]   18:     0x5c1f55bc6f0c - <conjure_runtime[2d56c123a5541c16]::test::pinned_certs_rejects_correct_cert_with_wrong_key::{closure#0} as core[a373ad73a504971]::ops::function::FnOnce<()>>::call_once
[INFO] [stdout]   19:     0x5c1f55c49c8b - test[aada8e7e76ba119b]::__rust_begin_short_backtrace::<core[a373ad73a504971]::result::Result<(), alloc[2e1b2a31b91974c5]::string::String>, fn() -> core[a373ad73a504971]::result::Result<(), alloc[2e1b2a31b91974c5]::string::String>>
[INFO] [stdout]   20:     0x5c1f55c56e65 - test[aada8e7e76ba119b]::run_test::{closure#0}
[INFO] [stdout]   21:     0x5c1f55c50754 - std[617be2ca0a6fd877]::sys::backtrace::__rust_begin_short_backtrace::<test[aada8e7e76ba119b]::run_test::{closure#1}, ()>
[INFO] [stdout]   22:     0x5c1f55c59ef2 - <std[617be2ca0a6fd877]::thread::lifecycle::spawn_unchecked<test[aada8e7e76ba119b]::run_test::{closure#1}, ()>::{closure#1} as core[a373ad73a504971]::ops::function::FnOnce<()>>::call_once::{shim:vtable#0}
[INFO] [stdout]   23:     0x5c1f55fba91f - <std[617be2ca0a6fd877]::sys::thread::unix::Thread>::new::thread_start
[INFO] [stdout]   24:     0x765967291dfa - <unknown>
[INFO] [stdout]   25:     0x7659673253d4 - clone
[INFO] [stdout]   26:                0x0 - <unknown>
[INFO] [stdout] 
[INFO] [stdout] ---- test::dont_bail_when_all_timed_out stdout ----
[INFO] [stdout] 
[INFO] [stdout] thread 'test::dont_bail_when_all_timed_out' (3363) panicked at src/test.rs:77:10:
[INFO] [stdout] called `Result::unwrap()` on an `Err` value: ErrorStack([Error { code: 2147483650, library: "system library", function: "file_ctrl", file: "../crypto/bio/bss_file.c", line: 288, data: "calling fopen(/opt/rustwide/workdir/../test/key.pem, r)" }, Error { code: 268959746, library: "BIO routines", function: "file_ctrl", reason: "system lib", file: "../crypto/bio/bss_file.c", line: 291 }, Error { code: 168296450, library: "SSL routines", function: "SSL_CTX_use_PrivateKey_file", reason: "system lib", file: "../ssl/ssl_rsa.c", line: 411 }])
[INFO] [stdout] stack backtrace:
[INFO] [stdout]    0:     0x5c1f55fbb7d1 - <<std[617be2ca0a6fd877]::sys::backtrace::BacktraceLock>::print::DisplayBacktrace as core[a373ad73a504971]::fmt::Display>::fmt
[INFO] [stdout]    1:     0x5c1f55fd51ba - core[a373ad73a504971]::fmt::write
[INFO] [stdout]    2:     0x5c1f55fc094c - <alloc[2e1b2a31b91974c5]::vec::Vec<u8> as core[a373ad73a504971]::io::write::Write>::write_fmt
[INFO] [stdout]    3:     0x5c1f55f963f6 - std[617be2ca0a6fd877]::panicking::default_hook::{closure#0}
[INFO] [stdout]    4:     0x5c1f55fb3469 - std[617be2ca0a6fd877]::panicking::default_hook
[INFO] [stdout]    5:     0x5c1f55c56840 - test[aada8e7e76ba119b]::test_main_inner::{closure#0}
[INFO] [stdout]    6:     0x5c1f55fb3792 - std[617be2ca0a6fd877]::panicking::panic_with_hook
[INFO] [stdout]    7:     0x5c1f55f964a2 - std[617be2ca0a6fd877]::panicking::panic_handler::{closure#0}
[INFO] [stdout]    8:     0x5c1f55f8e9b9 - std[617be2ca0a6fd877]::sys::backtrace::__rust_end_short_backtrace::<std[617be2ca0a6fd877]::panicking::panic_handler::{closure#0}, !>
[INFO] [stdout]    9:     0x5c1f55f973ad - __rustc[ea4f61d10b84890b]::rust_begin_unwind
[INFO] [stdout]   10:     0x5c1f55fd599c - core[a373ad73a504971]::panicking::panic_fmt
[INFO] [stdout]   11:     0x5c1f55fd5772 - core[a373ad73a504971]::result::unwrap_failed
[INFO] [stdout]   12:     0x5c1f55bc0dfb - conjure_runtime[2d56c123a5541c16]::test::ssl_acceptor
[INFO] [stdout]   13:     0x5c1f55a70d58 - <futures_util[7b40a2082737ff0]::future::maybe_done::MaybeDone<conjure_runtime[2d56c123a5541c16]::test::server<conjure_runtime[2d56c123a5541c16]::test::dont_bail_when_all_timed_out::{closure#0}::{closure#0}::{closure#0}, conjure_runtime[2d56c123a5541c16]::test::dont_bail_when_all_timed_out::{closure#0}::{closure#0}>::{closure#0}> as core[a373ad73a504971]::future::future::Future>::poll
[INFO] [stdout]   14:     0x5c1f55b3491d - <futures_util[7b40a2082737ff0]::future::poll_fn::PollFn<conjure_runtime[2d56c123a5541c16]::test::test<conjure_runtime[2d56c123a5541c16]::test::dont_bail_when_all_timed_out::{closure#0}::{closure#0}::{closure#0}, conjure_runtime[2d56c123a5541c16]::test::dont_bail_when_all_timed_out::{closure#0}::{closure#1}::{closure#0}, conjure_runtime[2d56c123a5541c16]::test::dont_bail_when_all_timed_out::{closure#0}::{closure#0}, conjure_runtime[2d56c123a5541c16]::test::dont_bail_when_all_timed_out::{closure#0}::{closure#1}>::{closure#0}::{closure#0}> as core[a373ad73a504971]::future::future::Future>::poll
[INFO] [stdout]   15:     0x5c1f55bbc4cb - conjure_runtime[2d56c123a5541c16]::test::dont_bail_when_all_timed_out::{closure#0}
[INFO] [stdout]   16:     0x5c1f55b22733 - <tokio[e321726bbbedc260]::runtime::scheduler::current_thread::Context>::enter::<core[a373ad73a504971]::task::poll::Poll<()>, <tokio[e321726bbbedc260]::runtime::scheduler::current_thread::CoreGuard>::block_on<core[a373ad73a504971]::pin::Pin<&mut core[a373ad73a504971]::pin::Pin<&mut dyn core[a373ad73a504971]::future::future::Future<Output = ()>>>>::{closure#0}::{closure#0}>
[INFO] [stdout]   17:     0x5c1f55bef5dc - <tokio[e321726bbbedc260]::runtime::context::scoped::Scoped<tokio[e321726bbbedc260]::runtime::scheduler::Context>>::set::<<tokio[e321726bbbedc260]::runtime::scheduler::current_thread::CoreGuard>::enter<<tokio[e321726bbbedc260]::runtime::scheduler::current_thread::CoreGuard>::block_on<core[a373ad73a504971]::pin::Pin<&mut core[a373ad73a504971]::pin::Pin<&mut dyn core[a373ad73a504971]::future::future::Future<Output = ()>>>>::{closure#0}, core[a373ad73a504971]::option::Option<()>>::{closure#0}, (alloc[2e1b2a31b91974c5]::boxed::Box<tokio[e321726bbbedc260]::runtime::scheduler::current_thread::Core>, core[a373ad73a504971]::option::Option<()>)>
[INFO] [stdout]   18:     0x5c1f55b231e7 - <tokio[e321726bbbedc260]::runtime::scheduler::current_thread::CoreGuard>::block_on::<core[a373ad73a504971]::pin::Pin<&mut core[a373ad73a504971]::pin::Pin<&mut dyn core[a373ad73a504971]::future::future::Future<Output = ()>>>>
[INFO] [stdout]   19:     0x5c1f55bf958d - tokio[e321726bbbedc260]::runtime::context::runtime::enter_runtime::<<tokio[e321726bbbedc260]::runtime::scheduler::current_thread::CurrentThread>::block_on<core[a373ad73a504971]::pin::Pin<&mut dyn core[a373ad73a504971]::future::future::Future<Output = ()>>>::{closure#0}, ()>
[INFO] [stdout]   20:     0x5c1f55bea7af - <tokio[e321726bbbedc260]::runtime::runtime::Runtime>::block_on::<core[a373ad73a504971]::pin::Pin<&mut dyn core[a373ad73a504971]::future::future::Future<Output = ()>>>
[INFO] [stdout]   21:     0x5c1f55bc615c - <conjure_runtime[2d56c123a5541c16]::test::dont_bail_when_all_timed_out::{closure#0} as core[a373ad73a504971]::ops::function::FnOnce<()>>::call_once
[INFO] [stdout]   22:     0x5c1f55c49c8b - test[aada8e7e76ba119b]::__rust_begin_short_backtrace::<core[a373ad73a504971]::result::Result<(), alloc[2e1b2a31b91974c5]::string::String>, fn() -> core[a373ad73a504971]::result::Result<(), alloc[2e1b2a31b91974c5]::string::String>>
[INFO] [stdout]   23:     0x5c1f55c56e65 - test[aada8e7e76ba119b]::run_test::{closure#0}
[INFO] [stdout]   24:     0x5c1f55c50754 - std[617be2ca0a6fd877]::sys::backtrace::__rust_begin_short_backtrace::<test[aada8e7e76ba119b]::run_test::{closure#1}, ()>
[INFO] [stdout]   25:     0x5c1f55c59ef2 - <std[617be2ca0a6fd877]::thread::lifecycle::spawn_unchecked<test[aada8e7e76ba119b]::run_test::{closure#1}, ()>::{closure#1} as core[a373ad73a504971]::ops::function::FnOnce<()>>::call_once::{shim:vtable#0}
[INFO] [stdout]   26:     0x5c1f55fba91f - <std[617be2ca0a6fd877]::sys::thread::unix::Thread>::new::thread_start
[INFO] [stdout]   27:     0x765967291dfa - <unknown>
[INFO] [stdout]   28:     0x7659673253d4 - clone
[INFO] [stdout]   29:                0x0 - <unknown>
[INFO] [stdout] 
[INFO] [stdout] ---- test::propagate_429 stdout ----
[INFO] [stdout] 
[INFO] [stdout] thread 'test::propagate_429' (3372) panicked at src/test.rs:77:10:
[INFO] [stdout] called `Result::unwrap()` on an `Err` value: ErrorStack([Error { code: 2147483650, library: "system library", function: "file_ctrl", file: "../crypto/bio/bss_file.c", line: 288, data: "calling fopen(/opt/rustwide/workdir/../test/key.pem, r)" }, Error { code: 268959746, library: "BIO routines", function: "file_ctrl", reason: "system lib", file: "../crypto/bio/bss_file.c", line: 291 }, Error { code: 168296450, library: "SSL routines", function: "SSL_CTX_use_PrivateKey_file", reason: "system lib", file: "../ssl/ssl_rsa.c", line: 411 }])
[INFO] [stdout] stack backtrace:
[INFO] [stdout]    0:     0x5c1f55fbb7d1 - <<std[617be2ca0a6fd877]::sys::backtrace::BacktraceLock>::print::DisplayBacktrace as core[a373ad73a504971]::fmt::Display>::fmt
[INFO] [stdout]    1:     0x5c1f55fd51ba - core[a373ad73a504971]::fmt::write
[INFO] [stdout]    2:     0x5c1f55fc094c - <alloc[2e1b2a31b91974c5]::vec::Vec<u8> as core[a373ad73a504971]::io::write::Write>::write_fmt
[INFO] [stdout]    3:     0x5c1f55f963f6 - std[617be2ca0a6fd877]::panicking::default_hook::{closure#0}
[INFO] [stdout]    4:     0x5c1f55fb3469 - std[617be2ca0a6fd877]::panicking::default_hook
[INFO] [stdout]    5:     0x5c1f55c56840 - test[aada8e7e76ba119b]::test_main_inner::{closure#0}
[INFO] [stdout]    6:     0x5c1f55fb3792 - std[617be2ca0a6fd877]::panicking::panic_with_hook
[INFO] [stdout]    7:     0x5c1f55f964a2 - std[617be2ca0a6fd877]::panicking::panic_handler::{closure#0}
[INFO] [stdout]    8:     0x5c1f55f8e9b9 - std[617be2ca0a6fd877]::sys::backtrace::__rust_end_short_backtrace::<std[617be2ca0a6fd877]::panicking::panic_handler::{closure#0}, !>
[INFO] [stdout]    9:     0x5c1f55f973ad - __rustc[ea4f61d10b84890b]::rust_begin_unwind
[INFO] [stdout]   10:     0x5c1f55fd599c - core[a373ad73a504971]::panicking::panic_fmt
[INFO] [stdout]   11:     0x5c1f55fd5772 - core[a373ad73a504971]::result::unwrap_failed
[INFO] [stdout]   12:     0x5c1f55bc0dfb - conjure_runtime[2d56c123a5541c16]::test::ssl_acceptor
[INFO] [stdout]   13:     0x5c1f55a6ce31 - <futures_util[7b40a2082737ff0]::future::maybe_done::MaybeDone<conjure_runtime[2d56c123a5541c16]::test::server<conjure_runtime[2d56c123a5541c16]::test::propagate_429::{closure#0}::{closure#0}::{closure#0}, conjure_runtime[2d56c123a5541c16]::test::propagate_429::{closure#0}::{closure#0}>::{closure#0}> as core[a373ad73a504971]::future::future::Future>::poll
[INFO] [stdout]   14:     0x5c1f55b33ead - <futures_util[7b40a2082737ff0]::future::poll_fn::PollFn<conjure_runtime[2d56c123a5541c16]::test::test<conjure_runtime[2d56c123a5541c16]::test::propagate_429::{closure#0}::{closure#0}::{closure#0}, conjure_runtime[2d56c123a5541c16]::test::propagate_429::{closure#0}::{closure#1}::{closure#0}, conjure_runtime[2d56c123a5541c16]::test::propagate_429::{closure#0}::{closure#0}, conjure_runtime[2d56c123a5541c16]::test::propagate_429::{closure#0}::{closure#1}>::{closure#0}::{closure#0}> as core[a373ad73a504971]::future::future::Future>::poll
[INFO] [stdout]   15:     0x5c1f55bba182 - conjure_runtime[2d56c123a5541c16]::test::propagate_429::{closure#0}
[INFO] [stdout]   16:     0x5c1f55b22733 - <tokio[e321726bbbedc260]::runtime::scheduler::current_thread::Context>::enter::<core[a373ad73a504971]::task::poll::Poll<()>, <tokio[e321726bbbedc260]::runtime::scheduler::current_thread::CoreGuard>::block_on<core[a373ad73a504971]::pin::Pin<&mut core[a373ad73a504971]::pin::Pin<&mut dyn core[a373ad73a504971]::future::future::Future<Output = ()>>>>::{closure#0}::{closure#0}>
[INFO] [stdout]   17:     0x5c1f55bef5dc - <tokio[e321726bbbedc260]::runtime::context::scoped::Scoped<tokio[e321726bbbedc260]::runtime::scheduler::Context>>::set::<<tokio[e321726bbbedc260]::runtime::scheduler::current_thread::CoreGuard>::enter<<tokio[e321726bbbedc260]::runtime::scheduler::current_thread::CoreGuard>::block_on<core[a373ad73a504971]::pin::Pin<&mut core[a373ad73a504971]::pin::Pin<&mut dyn core[a373ad73a504971]::future::future::Future<Output = ()>>>>::{closure#0}, core[a373ad73a504971]::option::Option<()>>::{closure#0}, (alloc[2e1b2a31b91974c5]::boxed::Box<tokio[e321726bbbedc260]::runtime::scheduler::current_thread::Core>, core[a373ad73a504971]::option::Option<()>)>
[INFO] [stdout]   18:     0x5c1f55b231e7 - <tokio[e321726bbbedc260]::runtime::scheduler::current_thread::CoreGuard>::block_on::<core[a373ad73a504971]::pin::Pin<&mut core[a373ad73a504971]::pin::Pin<&mut dyn core[a373ad73a504971]::future::future::Future<Output = ()>>>>
[INFO] [stdout]   19:     0x5c1f55bf958d - tokio[e321726bbbedc260]::runtime::context::runtime::enter_runtime::<<tokio[e321726bbbedc260]::runtime::scheduler::current_thread::CurrentThread>::block_on<core[a373ad73a504971]::pin::Pin<&mut dyn core[a373ad73a504971]::future::future::Future<Output = ()>>>::{closure#0}, ()>
[INFO] [stdout]   20:     0x5c1f55bea7af - <tokio[e321726bbbedc260]::runtime::runtime::Runtime>::block_on::<core[a373ad73a504971]::pin::Pin<&mut dyn core[a373ad73a504971]::future::future::Future<Output = ()>>>
[INFO] [stdout]   21:     0x5c1f55bc3d9c - <conjure_runtime[2d56c123a5541c16]::test::propagate_429::{closure#0} as core[a373ad73a504971]::ops::function::FnOnce<()>>::call_once
[INFO] [stdout]   22:     0x5c1f55c49c8b - test[aada8e7e76ba119b]::__rust_begin_short_backtrace::<core[a373ad73a504971]::result::Result<(), alloc[2e1b2a31b91974c5]::string::String>, fn() -> core[a373ad73a504971]::result::Result<(), alloc[2e1b2a31b91974c5]::string::String>>
[INFO] [stdout]   23:     0x5c1f55c56e65 - test[aada8e7e76ba119b]::run_test::{closure#0}
[INFO] [stdout]   24:     0x5c1f55c50754 - std[617be2ca0a6fd877]::sys::backtrace::__rust_begin_short_backtrace::<test[aada8e7e76ba119b]::run_test::{closure#1}, ()>
[INFO] [stdout]   25:     0x5c1f55c59ef2 - <std[617be2ca0a6fd877]::thread::lifecycle::spawn_unchecked<test[aada8e7e76ba119b]::run_test::{closure#1}, ()>::{closure#1} as core[a373ad73a504971]::ops::function::FnOnce<()>>::call_once::{shim:vtable#0}
[INFO] [stdout]   26:     0x5c1f55fba91f - <std[617be2ca0a6fd877]::sys::thread::unix::Thread>::new::thread_start
[INFO] [stdout]   27:     0x765967291dfa - <unknown>
[INFO] [stdout]   28:     0x7659673253d4 - clone
[INFO] [stdout]   29:                0x0 - <unknown>
[INFO] [stdout] 
[INFO] [stdout] ---- test::gzip_body stdout ----
[INFO] [stdout] 
[INFO] [stdout] thread 'test::gzip_body' (3367) panicked at src/test.rs:77:10:
[INFO] [stdout] called `Result::unwrap()` on an `Err` value: ErrorStack([Error { code: 2147483650, library: "system library", function: "file_ctrl", file: "../crypto/bio/bss_file.c", line: 288, data: "calling fopen(/opt/rustwide/workdir/../test/key.pem, r)" }, Error { code: 268959746, library: "BIO routines", function: "file_ctrl", reason: "system lib", file: "../crypto/bio/bss_file.c", line: 291 }, Error { code: 168296450, library: "SSL routines", function: "SSL_CTX_use_PrivateKey_file", reason: "system lib", file: "../ssl/ssl_rsa.c", line: 411 }])
[INFO] [stdout] stack backtrace:
[INFO] [stdout]    0:     0x5c1f55fbb7d1 - <<std[617be2ca0a6fd877]::sys::backtrace::BacktraceLock>::print::DisplayBacktrace as core[a373ad73a504971]::fmt::Display>::fmt
[INFO] [stdout]    1:     0x5c1f55fd51ba - core[a373ad73a504971]::fmt::write
[INFO] [stdout]    2:     0x5c1f55fc094c - <alloc[2e1b2a31b91974c5]::vec::Vec<u8> as core[a373ad73a504971]::io::write::Write>::write_fmt
[INFO] [stdout]    3:     0x5c1f55f963f6 - std[617be2ca0a6fd877]::panicking::default_hook::{closure#0}
[INFO] [stdout]    4:     0x5c1f55fb3469 - std[617be2ca0a6fd877]::panicking::default_hook
[INFO] [stdout]    5:     0x5c1f55c56840 - test[aada8e7e76ba119b]::test_main_inner::{closure#0}
[INFO] [stdout]    6:     0x5c1f55fb3792 - std[617be2ca0a6fd877]::panicking::panic_with_hook
[INFO] [stdout]    7:     0x5c1f55f964a2 - std[617be2ca0a6fd877]::panicking::panic_handler::{closure#0}
[INFO] [stdout]    8:     0x5c1f55f8e9b9 - std[617be2ca0a6fd877]::sys::backtrace::__rust_end_short_backtrace::<std[617be2ca0a6fd877]::panicking::panic_handler::{closure#0}, !>
[INFO] [stdout]    9:     0x5c1f55f973ad - __rustc[ea4f61d10b84890b]::rust_begin_unwind
[INFO] [stdout]   10:     0x5c1f55fd599c - core[a373ad73a504971]::panicking::panic_fmt
[INFO] [stdout]   11:     0x5c1f55fd5772 - core[a373ad73a504971]::result::unwrap_failed
[INFO] [stdout]   12:     0x5c1f55bc0dfb - conjure_runtime[2d56c123a5541c16]::test::ssl_acceptor
[INFO] [stdout]   13:     0x5c1f55a73e71 - <futures_util[7b40a2082737ff0]::future::maybe_done::MaybeDone<conjure_runtime[2d56c123a5541c16]::test::server<conjure_runtime[2d56c123a5541c16]::test::gzip_body::{closure#0}::{closure#0}::{closure#0}, conjure_runtime[2d56c123a5541c16]::test::gzip_body::{closure#0}::{closure#0}>::{closure#0}> as core[a373ad73a504971]::future::future::Future>::poll
[INFO] [stdout]   14:     0x5c1f55b34ffd - <futures_util[7b40a2082737ff0]::future::poll_fn::PollFn<conjure_runtime[2d56c123a5541c16]::test::test<conjure_runtime[2d56c123a5541c16]::test::gzip_body::{closure#0}::{closure#0}::{closure#0}, conjure_runtime[2d56c123a5541c16]::test::gzip_body::{closure#0}::{closure#1}::{closure#0}, conjure_runtime[2d56c123a5541c16]::test::gzip_body::{closure#0}::{closure#0}, conjure_runtime[2d56c123a5541c16]::test::gzip_body::{closure#0}::{closure#1}>::{closure#0}::{closure#0}> as core[a373ad73a504971]::future::future::Future>::poll
[INFO] [stdout]   15:     0x5c1f55bc01f3 - conjure_runtime[2d56c123a5541c16]::test::gzip_body::{closure#0}
[INFO] [stdout]   16:     0x5c1f55b22733 - <tokio[e321726bbbedc260]::runtime::scheduler::current_thread::Context>::enter::<core[a373ad73a504971]::task::poll::Poll<()>, <tokio[e321726bbbedc260]::runtime::scheduler::current_thread::CoreGuard>::block_on<core[a373ad73a504971]::pin::Pin<&mut core[a373ad73a504971]::pin::Pin<&mut dyn core[a373ad73a504971]::future::future::Future<Output = ()>>>>::{closure#0}::{closure#0}>
[INFO] [stdout]   17:     0x5c1f55bef5dc - <tokio[e321726bbbedc260]::runtime::context::scoped::Scoped<tokio[e321726bbbedc260]::runtime::scheduler::Context>>::set::<<tokio[e321726bbbedc260]::runtime::scheduler::current_thread::CoreGuard>::enter<<tokio[e321726bbbedc260]::runtime::scheduler::current_thread::CoreGuard>::block_on<core[a373ad73a504971]::pin::Pin<&mut core[a373ad73a504971]::pin::Pin<&mut dyn core[a373ad73a504971]::future::future::Future<Output = ()>>>>::{closure#0}, core[a373ad73a504971]::option::Option<()>>::{closure#0}, (alloc[2e1b2a31b91974c5]::boxed::Box<tokio[e321726bbbedc260]::runtime::scheduler::current_thread::Core>, core[a373ad73a504971]::option::Option<()>)>
[INFO] [stdout]   18:     0x5c1f55b231e7 - <tokio[e321726bbbedc260]::runtime::scheduler::current_thread::CoreGuard>::block_on::<core[a373ad73a504971]::pin::Pin<&mut core[a373ad73a504971]::pin::Pin<&mut dyn core[a373ad73a504971]::future::future::Future<Output = ()>>>>
[INFO] [stdout]   19:     0x5c1f55bf958d - tokio[e321726bbbedc260]::runtime::context::runtime::enter_runtime::<<tokio[e321726bbbedc260]::runtime::scheduler::current_thread::CurrentThread>::block_on<core[a373ad73a504971]::pin::Pin<&mut dyn core[a373ad73a504971]::future::future::Future<Output = ()>>>::{closure#0}, ()>
[INFO] [stdout]   20:     0x5c1f55bea7af - <tokio[e321726bbbedc260]::runtime::runtime::Runtime>::block_on::<core[a373ad73a504971]::pin::Pin<&mut dyn core[a373ad73a504971]::future::future::Future<Output = ()>>>
[INFO] [stdout]   21:     0x5c1f55bc707c - <conjure_runtime[2d56c123a5541c16]::test::gzip_body::{closure#0} as core[a373ad73a504971]::ops::function::FnOnce<()>>::call_once
[INFO] [stdout]   22:     0x5c1f55c49c8b - test[aada8e7e76ba119b]::__rust_begin_short_backtrace::<core[a373ad73a504971]::result::Result<(), alloc[2e1b2a31b91974c5]::string::String>, fn() -> core[a373ad73a504971]::result::Result<(), alloc[2e1b2a31b91974c5]::string::String>>
[INFO] [stdout]   23:     0x5c1f55c56e65 - test[aada8e7e76ba119b]::run_test::{closure#0}
[INFO] [stdout]   24:     0x5c1f55c50754 - std[617be2ca0a6fd877]::sys::backtrace::__rust_begin_short_backtrace::<test[aada8e7e76ba119b]::run_test::{closure#1}, ()>
[INFO] [stdout]   25:     0x5c1f55c59ef2 - <std[617be2ca0a6fd877]::thread::lifecycle::spawn_unchecked<test[aada8e7e76ba119b]::run_test::{closure#1}, ()>::{closure#1} as core[a373ad73a504971]::ops::function::FnOnce<()>>::call_once::{shim:vtable#0}
[INFO] [stdout]   26:     0x5c1f55fba91f - <std[617be2ca0a6fd877]::sys::thread::unix::Thread>::new::thread_start
[INFO] [stdout]   27:     0x765967291dfa - <unknown>
[INFO] [stdout]   28:     0x7659673253d4 - clone
[INFO] [stdout]   29:                0x0 - <unknown>
[INFO] [stdout] 
[INFO] [stdout] ---- test::service_error_propagation stdout ----
[INFO] [stdout] 
[INFO] [stdout] thread 'test::service_error_propagation' (3378) panicked at src/test.rs:77:10:
[INFO] [stdout] called `Result::unwrap()` on an `Err` value: ErrorStack([Error { code: 2147483650, library: "system library", function: "file_ctrl", file: "../crypto/bio/bss_file.c", line: 288, data: "calling fopen(/opt/rustwide/workdir/../test/key.pem, r)" }, Error { code: 268959746, library: "BIO routines", function: "file_ctrl", reason: "system lib", file: "../crypto/bio/bss_file.c", line: 291 }, Error { code: 168296450, library: "SSL routines", function: "SSL_CTX_use_PrivateKey_file", reason: "system lib", file: "../ssl/ssl_rsa.c", line: 411 }])
[INFO] [stdout] stack backtrace:
[INFO] [stdout]    0:     0x5c1f55fbb7d1 - <<std[617be2ca0a6fd877]::sys::backtrace::BacktraceLock>::print::DisplayBacktrace as core[a373ad73a504971]::fmt::Display>::fmt
[INFO] [stdout]    1:     0x5c1f55fd51ba - core[a373ad73a504971]::fmt::write
[INFO] [stdout]    2:     0x5c1f55fc094c - <alloc[2e1b2a31b91974c5]::vec::Vec<u8> as core[a373ad73a504971]::io::write::Write>::write_fmt
[INFO] [stdout]    3:     0x5c1f55f963f6 - std[617be2ca0a6fd877]::panicking::default_hook::{closure#0}
[INFO] [stdout]    4:     0x5c1f55fb3469 - std[617be2ca0a6fd877]::panicking::default_hook
[INFO] [stdout]    5:     0x5c1f55c56840 - test[aada8e7e76ba119b]::test_main_inner::{closure#0}
[INFO] [stdout]    6:     0x5c1f55fb3792 - std[617be2ca0a6fd877]::panicking::panic_with_hook
[INFO] [stdout]    7:     0x5c1f55f964a2 - std[617be2ca0a6fd877]::panicking::panic_handler::{closure#0}
[INFO] [stdout]    8:     0x5c1f55f8e9b9 - std[617be2ca0a6fd877]::sys::backtrace::__rust_end_short_backtrace::<std[617be2ca0a6fd877]::panicking::panic_handler::{closure#0}, !>
[INFO] [stdout]    9:     0x5c1f55f973ad - __rustc[ea4f61d10b84890b]::rust_begin_unwind
[INFO] [stdout]   10:     0x5c1f55fd599c - core[a373ad73a504971]::panicking::panic_fmt
[INFO] [stdout]   11:     0x5c1f55fd5772 - core[a373ad73a504971]::result::unwrap_failed
[INFO] [stdout]   12:     0x5c1f55bc0dfb - conjure_runtime[2d56c123a5541c16]::test::ssl_acceptor
[INFO] [stdout]   13:     0x5c1f55a6ff51 - <futures_util[7b40a2082737ff0]::future::maybe_done::MaybeDone<conjure_runtime[2d56c123a5541c16]::test::server<conjure_runtime[2d56c123a5541c16]::test::service_error_propagation::{closure#0}::{closure#0}::{closure#0}, conjure_runtime[2d56c123a5541c16]::test::service_error_propagation::{closure#0}::{closure#0}>::{closure#0}> as core[a373ad73a504971]::future::future::Future>::poll
[INFO] [stdout]   14:     0x5c1f55b346cd - <futures_util[7b40a2082737ff0]::future::poll_fn::PollFn<conjure_runtime[2d56c123a5541c16]::test::test<conjure_runtime[2d56c123a5541c16]::test::service_error_propagation::{closure#0}::{closure#0}::{closure#0}, conjure_runtime[2d56c123a5541c16]::test::service_error_propagation::{closure#0}::{closure#1}::{closure#0}, conjure_runtime[2d56c123a5541c16]::test::service_error_propagation::{closure#0}::{closure#0}, conjure_runtime[2d56c123a5541c16]::test::service_error_propagation::{closure#0}::{closure#1}>::{closure#0}::{closure#0}> as core[a373ad73a504971]::future::future::Future>::poll
[INFO] [stdout]   15:     0x5c1f55bbbd02 - conjure_runtime[2d56c123a5541c16]::test::service_error_propagation::{closure#0}
[INFO] [stdout]   16:     0x5c1f55b22733 - <tokio[e321726bbbedc260]::runtime::scheduler::current_thread::Context>::enter::<core[a373ad73a504971]::task::poll::Poll<()>, <tokio[e321726bbbedc260]::runtime::scheduler::current_thread::CoreGuard>::block_on<core[a373ad73a504971]::pin::Pin<&mut core[a373ad73a504971]::pin::Pin<&mut dyn core[a373ad73a504971]::future::future::Future<Output = ()>>>>::{closure#0}::{closure#0}>
[INFO] [stdout]   17:     0x5c1f55bef5dc - <tokio[e321726bbbedc260]::runtime::context::scoped::Scoped<tokio[e321726bbbedc260]::runtime::scheduler::Context>>::set::<<tokio[e321726bbbedc260]::runtime::scheduler::current_thread::CoreGuard>::enter<<tokio[e321726bbbedc260]::runtime::scheduler::current_thread::CoreGuard>::block_on<core[a373ad73a504971]::pin::Pin<&mut core[a373ad73a504971]::pin::Pin<&mut dyn core[a373ad73a504971]::future::future::Future<Output = ()>>>>::{closure#0}, core[a373ad73a504971]::option::Option<()>>::{closure#0}, (alloc[2e1b2a31b91974c5]::boxed::Box<tokio[e321726bbbedc260]::runtime::scheduler::current_thread::Core>, core[a373ad73a504971]::option::Option<()>)>
[INFO] [stdout]   18:     0x5c1f55b231e7 - <tokio[e321726bbbedc260]::runtime::scheduler::current_thread::CoreGuard>::block_on::<core[a373ad73a504971]::pin::Pin<&mut core[a373ad73a504971]::pin::Pin<&mut dyn core[a373ad73a504971]::future::future::Future<Output = ()>>>>
[INFO] [stdout]   19:     0x5c1f55bf958d - tokio[e321726bbbedc260]::runtime::context::runtime::enter_runtime::<<tokio[e321726bbbedc260]::runtime::scheduler::current_thread::CurrentThread>::block_on<core[a373ad73a504971]::pin::Pin<&mut dyn core[a373ad73a504971]::future::future::Future<Output = ()>>>::{closure#0}, ()>
[INFO] [stdout]   20:     0x5c1f55bea7af - <tokio[e321726bbbedc260]::runtime::runtime::Runtime>::block_on::<core[a373ad73a504971]::pin::Pin<&mut dyn core[a373ad73a504971]::future::future::Future<Output = ()>>>
[INFO] [stdout]   21:     0x5c1f55bc488c - <conjure_runtime[2d56c123a5541c16]::test::service_error_propagation::{closure#0} as core[a373ad73a504971]::ops::function::FnOnce<()>>::call_once
[INFO] [stdout]   22:     0x5c1f55c49c8b - test[aada8e7e76ba119b]::__rust_begin_short_backtrace::<core[a373ad73a504971]::result::Result<(), alloc[2e1b2a31b91974c5]::string::String>, fn() -> core[a373ad73a504971]::result::Result<(), alloc[2e1b2a31b91974c5]::string::String>>
[INFO] [stdout]   23:     0x5c1f55c56e65 - test[aada8e7e76ba119b]::run_test::{closure#0}
[INFO] [stdout]   24:     0x5c1f55c50754 - std[617be2ca0a6fd877]::sys::backtrace::__rust_begin_short_backtrace::<test[aada8e7e76ba119b]::run_test::{closure#1}, ()>
[INFO] [stdout]   25:     0x5c1f55c59ef2 - <std[617be2ca0a6fd877]::thread::lifecycle::spawn_unchecked<test[aada8e7e76ba119b]::run_test::{closure#1}, ()>::{closure#1} as core[a373ad73a504971]::ops::function::FnOnce<()>>::call_once::{shim:vtable#0}
[INFO] [stdout]   26:     0x5c1f55fba91f - <std[617be2ca0a6fd877]::sys::thread::unix::Thread>::new::thread_start
[INFO] [stdout]   27:     0x765967291dfa - <unknown>
[INFO] [stdout]   28:     0x7659673253d4 - clone
[INFO] [stdout]   29:                0x0 - <unknown>
[INFO] [stdout] 
[INFO] [stdout] ---- test::no_retry_after_404 stdout ----
[INFO] [stdout] 
[INFO] [stdout] thread 'test::no_retry_after_404' (3368) panicked at src/test.rs:77:10:
[INFO] [stdout] called `Result::unwrap()` on an `Err` value: ErrorStack([Error { code: 2147483650, library: "system library", function: "file_ctrl", file: "../crypto/bio/bss_file.c", line: 288, data: "calling fopen(/opt/rustwide/workdir/../test/key.pem, r)" }, Error { code: 268959746, library: "BIO routines", function: "file_ctrl", reason: "system lib", file: "../crypto/bio/bss_file.c", line: 291 }, Error { code: 168296450, library: "SSL routines", function: "SSL_CTX_use_PrivateKey_file", reason: "system lib", file: "../ssl/ssl_rsa.c", line: 411 }])
[INFO] [stdout] stack backtrace:
[INFO] [stdout]    0:     0x5c1f55fbb7d1 - <<std[617be2ca0a6fd877]::sys::backtrace::BacktraceLock>::print::DisplayBacktrace as core[a373ad73a504971]::fmt::Display>::fmt
[INFO] [stdout]    1:     0x5c1f55fd51ba - core[a373ad73a504971]::fmt::write
[INFO] [stdout]    2:     0x5c1f55fc094c - <alloc[2e1b2a31b91974c5]::vec::Vec<u8> as core[a373ad73a504971]::io::write::Write>::write_fmt
[INFO] [stdout]    3:     0x5c1f55f963f6 - std[617be2ca0a6fd877]::panicking::default_hook::{closure#0}
[INFO] [stdout]    4:     0x5c1f55fb3469 - std[617be2ca0a6fd877]::panicking::default_hook
[INFO] [stdout]    5:     0x5c1f55c56840 - test[aada8e7e76ba119b]::test_main_inner::{closure#0}
[INFO] [stdout]    6:     0x5c1f55fb3792 - std[617be2ca0a6fd877]::panicking::panic_with_hook
[INFO] [stdout]    7:     0x5c1f55f964a2 - std[617be2ca0a6fd877]::panicking::panic_handler::{closure#0}
[INFO] [stdout]    8:     0x5c1f55f8e9b9 - std[617be2ca0a6fd877]::sys::backtrace::__rust_end_short_backtrace::<std[617be2ca0a6fd877]::panicking::panic_handler::{closure#0}, !>
[INFO] [stdout]    9:     0x5c1f55f973ad - __rustc[ea4f61d10b84890b]::rust_begin_unwind
[INFO] [stdout]   10:     0x5c1f55fd599c - core[a373ad73a504971]::panicking::panic_fmt
[INFO] [stdout]   11:     0x5c1f55fd5772 - core[a373ad73a504971]::result::unwrap_failed
[INFO] [stdout]   12:     0x5c1f55bc0dfb - conjure_runtime[2d56c123a5541c16]::test::ssl_acceptor
[INFO] [stdout]   13:     0x5c1f55a6ea41 - <futures_util[7b40a2082737ff0]::future::maybe_done::MaybeDone<conjure_runtime[2d56c123a5541c16]::test::server<conjure_runtime[2d56c123a5541c16]::test::no_retry_after_404::{closure#0}::{closure#0}::{closure#0}, conjure_runtime[2d56c123a5541c16]::test::no_retry_after_404::{closure#0}::{closure#0}>::{closure#0}> as core[a373ad73a504971]::future::future::Future>::poll
[INFO] [stdout]   14:     0x5c1f55b3435d - <futures_util[7b40a2082737ff0]::future::poll_fn::PollFn<conjure_runtime[2d56c123a5541c16]::test::test<conjure_runtime[2d56c123a5541c16]::test::no_retry_after_404::{closure#0}::{closure#0}::{closure#0}, conjure_runtime[2d56c123a5541c16]::test::no_retry_after_404::{closure#0}::{closure#1}::{closure#0}, conjure_runtime[2d56c123a5541c16]::test::no_retry_after_404::{closure#0}::{closure#0}, conjure_runtime[2d56c123a5541c16]::test::no_retry_after_404::{closure#0}::{closure#1}>::{closure#0}::{closure#0}> as core[a373ad73a504971]::future::future::Future>::poll
[INFO] [stdout]   15:     0x5c1f55bbb113 - conjure_runtime[2d56c123a5541c16]::test::no_retry_after_404::{closure#0}
[INFO] [stdout]   16:     0x5c1f55b22733 - <tokio[e321726bbbedc260]::runtime::scheduler::current_thread::Context>::enter::<core[a373ad73a504971]::task::poll::Poll<()>, <tokio[e321726bbbedc260]::runtime::scheduler::current_thread::CoreGuard>::block_on<core[a373ad73a504971]::pin::Pin<&mut core[a373ad73a504971]::pin::Pin<&mut dyn core[a373ad73a504971]::future::future::Future<Output = ()>>>>::{closure#0}::{closure#0}>
[INFO] [stdout]   17:     0x5c1f55bef5dc - <tokio[e321726bbbedc260]::runtime::context::scoped::Scoped<tokio[e321726bbbedc260]::runtime::scheduler::Context>>::set::<<tokio[e321726bbbedc260]::runtime::scheduler::current_thread::CoreGuard>::enter<<tokio[e321726bbbedc260]::runtime::scheduler::current_thread::CoreGuard>::block_on<core[a373ad73a504971]::pin::Pin<&mut core[a373ad73a504971]::pin::Pin<&mut dyn core[a373ad73a504971]::future::future::Future<Output = ()>>>>::{closure#0}, core[a373ad73a504971]::option::Option<()>>::{closure#0}, (alloc[2e1b2a31b91974c5]::boxed::Box<tokio[e321726bbbedc260]::runtime::scheduler::current_thread::Core>, core[a373ad73a504971]::option::Option<()>)>
[INFO] [stdout]   18:     0x5c1f55b231e7 - <tokio[e321726bbbedc260]::runtime::scheduler::current_thread::CoreGuard>::block_on::<core[a373ad73a504971]::pin::Pin<&mut core[a373ad73a504971]::pin::Pin<&mut dyn core[a373ad73a504971]::future::future::Future<Output = ()>>>>
[INFO] [stdout]   19:     0x5c1f55bf958d - tokio[e321726bbbedc260]::runtime::context::runtime::enter_runtime::<<tokio[e321726bbbedc260]::runtime::scheduler::current_thread::CurrentThread>::block_on<core[a373ad73a504971]::pin::Pin<&mut dyn core[a373ad73a504971]::future::future::Future<Output = ()>>>::{closure#0}, ()>
[INFO] [stdout]   20:     0x5c1f55bea7af - <tokio[e321726bbbedc260]::runtime::runtime::Runtime>::block_on::<core[a373ad73a504971]::pin::Pin<&mut dyn core[a373ad73a504971]::future::future::Future<Output = ()>>>
[INFO] [stdout]   21:     0x5c1f55bc43dc - <conjure_runtime[2d56c123a5541c16]::test::no_retry_after_404::{closure#0} as core[a373ad73a504971]::ops::function::FnOnce<()>>::call_once
[INFO] [stdout]   22:     0x5c1f55c49c8b - test[aada8e7e76ba119b]::__rust_begin_short_backtrace::<core[a373ad73a504971]::result::Result<(), alloc[2e1b2a31b91974c5]::string::String>, fn() -> core[a373ad73a504971]::result::Result<(), alloc[2e1b2a31b91974c5]::string::String>>
[INFO] [stdout]   23:     0x5c1f55c56e65 - test[aada8e7e76ba119b]::run_test::{closure#0}
[INFO] [stdout]   24:     0x5c1f55c50754 - std[617be2ca0a6fd877]::sys::backtrace::__rust_begin_short_backtrace::<test[aada8e7e76ba119b]::run_test::{closure#1}, ()>
[INFO] [stdout]   25:     0x5c1f55c59ef2 - <std[617be2ca0a6fd877]::thread::lifecycle::spawn_unchecked<test[aada8e7e76ba119b]::run_test::{closure#1}, ()>::{closure#1} as core[a373ad73a504971]::ops::function::FnOnce<()>>::call_once::{shim:vtable#0}
[INFO] [stdout]   26:     0x5c1f55fba91f - <std[617be2ca0a6fd877]::sys::thread::unix::Thread>::new::thread_start
[INFO] [stdout]   27:     0x765967291dfa - <unknown>
[INFO] [stdout]   28:     0x7659673253d4 - clone
[INFO] [stdout]   29:                0x0 - <unknown>
[INFO] [stdout] 
[INFO] [stdout] ---- test::blocking_zipkin_propagation stdout ----
[INFO] [stdout] 
[INFO] [stdout] thread '<unnamed>' (3362) panicked at src/test.rs:77:10:
[INFO] [stdout] called `Result::unwrap()` on an `Err` value: ErrorStack([Error { code: 2147483650, library: "system library", function: "file_ctrl", file: "../crypto/bio/bss_file.c", line: 288, data: "calling fopen(/opt/rustwide/workdir/../test/key.pem, r)" }, Error { code: 268959746, library: "BIO routines", function: "file_ctrl", reason: "system lib", file: "../crypto/bio/bss_file.c", line: 291 }, Error { code: 168296450, library: "SSL routines", function: "SSL_CTX_use_PrivateKey_file", reason: "system lib", file: "../ssl/ssl_rsa.c", line: 411 }])
[INFO] [stdout] stack backtrace:
[INFO] [stdout]    0:     0x5c1f55fbb7d1 - <<std[617be2ca0a6fd877]::sys::backtrace::BacktraceLock>::print::DisplayBacktrace as core[a373ad73a504971]::fmt::Display>::fmt
[INFO] [stdout]    1:     0x5c1f55fd51ba - core[a373ad73a504971]::fmt::write
[INFO] [stdout]    2:     0x5c1f55fc094c - <alloc[2e1b2a31b91974c5]::vec::Vec<u8> as core[a373ad73a504971]::io::write::Write>::write_fmt
[INFO] [stdout]    3:     0x5c1f55f963f6 - std[617be2ca0a6fd877]::panicking::default_hook::{closure#0}
[INFO] [stdout]    4:     0x5c1f55fb3469 - std[617be2ca0a6fd877]::panicking::default_hook
[INFO] [stdout]    5:     0x5c1f55c56840 - test[aada8e7e76ba119b]::test_main_inner::{closure#0}
[INFO] [stdout]    6:     0x5c1f55fb3792 - std[617be2ca0a6fd877]::panicking::panic_with_hook
[INFO] [stdout]    7:     0x5c1f55f964a2 - std[617be2ca0a6fd877]::panicking::panic_handler::{closure#0}
[INFO] [stdout]    8:     0x5c1f55f8e9b9 - std[617be2ca0a6fd877]::sys::backtrace::__rust_end_short_backtrace::<std[617be2ca0a6fd877]::panicking::panic_handler::{closure#0}, !>
[INFO] [stdout]    9:     0x5c1f55f973ad - __rustc[ea4f61d10b84890b]::rust_begin_unwind
[INFO] [stdout]   10:     0x5c1f55fd599c - core[a373ad73a504971]::panicking::panic_fmt
[INFO] [stdout]   11:     0x5c1f55fd5772 - core[a373ad73a504971]::result::unwrap_failed
[INFO] [stdout]   12:     0x5c1f55bc0dfb - conjure_runtime[2d56c123a5541c16]::test::ssl_acceptor
[INFO] [stdout]   13:     0x5c1f55bfa93a - conjure_runtime[2d56c123a5541c16]::test::server::<conjure_runtime[2d56c123a5541c16]::test::blocking_zipkin_propagation::{closure#0}::{closure#0}, conjure_runtime[2d56c123a5541c16]::test::blocking_zipkin_propagation::{closure#0}>::{closure#0}
[INFO] [stdout]   14:     0x5c1f55beb2bd - <tokio[e321726bbbedc260]::runtime::runtime::Runtime>::block_on::<conjure_runtime[2d56c123a5541c16]::test::server<conjure_runtime[2d56c123a5541c16]::test::blocking_zipkin_propagation::{closure#0}::{closure#0}, conjure_runtime[2d56c123a5541c16]::test::blocking_zipkin_propagation::{closure#0}>::{closure#0}>
[INFO] [stdout]   15:     0x5c1f55b01fc9 - std[617be2ca0a6fd877]::sys::backtrace::__rust_begin_short_backtrace::<conjure_runtime[2d56c123a5541c16]::test::blocking_test<conjure_runtime[2d56c123a5541c16]::test::blocking_zipkin_propagation::{closure#0}::{closure#0}, conjure_runtime[2d56c123a5541c16]::test::blocking_zipkin_propagation::{closure#0}, conjure_runtime[2d56c123a5541c16]::test::blocking_zipkin_propagation::{closure#1}>::{closure#0}, ()>
[INFO] [stdout]   16:     0x5c1f55b1d0eb - <std[617be2ca0a6fd877]::thread::lifecycle::spawn_unchecked<conjure_runtime[2d56c123a5541c16]::test::blocking_test<conjure_runtime[2d56c123a5541c16]::test::blocking_zipkin_propagation::{closure#0}::{closure#0}, conjure_runtime[2d56c123a5541c16]::test::blocking_zipkin_propagation::{closure#0}, conjure_runtime[2d56c123a5541c16]::test::blocking_zipkin_propagation::{closure#1}>::{closure#0}, ()>::{closure#1} as core[a373ad73a504971]::ops::function::FnOnce<()>>::call_once::{shim:vtable#0}
[INFO] [stdout]   17:     0x5c1f55fba91f - <std[617be2ca0a6fd877]::sys::thread::unix::Thread>::new::thread_start
[INFO] [stdout]   18:     0x765967291dfa - <unknown>
[INFO] [stdout]   19:     0x7659673253d4 - clone
[INFO] [stdout]   20:                0x0 - <unknown>
[INFO] [stdout] 
[INFO] [stdout] thread 'test::blocking_zipkin_propagation' (3343) panicked at src/test.rs:119:10:
[INFO] [stdout] called `Result::unwrap()` on an `Err` value: Error(Inner { cause: Os { code: 2, kind: NotFound, message: "No such file or directory" }, cause_safe: true, kind: Service(SerializableError { error_code: Internal, error_name: "Default:Internal", error_instance_id: b287d14d-5bad-44dc-a228-9101095bc0bd, parameters: {} }), safe_params: {}, unsafe_params: {}, backtraces: [   0: <conjure_error::error::Error>::new
[INFO] [stdout]    1: <conjure_error::error::Error>::service_inner
[INFO] [stdout]    2: <conjure_error::error::Error>::service_safe::<core::io::error::Error, conjure_error::types::errors::internal::Internal>
[INFO] [stdout]    3: conjure_runtime::service::raw::hyper::load_certs_file
[INFO] [stdout]    4: <conjure_runtime::builder::Builder>::build
[INFO] [stdout]    5: <conjure_runtime::test::blocking_zipkin_propagation::{closure#0} as core::ops::function::FnOnce<()>>::call_once
[INFO] [stdout]    6: test::__rust_begin_short_backtrace::<core::result::Result<(), alloc::string::String>, fn() -> core::result::Result<(), alloc::string::String>>
[INFO] [stdout]    7: test::run_test::{closure#0}
[INFO] [stdout]    8: std::sys::backtrace::__rust_begin_short_backtrace::<test::run_test::{closure#1}, ()>
[INFO] [stdout]    9: <std::thread::lifecycle::spawn_unchecked<test::run_test::{closure#1}, ()>::{closure#1} as core::ops::function::FnOnce<()>>::call_once::{shim:vtable#0}
[INFO] [stdout]   10: <std::sys::thread::unix::Thread>::new::thread_start
[INFO] [stdout]   11: <unknown>
[INFO] [stdout]   12: clone
[INFO] [stdout] ] })
[INFO] [stdout] stack backtrace:
[INFO] [stdout]    0:     0x5c1f55fbb7d1 - <<std[617be2ca0a6fd877]::sys::backtrace::BacktraceLock>::print::DisplayBacktrace as core[a373ad73a504971]::fmt::Display>::fmt
[INFO] [stdout]    1:     0x5c1f55fd51ba - core[a373ad73a504971]::fmt::write
[INFO] [stdout]    2:     0x5c1f55fc094c - <alloc[2e1b2a31b91974c5]::vec::Vec<u8> as core[a373ad73a504971]::io::write::Write>::write_fmt
[INFO] [stdout]    3:     0x5c1f55f963f6 - std[617be2ca0a6fd877]::panicking::default_hook::{closure#0}
[INFO] [stdout]    4:     0x5c1f55fb3469 - std[617be2ca0a6fd877]::panicking::default_hook
[INFO] [stdout]    5:     0x5c1f55c56840 - test[aada8e7e76ba119b]::test_main_inner::{closure#0}
[INFO] [stdout]    6:     0x5c1f55fb3792 - std[617be2ca0a6fd877]::panicking::panic_with_hook
[INFO] [stdout]    7:     0x5c1f55f964a2 - std[617be2ca0a6fd877]::panicking::panic_handler::{closure#0}
[INFO] [stdout]    8:     0x5c1f55f8e9b9 - std[617be2ca0a6fd877]::sys::backtrace::__rust_end_short_backtrace::<std[617be2ca0a6fd877]::panicking::panic_handler::{closure#0}, !>
[INFO] [stdout]    9:     0x5c1f55f973ad - __rustc[ea4f61d10b84890b]::rust_begin_unwind
[INFO] [stdout]   10:     0x5c1f55fd599c - core[a373ad73a504971]::panicking::panic_fmt
[INFO] [stdout]   11:     0x5c1f55fd5772 - core[a373ad73a504971]::result::unwrap_failed
[INFO] [stdout]   12:     0x5c1f55bc5b42 - <conjure_runtime[2d56c123a5541c16]::test::blocking_zipkin_propagation::{closure#0} as core[a373ad73a504971]::ops::function::FnOnce<()>>::call_once
[INFO] [stdout]   13:     0x5c1f55c49c8b - test[aada8e7e76ba119b]::__rust_begin_short_backtrace::<core[a373ad73a504971]::result::Result<(), alloc[2e1b2a31b91974c5]::string::String>, fn() -> core[a373ad73a504971]::result::Result<(), alloc[2e1b2a31b91974c5]::string::String>>
[INFO] [stdout]   14:     0x5c1f55c56e65 - test[aada8e7e76ba119b]::run_test::{closure#0}
[INFO] [stdout]   15:     0x5c1f55c50754 - std[617be2ca0a6fd877]::sys::backtrace::__rust_begin_short_backtrace::<test[aada8e7e76ba119b]::run_test::{closure#1}, ()>
[INFO] [stdout]   16:     0x5c1f55c59ef2 - <std[617be2ca0a6fd877]::thread::lifecycle::spawn_unchecked<test[aada8e7e76ba119b]::run_test::{closure#1}, ()>::{closure#1} as core[a373ad73a504971]::ops::function::FnOnce<()>>::call_once::{shim:vtable#0}
[INFO] [stdout]   17:     0x5c1f55fba91f - <std[617be2ca0a6fd877]::sys::thread::unix::Thread>::new::thread_start
[INFO] [stdout]   18:     0x765967291dfa - <unknown>
[INFO] [stdout]   19:     0x7659673253d4 - clone
[INFO] [stdout]   20:                0x0 - <unknown>
[INFO] [stdout] 
[INFO] [stdout] ---- test::streaming_write_error_reporting stdout ----
[INFO] [stdout] 
[INFO] [stdout] thread 'test::streaming_write_error_reporting' (3379) panicked at src/test.rs:77:10:
[INFO] [stdout] called `Result::unwrap()` on an `Err` value: ErrorStack([Error { code: 2147483650, library: "system library", function: "file_ctrl", file: "../crypto/bio/bss_file.c", line: 288, data: "calling fopen(/opt/rustwide/workdir/../test/key.pem, r)" }, Error { code: 268959746, library: "BIO routines", function: "file_ctrl", reason: "system lib", file: "../crypto/bio/bss_file.c", line: 291 }, Error { code: 168296450, library: "SSL routines", function: "SSL_CTX_use_PrivateKey_file", reason: "system lib", file: "../ssl/ssl_rsa.c", line: 411 }])
[INFO] [stdout] stack backtrace:
[INFO] [stdout]    0:     0x5c1f55fbb7d1 - <<std[617be2ca0a6fd877]::sys::backtrace::BacktraceLock>::print::DisplayBacktrace as core[a373ad73a504971]::fmt::Display>::fmt
[INFO] [stdout]    1:     0x5c1f55fd51ba - core[a373ad73a504971]::fmt::write
[INFO] [stdout]    2:     0x5c1f55fc094c - <alloc[2e1b2a31b91974c5]::vec::Vec<u8> as core[a373ad73a504971]::io::write::Write>::write_fmt
[INFO] [stdout]    3:     0x5c1f55f963f6 - std[617be2ca0a6fd877]::panicking::default_hook::{closure#0}
[INFO] [stdout]    4:     0x5c1f55fb3469 - std[617be2ca0a6fd877]::panicking::default_hook
[INFO] [stdout]    5:     0x5c1f55c56840 - test[aada8e7e76ba119b]::test_main_inner::{closure#0}
[INFO] [stdout]    6:     0x5c1f55fb3792 - std[617be2ca0a6fd877]::panicking::panic_with_hook
[INFO] [stdout]    7:     0x5c1f55f964a2 - std[617be2ca0a6fd877]::panicking::panic_handler::{closure#0}
[INFO] [stdout]    8:     0x5c1f55f8e9b9 - std[617be2ca0a6fd877]::sys::backtrace::__rust_end_short_backtrace::<std[617be2ca0a6fd877]::panicking::panic_handler::{closure#0}, !>
[INFO] [stdout]    9:     0x5c1f55f973ad - __rustc[ea4f61d10b84890b]::rust_begin_unwind
[INFO] [stdout]   10:     0x5c1f55fd599c - core[a373ad73a504971]::panicking::panic_fmt
[INFO] [stdout]   11:     0x5c1f55fd5772 - core[a373ad73a504971]::result::unwrap_failed
[INFO] [stdout]   12:     0x5c1f55bc0dfb - conjure_runtime[2d56c123a5541c16]::test::ssl_acceptor
[INFO] [stdout]   13:     0x5c1f55a72971 - <futures_util[7b40a2082737ff0]::future::maybe_done::MaybeDone<conjure_runtime[2d56c123a5541c16]::test::server<conjure_runtime[2d56c123a5541c16]::test::streaming_write_error_reporting::{closure#0}::{closure#0}::{closure#0}, conjure_runtime[2d56c123a5541c16]::test::streaming_write_error_reporting::{closure#0}::{closure#0}>::{closure#0}> as core[a373ad73a504971]::future::future::Future>::poll
[INFO] [stdout]   14:     0x5c1f55b34dbd - <futures_util[7b40a2082737ff0]::future::poll_fn::PollFn<conjure_runtime[2d56c123a5541c16]::test::test<conjure_runtime[2d56c123a5541c16]::test::streaming_write_error_reporting::{closure#0}::{closure#0}::{closure#0}, conjure_runtime[2d56c123a5541c16]::test::streaming_write_error_reporting::{closure#0}::{closure#1}::{closure#0}, conjure_runtime[2d56c123a5541c16]::test::streaming_write_error_reporting::{closure#0}::{closure#0}, conjure_runtime[2d56c123a5541c16]::test::streaming_write_error_reporting::{closure#0}::{closure#1}>::{closure#0}::{closure#0}> as core[a373ad73a504971]::future::future::Future>::poll
[INFO] [stdout]   15:     0x5c1f55bbe4b3 - conjure_runtime[2d56c123a5541c16]::test::streaming_write_error_reporting::{closure#0}
[INFO] [stdout]   16:     0x5c1f55b22733 - <tokio[e321726bbbedc260]::runtime::scheduler::current_thread::Context>::enter::<core[a373ad73a504971]::task::poll::Poll<()>, <tokio[e321726bbbedc260]::runtime::scheduler::current_thread::CoreGuard>::block_on<core[a373ad73a504971]::pin::Pin<&mut core[a373ad73a504971]::pin::Pin<&mut dyn core[a373ad73a504971]::future::future::Future<Output = ()>>>>::{closure#0}::{closure#0}>
[INFO] [stdout]   17:     0x5c1f55bef5dc - <tokio[e321726bbbedc260]::runtime::context::scoped::Scoped<tokio[e321726bbbedc260]::runtime::scheduler::Context>>::set::<<tokio[e321726bbbedc260]::runtime::scheduler::current_thread::CoreGuard>::enter<<tokio[e321726bbbedc260]::runtime::scheduler::current_thread::CoreGuard>::block_on<core[a373ad73a504971]::pin::Pin<&mut core[a373ad73a504971]::pin::Pin<&mut dyn core[a373ad73a504971]::future::future::Future<Output = ()>>>>::{closure#0}, core[a373ad73a504971]::option::Option<()>>::{closure#0}, (alloc[2e1b2a31b91974c5]::boxed::Box<tokio[e321726bbbedc260]::runtime::scheduler::current_thread::Core>, core[a373ad73a504971]::option::Option<()>)>
[INFO] [stdout]   18:     0x5c1f55b231e7 - <tokio[e321726bbbedc260]::runtime::scheduler::current_thread::CoreGuard>::block_on::<core[a373ad73a504971]::pin::Pin<&mut core[a373ad73a504971]::pin::Pin<&mut dyn core[a373ad73a504971]::future::future::Future<Output = ()>>>>
[INFO] [stdout]   19:     0x5c1f55bf958d - tokio[e321726bbbedc260]::runtime::context::runtime::enter_runtime::<<tokio[e321726bbbedc260]::runtime::scheduler::current_thread::CurrentThread>::block_on<core[a373ad73a504971]::pin::Pin<&mut dyn core[a373ad73a504971]::future::future::Future<Output = ()>>>::{closure#0}, ()>
[INFO] [stdout]   20:     0x5c1f55bea7af - <tokio[e321726bbbedc260]::runtime::runtime::Runtime>::block_on::<core[a373ad73a504971]::pin::Pin<&mut dyn core[a373ad73a504971]::future::future::Future<Output = ()>>>
[INFO] [stdout]   21:     0x5c1f55bc6a7c - <conjure_runtime[2d56c123a5541c16]::test::streaming_write_error_reporting::{closure#0} as core[a373ad73a504971]::ops::function::FnOnce<()>>::call_once
[INFO] [stdout]   22:     0x5c1f55c49c8b - test[aada8e7e76ba119b]::__rust_begin_short_backtrace::<core[a373ad73a504971]::result::Result<(), alloc[2e1b2a31b91974c5]::string::String>, fn() -> core[a373ad73a504971]::result::Result<(), alloc[2e1b2a31b91974c5]::string::String>>
[INFO] [stdout]   23:     0x5c1f55c56e65 - test[aada8e7e76ba119b]::run_test::{closure#0}
[INFO] [stdout]   24:     0x5c1f55c50754 - std[617be2ca0a6fd877]::sys::backtrace::__rust_begin_short_backtrace::<test[aada8e7e76ba119b]::run_test::{closure#1}, ()>
[INFO] [stdout]   25:     0x5c1f55c59ef2 - <std[617be2ca0a6fd877]::thread::lifecycle::spawn_unchecked<test[aada8e7e76ba119b]::run_test::{closure#1}, ()>::{closure#1} as core[a373ad73a504971]::ops::function::FnOnce<()>>::call_once::{shim:vtable#0}
[INFO] [stdout]   26:     0x5c1f55fba91f - <std[617be2ca0a6fd877]::sys::thread::unix::Thread>::new::thread_start
[INFO] [stdout]   27:     0x765967291dfa - <unknown>
[INFO] [stdout]   28:     0x7659673253d4 - clone
[INFO] [stdout]   29:                0x0 - <unknown>
[INFO] [stdout] 
[INFO] [stdout] ---- test::zipkin_propagation stdout ----
[INFO] [stdout] 
[INFO] [stdout] thread 'test::zipkin_propagation' (3380) panicked at src/test.rs:77:10:
[INFO] [stdout] called `Result::unwrap()` on an `Err` value: ErrorStack([Error { code: 2147483650, library: "system library", function: "file_ctrl", file: "../crypto/bio/bss_file.c", line: 288, data: "calling fopen(/opt/rustwide/workdir/../test/key.pem, r)" }, Error { code: 268959746, library: "BIO routines", function: "file_ctrl", reason: "system lib", file: "../crypto/bio/bss_file.c", line: 291 }, Error { code: 168296450, library: "SSL routines", function: "SSL_CTX_use_PrivateKey_file", reason: "system lib", file: "../ssl/ssl_rsa.c", line: 411 }])
[INFO] [stdout] stack backtrace:
[INFO] [stdout]    0:     0x5c1f55fbb7d1 - <<std[617be2ca0a6fd877]::sys::backtrace::BacktraceLock>::print::DisplayBacktrace as core[a373ad73a504971]::fmt::Display>::fmt
[INFO] [stdout]    1:     0x5c1f55fd51ba - core[a373ad73a504971]::fmt::write
[INFO] [stdout]    2:     0x5c1f55fc094c - <alloc[2e1b2a31b91974c5]::vec::Vec<u8> as core[a373ad73a504971]::io::write::Write>::write_fmt
[INFO] [stdout]    3:     0x5c1f55f963f6 - std[617be2ca0a6fd877]::panicking::default_hook::{closure#0}
[INFO] [stdout]    4:     0x5c1f55fb3469 - std[617be2ca0a6fd877]::panicking::default_hook
[INFO] [stdout]    5:     0x5c1f55c56840 - test[aada8e7e76ba119b]::test_main_inner::{closure#0}
[INFO] [stdout]    6:     0x5c1f55fb3792 - std[617be2ca0a6fd877]::panicking::panic_with_hook
[INFO] [stdout]    7:     0x5c1f55f964a2 - std[617be2ca0a6fd877]::panicking::panic_handler::{closure#0}
[INFO] [stdout]    8:     0x5c1f55f8e9b9 - std[617be2ca0a6fd877]::sys::backtrace::__rust_end_short_backtrace::<std[617be2ca0a6fd877]::panicking::panic_handler::{closure#0}, !>
[INFO] [stdout]    9:     0x5c1f55f973ad - __rustc[ea4f61d10b84890b]::rust_begin_unwind
[INFO] [stdout]   10:     0x5c1f55fd599c - core[a373ad73a504971]::panicking::panic_fmt
[INFO] [stdout]   11:     0x5c1f55fd5772 - core[a373ad73a504971]::result::unwrap_failed
[INFO] [stdout]   12:     0x5c1f55bc0dfb - conjure_runtime[2d56c123a5541c16]::test::ssl_acceptor
[INFO] [stdout]   13:     0x5c1f55a6f141 - <futures_util[7b40a2082737ff0]::future::maybe_done::MaybeDone<conjure_runtime[2d56c123a5541c16]::test::server<conjure_runtime[2d56c123a5541c16]::test::zipkin_propagation::{closure#0}::{closure#0}::{closure#0}, conjure_runtime[2d56c123a5541c16]::test::zipkin_propagation::{closure#0}::{closure#0}>::{closure#0}> as core[a373ad73a504971]::future::future::Future>::poll
[INFO] [stdout]   14:     0x5c1f55b3447d - <futures_util[7b40a2082737ff0]::future::poll_fn::PollFn<conjure_runtime[2d56c123a5541c16]::test::test<conjure_runtime[2d56c123a5541c16]::test::zipkin_propagation::{closure#0}::{closure#0}::{closure#0}, zipkin[a7a3937057d859f2]::open_span::Bind<conjure_runtime[2d56c123a5541c16]::test::zipkin_propagation::{closure#0}::{closure#1}::{closure#0}>, conjure_runtime[2d56c123a5541c16]::test::zipkin_propagation::{closure#0}::{closure#0}, conjure_runtime[2d56c123a5541c16]::test::zipkin_propagation::{closure#0}::{closure#1}>::{closure#0}::{closure#0}> as core[a373ad73a504971]::future::future::Future>::poll
[INFO] [stdout]   15:     0x5c1f55bbb534 - conjure_runtime[2d56c123a5541c16]::test::zipkin_propagation::{closure#0}
[INFO] [stdout]   16:     0x5c1f55b22733 - <tokio[e321726bbbedc260]::runtime::scheduler::current_thread::Context>::enter::<core[a373ad73a504971]::task::poll::Poll<()>, <tokio[e321726bbbedc260]::runtime::scheduler::current_thread::CoreGuard>::block_on<core[a373ad73a504971]::pin::Pin<&mut core[a373ad73a504971]::pin::Pin<&mut dyn core[a373ad73a504971]::future::future::Future<Output = ()>>>>::{closure#0}::{closure#0}>
[INFO] [stdout]   17:     0x5c1f55bef5dc - <tokio[e321726bbbedc260]::runtime::context::scoped::Scoped<tokio[e321726bbbedc260]::runtime::scheduler::Context>>::set::<<tokio[e321726bbbedc260]::runtime::scheduler::current_thread::CoreGuard>::enter<<tokio[e321726bbbedc260]::runtime::scheduler::current_thread::CoreGuard>::block_on<core[a373ad73a504971]::pin::Pin<&mut core[a373ad73a504971]::pin::Pin<&mut dyn core[a373ad73a504971]::future::future::Future<Output = ()>>>>::{closure#0}, core[a373ad73a504971]::option::Option<()>>::{closure#0}, (alloc[2e1b2a31b91974c5]::boxed::Box<tokio[e321726bbbedc260]::runtime::scheduler::current_thread::Core>, core[a373ad73a504971]::option::Option<()>)>
[INFO] [stdout]   18:     0x5c1f55b231e7 - <tokio[e321726bbbedc260]::runtime::scheduler::current_thread::CoreGuard>::block_on::<core[a373ad73a504971]::pin::Pin<&mut core[a373ad73a504971]::pin::Pin<&mut dyn core[a373ad73a504971]::future::future::Future<Output = ()>>>>
[INFO] [stdout]   19:     0x5c1f55bf958d - tokio[e321726bbbedc260]::runtime::context::runtime::enter_runtime::<<tokio[e321726bbbedc260]::runtime::scheduler::current_thread::CurrentThread>::block_on<core[a373ad73a504971]::pin::Pin<&mut dyn core[a373ad73a504971]::future::future::Future<Output = ()>>>::{closure#0}, ()>
[INFO] [stdout]   20:     0x5c1f55bea7af - <tokio[e321726bbbedc260]::runtime::runtime::Runtime>::block_on::<core[a373ad73a504971]::pin::Pin<&mut dyn core[a373ad73a504971]::future::future::Future<Output = ()>>>
[INFO] [stdout]   21:     0x5c1f55bc456c - <conjure_runtime[2d56c123a5541c16]::test::zipkin_propagation::{closure#0} as core[a373ad73a504971]::ops::function::FnOnce<()>>::call_once
[INFO] [stdout]   22:     0x5c1f55c49c8b - test[aada8e7e76ba119b]::__rust_begin_short_backtrace::<core[a373ad73a504971]::result::Result<(), alloc[2e1b2a31b91974c5]::string::String>, fn() -> core[a373ad73a504971]::result::Result<(), alloc[2e1b2a31b91974c5]::string::String>>
[INFO] [stdout]   23:     0x5c1f55c56e65 - test[aada8e7e76ba119b]::run_test::{closure#0}
[INFO] [stdout]   24:     0x5c1f55c50754 - std[617be2ca0a6fd877]::sys::backtrace::__rust_begin_short_backtrace::<test[aada8e7e76ba119b]::run_test::{closure#1}, ()>
[INFO] [stdout]   25:     0x5c1f55c59ef2 - <std[617be2ca0a6fd877]::thread::lifecycle::spawn_unchecked<test[aada8e7e76ba119b]::run_test::{closure#1}, ()>::{closure#1} as core[a373ad73a504971]::ops::function::FnOnce<()>>::call_once::{shim:vtable#0}
[INFO] [stdout]   26:     0x5c1f55fba91f - <std[617be2ca0a6fd877]::sys::thread::unix::Thread>::new::thread_start
[INFO] [stdout]   27:     0x765967291dfa - <unknown>
[INFO] [stdout]   28:     0x7659673253d4 - clone
[INFO] [stdout]   29:                0x0 - <unknown>
[INFO] [stdout] 
[INFO] [stdout] ---- test::retry_after_overrides stdout ----
[INFO] [stdout] 
[INFO] [stdout] thread 'test::retry_after_overrides' (3377) panicked at src/test.rs:77:10:
[INFO] [stdout] called `Result::unwrap()` on an `Err` value: ErrorStack([Error { code: 2147483650, library: "system library", function: "file_ctrl", file: "../crypto/bio/bss_file.c", line: 288, data: "calling fopen(/opt/rustwide/workdir/../test/key.pem, r)" }, Error { code: 268959746, library: "BIO routines", function: "file_ctrl", reason: "system lib", file: "../crypto/bio/bss_file.c", line: 291 }, Error { code: 168296450, library: "SSL routines", function: "SSL_CTX_use_PrivateKey_file", reason: "system lib", file: "../ssl/ssl_rsa.c", line: 411 }])
[INFO] [stdout] stack backtrace:
[INFO] [stdout]    0:     0x5c1f55fbb7d1 - <<std[617be2ca0a6fd877]::sys::backtrace::BacktraceLock>::print::DisplayBacktrace as core[a373ad73a504971]::fmt::Display>::fmt
[INFO] [stdout]    1:     0x5c1f55fd51ba - core[a373ad73a504971]::fmt::write
[INFO] [stdout]    2:     0x5c1f55fc094c - <alloc[2e1b2a31b91974c5]::vec::Vec<u8> as core[a373ad73a504971]::io::write::Write>::write_fmt
[INFO] [stdout]    3:     0x5c1f55f963f6 - std[617be2ca0a6fd877]::panicking::default_hook::{closure#0}
[INFO] [stdout]    4:     0x5c1f55fb3469 - std[617be2ca0a6fd877]::panicking::default_hook
[INFO] [stdout]    5:     0x5c1f55c56840 - test[aada8e7e76ba119b]::test_main_inner::{closure#0}
[INFO] [stdout]    6:     0x5c1f55fb3792 - std[617be2ca0a6fd877]::panicking::panic_with_hook
[INFO] [stdout]    7:     0x5c1f55f964a2 - std[617be2ca0a6fd877]::panicking::panic_handler::{closure#0}
[INFO] [stdout]    8:     0x5c1f55f8e9b9 - std[617be2ca0a6fd877]::sys::backtrace::__rust_end_short_backtrace::<std[617be2ca0a6fd877]::panicking::panic_handler::{closure#0}, !>
[INFO] [stdout]    9:     0x5c1f55f973ad - __rustc[ea4f61d10b84890b]::rust_begin_unwind
[INFO] [stdout]   10:     0x5c1f55fd599c - core[a373ad73a504971]::panicking::panic_fmt
[INFO] [stdout]   11:     0x5c1f55fd5772 - core[a373ad73a504971]::result::unwrap_failed
[INFO] [stdout]   12:     0x5c1f55bc0dfb - conjure_runtime[2d56c123a5541c16]::test::ssl_acceptor
[INFO] [stdout]   13:     0x5c1f55a6f848 - <futures_util[7b40a2082737ff0]::future::maybe_done::MaybeDone<conjure_runtime[2d56c123a5541c16]::test::server<conjure_runtime[2d56c123a5541c16]::test::retry_after_overrides::{closure#0}::{closure#0}::{closure#0}, conjure_runtime[2d56c123a5541c16]::test::retry_after_overrides::{closure#0}::{closure#0}>::{closure#0}> as core[a373ad73a504971]::future::future::Future>::poll
[INFO] [stdout]   14:     0x5c1f55b345ad - <futures_util[7b40a2082737ff0]::future::poll_fn::PollFn<conjure_runtime[2d56c123a5541c16]::test::test<conjure_runtime[2d56c123a5541c16]::test::retry_after_overrides::{closure#0}::{closure#0}::{closure#0}, conjure_runtime[2d56c123a5541c16]::test::retry_after_overrides::{closure#0}::{closure#1}::{closure#0}, conjure_runtime[2d56c123a5541c16]::test::retry_after_overrides::{closure#0}::{closure#0}, conjure_runtime[2d56c123a5541c16]::test::retry_after_overrides::{closure#0}::{closure#1}>::{closure#0}::{closure#0}> as core[a373ad73a504971]::future::future::Future>::poll
[INFO] [stdout]   15:     0x5c1f55bbb91b - conjure_runtime[2d56c123a5541c16]::test::retry_after_overrides::{closure#0}
[INFO] [stdout]   16:     0x5c1f55b22733 - <tokio[e321726bbbedc260]::runtime::scheduler::current_thread::Context>::enter::<core[a373ad73a504971]::task::poll::Poll<()>, <tokio[e321726bbbedc260]::runtime::scheduler::current_thread::CoreGuard>::block_on<core[a373ad73a504971]::pin::Pin<&mut core[a373ad73a504971]::pin::Pin<&mut dyn core[a373ad73a504971]::future::future::Future<Output = ()>>>>::{closure#0}::{closure#0}>
[INFO] [stdout]   17:     0x5c1f55bef5dc - <tokio[e321726bbbedc260]::runtime::context::scoped::Scoped<tokio[e321726bbbedc260]::runtime::scheduler::Context>>::set::<<tokio[e321726bbbedc260]::runtime::scheduler::current_thread::CoreGuard>::enter<<tokio[e321726bbbedc260]::runtime::scheduler::current_thread::CoreGuard>::block_on<core[a373ad73a504971]::pin::Pin<&mut core[a373ad73a504971]::pin::Pin<&mut dyn core[a373ad73a504971]::future::future::Future<Output = ()>>>>::{closure#0}, core[a373ad73a504971]::option::Option<()>>::{closure#0}, (alloc[2e1b2a31b91974c5]::boxed::Box<tokio[e321726bbbedc260]::runtime::scheduler::current_thread::Core>, core[a373ad73a504971]::option::Option<()>)>
[INFO] [stdout]   18:     0x5c1f55b231e7 - <tokio[e321726bbbedc260]::runtime::scheduler::current_thread::CoreGuard>::block_on::<core[a373ad73a504971]::pin::Pin<&mut core[a373ad73a504971]::pin::Pin<&mut dyn core[a373ad73a504971]::future::future::Future<Output = ()>>>>
[INFO] [stdout]   19:     0x5c1f55bf958d - tokio[e321726bbbedc260]::runtime::context::runtime::enter_runtime::<<tokio[e321726bbbedc260]::runtime::scheduler::current_thread::CurrentThread>::block_on<core[a373ad73a504971]::pin::Pin<&mut dyn core[a373ad73a504971]::future::future::Future<Output = ()>>>::{closure#0}, ()>
[INFO] [stdout]   20:     0x5c1f55bea7af - <tokio[e321726bbbedc260]::runtime::runtime::Runtime>::block_on::<core[a373ad73a504971]::pin::Pin<&mut dyn core[a373ad73a504971]::future::future::Future<Output = ()>>>
[INFO] [stdout]   21:     0x5c1f55bc46fc - <conjure_runtime[2d56c123a5541c16]::test::retry_after_overrides::{closure#0} as core[a373ad73a504971]::ops::function::FnOnce<()>>::call_once
[INFO] [stdout]   22:     0x5c1f55c49c8b - test[aada8e7e76ba119b]::__rust_begin_short_backtrace::<core[a373ad73a504971]::result::Result<(), alloc[2e1b2a31b91974c5]::string::String>, fn() -> core[a373ad73a504971]::result::Result<(), alloc[2e1b2a31b91974c5]::string::String>>
[INFO] [stdout]   23:     0x5c1f55c56e65 - test[aada8e7e76ba119b]::run_test::{closure#0}
[INFO] [stdout]   24:     0x5c1f55c50754 - std[617be2ca0a6fd877]::sys::backtrace::__rust_begin_short_backtrace::<test[aada8e7e76ba119b]::run_test::{closure#1}, ()>
[INFO] [stdout]   25:     0x5c1f55c59ef2 - <std[617be2ca0a6fd877]::thread::lifecycle::spawn_unchecked<test[aada8e7e76ba119b]::run_test::{closure#1}, ()>::{closure#1} as core[a373ad73a504971]::ops::function::FnOnce<()>>::call_once::{shim:vtable#0}
[INFO] [stdout]   26:     0x5c1f55fba91f - <std[617be2ca0a6fd877]::sys::thread::unix::Thread>::new::thread_start
[INFO] [stdout]   27:     0x765967291dfa - <unknown>
[INFO] [stdout]   28:     0x7659673253d4 - clone
[INFO] [stdout]   29:                0x0 - <unknown>
[INFO] [stdout] 
[INFO] [stdout] 
[INFO] [stdout] failures:
[INFO] [stdout]     test::blocking_zipkin_propagation
[INFO] [stdout]     test::body_write_ends_after_error
[INFO] [stdout]     test::connect_error_doesnt_reset_body
[INFO] [stdout]     test::dont_bail_when_all_timed_out
[INFO] [stdout]     test::dont_propagate_protocol_errors
[INFO] [stdout]     test::empty_body_has_no_transfer_encoding
[INFO] [stdout]     test::fixed_body_has_content_length
[INFO] [stdout]     test::gzip_body
[INFO] [stdout]     test::no_retry_after_404
[INFO] [stdout]     test::pinned_certs_accepts_matching_leaf
[INFO] [stdout]     test::pinned_certs_rejects_correct_cert_with_wrong_key
[INFO] [stdout]     test::propagate_429
[INFO] [stdout]     test::propagate_429_with_retry_after
[INFO] [stdout]     test::propagate_503
[INFO] [stdout]     test::read_past_eof
[INFO] [stdout]     test::retry_after_503
[INFO] [stdout]     test::retry_after_overrides
[INFO] [stdout]     test::service_error_propagation
[INFO] [stdout]     test::streaming_write_error_reporting
[INFO] [stdout]     test::zipkin_propagation
[INFO] [stdout] 
[INFO] [stdout] test result: FAILED. 71 passed; 20 failed; 0 ignored; 0 measured; 0 filtered out; finished in 0.18s
[INFO] [stdout] 
[INFO] running `Command { std: "docker" "inspect" "ae7e36a80188450f016c4e5e8c7a5f221bbc38efc27c0ea357223b31f5da10bd", kill_on_drop: false }`
[INFO] running `Command { std: "docker" "rm" "-f" "ae7e36a80188450f016c4e5e8c7a5f221bbc38efc27c0ea357223b31f5da10bd", kill_on_drop: false }`
[INFO] [stdout] ae7e36a80188450f016c4e5e8c7a5f221bbc38efc27c0ea357223b31f5da10bd
