[INFO] fetching crate conjure-runtime-rustls-platform-verifier 0.2.1...
[INFO] testing conjure-runtime-rustls-platform-verifier-0.2.1 against 1.100.0-beta.1+cargoflags=--release for beta-release-1.100-2
[INFO] extracting crate conjure-runtime-rustls-platform-verifier 0.2.1 into /workspace/builds/worker-2-tc2/source
[INFO] started tweaking crates.io crate conjure-runtime-rustls-platform-verifier 0.2.1
[INFO] finished tweaking crates.io crate conjure-runtime-rustls-platform-verifier 0.2.1
[INFO] tweaked toml for crates.io crate conjure-runtime-rustls-platform-verifier 0.2.1 written to /workspace/builds/worker-2-tc2/source/Cargo.toml
[INFO] validating manifest of crates.io crate conjure-runtime-rustls-platform-verifier 0.2.1 on toolchain 1.100.0-beta.1
[INFO] running `Command { std: CARGO_HOME="/workspace/cargo-home" RUSTUP_HOME="/workspace/rustup-home" "/workspace/cargo-home/bin/cargo" "+1.100.0-beta.1" "metadata" "--manifest-path" "Cargo.toml" "--no-deps", kill_on_drop: false }`
[INFO] crate crates.io crate conjure-runtime-rustls-platform-verifier 0.2.1 already has a lockfile, it will not be regenerated
[INFO] running `Command { std: CARGO_HOME="/workspace/cargo-home" RUSTUP_HOME="/workspace/rustup-home" "/workspace/cargo-home/bin/cargo" "+1.100.0-beta.1" "fetch" "--manifest-path" "Cargo.toml", kill_on_drop: false }`
[INFO] running `Command { std: "docker" "create" "-v" "/var/lib/crater-agent-workspace/builds/worker-2-tc2/source:/opt/rustwide/workdir:ro,Z" "-v" "/var/lib/crater-agent-workspace/builds/worker-2-tc2/target:/opt/rustwide/target:rw,Z" "-v" "/var/lib/crater-agent-workspace/cargo-home:/opt/rustwide/cargo-home:ro,Z" "-v" "/var/lib/crater-agent-workspace/rustup-home:/opt/rustwide/rustup-home:ro,Z" "-m" "1610612736" "--network" "none" "ghcr.io/rust-lang/crates-build-env/linux@sha256:77db811e55d90add9212f6832c23229e3de5f1c1f9905e8cb07319ea15df73ac" "sleep" "infinity", kill_on_drop: false }`
[INFO] [stdout] 3d71e06be0b0a08ccd82054ffdeacc268730e02223e7ee0a358e4ea4f76c3e18
[INFO] running `Command { std: "docker" "start" "3d71e06be0b0a08ccd82054ffdeacc268730e02223e7ee0a358e4ea4f76c3e18", kill_on_drop: false }`
[INFO] running `Command { std: "docker" "inspect" "3d71e06be0b0a08ccd82054ffdeacc268730e02223e7ee0a358e4ea4f76c3e18", kill_on_drop: false }`
[INFO] running `Command { std: "docker" "exec" "-e" "SOURCE_DIR=/opt/rustwide/workdir" "-e" "CARGO_HOME=/opt/rustwide/cargo-home" "-e" "RUSTUP_HOME=/opt/rustwide/rustup-home" "-e" "CARGO_TARGET_DIR=/opt/rustwide/target" "-w" "/opt/rustwide/workdir" "--user" "0:0" "3d71e06be0b0a08ccd82054ffdeacc268730e02223e7ee0a358e4ea4f76c3e18" "/opt/rustwide/cargo-home/bin/cargo" "+1.100.0-beta.1" "metadata" "--no-deps" "--format-version=1", kill_on_drop: false }`
[INFO] running `Command { std: "docker" "inspect" "3d71e06be0b0a08ccd82054ffdeacc268730e02223e7ee0a358e4ea4f76c3e18", kill_on_drop: false }`
[INFO] running `Command { std: "docker" "exec" "-e" "SOURCE_DIR=/opt/rustwide/workdir" "-e" "CARGO_HOME=/opt/rustwide/cargo-home" "-e" "RUSTUP_HOME=/opt/rustwide/rustup-home" "-e" "CARGO_TARGET_DIR=/opt/rustwide/target" "-e" "CARGO_INCREMENTAL=0" "-e" "RUST_BACKTRACE=full" "-e" "RUSTFLAGS=--cap-lints=warn" "-e" "RUSTDOCFLAGS=--cap-lints=warn" "-w" "/opt/rustwide/workdir" "--user" "0:0" "3d71e06be0b0a08ccd82054ffdeacc268730e02223e7ee0a358e4ea4f76c3e18" "/opt/rustwide/cargo-home/bin/cargo" "+1.100.0-beta.1" "build" "--frozen" "--message-format=json" "--release", kill_on_drop: false }`
[INFO] [stderr]    Compiling rand_core v0.10.0
[INFO] [stderr]    Compiling getrandom v0.4.2
[INFO] [stderr]    Compiling futures-sink v0.3.32
[INFO] [stderr]    Compiling cc v1.2.57
[INFO] [stderr]    Compiling heck v0.4.1
[INFO] [stderr]    Compiling aho-corasick v1.1.4
[INFO] [stderr]    Compiling mio v1.1.1
[INFO] [stderr]    Compiling indexmap v2.13.0
[INFO] [stderr]    Compiling getrandom v0.2.17
[INFO] [stderr]    Compiling futures-io v0.3.32
[INFO] [stderr]    Compiling serde_derive v1.0.228
[INFO] [stderr]    Compiling synstructure v0.13.2
[INFO] [stderr]    Compiling zerovec-derive v0.11.2
[INFO] [stderr]    Compiling displaydoc v0.2.5
[INFO] [stderr]    Compiling structmeta-derive v0.3.0
[INFO] [stderr]    Compiling enum-ordinalize-derive v4.3.2
[INFO] [stderr]    Compiling futures-channel v0.3.32
[INFO] [stderr]    Compiling futures-macro v0.3.32
[INFO] [stderr]    Compiling cpufeatures v0.3.0
[INFO] [stderr]    Compiling itoa v1.0.17
[INFO] [stderr]    Compiling regex-syntax v0.8.10
[INFO] [stderr]    Compiling http v1.4.0
[INFO] [stderr]    Compiling chacha20 v0.10.0
[INFO] [stderr]    Compiling rustls v0.23.37
[INFO] [stderr]    Compiling typeid v1.0.3
[INFO] [stderr]    Compiling tracing v0.1.44
[INFO] [stderr]    Compiling uuid v1.22.0
[INFO] [stderr]    Compiling erased-serde v0.4.10
[INFO] [stderr]    Compiling enum-ordinalize v4.3.2
[INFO] [stderr]    Compiling educe v0.5.11
[INFO] [stderr]    Compiling serde_json v1.0.149
[INFO] [stderr]    Compiling futures-util v0.3.32
[INFO] [stderr]    Compiling rand v0.10.0
[INFO] [stderr]    Compiling parking_lot_core v0.9.12
[INFO] [stderr]    Compiling structmeta v0.3.0
[INFO] [stderr]    Compiling data-encoding v2.10.0
[INFO] [stderr]    Compiling zerofrom-derive v0.1.6
[INFO] [stderr]    Compiling yoke-derive v0.8.1
[INFO] [stderr]    Compiling staged-builder-internals v0.2.0
[INFO] [stderr]    Compiling rustls-native-certs v0.8.3
[INFO] [stderr]    Compiling zipkin-types v1.1.0
[INFO] [stderr]    Compiling parking_lot v0.12.5
[INFO] [stderr]    Compiling ring v0.17.14
[INFO] [stderr]    Compiling conjure-macros v5.10.0
[INFO] [stderr]    Compiling staged-builder v0.2.0
[INFO] [stderr]    Compiling ordered-float v2.10.1
[INFO] [stderr]    Compiling pin-project-internal v1.1.11
[INFO] [stderr]    Compiling humantime v2.3.0
[INFO] [stderr]    Compiling lazycell v1.3.0
[INFO] [stderr]    Compiling zipkin v1.1.0
[INFO] [stderr]    Compiling zerofrom v0.1.6
[INFO] [stderr]    Compiling arc-swap v1.8.2
[INFO] [stderr]    Compiling yoke v0.8.1
[INFO] [stderr]    Compiling mediatype v0.21.0
[INFO] [stderr]    Compiling zerovec v0.11.5
[INFO] [stderr]    Compiling zerotrie v0.2.3
[INFO] [stderr]    Compiling refreshable v2.0.0
[INFO] [stderr]    Compiling flate2 v1.1.9
[INFO] [stderr]    Compiling rustls-pemfile v2.2.0
[INFO] [stderr]    Compiling linked-hash-map v0.5.6
[INFO] [stderr]    Compiling pin-project v1.1.11
[INFO] [stderr]    Compiling regex-automata v0.4.14
[INFO] [stderr]    Compiling tinystr v0.8.2
[INFO] [stderr]    Compiling serde v1.0.228
[INFO] [stderr]    Compiling icu_locale_core v2.1.1
[INFO] [stderr]    Compiling potential_utf v0.1.4
[INFO] [stderr]    Compiling icu_collections v2.1.1
[INFO] [stderr]    Compiling bytes v1.11.1
[INFO] [stderr]    Compiling ordered-float v5.1.0
[INFO] [stderr]    Compiling chrono v0.4.44
[INFO] [stderr]    Compiling serde-smile v0.3.1
[INFO] [stderr]    Compiling futures-executor v0.3.32
[INFO] [stderr]    Compiling serde-value v0.7.0
[INFO] [stderr]    Compiling humantime-serde v1.1.1
[INFO] [stderr]    Compiling icu_provider v2.1.1
[INFO] [stderr]    Compiling futures v0.3.32
[INFO] [stderr]    Compiling exponential-decay-histogram v0.1.15
[INFO] [stderr]    Compiling icu_normalizer v2.1.1
[INFO] [stderr]    Compiling icu_properties v2.1.2
[INFO] [stderr]    Compiling witchcraft-metrics v1.0.1
[INFO] [stderr]    Compiling tokio v1.50.0
[INFO] [stderr]    Compiling conjure-serde v5.10.0
[INFO] [stderr]    Compiling http-body v1.0.1
[INFO] [stderr]    Compiling http-zipkin v1.1.0
[INFO] [stderr]    Compiling http-body-util v0.1.3
[INFO] [stderr]    Compiling regex v1.12.3
[INFO] [stderr]    Compiling idna_adapter v1.2.1
[INFO] [stderr]    Compiling idna v1.1.0
[INFO] [stderr]    Compiling conjure-object v5.10.0
[INFO] [stderr]    Compiling url v2.5.8
[INFO] [stderr]    Compiling conjure-error v5.10.0
[INFO] [stderr]    Compiling conjure-runtime-config v7.3.0
[INFO] [stderr]    Compiling witchcraft-log v5.0.0
[INFO] [stderr]    Compiling conjure-http v5.10.0
[INFO] [stderr]    Compiling tokio-util v0.7.18
[INFO] [stderr]    Compiling tokio-io-timeout v1.2.1
[INFO] [stderr]    Compiling h2 v0.4.13
[INFO] [stderr]    Compiling rustls-webpki v0.103.9
[INFO] [stderr]    Compiling hyper v1.8.1
[INFO] [stderr]    Compiling hyper-util v0.1.20
[INFO] [stderr]    Compiling rustls-platform-verifier v0.6.2
[INFO] [stderr]    Compiling tokio-rustls v0.26.4
[INFO] [stderr]    Compiling hyper-rustls v0.27.7
[INFO] [stderr]    Compiling conjure-runtime-rustls-platform-verifier v0.2.1 (/opt/rustwide/workdir)
[INFO] [stdout] warning: use of deprecated method `std::sync::atomic::Atomic::<u64>::fetch_update`: renamed to `try_update` for consistency
[INFO] [stdout]   --> src/util/atomic_f64.rs:38:14
[INFO] [stdout]    |
[INFO] [stdout] 38 |             .fetch_update(set_order, fetch_order, |v| {
[INFO] [stdout]    |              ^^^^^^^^^^^^
[INFO] [stdout]    |
[INFO] [stdout]    = note: `#[warn(deprecated)]` on by default
[INFO] [stdout] help: replace the use of the deprecated method
[INFO] [stdout]    |
[INFO] [stdout] 38 -             .fetch_update(set_order, fetch_order, |v| {
[INFO] [stdout] 38 +             .try_update(set_order, fetch_order, |v| {
[INFO] [stdout]    |
[INFO] [stdout] 
[INFO] [stdout] 
[INFO] [stderr]     Finished `release` profile [optimized] target(s) in 1m 51s
[INFO] running `Command { std: "docker" "inspect" "3d71e06be0b0a08ccd82054ffdeacc268730e02223e7ee0a358e4ea4f76c3e18", kill_on_drop: false }`
[INFO] running `Command { std: "docker" "exec" "-e" "SOURCE_DIR=/opt/rustwide/workdir" "-e" "CARGO_HOME=/opt/rustwide/cargo-home" "-e" "RUSTUP_HOME=/opt/rustwide/rustup-home" "-e" "CARGO_TARGET_DIR=/opt/rustwide/target" "-e" "CARGO_INCREMENTAL=0" "-e" "RUST_BACKTRACE=full" "-e" "RUSTFLAGS=--cap-lints=warn" "-e" "RUSTDOCFLAGS=--cap-lints=warn" "-w" "/opt/rustwide/workdir" "--user" "0:0" "3d71e06be0b0a08ccd82054ffdeacc268730e02223e7ee0a358e4ea4f76c3e18" "/opt/rustwide/cargo-home/bin/cargo" "+1.100.0-beta.1" "test" "--frozen" "--no-run" "--message-format=json" "--release", kill_on_drop: false }`
[INFO] [stderr]    Compiling tokio-macros v2.6.1
[INFO] [stderr]    Compiling openssl-sys v0.9.112
[INFO] [stderr]    Compiling proc-macro2 v1.0.106
[INFO] [stderr]    Compiling syn v1.0.109
[INFO] [stderr]    Compiling unicode-ident v1.0.24
[INFO] [stderr]    Compiling quote v1.0.45
[INFO] [stderr]    Compiling pin-project-internal v0.4.30
[INFO] [stderr]    Compiling winnow v0.7.15
[INFO] [stderr]    Compiling anyhow v1.0.102
[INFO] [stderr]    Compiling openssl v0.10.76
[INFO] [stderr]    Compiling prettyplease v0.2.37
[INFO] [stderr]    Compiling toml_datetime v1.0.0+spec-1.1.0
[INFO] [stderr]    Compiling serde_spanned v1.0.4
[INFO] [stderr]    Compiling openssl-macros v0.1.1
[INFO] [stderr]    Compiling thiserror-impl v2.0.18
[INFO] [stderr]    Compiling tokio-openssl v0.6.5
[INFO] [stderr]    Compiling bitflags v2.11.0
[INFO] [stderr]    Compiling toml_writer v1.0.6+spec-1.1.0
[INFO] [stderr]    Compiling heck v0.5.0
[INFO] [stderr]    Compiling unsafe-libyaml v0.2.11
[INFO] [stderr]    Compiling futures-test v0.3.32
[INFO] [stderr]    Compiling tokio v1.50.0
[INFO] [stderr]    Compiling serde_yaml v0.9.34+deprecated
[INFO] [stderr]    Compiling thiserror v2.0.18
[INFO] [stderr]    Compiling syn v2.0.117
[INFO] [stderr]    Compiling toml_parser v1.0.9+spec-1.1.0
[INFO] [stderr]    Compiling toml v1.0.6+spec-1.1.0
[INFO] [stderr]    Compiling pin-project v0.4.30
[INFO] [stderr]    Compiling tower-util v0.3.1
[INFO] [stderr]    Compiling conjure-codegen v5.10.0
[INFO] [stderr]    Compiling tokio-util v0.7.18
[INFO] [stderr]    Compiling tokio-rustls v0.26.4
[INFO] [stderr]    Compiling tokio-io-timeout v1.2.1
[INFO] [stderr]    Compiling tokio-stream v0.1.18
[INFO] [stderr]    Compiling tokio-test v0.4.5
[INFO] [stderr]    Compiling h2 v0.4.13
[INFO] [stderr]    Compiling hyper v1.8.1
[INFO] [stderr]    Compiling hyper-util v0.1.20
[INFO] [stderr]    Compiling hyper-rustls v0.27.7
[INFO] [stderr]    Compiling conjure-runtime-rustls-platform-verifier v0.2.1 (/opt/rustwide/workdir)
[INFO] [stdout] warning: use of deprecated method `std::sync::atomic::Atomic::<u64>::fetch_update`: renamed to `try_update` for consistency
[INFO] [stdout]   --> src/util/atomic_f64.rs:38:14
[INFO] [stdout]    |
[INFO] [stdout] 38 |             .fetch_update(set_order, fetch_order, |v| {
[INFO] [stdout]    |              ^^^^^^^^^^^^
[INFO] [stdout]    |
[INFO] [stdout]    = note: `#[warn(deprecated)]` on by default
[INFO] [stdout] help: replace the use of the deprecated method
[INFO] [stdout]    |
[INFO] [stdout] 38 -             .fetch_update(set_order, fetch_order, |v| {
[INFO] [stdout] 38 +             .try_update(set_order, fetch_order, |v| {
[INFO] [stdout]    |
[INFO] [stdout] 
[INFO] [stdout] 
[INFO] [stdout] warning: use of deprecated method `std::sync::atomic::Atomic::<u64>::fetch_update`: renamed to `try_update` for consistency
[INFO] [stdout]   --> src/util/atomic_f64.rs:38:14
[INFO] [stdout]    |
[INFO] [stdout] 38 |             .fetch_update(set_order, fetch_order, |v| {
[INFO] [stdout]    |              ^^^^^^^^^^^^
[INFO] [stdout]    |
[INFO] [stdout]    = note: `#[warn(deprecated)]` on by default
[INFO] [stdout] help: replace the use of the deprecated method
[INFO] [stdout]    |
[INFO] [stdout] 38 -             .fetch_update(set_order, fetch_order, |v| {
[INFO] [stdout] 38 +             .try_update(set_order, fetch_order, |v| {
[INFO] [stdout]    |
[INFO] [stdout] 
[INFO] [stdout] 
[INFO] [stderr]     Finished `release` profile [optimized] target(s) in 1m 37s
[INFO] running `Command { std: "docker" "inspect" "3d71e06be0b0a08ccd82054ffdeacc268730e02223e7ee0a358e4ea4f76c3e18", kill_on_drop: false }`
[INFO] running `Command { std: "docker" "exec" "-e" "SOURCE_DIR=/opt/rustwide/workdir" "-e" "CARGO_HOME=/opt/rustwide/cargo-home" "-e" "RUSTUP_HOME=/opt/rustwide/rustup-home" "-e" "CARGO_TARGET_DIR=/opt/rustwide/target" "-e" "CARGO_INCREMENTAL=0" "-e" "RUST_BACKTRACE=full" "-e" "RUSTFLAGS=--cap-lints=warn" "-e" "RUSTDOCFLAGS=--cap-lints=warn" "-w" "/opt/rustwide/workdir" "--user" "0:0" "3d71e06be0b0a08ccd82054ffdeacc268730e02223e7ee0a358e4ea4f76c3e18" "/opt/rustwide/cargo-home/bin/cargo" "+1.100.0-beta.1" "test" "--frozen" "--release", kill_on_drop: false }`
[INFO] [stderr] warning: use of deprecated method `std::sync::atomic::Atomic::<u64>::fetch_update`: renamed to `try_update` for consistency
[INFO] [stderr]   --> src/util/atomic_f64.rs:38:14
[INFO] [stderr]    |
[INFO] [stderr] 38 |             .fetch_update(set_order, fetch_order, |v| {
[INFO] [stderr]    |              ^^^^^^^^^^^^
[INFO] [stderr]    |
[INFO] [stderr]    = note: `#[warn(deprecated)]` on by default
[INFO] [stderr] help: replace the use of the deprecated method
[INFO] [stderr]    |
[INFO] [stderr] 38 -             .fetch_update(set_order, fetch_order, |v| {
[INFO] [stderr] 38 +             .try_update(set_order, fetch_order, |v| {
[INFO] [stderr]    |
[INFO] [stderr] 
[INFO] [stderr] warning: `conjure-runtime-rustls-platform-verifier` (lib) generated 1 warning (run `cargo fix --lib -p conjure-runtime-rustls-platform-verifier` to apply 1 suggestion)
[INFO] [stderr] warning: `conjure-runtime-rustls-platform-verifier` (lib test) generated 1 warning (1 duplicate)
[INFO] [stderr]     Finished `release` profile [optimized] target(s) in 0.37s
[INFO] [stderr]      Running unittests src/lib.rs (/opt/rustwide/target/release/build/conjure-runtime-rustls-platform-verifier/035d6db42342f5ea/out/conjure_runtime_rustls_platform_verifier-035d6db42342f5ea)
[INFO] [stdout] 
[INFO] [stdout] running 89 tests
[INFO] [stdout] test service::gzip::hyper::test::uncompressed ... ok
[INFO] [stdout] test service::http_error::test::default_unavailable_handling ... ok
[INFO] [stdout] test service::node::limiter::ciad::test::dropped_reduces_limit ... ok
[INFO] [stdout] test service::http_error::test::propagated_service_handling ... ok
[INFO] [stdout] test service::gzip::hyper::test::compressed ... ok
[INFO] [stdout] test service::http_error::test::success_is_ok ... ok
[INFO] [stdout] test service::node::limiter::ciad::test::acquire_returns_permits_while_limit_not_reached ... ok
[INFO] [stdout] test host_metrics::test::node_gc ... ok
[INFO] [stdout] test service::http_error::test::default_service_handling ... ok
[INFO] [stdout] test service::gzip::hyper::test::custom_accept_encoding ... ok
[INFO] [stdout] test service::node::limiter::ciad::test::success_increases_limit_if_sufficient_requests_are_in_flight ... ok
[INFO] [stdout] test service::node::limiter::deficit_semaphore::test::early_tail_drop ... ok
[INFO] [stdout] test service::node::limiter::deficit_semaphore::test::uncontended_acquire ... ok
[INFO] [stdout] test service::http_error::test::smile_service_handling ... ok
[INFO] [stdout] test service::http_error::test::default_throttle_handling ... ok
[INFO] [stdout] test service::node::limiter::ciad::test::ignore_does_not_change_limits ... ok
[INFO] [stdout] test service::http_error::test::propagated_unavailable_handling ... ok
[INFO] [stdout] test service::node::limiter::deficit_semaphore::test::wakes_chain_on_acquire ... ok
[INFO] [stdout] test service::http_error::test::propagated_throttle_handling ... ok
[INFO] [stdout] test service::node::selector::balanced::test::constant_4xxs_do_eventually_move_the_needle_but_we_go_back_to_fair_distribution ... ok
[INFO] [stdout] test service::node::limiter::deficit_semaphore::test::remove_permits ... ok
[INFO] [stdout] test service::node::limiter::deficit_semaphore::test::single_queued_acquire ... ok
[INFO] [stdout] test service::node::selector::balanced::test::when_both_channels_are_free_we_get_roughly_fair_tiebreaking ... ok
[INFO] [stdout] test service::node::limiter::deficit_semaphore::test::early_head_drop ... ok
[INFO] [stdout] test service::node::limiter::deficit_semaphore::test::acquires_are_ordered ... ok
[INFO] [stdout] test service::node::selector::balanced::test::when_one_channel_is_in_use_prefer_the_other ... ok
[INFO] [stdout] test service::node::selector::balanced::test::a_single_4xx_doesnt_move_the_needle ... ok
[INFO] [stdout] test service::node::limiter::deficit_semaphore::test::add_permits ... ok
[INFO] [stdout] test service::node::selector::pin_until_error::test::fixed_nodes_shuffle_on_construction ... ok
[INFO] [stdout] test service::node::selector::pin_until_error::test::reshuffling_nodes_shuffle_perodically ... ok
[INFO] [stdout] test service::node::uri::test::with_trailing_slash ... ok
[INFO] [stdout] test service::node::uri::test::without_trailing_slash ... ok
[INFO] [stdout] test service::proxy::hyper::connector::test::http_proxied_https ... ok
[INFO] [stdout] test service::node::selector::pin_until_error::test::pin_on_success ... ok
[INFO] [stdout] test service::node::selector::pin_until_error::test::pin_on_4xx ... ok
[INFO] [stdout] test service::retry::test::no_body ... ok
[INFO] [stdout] test service::proxy::hyper::connector::test::http_proxied_https_error ... ok
[INFO] [stdout] test service::node::selector::pin_until_error::test::rotate_on_io_error ... ok
[INFO] [stdout] test service::node::selector::pin_until_error::test::rotate_on_5xx ... ok
[INFO] [stdout] test service::proxy::hyper::connector::test::unproxied ... ok
[INFO] [stdout] test service::retry::test::fixed_size_body ... ok
[INFO] [stdout] test service::proxy::hyper::request::test::http_proxied_http ... ok
[INFO] [stdout] test service::retry::test::streamed_body ... ok
[INFO] [stdout] test service::retry::test::no_retry_after_propagated_unavailable ... ok
[INFO] [stdout] test service::proxy::hyper::request::test::http_proxied_https ... ok
[INFO] [stdout] test service::retry::test::no_reset_unread_body ... ok
[INFO] [stdout] test service::retry::test::retry_after_unavailable ... ok
[INFO] [stdout] test service::retry::test::retry_non_idempotent_for_qos_errors ... ok
[INFO] [stdout] test service::retry::test::retry_after_throttled ... ok
[INFO] [stdout] test service::retry::test::streamed_body_error ... ok
[INFO] [stdout] test service::node::limiter::deficit_semaphore::test::early_middle_drop ... ok
[INFO] [stdout] test service::proxy::hyper::request::test::unproxied ... ok
[INFO] [stdout] test service::timeout::test::read_no_timeout ... ok
[INFO] [stdout] test service::retry::test::no_retry_after_propagated_throttled ... ok
[INFO] [stdout] test service::retry::test::no_retry_non_idempotent ... ok
[INFO] [stdout] test service::retry::test::streamed_body_hangup ... ok
[INFO] [stdout] test service::retry::test::give_up_after_limit ... ok
[INFO] [stdout] test service::retry::test::retry_after_raw_client_error ... ok
[INFO] [stdout] test service::timeout::test::write_no_timeout ... ok
[INFO] [stdout] test service::user_agent::test::basic ... ok
[INFO] [stdout] test service::timeout::test::read_timeout ... ok
[INFO] [stdout] test service::timeout::test::write_timeout ... ok
[INFO] [stdout] test service::trace_propagation::test::no_span ... ok
[INFO] [stdout] test service::trace_propagation::test::with_span ... ok
[INFO] [stdout] test service::proxy::hyper::connector::test::http_proxied_http ... ok
[INFO] [stdout] test test::connect_error_doesnt_reset_body ... FAILED
[INFO] [stdout] test test::blocking_zipkin_propagation ... FAILED
[INFO] [stdout] test test::no_retry_after_404 ... FAILED
[INFO] [stdout] test test::fixed_body_has_content_length ... FAILED
[INFO] [stdout] test test::propagate_429 ... FAILED
[INFO] [stdout] test test::propagate_503 ... FAILED
[INFO] [stdout] test test::empty_body_has_no_transfer_encoding ... FAILED
[INFO] [stdout] test test::body_write_ends_after_error ... FAILED
[INFO] [stdout] test test::read_past_eof ... FAILED
[INFO] [stdout] test user_agent::test::fmt ... ok
[INFO] [stdout] test test::propagate_429_with_retry_after ... FAILED
[INFO] [stdout] test test::retry_after_503 ... FAILED
[INFO] [stdout] test test::service_error_propagation ... FAILED
[INFO] [stdout] test test::dont_propagate_protocol_errors ... FAILED
[INFO] [stdout] test test::gzip_body ... FAILED
[INFO] [stdout] test test::mesh_mode ... FAILED
[INFO] [stdout] test test::streaming_write_error_reporting ... FAILED
[INFO] [stdout] test test::retry_after_overrides ... FAILED
[INFO] [stdout] test test::zipkin_propagation ... FAILED
[INFO] [stdout] test test::dont_bail_when_all_timed_out ... FAILED
[INFO] [stdout] test weak_cache::test::cleanup_after_drop ... ok
[INFO] [stdout] test weak_cache::test::lru_eviction ... ok
[INFO] [stdout] test user_agent::test::version_fallback ... ok
[INFO] [stdout] test service::node::limiter::deficit_semaphore::test::stress_test ... ok
[INFO] [stdout] 
[INFO] [stdout] failures:
[INFO] [stdout] 
[INFO] [stdout] ---- test::connect_error_doesnt_reset_body stdout ----
[INFO] [stdout] 
[INFO] [stdout] thread 'test::connect_error_doesnt_reset_body' (3217) panicked at src/test.rs:324:14:
[INFO] [stdout] called `Result::unwrap()` on an `Err` value: Error(Inner { cause: Os { code: 2, kind: NotFound, message: "No such file or directory" }, cause_safe: true, kind: Service(SerializableError { error_code: Internal, error_name: "Default:Internal", error_instance_id: dbf76d84-b8da-4cba-b035-4a1dfc252365, parameters: {} }), safe_params: {}, unsafe_params: {}, backtraces: [   0: <conjure_error::error::Error>::new
[INFO] [stdout]    1: <conjure_error::error::Error>::service_inner
[INFO] [stdout]    2: <conjure_error::error::Error>::internal_safe::<core::io::error::Error>
[INFO] [stdout]    3: conjure_runtime_rustls_platform_verifier::service::raw::hyper::load_certs_file
[INFO] [stdout]    4: <conjure_runtime_rustls_platform_verifier::service::raw::hyper::RawClient>::new
[INFO] [stdout]    5: <conjure_runtime_rustls_platform_verifier::builder::Builder>::build
[INFO] [stdout]    6: <futures_util::future::maybe_done::MaybeDone<conjure_runtime_rustls_platform_verifier::test::client<conjure_runtime_rustls_platform_verifier::test::connect_error_doesnt_reset_body::{closure#0}::{closure#1}::{closure#0}, conjure_runtime_rustls_platform_verifier::test::connect_error_doesnt_reset_body::{closure#0}::{closure#1}>::{closure#0}> as core::future::future::Future>::poll
[INFO] [stdout]    7: <futures_util::future::poll_fn::PollFn<conjure_runtime_rustls_platform_verifier::test::connect_error_doesnt_reset_body::{closure#0}::{closure#2}> as core::future::future::Future>::poll
[INFO] [stdout]    8: conjure_runtime_rustls_platform_verifier::test::connect_error_doesnt_reset_body::{closure#0}
[INFO] [stdout]    9: <tokio::runtime::scheduler::current_thread::Context>::enter::<core::task::poll::Poll<()>, <tokio::runtime::scheduler::current_thread::CoreGuard>::block_on<core::pin::Pin<&mut core::pin::Pin<&mut dyn core::future::future::Future<Output = ()>>>>::{closure#0}::{closure#0}>
[INFO] [stdout]   10: <tokio::runtime::context::scoped::Scoped<tokio::runtime::scheduler::Context>>::set::<<tokio::runtime::scheduler::current_thread::CoreGuard>::enter<<tokio::runtime::scheduler::current_thread::CoreGuard>::block_on<core::pin::Pin<&mut core::pin::Pin<&mut dyn core::future::future::Future<Output = ()>>>>::{closure#0}, core::option::Option<()>>::{closure#0}, (alloc::boxed::Box<tokio::runtime::scheduler::current_thread::Core>, core::option::Option<()>)>
[INFO] [stdout]   11: <tokio::runtime::scheduler::current_thread::CurrentThread>::block_on::<core::pin::Pin<&mut dyn core::future::future::Future<Output = ()>>>
[INFO] [stdout]   12: <tokio::runtime::runtime::Runtime>::block_on::<core::pin::Pin<&mut dyn core::future::future::Future<Output = ()>>>
[INFO] [stdout]   13: <conjure_runtime_rustls_platform_verifier::test::connect_error_doesnt_reset_body::{closure#0} as core::ops::function::FnOnce<()>>::call_once
[INFO] [stdout]   14: test::__rust_begin_short_backtrace::<core::result::Result<(), alloc::string::String>, fn() -> core::result::Result<(), alloc::string::String>>
[INFO] [stdout]   15: test::run_test::{closure#0}
[INFO] [stdout]   16: std::sys::backtrace::__rust_begin_short_backtrace::<test::run_test::{closure#1}, ()>
[INFO] [stdout]   17: <std::thread::lifecycle::spawn_unchecked<test::run_test::{closure#1}, ()>::{closure#1} as core::ops::function::FnOnce<()>>::call_once::{shim:vtable#0}
[INFO] [stdout]   18: <std::sys::thread::unix::Thread>::new::thread_start
[INFO] [stdout]   19: <unknown>
[INFO] [stdout]   20: clone
[INFO] [stdout] ] })
[INFO] [stdout] stack backtrace:
[INFO] [stdout]    0:     0x58ee06691711 - <<std[617be2ca0a6fd877]::sys::backtrace::BacktraceLock>::print::DisplayBacktrace as core[a373ad73a504971]::fmt::Display>::fmt
[INFO] [stdout]    1:     0x58ee066ab39a - core[a373ad73a504971]::fmt::write
[INFO] [stdout]    2:     0x58ee06696b9c - <alloc[2e1b2a31b91974c5]::vec::Vec<u8> as core[a373ad73a504971]::io::write::Write>::write_fmt
[INFO] [stdout]    3:     0x58ee0666c346 - std[617be2ca0a6fd877]::panicking::default_hook::{closure#0}
[INFO] [stdout]    4:     0x58ee066894f9 - std[617be2ca0a6fd877]::panicking::default_hook
[INFO] [stdout]    5:     0x58ee06347250 - test[aada8e7e76ba119b]::test_main_inner::{closure#0}
[INFO] [stdout]    6:     0x58ee06689822 - std[617be2ca0a6fd877]::panicking::panic_with_hook
[INFO] [stdout]    7:     0x58ee0666c3f2 - std[617be2ca0a6fd877]::panicking::panic_handler::{closure#0}
[INFO] [stdout]    8:     0x58ee066649f9 - std[617be2ca0a6fd877]::sys::backtrace::__rust_end_short_backtrace::<std[617be2ca0a6fd877]::panicking::panic_handler::{closure#0}, !>
[INFO] [stdout]    9:     0x58ee0666d2fd - __rustc[ea4f61d10b84890b]::rust_begin_unwind
[INFO] [stdout]   10:     0x58ee066abb7c - core[a373ad73a504971]::panicking::panic_fmt
[INFO] [stdout]   11:     0x58ee066ab952 - core[a373ad73a504971]::result::unwrap_failed
[INFO] [stdout]   12:     0x58ee0617adaa - <futures_util[3b5fc723a1e7197f]::future::maybe_done::MaybeDone<conjure_runtime_rustls_platform_verifier[41e588263eb0d2d5]::test::client<conjure_runtime_rustls_platform_verifier[41e588263eb0d2d5]::test::connect_error_doesnt_reset_body::{closure#0}::{closure#1}::{closure#0}, conjure_runtime_rustls_platform_verifier[41e588263eb0d2d5]::test::connect_error_doesnt_reset_body::{closure#0}::{closure#1}>::{closure#0}> as core[a373ad73a504971]::future::future::Future>::poll
[INFO] [stdout]   13:     0x58ee062f50aa - <futures_util[3b5fc723a1e7197f]::future::poll_fn::PollFn<conjure_runtime_rustls_platform_verifier[41e588263eb0d2d5]::test::connect_error_doesnt_reset_body::{closure#0}::{closure#2}> as core[a373ad73a504971]::future::future::Future>::poll
[INFO] [stdout]   14:     0x58ee062b26de - conjure_runtime_rustls_platform_verifier[41e588263eb0d2d5]::test::connect_error_doesnt_reset_body::{closure#0}
[INFO] [stdout]   15:     0x58ee062e3503 - <tokio[74a4f375f9bad6aa]::runtime::scheduler::current_thread::Context>::enter::<core[a373ad73a504971]::task::poll::Poll<()>, <tokio[74a4f375f9bad6aa]::runtime::scheduler::current_thread::CoreGuard>::block_on<core[a373ad73a504971]::pin::Pin<&mut core[a373ad73a504971]::pin::Pin<&mut dyn core[a373ad73a504971]::future::future::Future<Output = ()>>>>::{closure#0}::{closure#0}>
[INFO] [stdout]   16:     0x58ee062f7c3c - <tokio[74a4f375f9bad6aa]::runtime::context::scoped::Scoped<tokio[74a4f375f9bad6aa]::runtime::scheduler::Context>>::set::<<tokio[74a4f375f9bad6aa]::runtime::scheduler::current_thread::CoreGuard>::enter<<tokio[74a4f375f9bad6aa]::runtime::scheduler::current_thread::CoreGuard>::block_on<core[a373ad73a504971]::pin::Pin<&mut core[a373ad73a504971]::pin::Pin<&mut dyn core[a373ad73a504971]::future::future::Future<Output = ()>>>>::{closure#0}, core[a373ad73a504971]::option::Option<()>>::{closure#0}, (alloc[2e1b2a31b91974c5]::boxed::Box<tokio[74a4f375f9bad6aa]::runtime::scheduler::current_thread::Core>, core[a373ad73a504971]::option::Option<()>)>
[INFO] [stdout]   17:     0x58ee062e220d - <tokio[74a4f375f9bad6aa]::runtime::scheduler::current_thread::CurrentThread>::block_on::<core[a373ad73a504971]::pin::Pin<&mut dyn core[a373ad73a504971]::future::future::Future<Output = ()>>>
[INFO] [stdout]   18:     0x58ee0618e652 - <tokio[74a4f375f9bad6aa]::runtime::runtime::Runtime>::block_on::<core[a373ad73a504971]::pin::Pin<&mut dyn core[a373ad73a504971]::future::future::Future<Output = ()>>>
[INFO] [stdout]   19:     0x58ee062bde6c - <conjure_runtime_rustls_platform_verifier[41e588263eb0d2d5]::test::connect_error_doesnt_reset_body::{closure#0} as core[a373ad73a504971]::ops::function::FnOnce<()>>::call_once
[INFO] [stdout]   20:     0x58ee0633a69b - test[aada8e7e76ba119b]::__rust_begin_short_backtrace::<core[a373ad73a504971]::result::Result<(), alloc[2e1b2a31b91974c5]::string::String>, fn() -> core[a373ad73a504971]::result::Result<(), alloc[2e1b2a31b91974c5]::string::String>>
[INFO] [stdout]   21:     0x58ee06347875 - test[aada8e7e76ba119b]::run_test::{closure#0}
[INFO] [stdout]   22:     0x58ee06341164 - std[617be2ca0a6fd877]::sys::backtrace::__rust_begin_short_backtrace::<test[aada8e7e76ba119b]::run_test::{closure#1}, ()>
[INFO] [stdout]   23:     0x58ee0634a902 - <std[617be2ca0a6fd877]::thread::lifecycle::spawn_unchecked<test[aada8e7e76ba119b]::run_test::{closure#1}, ()>::{closure#1} as core[a373ad73a504971]::ops::function::FnOnce<()>>::call_once::{shim:vtable#0}
[INFO] [stdout]   24:     0x58ee06690bbf - <std[617be2ca0a6fd877]::sys::thread::unix::Thread>::new::thread_start
[INFO] [stdout]   25:     0x7af6bf615dfa - <unknown>
[INFO] [stdout]   26:     0x7af6bf6a93d4 - clone
[INFO] [stdout]   27:                0x0 - <unknown>
[INFO] [stdout] 
[INFO] [stdout] ---- test::blocking_zipkin_propagation stdout ----
[INFO] [stdout] 
[INFO] [stdout] thread 'test::blocking_zipkin_propagation' (3215) panicked at src/test.rs:119:10:
[INFO] [stdout] called `Result::unwrap()` on an `Err` value: Error(Inner { cause: Os { code: 2, kind: NotFound, message: "No such file or directory" }, cause_safe: true, kind: Service(SerializableError { error_code: Internal, error_name: "Default:Internal", error_instance_id: 775d3c48-cf1f-49c2-acce-0dcf015ca20e, parameters: {} }), safe_params: {}, unsafe_params: {}, backtraces: [   0: <conjure_error::error::Error>::new
[INFO] [stdout]    1: <conjure_error::error::Error>::service_inner
[INFO] [stdout]    2: <conjure_error::error::Error>::internal_safe::<core::io::error::Error>
[INFO] [stdout]    3: conjure_runtime_rustls_platform_verifier::service::raw::hyper::load_certs_file
[INFO] [stdout]    4: <conjure_runtime_rustls_platform_verifier::service::raw::hyper::RawClient>::new
[INFO] [stdout]    5: <conjure_runtime_rustls_platform_verifier::builder::Builder>::build
[INFO] [stdout]    6: <conjure_runtime_rustls_platform_verifier::test::blocking_zipkin_propagation::{closure#0} as core::ops::function::FnOnce<()>>::call_once
[INFO] [stdout]    7: test::__rust_begin_short_backtrace::<core::result::Result<(), alloc::string::String>, fn() -> core::result::Result<(), alloc::string::String>>
[INFO] [stdout]    8: test::run_test::{closure#0}
[INFO] [stdout]    9: std::sys::backtrace::__rust_begin_short_backtrace::<test::run_test::{closure#1}, ()>
[INFO] [stdout]   10: <std::thread::lifecycle::spawn_unchecked<test::run_test::{closure#1}, ()>::{closure#1} as core::ops::function::FnOnce<()>>::call_once::{shim:vtable#0}
[INFO] [stdout]   11: <std::sys::thread::unix::Thread>::new::thread_start
[INFO] [stdout]   12: <unknown>
[INFO] [stdout]   13: clone
[INFO] [stdout] ] })
[INFO] [stdout] stack backtrace:
[INFO] [stdout]    0:     0x58ee06691711 - <<std[617be2ca0a6fd877]::sys::backtrace::BacktraceLock>::print::DisplayBacktrace as core[a373ad73a504971]::fmt::Display>::fmt
[INFO] [stdout]    1:     0x58ee066ab39a - core[a373ad73a504971]::fmt::write
[INFO] [stdout]    2:     0x58ee06696b9c - <alloc[2e1b2a31b91974c5]::vec::Vec<u8> as core[a373ad73a504971]::io::write::Write>::write_fmt
[INFO] [stdout]    3:     0x58ee0666c346 - std[617be2ca0a6fd877]::panicking::default_hook::{closure#0}
[INFO] [stdout]    4:     0x58ee066894f9 - std[617be2ca0a6fd877]::panicking::default_hook
[INFO] [stdout]    5:     0x58ee06347250 - test[aada8e7e76ba119b]::test_main_inner::{closure#0}
[INFO] [stdout]    6:     0x58ee06689822 - std[617be2ca0a6fd877]::panicking::panic_with_hook
[INFO] [stdout]    7:     0x58ee0666c3f2 - std[617be2ca0a6fd877]::panicking::panic_handler::{closure#0}
[INFO] [stdout]    8:     0x58ee066649f9 - std[617be2ca0a6fd877]::sys::backtrace::__rust_end_short_backtrace::<std[617be2ca0a6fd877]::panicking::panic_handler::{closure#0}, !>
[INFO] [stdout]    9:     0x58ee0666d2fd - __rustc[ea4f61d10b84890b]::rust_begin_unwind
[INFO] [stdout]   10:     0x58ee066abb7c - core[a373ad73a504971]::panicking::panic_fmt
[INFO] [stdout]   11:     0x58ee066ab952 - core[a373ad73a504971]::result::unwrap_failed
[INFO] [stdout]   12:     0x58ee062bd233 - <conjure_runtime_rustls_platform_verifier[41e588263eb0d2d5]::test::blocking_zipkin_propagation::{closure#0} as core[a373ad73a504971]::ops::function::FnOnce<()>>::call_once
[INFO] [stdout]   13:     0x58ee0633a69b - test[aada8e7e76ba119b]::__rust_begin_short_backtrace::<core[a373ad73a504971]::result::Result<(), alloc[2e1b2a31b91974c5]::string::String>, fn() -> core[a373ad73a504971]::result::Result<(), alloc[2e1b2a31b91974c5]::string::String>>
[INFO] [stdout]   14:     0x58ee06347875 - test[aada8e7e76ba119b]::run_test::{closure#0}
[INFO] [stdout]   15:     0x58ee06341164 - std[617be2ca0a6fd877]::sys::backtrace::__rust_begin_short_backtrace::<test[aada8e7e76ba119b]::run_test::{closure#1}, ()>
[INFO] [stdout]   16:     0x58ee0634a902 - <std[617be2ca0a6fd877]::thread::lifecycle::spawn_unchecked<test[aada8e7e76ba119b]::run_test::{closure#1}, ()>::{closure#1} as core[a373ad73a504971]::ops::function::FnOnce<()>>::call_once::{shim:vtable#0}
[INFO] [stdout]   17:     0x58ee06690bbf - <std[617be2ca0a6fd877]::sys::thread::unix::Thread>::new::thread_start
[INFO] [stdout]   18:     0x7af6bf615dfa - <unknown>
[INFO] [stdout]   19:     0x7af6bf6a93d4 - clone
[INFO] [stdout]   20:                0x0 - <unknown>
[INFO] [stdout] 
[INFO] [stdout] ---- test::no_retry_after_404 stdout ----
[INFO] [stdout] 
[INFO] [stdout] thread 'test::no_retry_after_404' (3224) panicked at src/test.rs:77:10:
[INFO] [stdout] called `Result::unwrap()` on an `Err` value: ErrorStack([Error { code: 2147483650, library: "system library", function: "file_ctrl", file: "../crypto/bio/bss_file.c", line: 288, data: "calling fopen(/opt/rustwide/workdir/../test/key.pem, r)" }, Error { code: 268959746, library: "BIO routines", function: "file_ctrl", reason: "system lib", file: "../crypto/bio/bss_file.c", line: 291 }, Error { code: 168296450, library: "SSL routines", function: "SSL_CTX_use_PrivateKey_file", reason: "system lib", file: "../ssl/ssl_rsa.c", line: 411 }])
[INFO] [stdout] stack backtrace:
[INFO] [stdout]    0:     0x58ee06691711 - <<std[617be2ca0a6fd877]::sys::backtrace::BacktraceLock>::print::DisplayBacktrace as core[a373ad73a504971]::fmt::Display>::fmt
[INFO] [stdout]    1:     0x58ee066ab39a - core[a373ad73a504971]::fmt::write
[INFO] [stdout]    2:     0x58ee06696b9c - <alloc[2e1b2a31b91974c5]::vec::Vec<u8> as core[a373ad73a504971]::io::write::Write>::write_fmt
[INFO] [stdout]    3:     0x58ee0666c346 - std[617be2ca0a6fd877]::panicking::default_hook::{closure#0}
[INFO] [stdout]    4:     0x58ee066894f9 - std[617be2ca0a6fd877]::panicking::default_hook
[INFO] [stdout]    5:     0x58ee06347250 - test[aada8e7e76ba119b]::test_main_inner::{closure#0}
[INFO] [stdout]    6:     0x58ee06689822 - std[617be2ca0a6fd877]::panicking::panic_with_hook
[INFO] [stdout]    7:     0x58ee0666c3f2 - std[617be2ca0a6fd877]::panicking::panic_handler::{closure#0}
[INFO] [stdout]    8:     0x58ee066649f9 - std[617be2ca0a6fd877]::sys::backtrace::__rust_end_short_backtrace::<std[617be2ca0a6fd877]::panicking::panic_handler::{closure#0}, !>
[INFO] [stdout]    9:     0x58ee0666d2fd - __rustc[ea4f61d10b84890b]::rust_begin_unwind
[INFO] [stdout]   10:     0x58ee066abb7c - core[a373ad73a504971]::panicking::panic_fmt
[INFO] [stdout]   11:     0x58ee066ab952 - core[a373ad73a504971]::result::unwrap_failed
[INFO] [stdout]   12:     0x58ee062b700b - conjure_runtime_rustls_platform_verifier[41e588263eb0d2d5]::test::ssl_acceptor
[INFO] [stdout]   13:     0x58ee0617f0e1 - <futures_util[3b5fc723a1e7197f]::future::maybe_done::MaybeDone<conjure_runtime_rustls_platform_verifier[41e588263eb0d2d5]::test::server<conjure_runtime_rustls_platform_verifier[41e588263eb0d2d5]::test::no_retry_after_404::{closure#0}::{closure#0}::{closure#0}, conjure_runtime_rustls_platform_verifier[41e588263eb0d2d5]::test::no_retry_after_404::{closure#0}::{closure#0}>::{closure#0}> as core[a373ad73a504971]::future::future::Future>::poll
[INFO] [stdout]   14:     0x58ee062f413d - <futures_util[3b5fc723a1e7197f]::future::poll_fn::PollFn<conjure_runtime_rustls_platform_verifier[41e588263eb0d2d5]::test::test<conjure_runtime_rustls_platform_verifier[41e588263eb0d2d5]::test::no_retry_after_404::{closure#0}::{closure#0}::{closure#0}, conjure_runtime_rustls_platform_verifier[41e588263eb0d2d5]::test::no_retry_after_404::{closure#0}::{closure#1}::{closure#0}, conjure_runtime_rustls_platform_verifier[41e588263eb0d2d5]::test::no_retry_after_404::{closure#0}::{closure#0}, conjure_runtime_rustls_platform_verifier[41e588263eb0d2d5]::test::no_retry_after_404::{closure#0}::{closure#1}>::{closure#0}::{closure#0}> as core[a373ad73a504971]::future::future::Future>::poll
[INFO] [stdout]   15:     0x58ee062b03c3 - conjure_runtime_rustls_platform_verifier[41e588263eb0d2d5]::test::no_retry_after_404::{closure#0}
[INFO] [stdout]   16:     0x58ee062e3503 - <tokio[74a4f375f9bad6aa]::runtime::scheduler::current_thread::Context>::enter::<core[a373ad73a504971]::task::poll::Poll<()>, <tokio[74a4f375f9bad6aa]::runtime::scheduler::current_thread::CoreGuard>::block_on<core[a373ad73a504971]::pin::Pin<&mut core[a373ad73a504971]::pin::Pin<&mut dyn core[a373ad73a504971]::future::future::Future<Output = ()>>>>::{closure#0}::{closure#0}>
[INFO] [stdout]   17:     0x58ee062f7c3c - <tokio[74a4f375f9bad6aa]::runtime::context::scoped::Scoped<tokio[74a4f375f9bad6aa]::runtime::scheduler::Context>>::set::<<tokio[74a4f375f9bad6aa]::runtime::scheduler::current_thread::CoreGuard>::enter<<tokio[74a4f375f9bad6aa]::runtime::scheduler::current_thread::CoreGuard>::block_on<core[a373ad73a504971]::pin::Pin<&mut core[a373ad73a504971]::pin::Pin<&mut dyn core[a373ad73a504971]::future::future::Future<Output = ()>>>>::{closure#0}, core[a373ad73a504971]::option::Option<()>>::{closure#0}, (alloc[2e1b2a31b91974c5]::boxed::Box<tokio[74a4f375f9bad6aa]::runtime::scheduler::current_thread::Core>, core[a373ad73a504971]::option::Option<()>)>
[INFO] [stdout]   18:     0x58ee062e220d - <tokio[74a4f375f9bad6aa]::runtime::scheduler::current_thread::CurrentThread>::block_on::<core[a373ad73a504971]::pin::Pin<&mut dyn core[a373ad73a504971]::future::future::Future<Output = ()>>>
[INFO] [stdout]   19:     0x58ee0618e652 - <tokio[74a4f375f9bad6aa]::runtime::runtime::Runtime>::block_on::<core[a373ad73a504971]::pin::Pin<&mut dyn core[a373ad73a504971]::future::future::Future<Output = ()>>>
[INFO] [stdout]   20:     0x58ee062bba5c - <conjure_runtime_rustls_platform_verifier[41e588263eb0d2d5]::test::no_retry_after_404::{closure#0} as core[a373ad73a504971]::ops::function::FnOnce<()>>::call_once
[INFO] [stdout]   21:     0x58ee0633a69b - test[aada8e7e76ba119b]::__rust_begin_short_backtrace::<core[a373ad73a504971]::result::Result<(), alloc[2e1b2a31b91974c5]::string::String>, fn() -> core[a373ad73a504971]::result::Result<(), alloc[2e1b2a31b91974c5]::string::String>>
[INFO] [stdout]   22:     0x58ee06347875 - test[aada8e7e76ba119b]::run_test::{closure#0}
[INFO] [stdout]   23:     0x58ee06341164 - std[617be2ca0a6fd877]::sys::backtrace::__rust_begin_short_backtrace::<test[aada8e7e76ba119b]::run_test::{closure#1}, ()>
[INFO] [stdout]   24:     0x58ee0634a902 - <std[617be2ca0a6fd877]::thread::lifecycle::spawn_unchecked<test[aada8e7e76ba119b]::run_test::{closure#1}, ()>::{closure#1} as core[a373ad73a504971]::ops::function::FnOnce<()>>::call_once::{shim:vtable#0}
[INFO] [stdout]   25:     0x58ee06690bbf - <std[617be2ca0a6fd877]::sys::thread::unix::Thread>::new::thread_start
[INFO] [stdout]   26:     0x7af6bf615dfa - <unknown>
[INFO] [stdout]   27:     0x7af6bf6a93d4 - clone
[INFO] [stdout]   28:                0x0 - <unknown>
[INFO] [stdout] 
[INFO] [stdout] ---- test::fixed_body_has_content_length stdout ----
[INFO] [stdout] 
[INFO] [stdout] thread 'test::fixed_body_has_content_length' (3221) panicked at src/test.rs:77:10:
[INFO] [stdout] called `Result::unwrap()` on an `Err` value: ErrorStack([Error { code: 2147483650, library: "system library", function: "file_ctrl", file: "../crypto/bio/bss_file.c", line: 288, data: "calling fopen(/opt/rustwide/workdir/../test/key.pem, r)" }, Error { code: 268959746, library: "BIO routines", function: "file_ctrl", reason: "system lib", file: "../crypto/bio/bss_file.c", line: 291 }, Error { code: 168296450, library: "SSL routines", function: "SSL_CTX_use_PrivateKey_file", reason: "system lib", file: "../ssl/ssl_rsa.c", line: 411 }])
[INFO] [stdout] stack backtrace:
[INFO] [stdout]    0:     0x58ee06691711 - <<std[617be2ca0a6fd877]::sys::backtrace::BacktraceLock>::print::DisplayBacktrace as core[a373ad73a504971]::fmt::Display>::fmt
[INFO] [stdout]    1:     0x58ee066ab39a - core[a373ad73a504971]::fmt::write
[INFO] [stdout]    2:     0x58ee06696b9c - <alloc[2e1b2a31b91974c5]::vec::Vec<u8> as core[a373ad73a504971]::io::write::Write>::write_fmt
[INFO] [stdout]    3:     0x58ee0666c346 - std[617be2ca0a6fd877]::panicking::default_hook::{closure#0}
[INFO] [stdout]    4:     0x58ee066894f9 - std[617be2ca0a6fd877]::panicking::default_hook
[INFO] [stdout]    5:     0x58ee06347250 - test[aada8e7e76ba119b]::test_main_inner::{closure#0}
[INFO] [stdout]    6:     0x58ee06689822 - std[617be2ca0a6fd877]::panicking::panic_with_hook
[INFO] [stdout]    7:     0x58ee0666c3f2 - std[617be2ca0a6fd877]::panicking::panic_handler::{closure#0}
[INFO] [stdout]    8:     0x58ee066649f9 - std[617be2ca0a6fd877]::sys::backtrace::__rust_end_short_backtrace::<std[617be2ca0a6fd877]::panicking::panic_handler::{closure#0}, !>
[INFO] [stdout]    9:     0x58ee0666d2fd - __rustc[ea4f61d10b84890b]::rust_begin_unwind
[INFO] [stdout]   10:     0x58ee066abb7c - core[a373ad73a504971]::panicking::panic_fmt
[INFO] [stdout]   11:     0x58ee066ab952 - core[a373ad73a504971]::result::unwrap_failed
[INFO] [stdout]   12:     0x58ee062b700b - conjure_runtime_rustls_platform_verifier[41e588263eb0d2d5]::test::ssl_acceptor
[INFO] [stdout]   13:     0x58ee06181b01 - <futures_util[3b5fc723a1e7197f]::future::maybe_done::MaybeDone<conjure_runtime_rustls_platform_verifier[41e588263eb0d2d5]::test::server<conjure_runtime_rustls_platform_verifier[41e588263eb0d2d5]::test::fixed_body_has_content_length::{closure#0}::{closure#0}::{closure#0}, conjure_runtime_rustls_platform_verifier[41e588263eb0d2d5]::test::fixed_body_has_content_length::{closure#0}::{closure#0}>::{closure#0}> as core[a373ad73a504971]::future::future::Future>::poll
[INFO] [stdout]   14:     0x58ee062f484d - <futures_util[3b5fc723a1e7197f]::future::poll_fn::PollFn<conjure_runtime_rustls_platform_verifier[41e588263eb0d2d5]::test::test<conjure_runtime_rustls_platform_verifier[41e588263eb0d2d5]::test::fixed_body_has_content_length::{closure#0}::{closure#0}::{closure#0}, conjure_runtime_rustls_platform_verifier[41e588263eb0d2d5]::test::fixed_body_has_content_length::{closure#0}::{closure#1}::{closure#0}, conjure_runtime_rustls_platform_verifier[41e588263eb0d2d5]::test::fixed_body_has_content_length::{closure#0}::{closure#0}, conjure_runtime_rustls_platform_verifier[41e588263eb0d2d5]::test::fixed_body_has_content_length::{closure#0}::{closure#1}>::{closure#0}::{closure#0}> as core[a373ad73a504971]::future::future::Future>::poll
[INFO] [stdout]   15:     0x58ee062b1b63 - conjure_runtime_rustls_platform_verifier[41e588263eb0d2d5]::test::fixed_body_has_content_length::{closure#0}
[INFO] [stdout]   16:     0x58ee062e3503 - <tokio[74a4f375f9bad6aa]::runtime::scheduler::current_thread::Context>::enter::<core[a373ad73a504971]::task::poll::Poll<()>, <tokio[74a4f375f9bad6aa]::runtime::scheduler::current_thread::CoreGuard>::block_on<core[a373ad73a504971]::pin::Pin<&mut core[a373ad73a504971]::pin::Pin<&mut dyn core[a373ad73a504971]::future::future::Future<Output = ()>>>>::{closure#0}::{closure#0}>
[INFO] [stdout]   17:     0x58ee062f7c3c - <tokio[74a4f375f9bad6aa]::runtime::context::scoped::Scoped<tokio[74a4f375f9bad6aa]::runtime::scheduler::Context>>::set::<<tokio[74a4f375f9bad6aa]::runtime::scheduler::current_thread::CoreGuard>::enter<<tokio[74a4f375f9bad6aa]::runtime::scheduler::current_thread::CoreGuard>::block_on<core[a373ad73a504971]::pin::Pin<&mut core[a373ad73a504971]::pin::Pin<&mut dyn core[a373ad73a504971]::future::future::Future<Output = ()>>>>::{closure#0}, core[a373ad73a504971]::option::Option<()>>::{closure#0}, (alloc[2e1b2a31b91974c5]::boxed::Box<tokio[74a4f375f9bad6aa]::runtime::scheduler::current_thread::Core>, core[a373ad73a504971]::option::Option<()>)>
[INFO] [stdout]   18:     0x58ee062e220d - <tokio[74a4f375f9bad6aa]::runtime::scheduler::current_thread::CurrentThread>::block_on::<core[a373ad73a504971]::pin::Pin<&mut dyn core[a373ad73a504971]::future::future::Future<Output = ()>>>
[INFO] [stdout]   19:     0x58ee0618e652 - <tokio[74a4f375f9bad6aa]::runtime::runtime::Runtime>::block_on::<core[a373ad73a504971]::pin::Pin<&mut dyn core[a373ad73a504971]::future::future::Future<Output = ()>>>
[INFO] [stdout]   20:     0x58ee062bd9bc - <conjure_runtime_rustls_platform_verifier[41e588263eb0d2d5]::test::fixed_body_has_content_length::{closure#0} as core[a373ad73a504971]::ops::function::FnOnce<()>>::call_once
[INFO] [stdout]   21:     0x58ee0633a69b - test[aada8e7e76ba119b]::__rust_begin_short_backtrace::<core[a373ad73a504971]::result::Result<(), alloc[2e1b2a31b91974c5]::string::String>, fn() -> core[a373ad73a504971]::result::Result<(), alloc[2e1b2a31b91974c5]::string::String>>
[INFO] [stdout]   22:     0x58ee06347875 - test[aada8e7e76ba119b]::run_test::{closure#0}
[INFO] [stdout]   23:     0x58ee06341164 - std[617be2ca0a6fd877]::sys::backtrace::__rust_begin_short_backtrace::<test[aada8e7e76ba119b]::run_test::{closure#1}, ()>
[INFO] [stdout]   24:     0x58ee0634a902 - <std[617be2ca0a6fd877]::thread::lifecycle::spawn_unchecked<test[aada8e7e76ba119b]::run_test::{closure#1}, ()>::{closure#1} as core[a373ad73a504971]::ops::function::FnOnce<()>>::call_once::{shim:vtable#0}
[INFO] [stdout]   25:     0x58ee06690bbf - <std[617be2ca0a6fd877]::sys::thread::unix::Thread>::new::thread_start
[INFO] [stdout]   26:     0x7af6bf615dfa - <unknown>
[INFO] [stdout]   27:     0x7af6bf6a93d4 - clone
[INFO] [stdout]   28:                0x0 - <unknown>
[INFO] [stdout] 
[INFO] [stdout] ---- test::propagate_429 stdout ----
[INFO] [stdout] 
[INFO] [stdout] thread 'test::propagate_429' (3225) panicked at src/test.rs:77:10:
[INFO] [stdout] called `Result::unwrap()` on an `Err` value: ErrorStack([Error { code: 2147483650, library: "system library", function: "file_ctrl", file: "../crypto/bio/bss_file.c", line: 288, data: "calling fopen(/opt/rustwide/workdir/../test/key.pem, r)" }, Error { code: 268959746, library: "BIO routines", function: "file_ctrl", reason: "system lib", file: "../crypto/bio/bss_file.c", line: 291 }, Error { code: 168296450, library: "SSL routines", function: "SSL_CTX_use_PrivateKey_file", reason: "system lib", file: "../ssl/ssl_rsa.c", line: 411 }])
[INFO] [stdout] stack backtrace:
[INFO] [stdout]    0:     0x58ee06691711 - <<std[617be2ca0a6fd877]::sys::backtrace::BacktraceLock>::print::DisplayBacktrace as core[a373ad73a504971]::fmt::Display>::fmt
[INFO] [stdout]    1:     0x58ee066ab39a - core[a373ad73a504971]::fmt::write
[INFO] [stdout]    2:     0x58ee06696b9c - <alloc[2e1b2a31b91974c5]::vec::Vec<u8> as core[a373ad73a504971]::io::write::Write>::write_fmt
[INFO] [stdout]    3:     0x58ee0666c346 - std[617be2ca0a6fd877]::panicking::default_hook::{closure#0}
[INFO] [stdout]    4:     0x58ee066894f9 - std[617be2ca0a6fd877]::panicking::default_hook
[INFO] [stdout]    5:     0x58ee06347250 - test[aada8e7e76ba119b]::test_main_inner::{closure#0}
[INFO] [stdout]    6:     0x58ee06689822 - std[617be2ca0a6fd877]::panicking::panic_with_hook
[INFO] [stdout]    7:     0x58ee0666c3f2 - std[617be2ca0a6fd877]::panicking::panic_handler::{closure#0}
[INFO] [stdout]    8:     0x58ee066649f9 - std[617be2ca0a6fd877]::sys::backtrace::__rust_end_short_backtrace::<std[617be2ca0a6fd877]::panicking::panic_handler::{closure#0}, !>
[INFO] [stdout]    9:     0x58ee0666d2fd - __rustc[ea4f61d10b84890b]::rust_begin_unwind
[INFO] [stdout]   10:     0x58ee066abb7c - core[a373ad73a504971]::panicking::panic_fmt
[INFO] [stdout]   11:     0x58ee066ab952 - core[a373ad73a504971]::result::unwrap_failed
[INFO] [stdout]   12:     0x58ee062b700b - conjure_runtime_rustls_platform_verifier[41e588263eb0d2d5]::test::ssl_acceptor
[INFO] [stdout]   13:     0x58ee0617d4d1 - <futures_util[3b5fc723a1e7197f]::future::maybe_done::MaybeDone<conjure_runtime_rustls_platform_verifier[41e588263eb0d2d5]::test::server<conjure_runtime_rustls_platform_verifier[41e588263eb0d2d5]::test::propagate_429::{closure#0}::{closure#0}::{closure#0}, conjure_runtime_rustls_platform_verifier[41e588263eb0d2d5]::test::propagate_429::{closure#0}::{closure#0}>::{closure#0}> as core[a373ad73a504971]::future::future::Future>::poll
[INFO] [stdout]   14:     0x58ee062f3c8d - <futures_util[3b5fc723a1e7197f]::future::poll_fn::PollFn<conjure_runtime_rustls_platform_verifier[41e588263eb0d2d5]::test::test<conjure_runtime_rustls_platform_verifier[41e588263eb0d2d5]::test::propagate_429::{closure#0}::{closure#0}::{closure#0}, conjure_runtime_rustls_platform_verifier[41e588263eb0d2d5]::test::propagate_429::{closure#0}::{closure#1}::{closure#0}, conjure_runtime_rustls_platform_verifier[41e588263eb0d2d5]::test::propagate_429::{closure#0}::{closure#0}, conjure_runtime_rustls_platform_verifier[41e588263eb0d2d5]::test::propagate_429::{closure#0}::{closure#1}>::{closure#0}::{closure#0}> as core[a373ad73a504971]::future::future::Future>::poll
[INFO] [stdout]   15:     0x58ee062af433 - conjure_runtime_rustls_platform_verifier[41e588263eb0d2d5]::test::propagate_429::{closure#0}
[INFO] [stdout]   16:     0x58ee062e3503 - <tokio[74a4f375f9bad6aa]::runtime::scheduler::current_thread::Context>::enter::<core[a373ad73a504971]::task::poll::Poll<()>, <tokio[74a4f375f9bad6aa]::runtime::scheduler::current_thread::CoreGuard>::block_on<core[a373ad73a504971]::pin::Pin<&mut core[a373ad73a504971]::pin::Pin<&mut dyn core[a373ad73a504971]::future::future::Future<Output = ()>>>>::{closure#0}::{closure#0}>
[INFO] [stdout]   17:     0x58ee062f7c3c - <tokio[74a4f375f9bad6aa]::runtime::context::scoped::Scoped<tokio[74a4f375f9bad6aa]::runtime::scheduler::Context>>::set::<<tokio[74a4f375f9bad6aa]::runtime::scheduler::current_thread::CoreGuard>::enter<<tokio[74a4f375f9bad6aa]::runtime::scheduler::current_thread::CoreGuard>::block_on<core[a373ad73a504971]::pin::Pin<&mut core[a373ad73a504971]::pin::Pin<&mut dyn core[a373ad73a504971]::future::future::Future<Output = ()>>>>::{closure#0}, core[a373ad73a504971]::option::Option<()>>::{closure#0}, (alloc[2e1b2a31b91974c5]::boxed::Box<tokio[74a4f375f9bad6aa]::runtime::scheduler::current_thread::Core>, core[a373ad73a504971]::option::Option<()>)>
[INFO] [stdout]   18:     0x58ee062e220d - <tokio[74a4f375f9bad6aa]::runtime::scheduler::current_thread::CurrentThread>::block_on::<core[a373ad73a504971]::pin::Pin<&mut dyn core[a373ad73a504971]::future::future::Future<Output = ()>>>
[INFO] [stdout]   19:     0x58ee0618e652 - <tokio[74a4f375f9bad6aa]::runtime::runtime::Runtime>::block_on::<core[a373ad73a504971]::pin::Pin<&mut dyn core[a373ad73a504971]::future::future::Future<Output = ()>>>
[INFO] [stdout]   20:     0x58ee062bb41c - <conjure_runtime_rustls_platform_verifier[41e588263eb0d2d5]::test::propagate_429::{closure#0} as core[a373ad73a504971]::ops::function::FnOnce<()>>::call_once
[INFO] [stdout]   21:     0x58ee0633a69b - test[aada8e7e76ba119b]::__rust_begin_short_backtrace::<core[a373ad73a504971]::result::Result<(), alloc[2e1b2a31b91974c5]::string::String>, fn() -> core[a373ad73a504971]::result::Result<(), alloc[2e1b2a31b91974c5]::string::String>>
[INFO] [stdout]   22:     0x58ee06347875 - test[aada8e7e76ba119b]::run_test::{closure#0}
[INFO] [stdout]   23:     0x58ee06341164 - std[617be2ca0a6fd877]::sys::backtrace::__rust_begin_short_backtrace::<test[aada8e7e76ba119b]::run_test::{closure#1}, ()>
[INFO] [stdout]   24:     0x58ee0634a902 - <std[617be2ca0a6fd877]::thread::lifecycle::spawn_unchecked<test[aada8e7e76ba119b]::run_test::{closure#1}, ()>::{closure#1} as core[a373ad73a504971]::ops::function::FnOnce<()>>::call_once::{shim:vtable#0}
[INFO] [stdout]   25:     0x58ee06690bbf - <std[617be2ca0a6fd877]::sys::thread::unix::Thread>::new::thread_start
[INFO] [stdout]   26:     0x7af6bf615dfa - <unknown>
[INFO] [stdout]   27:     0x7af6bf6a93d4 - clone
[INFO] [stdout]   28:                0x0 - <unknown>
[INFO] [stdout] 
[INFO] [stdout] ---- test::propagate_503 stdout ----
[INFO] [stdout] 
[INFO] [stdout] thread 'test::propagate_503' (3227) panicked at src/test.rs:77:10:
[INFO] [stdout] called `Result::unwrap()` on an `Err` value: ErrorStack([Error { code: 2147483650, library: "system library", function: "file_ctrl", file: "../crypto/bio/bss_file.c", line: 288, data: "calling fopen(/opt/rustwide/workdir/../test/key.pem, r)" }, Error { code: 268959746, library: "BIO routines", function: "file_ctrl", reason: "system lib", file: "../crypto/bio/bss_file.c", line: 291 }, Error { code: 168296450, library: "SSL routines", function: "SSL_CTX_use_PrivateKey_file", reason: "system lib", file: "../ssl/ssl_rsa.c", line: 411 }])
[INFO] [stdout] stack backtrace:
[INFO] [stdout]    0:     0x58ee06691711 - <<std[617be2ca0a6fd877]::sys::backtrace::BacktraceLock>::print::DisplayBacktrace as core[a373ad73a504971]::fmt::Display>::fmt
[INFO] [stdout]    1:     0x58ee066ab39a - core[a373ad73a504971]::fmt::write
[INFO] [stdout]    2:     0x58ee06696b9c - <alloc[2e1b2a31b91974c5]::vec::Vec<u8> as core[a373ad73a504971]::io::write::Write>::write_fmt
[INFO] [stdout]    3:     0x58ee0666c346 - std[617be2ca0a6fd877]::panicking::default_hook::{closure#0}
[INFO] [stdout]    4:     0x58ee066894f9 - std[617be2ca0a6fd877]::panicking::default_hook
[INFO] [stdout]    5:     0x58ee06347250 - test[aada8e7e76ba119b]::test_main_inner::{closure#0}
[INFO] [stdout]    6:     0x58ee06689822 - std[617be2ca0a6fd877]::panicking::panic_with_hook
[INFO] [stdout]    7:     0x58ee0666c3f2 - std[617be2ca0a6fd877]::panicking::panic_handler::{closure#0}
[INFO] [stdout]    8:     0x58ee066649f9 - std[617be2ca0a6fd877]::sys::backtrace::__rust_end_short_backtrace::<std[617be2ca0a6fd877]::panicking::panic_handler::{closure#0}, !>
[INFO] [stdout]    9:     0x58ee0666d2fd - __rustc[ea4f61d10b84890b]::rust_begin_unwind
[INFO] [stdout]   10:     0x58ee066abb7c - core[a373ad73a504971]::panicking::panic_fmt
[INFO] [stdout]   11:     0x58ee066ab952 - core[a373ad73a504971]::result::unwrap_failed
[INFO] [stdout]   12:     0x58ee062b700b - conjure_runtime_rustls_platform_verifier[41e588263eb0d2d5]::test::ssl_acceptor
[INFO] [stdout]   13:     0x58ee0617dbd1 - <futures_util[3b5fc723a1e7197f]::future::maybe_done::MaybeDone<conjure_runtime_rustls_platform_verifier[41e588263eb0d2d5]::test::server<conjure_runtime_rustls_platform_verifier[41e588263eb0d2d5]::test::propagate_503::{closure#0}::{closure#0}::{closure#0}, conjure_runtime_rustls_platform_verifier[41e588263eb0d2d5]::test::propagate_503::{closure#0}::{closure#0}>::{closure#0}> as core[a373ad73a504971]::future::future::Future>::poll
[INFO] [stdout]   14:     0x58ee062f3dbd - <futures_util[3b5fc723a1e7197f]::future::poll_fn::PollFn<conjure_runtime_rustls_platform_verifier[41e588263eb0d2d5]::test::test<conjure_runtime_rustls_platform_verifier[41e588263eb0d2d5]::test::propagate_503::{closure#0}::{closure#0}::{closure#0}, conjure_runtime_rustls_platform_verifier[41e588263eb0d2d5]::test::propagate_503::{closure#0}::{closure#1}::{closure#0}, conjure_runtime_rustls_platform_verifier[41e588263eb0d2d5]::test::propagate_503::{closure#0}::{closure#0}, conjure_runtime_rustls_platform_verifier[41e588263eb0d2d5]::test::propagate_503::{closure#0}::{closure#1}>::{closure#0}::{closure#0}> as core[a373ad73a504971]::future::future::Future>::poll
[INFO] [stdout]   15:     0x58ee062af813 - conjure_runtime_rustls_platform_verifier[41e588263eb0d2d5]::test::propagate_503::{closure#0}
[INFO] [stdout]   16:     0x58ee062e3503 - <tokio[74a4f375f9bad6aa]::runtime::scheduler::current_thread::Context>::enter::<core[a373ad73a504971]::task::poll::Poll<()>, <tokio[74a4f375f9bad6aa]::runtime::scheduler::current_thread::CoreGuard>::block_on<core[a373ad73a504971]::pin::Pin<&mut core[a373ad73a504971]::pin::Pin<&mut dyn core[a373ad73a504971]::future::future::Future<Output = ()>>>>::{closure#0}::{closure#0}>
[INFO] [stdout]   17:     0x58ee062f7c3c - <tokio[74a4f375f9bad6aa]::runtime::context::scoped::Scoped<tokio[74a4f375f9bad6aa]::runtime::scheduler::Context>>::set::<<tokio[74a4f375f9bad6aa]::runtime::scheduler::current_thread::CoreGuard>::enter<<tokio[74a4f375f9bad6aa]::runtime::scheduler::current_thread::CoreGuard>::block_on<core[a373ad73a504971]::pin::Pin<&mut core[a373ad73a504971]::pin::Pin<&mut dyn core[a373ad73a504971]::future::future::Future<Output = ()>>>>::{closure#0}, core[a373ad73a504971]::option::Option<()>>::{closure#0}, (alloc[2e1b2a31b91974c5]::boxed::Box<tokio[74a4f375f9bad6aa]::runtime::scheduler::current_thread::Core>, core[a373ad73a504971]::option::Option<()>)>
[INFO] [stdout]   18:     0x58ee062e220d - <tokio[74a4f375f9bad6aa]::runtime::scheduler::current_thread::CurrentThread>::block_on::<core[a373ad73a504971]::pin::Pin<&mut dyn core[a373ad73a504971]::future::future::Future<Output = ()>>>
[INFO] [stdout]   19:     0x58ee0618e652 - <tokio[74a4f375f9bad6aa]::runtime::runtime::Runtime>::block_on::<core[a373ad73a504971]::pin::Pin<&mut dyn core[a373ad73a504971]::future::future::Future<Output = ()>>>
[INFO] [stdout]   20:     0x58ee062bb5ac - <conjure_runtime_rustls_platform_verifier[41e588263eb0d2d5]::test::propagate_503::{closure#0} as core[a373ad73a504971]::ops::function::FnOnce<()>>::call_once
[INFO] [stdout]   21:     0x58ee0633a69b - test[aada8e7e76ba119b]::__rust_begin_short_backtrace::<core[a373ad73a504971]::result::Result<(), alloc[2e1b2a31b91974c5]::string::String>, fn() -> core[a373ad73a504971]::result::Result<(), alloc[2e1b2a31b91974c5]::string::String>>
[INFO] [stdout]   22:     0x58ee06347875 - test[aada8e7e76ba119b]::run_test::{closure#0}
[INFO] [stdout]   23:     0x58ee06341164 - std[617be2ca0a6fd877]::sys::backtrace::__rust_begin_short_backtrace::<test[aada8e7e76ba119b]::run_test::{closure#1}, ()>
[INFO] [stdout]   24:     0x58ee0634a902 - <std[617be2ca0a6fd877]::thread::lifecycle::spawn_unchecked<test[aada8e7e76ba119b]::run_test::{closure#1}, ()>::{closure#1} as core[a373ad73a504971]::ops::function::FnOnce<()>>::call_once::{shim:vtable#0}
[INFO] [stdout]   25:     0x58ee06690bbf - <std[617be2ca0a6fd877]::sys::thread::unix::Thread>::new::thread_start
[INFO] [stdout]   26:     0x7af6bf615dfa - <unknown>
[INFO] [stdout]   27:     0x7af6bf6a93d4 - clone
[INFO] [stdout]   28:                0x0 - <unknown>
[INFO] [stdout] 
[INFO] [stdout] ---- test::empty_body_has_no_transfer_encoding stdout ----
[INFO] [stdout] 
[INFO] [stdout] thread 'test::empty_body_has_no_transfer_encoding' (3220) panicked at src/test.rs:77:10:
[INFO] [stdout] called `Result::unwrap()` on an `Err` value: ErrorStack([Error { code: 2147483650, library: "system library", function: "file_ctrl", file: "../crypto/bio/bss_file.c", line: 288, data: "calling fopen(/opt/rustwide/workdir/../test/key.pem, r)" }, Error { code: 268959746, library: "BIO routines", function: "file_ctrl", reason: "system lib", file: "../crypto/bio/bss_file.c", line: 291 }, Error { code: 168296450, library: "SSL routines", function: "SSL_CTX_use_PrivateKey_file", reason: "system lib", file: "../ssl/ssl_rsa.c", line: 411 }])
[INFO] [stdout] stack backtrace:
[INFO] [stdout]    0:     0x58ee06691711 - <<std[617be2ca0a6fd877]::sys::backtrace::BacktraceLock>::print::DisplayBacktrace as core[a373ad73a504971]::fmt::Display>::fmt
[INFO] [stdout]    1:     0x58ee066ab39a - core[a373ad73a504971]::fmt::write
[INFO] [stdout]    2:     0x58ee06696b9c - <alloc[2e1b2a31b91974c5]::vec::Vec<u8> as core[a373ad73a504971]::io::write::Write>::write_fmt
[INFO] [stdout]    3:     0x58ee0666c346 - std[617be2ca0a6fd877]::panicking::default_hook::{closure#0}
[INFO] [stdout]    4:     0x58ee066894f9 - std[617be2ca0a6fd877]::panicking::default_hook
[INFO] [stdout]    5:     0x58ee06347250 - test[aada8e7e76ba119b]::test_main_inner::{closure#0}
[INFO] [stdout]    6:     0x58ee06689822 - std[617be2ca0a6fd877]::panicking::panic_with_hook
[INFO] [stdout]    7:     0x58ee0666c3f2 - std[617be2ca0a6fd877]::panicking::panic_handler::{closure#0}
[INFO] [stdout]    8:     0x58ee066649f9 - std[617be2ca0a6fd877]::sys::backtrace::__rust_end_short_backtrace::<std[617be2ca0a6fd877]::panicking::panic_handler::{closure#0}, !>
[INFO] [stdout]    9:     0x58ee0666d2fd - __rustc[ea4f61d10b84890b]::rust_begin_unwind
[INFO] [stdout]   10:     0x58ee066abb7c - core[a373ad73a504971]::panicking::panic_fmt
[INFO] [stdout]   11:     0x58ee066ab952 - core[a373ad73a504971]::result::unwrap_failed
[INFO] [stdout]   12:     0x58ee062b700b - conjure_runtime_rustls_platform_verifier[41e588263eb0d2d5]::test::ssl_acceptor
[INFO] [stdout]   13:     0x58ee06183711 - <futures_util[3b5fc723a1e7197f]::future::maybe_done::MaybeDone<conjure_runtime_rustls_platform_verifier[41e588263eb0d2d5]::test::server<conjure_runtime_rustls_platform_verifier[41e588263eb0d2d5]::test::empty_body_has_no_transfer_encoding::{closure#0}::{closure#0}::{closure#0}, conjure_runtime_rustls_platform_verifier[41e588263eb0d2d5]::test::empty_body_has_no_transfer_encoding::{closure#0}::{closure#0}>::{closure#0}> as core[a373ad73a504971]::future::future::Future>::poll
[INFO] [stdout]   14:     0x58ee062f4d0d - <futures_util[3b5fc723a1e7197f]::future::poll_fn::PollFn<conjure_runtime_rustls_platform_verifier[41e588263eb0d2d5]::test::test<conjure_runtime_rustls_platform_verifier[41e588263eb0d2d5]::test::empty_body_has_no_transfer_encoding::{closure#0}::{closure#0}::{closure#0}, conjure_runtime_rustls_platform_verifier[41e588263eb0d2d5]::test::empty_body_has_no_transfer_encoding::{closure#0}::{closure#1}::{closure#0}, conjure_runtime_rustls_platform_verifier[41e588263eb0d2d5]::test::empty_body_has_no_transfer_encoding::{closure#0}::{closure#0}, conjure_runtime_rustls_platform_verifier[41e588263eb0d2d5]::test::empty_body_has_no_transfer_encoding::{closure#0}::{closure#1}>::{closure#0}::{closure#0}> as core[a373ad73a504971]::future::future::Future>::poll
[INFO] [stdout]   15:     0x58ee062b2eb3 - conjure_runtime_rustls_platform_verifier[41e588263eb0d2d5]::test::empty_body_has_no_transfer_encoding::{closure#0}
[INFO] [stdout]   16:     0x58ee062e3503 - <tokio[74a4f375f9bad6aa]::runtime::scheduler::current_thread::Context>::enter::<core[a373ad73a504971]::task::poll::Poll<()>, <tokio[74a4f375f9bad6aa]::runtime::scheduler::current_thread::CoreGuard>::block_on<core[a373ad73a504971]::pin::Pin<&mut core[a373ad73a504971]::pin::Pin<&mut dyn core[a373ad73a504971]::future::future::Future<Output = ()>>>>::{closure#0}::{closure#0}>
[INFO] [stdout]   17:     0x58ee062f7c3c - <tokio[74a4f375f9bad6aa]::runtime::context::scoped::Scoped<tokio[74a4f375f9bad6aa]::runtime::scheduler::Context>>::set::<<tokio[74a4f375f9bad6aa]::runtime::scheduler::current_thread::CoreGuard>::enter<<tokio[74a4f375f9bad6aa]::runtime::scheduler::current_thread::CoreGuard>::block_on<core[a373ad73a504971]::pin::Pin<&mut core[a373ad73a504971]::pin::Pin<&mut dyn core[a373ad73a504971]::future::future::Future<Output = ()>>>>::{closure#0}, core[a373ad73a504971]::option::Option<()>>::{closure#0}, (alloc[2e1b2a31b91974c5]::boxed::Box<tokio[74a4f375f9bad6aa]::runtime::scheduler::current_thread::Core>, core[a373ad73a504971]::option::Option<()>)>
[INFO] [stdout]   18:     0x58ee062e220d - <tokio[74a4f375f9bad6aa]::runtime::scheduler::current_thread::CurrentThread>::block_on::<core[a373ad73a504971]::pin::Pin<&mut dyn core[a373ad73a504971]::future::future::Future<Output = ()>>>
[INFO] [stdout]   19:     0x58ee0618e652 - <tokio[74a4f375f9bad6aa]::runtime::runtime::Runtime>::block_on::<core[a373ad73a504971]::pin::Pin<&mut dyn core[a373ad73a504971]::future::future::Future<Output = ()>>>
[INFO] [stdout]   20:     0x58ee062be16c - <conjure_runtime_rustls_platform_verifier[41e588263eb0d2d5]::test::empty_body_has_no_transfer_encoding::{closure#0} as core[a373ad73a504971]::ops::function::FnOnce<()>>::call_once
[INFO] [stdout]   21:     0x58ee0633a69b - test[aada8e7e76ba119b]::__rust_begin_short_backtrace::<core[a373ad73a504971]::result::Result<(), alloc[2e1b2a31b91974c5]::string::String>, fn() -> core[a373ad73a504971]::result::Result<(), alloc[2e1b2a31b91974c5]::string::String>>
[INFO] [stdout]   22:     0x58ee06347875 - test[aada8e7e76ba119b]::run_test::{closure#0}
[INFO] [stdout]   23:     0x58ee06341164 - std[617be2ca0a6fd877]::sys::backtrace::__rust_begin_short_backtrace::<test[aada8e7e76ba119b]::run_test::{closure#1}, ()>
[INFO] [stdout]   24:     0x58ee0634a902 - <std[617be2ca0a6fd877]::thread::lifecycle::spawn_unchecked<test[aada8e7e76ba119b]::run_test::{closure#1}, ()>::{closure#1} as core[a373ad73a504971]::ops::function::FnOnce<()>>::call_once::{shim:vtable#0}
[INFO] [stdout]   25:     0x58ee06690bbf - <std[617be2ca0a6fd877]::sys::thread::unix::Thread>::new::thread_start
[INFO] [stdout]   26:     0x7af6bf615dfa - <unknown>
[INFO] [stdout]   27:     0x7af6bf6a93d4 - clone
[INFO] [stdout]   28:                0x0 - <unknown>
[INFO] [stdout] 
[INFO] [stdout] ---- test::body_write_ends_after_error stdout ----
[INFO] [stdout] 
[INFO] [stdout] thread 'test::body_write_ends_after_error' (3216) panicked at src/test.rs:77:10:
[INFO] [stdout] called `Result::unwrap()` on an `Err` value: ErrorStack([Error { code: 2147483650, library: "system library", function: "file_ctrl", file: "../crypto/bio/bss_file.c", line: 288, data: "calling fopen(/opt/rustwide/workdir/../test/key.pem, r)" }, Error { code: 268959746, library: "BIO routines", function: "file_ctrl", reason: "system lib", file: "../crypto/bio/bss_file.c", line: 291 }, Error { code: 168296450, library: "SSL routines", function: "SSL_CTX_use_PrivateKey_file", reason: "system lib", file: "../ssl/ssl_rsa.c", line: 411 }])
[INFO] [stdout] stack backtrace:
[INFO] [stdout]    0:     0x58ee06691711 - <<std[617be2ca0a6fd877]::sys::backtrace::BacktraceLock>::print::DisplayBacktrace as core[a373ad73a504971]::fmt::Display>::fmt
[INFO] [stdout]    1:     0x58ee066ab39a - core[a373ad73a504971]::fmt::write
[INFO] [stdout]    2:     0x58ee06696b9c - <alloc[2e1b2a31b91974c5]::vec::Vec<u8> as core[a373ad73a504971]::io::write::Write>::write_fmt
[INFO] [stdout]    3:     0x58ee0666c346 - std[617be2ca0a6fd877]::panicking::default_hook::{closure#0}
[INFO] [stdout]    4:     0x58ee066894f9 - std[617be2ca0a6fd877]::panicking::default_hook
[INFO] [stdout]    5:     0x58ee06347250 - test[aada8e7e76ba119b]::test_main_inner::{closure#0}
[INFO] [stdout]    6:     0x58ee06689822 - std[617be2ca0a6fd877]::panicking::panic_with_hook
[INFO] [stdout]    7:     0x58ee0666c3f2 - std[617be2ca0a6fd877]::panicking::panic_handler::{closure#0}
[INFO] [stdout]    8:     0x58ee066649f9 - std[617be2ca0a6fd877]::sys::backtrace::__rust_end_short_backtrace::<std[617be2ca0a6fd877]::panicking::panic_handler::{closure#0}, !>
[INFO] [stdout]    9:     0x58ee0666d2fd - __rustc[ea4f61d10b84890b]::rust_begin_unwind
[INFO] [stdout]   10:     0x58ee066abb7c - core[a373ad73a504971]::panicking::panic_fmt
[INFO] [stdout]   11:     0x58ee066ab952 - core[a373ad73a504971]::result::unwrap_failed
[INFO] [stdout]   12:     0x58ee062b700b - conjure_runtime_rustls_platform_verifier[41e588263eb0d2d5]::test::ssl_acceptor
[INFO] [stdout]   13:     0x58ee06180cf1 - <futures_util[3b5fc723a1e7197f]::future::maybe_done::MaybeDone<conjure_runtime_rustls_platform_verifier[41e588263eb0d2d5]::test::server<conjure_runtime_rustls_platform_verifier[41e588263eb0d2d5]::test::body_write_ends_after_error::{closure#0}::{closure#0}::{closure#0}, conjure_runtime_rustls_platform_verifier[41e588263eb0d2d5]::test::body_write_ends_after_error::{closure#0}::{closure#0}>::{closure#0}> as core[a373ad73a504971]::future::future::Future>::poll
[INFO] [stdout]   14:     0x58ee062f45ed - <futures_util[3b5fc723a1e7197f]::future::poll_fn::PollFn<conjure_runtime_rustls_platform_verifier[41e588263eb0d2d5]::test::test<conjure_runtime_rustls_platform_verifier[41e588263eb0d2d5]::test::body_write_ends_after_error::{closure#0}::{closure#0}::{closure#0}, conjure_runtime_rustls_platform_verifier[41e588263eb0d2d5]::test::body_write_ends_after_error::{closure#0}::{closure#1}::{closure#0}, conjure_runtime_rustls_platform_verifier[41e588263eb0d2d5]::test::body_write_ends_after_error::{closure#0}::{closure#0}, conjure_runtime_rustls_platform_verifier[41e588263eb0d2d5]::test::body_write_ends_after_error::{closure#0}::{closure#1}>::{closure#0}::{closure#0}> as core[a373ad73a504971]::future::future::Future>::poll
[INFO] [stdout]   15:     0x58ee062b1393 - conjure_runtime_rustls_platform_verifier[41e588263eb0d2d5]::test::body_write_ends_after_error::{closure#0}
[INFO] [stdout]   16:     0x58ee062e3503 - <tokio[74a4f375f9bad6aa]::runtime::scheduler::current_thread::Context>::enter::<core[a373ad73a504971]::task::poll::Poll<()>, <tokio[74a4f375f9bad6aa]::runtime::scheduler::current_thread::CoreGuard>::block_on<core[a373ad73a504971]::pin::Pin<&mut core[a373ad73a504971]::pin::Pin<&mut dyn core[a373ad73a504971]::future::future::Future<Output = ()>>>>::{closure#0}::{closure#0}>
[INFO] [stdout]   17:     0x58ee062f7c3c - <tokio[74a4f375f9bad6aa]::runtime::context::scoped::Scoped<tokio[74a4f375f9bad6aa]::runtime::scheduler::Context>>::set::<<tokio[74a4f375f9bad6aa]::runtime::scheduler::current_thread::CoreGuard>::enter<<tokio[74a4f375f9bad6aa]::runtime::scheduler::current_thread::CoreGuard>::block_on<core[a373ad73a504971]::pin::Pin<&mut core[a373ad73a504971]::pin::Pin<&mut dyn core[a373ad73a504971]::future::future::Future<Output = ()>>>>::{closure#0}, core[a373ad73a504971]::option::Option<()>>::{closure#0}, (alloc[2e1b2a31b91974c5]::boxed::Box<tokio[74a4f375f9bad6aa]::runtime::scheduler::current_thread::Core>, core[a373ad73a504971]::option::Option<()>)>
[INFO] [stdout]   18:     0x58ee062e220d - <tokio[74a4f375f9bad6aa]::runtime::scheduler::current_thread::CurrentThread>::block_on::<core[a373ad73a504971]::pin::Pin<&mut dyn core[a373ad73a504971]::future::future::Future<Output = ()>>>
[INFO] [stdout]   19:     0x58ee0618e652 - <tokio[74a4f375f9bad6aa]::runtime::runtime::Runtime>::block_on::<core[a373ad73a504971]::pin::Pin<&mut dyn core[a373ad73a504971]::future::future::Future<Output = ()>>>
[INFO] [stdout]   20:     0x58ee062bd69c - <conjure_runtime_rustls_platform_verifier[41e588263eb0d2d5]::test::body_write_ends_after_error::{closure#0} as core[a373ad73a504971]::ops::function::FnOnce<()>>::call_once
[INFO] [stdout]   21:     0x58ee0633a69b - test[aada8e7e76ba119b]::__rust_begin_short_backtrace::<core[a373ad73a504971]::result::Result<(), alloc[2e1b2a31b91974c5]::string::String>, fn() -> core[a373ad73a504971]::result::Result<(), alloc[2e1b2a31b91974c5]::string::String>>
[INFO] [stdout]   22:     0x58ee06347875 - test[aada8e7e76ba119b]::run_test::{closure#0}
[INFO] [stdout]   23:     0x58ee06341164 - std[617be2ca0a6fd877]::sys::backtrace::__rust_begin_short_backtrace::<test[aada8e7e76ba119b]::run_test::{closure#1}, ()>
[INFO] [stdout]   24:     0x58ee0634a902 - <std[617be2ca0a6fd877]::thread::lifecycle::spawn_unchecked<test[aada8e7e76ba119b]::run_test::{closure#1}, ()>::{closure#1} as core[a373ad73a504971]::ops::function::FnOnce<()>>::call_once::{shim:vtable#0}
[INFO] [stdout]   25:     0x58ee06690bbf - <std[617be2ca0a6fd877]::sys::thread::unix::Thread>::new::thread_start
[INFO] [stdout]   26:     0x7af6bf615dfa - <unknown>
[INFO] [stdout]   27:     0x7af6bf6a93d4 - clone
[INFO] [stdout]   28:                0x0 - <unknown>
[INFO] [stdout] 
[INFO] [stdout] ---- test::read_past_eof stdout ----
[INFO] [stdout] 
[INFO] [stdout] thread 'test::read_past_eof' (3228) panicked at src/test.rs:77:10:
[INFO] [stdout] called `Result::unwrap()` on an `Err` value: ErrorStack([Error { code: 2147483650, library: "system library", function: "file_ctrl", file: "../crypto/bio/bss_file.c", line: 288, data: "calling fopen(/opt/rustwide/workdir/../test/key.pem, r)" }, Error { code: 268959746, library: "BIO routines", function: "file_ctrl", reason: "system lib", file: "../crypto/bio/bss_file.c", line: 291 }, Error { code: 168296450, library: "SSL routines", function: "SSL_CTX_use_PrivateKey_file", reason: "system lib", file: "../ssl/ssl_rsa.c", line: 411 }])
[INFO] [stdout] stack backtrace:
[INFO] [stdout]    0:     0x58ee06691711 - <<std[617be2ca0a6fd877]::sys::backtrace::BacktraceLock>::print::DisplayBacktrace as core[a373ad73a504971]::fmt::Display>::fmt
[INFO] [stdout]    1:     0x58ee066ab39a - core[a373ad73a504971]::fmt::write
[INFO] [stdout]    2:     0x58ee06696b9c - <alloc[2e1b2a31b91974c5]::vec::Vec<u8> as core[a373ad73a504971]::io::write::Write>::write_fmt
[INFO] [stdout]    3:     0x58ee0666c346 - std[617be2ca0a6fd877]::panicking::default_hook::{closure#0}
[INFO] [stdout]    4:     0x58ee066894f9 - std[617be2ca0a6fd877]::panicking::default_hook
[INFO] [stdout]    5:     0x58ee06347250 - test[aada8e7e76ba119b]::test_main_inner::{closure#0}
[INFO] [stdout]    6:     0x58ee06689822 - std[617be2ca0a6fd877]::panicking::panic_with_hook
[INFO] [stdout]    7:     0x58ee0666c3f2 - std[617be2ca0a6fd877]::panicking::panic_handler::{closure#0}
[INFO] [stdout]    8:     0x58ee066649f9 - std[617be2ca0a6fd877]::sys::backtrace::__rust_end_short_backtrace::<std[617be2ca0a6fd877]::panicking::panic_handler::{closure#0}, !>
[INFO] [stdout]    9:     0x58ee0666d2fd - __rustc[ea4f61d10b84890b]::rust_begin_unwind
[INFO] [stdout]   10:     0x58ee066abb7c - core[a373ad73a504971]::panicking::panic_fmt
[INFO] [stdout]   11:     0x58ee066ab952 - core[a373ad73a504971]::result::unwrap_failed
[INFO] [stdout]   12:     0x58ee062b700b - conjure_runtime_rustls_platform_verifier[41e588263eb0d2d5]::test::ssl_acceptor
[INFO] [stdout]   13:     0x58ee0617e2d1 - <futures_util[3b5fc723a1e7197f]::future::maybe_done::MaybeDone<conjure_runtime_rustls_platform_verifier[41e588263eb0d2d5]::test::server<conjure_runtime_rustls_platform_verifier[41e588263eb0d2d5]::test::read_past_eof::{closure#0}::{closure#0}::{closure#0}, conjure_runtime_rustls_platform_verifier[41e588263eb0d2d5]::test::read_past_eof::{closure#0}::{closure#0}>::{closure#0}> as core[a373ad73a504971]::future::future::Future>::poll
[INFO] [stderr] error: test failed, to rerun pass `--lib`
[INFO] [stdout]   14:     0x58ee062f3eed - <futures_util[3b5fc723a1e7197f]::future::poll_fn::PollFn<conjure_runtime_rustls_platform_verifier[41e588263eb0d2d5]::test::test<conjure_runtime_rustls_platform_verifier[41e588263eb0d2d5]::test::read_past_eof::{closure#0}::{closure#0}::{closure#0}, conjure_runtime_rustls_platform_verifier[41e588263eb0d2d5]::test::read_past_eof::{closure#0}::{closure#1}::{closure#0}, conjure_runtime_rustls_platform_verifier[41e588263eb0d2d5]::test::read_past_eof::{closure#0}::{closure#0}, conjure_runtime_rustls_platform_verifier[41e588263eb0d2d5]::test::read_past_eof::{closure#0}::{closure#1}>::{closure#0}::{closure#0}> as core[a373ad73a504971]::future::future::Future>::poll
[INFO] [stdout]   15:     0x58ee062afbf3 - conjure_runtime_rustls_platform_verifier[41e588263eb0d2d5]::test::read_past_eof::{closure#0}
[INFO] [stdout]   16:     0x58ee062e3503 - <tokio[74a4f375f9bad6aa]::runtime::scheduler::current_thread::Context>::enter::<core[a373ad73a504971]::task::poll::Poll<()>, <tokio[74a4f375f9bad6aa]::runtime::scheduler::current_thread::CoreGuard>::block_on<core[a373ad73a504971]::pin::Pin<&mut core[a373ad73a504971]::pin::Pin<&mut dyn core[a373ad73a504971]::future::future::Future<Output = ()>>>>::{closure#0}::{closure#0}>
[INFO] [stdout]   17:     0x58ee062f7c3c - <tokio[74a4f375f9bad6aa]::runtime::context::scoped::Scoped<tokio[74a4f375f9bad6aa]::runtime::scheduler::Context>>::set::<<tokio[74a4f375f9bad6aa]::runtime::scheduler::current_thread::CoreGuard>::enter<<tokio[74a4f375f9bad6aa]::runtime::scheduler::current_thread::CoreGuard>::block_on<core[a373ad73a504971]::pin::Pin<&mut core[a373ad73a504971]::pin::Pin<&mut dyn core[a373ad73a504971]::future::future::Future<Output = ()>>>>::{closure#0}, core[a373ad73a504971]::option::Option<()>>::{closure#0}, (alloc[2e1b2a31b91974c5]::boxed::Box<tokio[74a4f375f9bad6aa]::runtime::scheduler::current_thread::Core>, core[a373ad73a504971]::option::Option<()>)>
[INFO] [stdout]   18:     0x58ee062e220d - <tokio[74a4f375f9bad6aa]::runtime::scheduler::current_thread::CurrentThread>::block_on::<core[a373ad73a504971]::pin::Pin<&mut dyn core[a373ad73a504971]::future::future::Future<Output = ()>>>
[INFO] [stdout]   19:     0x58ee0618e652 - <tokio[74a4f375f9bad6aa]::runtime::runtime::Runtime>::block_on::<core[a373ad73a504971]::pin::Pin<&mut dyn core[a373ad73a504971]::future::future::Future<Output = ()>>>
[INFO] [stdout]   20:     0x58ee062bb73c - <conjure_runtime_rustls_platform_verifier[41e588263eb0d2d5]::test::read_past_eof::{closure#0} as core[a373ad73a504971]::ops::function::FnOnce<()>>::call_once
[INFO] [stdout]   21:     0x58ee0633a69b - test[aada8e7e76ba119b]::__rust_begin_short_backtrace::<core[a373ad73a504971]::result::Result<(), alloc[2e1b2a31b91974c5]::string::String>, fn() -> core[a373ad73a504971]::result::Result<(), alloc[2e1b2a31b91974c5]::string::String>>
[INFO] [stdout]   22:     0x58ee06347875 - test[aada8e7e76ba119b]::run_test::{closure#0}
[INFO] [stdout]   23:     0x58ee06341164 - std[617be2ca0a6fd877]::sys::backtrace::__rust_begin_short_backtrace::<test[aada8e7e76ba119b]::run_test::{closure#1}, ()>
[INFO] [stdout]   24:     0x58ee0634a902 - <std[617be2ca0a6fd877]::thread::lifecycle::spawn_unchecked<test[aada8e7e76ba119b]::run_test::{closure#1}, ()>::{closure#1} as core[a373ad73a504971]::ops::function::FnOnce<()>>::call_once::{shim:vtable#0}
[INFO] [stdout]   25:     0x58ee06690bbf - <std[617be2ca0a6fd877]::sys::thread::unix::Thread>::new::thread_start
[INFO] [stdout]   26:     0x7af6bf615dfa - <unknown>
[INFO] [stdout]   27:     0x7af6bf6a93d4 - clone
[INFO] [stdout]   28:                0x0 - <unknown>
[INFO] [stdout] 
[INFO] [stdout] ---- test::propagate_429_with_retry_after stdout ----
[INFO] [stdout] 
[INFO] [stdout] thread 'test::propagate_429_with_retry_after' (3226) panicked at src/test.rs:77:10:
[INFO] [stdout] called `Result::unwrap()` on an `Err` value: ErrorStack([Error { code: 2147483650, library: "system library", function: "file_ctrl", file: "../crypto/bio/bss_file.c", line: 288, data: "calling fopen(/opt/rustwide/workdir/../test/key.pem, r)" }, Error { code: 268959746, library: "BIO routines", function: "file_ctrl", reason: "system lib", file: "../crypto/bio/bss_file.c", line: 291 }, Error { code: 168296450, library: "SSL routines", function: "SSL_CTX_use_PrivateKey_file", reason: "system lib", file: "../ssl/ssl_rsa.c", line: 411 }])
[INFO] [stdout] stack backtrace:
[INFO] [stdout]    0:     0x58ee06691711 - <<std[617be2ca0a6fd877]::sys::backtrace::BacktraceLock>::print::DisplayBacktrace as core[a373ad73a504971]::fmt::Display>::fmt
[INFO] [stdout]    1:     0x58ee066ab39a - core[a373ad73a504971]::fmt::write
[INFO] [stdout]    2:     0x58ee06696b9c - <alloc[2e1b2a31b91974c5]::vec::Vec<u8> as core[a373ad73a504971]::io::write::Write>::write_fmt
[INFO] [stdout]    3:     0x58ee0666c346 - std[617be2ca0a6fd877]::panicking::default_hook::{closure#0}
[INFO] [stdout]    4:     0x58ee066894f9 - std[617be2ca0a6fd877]::panicking::default_hook
[INFO] [stdout]    5:     0x58ee06347250 - test[aada8e7e76ba119b]::test_main_inner::{closure#0}
[INFO] [stdout]    6:     0x58ee06689822 - std[617be2ca0a6fd877]::panicking::panic_with_hook
[INFO] [stdout]    7:     0x58ee0666c3f2 - std[617be2ca0a6fd877]::panicking::panic_handler::{closure#0}
[INFO] [stdout]    8:     0x58ee066649f9 - std[617be2ca0a6fd877]::sys::backtrace::__rust_end_short_backtrace::<std[617be2ca0a6fd877]::panicking::panic_handler::{closure#0}, !>
[INFO] [stdout]    9:     0x58ee0666d2fd - __rustc[ea4f61d10b84890b]::rust_begin_unwind
[INFO] [stdout]   10:     0x58ee066abb7c - core[a373ad73a504971]::panicking::panic_fmt
[INFO] [stdout]   11:     0x58ee066ab952 - core[a373ad73a504971]::result::unwrap_failed
[INFO] [stdout]   12:     0x58ee062b700b - conjure_runtime_rustls_platform_verifier[41e588263eb0d2d5]::test::ssl_acceptor
[INFO] [stdout]   13:     0x58ee06182911 - <futures_util[3b5fc723a1e7197f]::future::maybe_done::MaybeDone<conjure_runtime_rustls_platform_verifier[41e588263eb0d2d5]::test::server<conjure_runtime_rustls_platform_verifier[41e588263eb0d2d5]::test::propagate_429_with_retry_after::{closure#0}::{closure#0}::{closure#0}, conjure_runtime_rustls_platform_verifier[41e588263eb0d2d5]::test::propagate_429_with_retry_after::{closure#0}::{closure#0}>::{closure#0}> as core[a373ad73a504971]::future::future::Future>::poll
[INFO] [stdout]   14:     0x58ee062f4aad - <futures_util[3b5fc723a1e7197f]::future::poll_fn::PollFn<conjure_runtime_rustls_platform_verifier[41e588263eb0d2d5]::test::test<conjure_runtime_rustls_platform_verifier[41e588263eb0d2d5]::test::propagate_429_with_retry_after::{closure#0}::{closure#0}::{closure#0}, conjure_runtime_rustls_platform_verifier[41e588263eb0d2d5]::test::propagate_429_with_retry_after::{closure#0}::{closure#1}::{closure#0}, conjure_runtime_rustls_platform_verifier[41e588263eb0d2d5]::test::propagate_429_with_retry_after::{closure#0}::{closure#0}, conjure_runtime_rustls_platform_verifier[41e588263eb0d2d5]::test::propagate_429_with_retry_after::{closure#0}::{closure#1}>::{closure#0}::{closure#0}> as core[a373ad73a504971]::future::future::Future>::poll
[INFO] [stdout]   15:     0x58ee062b2333 - conjure_runtime_rustls_platform_verifier[41e588263eb0d2d5]::test::propagate_429_with_retry_after::{closure#0}
[INFO] [stdout]   16:     0x58ee062e3503 - <tokio[74a4f375f9bad6aa]::runtime::scheduler::current_thread::Context>::enter::<core[a373ad73a504971]::task::poll::Poll<()>, <tokio[74a4f375f9bad6aa]::runtime::scheduler::current_thread::CoreGuard>::block_on<core[a373ad73a504971]::pin::Pin<&mut core[a373ad73a504971]::pin::Pin<&mut dyn core[a373ad73a504971]::future::future::Future<Output = ()>>>>::{closure#0}::{closure#0}>
[INFO] [stdout]   17:     0x58ee062f7c3c - <tokio[74a4f375f9bad6aa]::runtime::context::scoped::Scoped<tokio[74a4f375f9bad6aa]::runtime::scheduler::Context>>::set::<<tokio[74a4f375f9bad6aa]::runtime::scheduler::current_thread::CoreGuard>::enter<<tokio[74a4f375f9bad6aa]::runtime::scheduler::current_thread::CoreGuard>::block_on<core[a373ad73a504971]::pin::Pin<&mut core[a373ad73a504971]::pin::Pin<&mut dyn core[a373ad73a504971]::future::future::Future<Output = ()>>>>::{closure#0}, core[a373ad73a504971]::option::Option<()>>::{closure#0}, (alloc[2e1b2a31b91974c5]::boxed::Box<tokio[74a4f375f9bad6aa]::runtime::scheduler::current_thread::Core>, core[a373ad73a504971]::option::Option<()>)>
[INFO] [stdout]   18:     0x58ee062e220d - <tokio[74a4f375f9bad6aa]::runtime::scheduler::current_thread::CurrentThread>::block_on::<core[a373ad73a504971]::pin::Pin<&mut dyn core[a373ad73a504971]::future::future::Future<Output = ()>>>
[INFO] [stdout]   19:     0x58ee0618e652 - <tokio[74a4f375f9bad6aa]::runtime::runtime::Runtime>::block_on::<core[a373ad73a504971]::pin::Pin<&mut dyn core[a373ad73a504971]::future::future::Future<Output = ()>>>
[INFO] [stdout]   20:     0x58ee062bdcdc - <conjure_runtime_rustls_platform_verifier[41e588263eb0d2d5]::test::propagate_429_with_retry_after::{closure#0} as core[a373ad73a504971]::ops::function::FnOnce<()>>::call_once
[INFO] [stdout]   21:     0x58ee0633a69b - test[aada8e7e76ba119b]::__rust_begin_short_backtrace::<core[a373ad73a504971]::result::Result<(), alloc[2e1b2a31b91974c5]::string::String>, fn() -> core[a373ad73a504971]::result::Result<(), alloc[2e1b2a31b91974c5]::string::String>>
[INFO] [stdout]   22:     0x58ee06347875 - test[aada8e7e76ba119b]::run_test::{closure#0}
[INFO] [stdout]   23:     0x58ee06341164 - std[617be2ca0a6fd877]::sys::backtrace::__rust_begin_short_backtrace::<test[aada8e7e76ba119b]::run_test::{closure#1}, ()>
[INFO] [stdout]   24:     0x58ee0634a902 - <std[617be2ca0a6fd877]::thread::lifecycle::spawn_unchecked<test[aada8e7e76ba119b]::run_test::{closure#1}, ()>::{closure#1} as core[a373ad73a504971]::ops::function::FnOnce<()>>::call_once::{shim:vtable#0}
[INFO] [stdout]   25:     0x58ee06690bbf - <std[617be2ca0a6fd877]::sys::thread::unix::Thread>::new::thread_start
[INFO] [stdout]   26:     0x7af6bf615dfa - <unknown>
[INFO] [stdout]   27:     0x7af6bf6a93d4 - clone
[INFO] [stdout]   28:                0x0 - <unknown>
[INFO] [stdout] 
[INFO] [stdout] ---- test::retry_after_503 stdout ----
[INFO] [stdout] 
[INFO] [stdout] thread 'test::retry_after_503' (3246) panicked at src/test.rs:77:10:
[INFO] [stdout] called `Result::unwrap()` on an `Err` value: ErrorStack([Error { code: 2147483650, library: "system library", function: "file_ctrl", file: "../crypto/bio/bss_file.c", line: 288, data: "calling fopen(/opt/rustwide/workdir/../test/key.pem, r)" }, Error { code: 268959746, library: "BIO routines", function: "file_ctrl", reason: "system lib", file: "../crypto/bio/bss_file.c", line: 291 }, Error { code: 168296450, library: "SSL routines", function: "SSL_CTX_use_PrivateKey_file", reason: "system lib", file: "../ssl/ssl_rsa.c", line: 411 }])
[INFO] [stdout] stack backtrace:
[INFO] [stdout]    0:     0x58ee06691711 - <<std[617be2ca0a6fd877]::sys::backtrace::BacktraceLock>::print::DisplayBacktrace as core[a373ad73a504971]::fmt::Display>::fmt
[INFO] [stdout]    1:     0x58ee066ab39a - core[a373ad73a504971]::fmt::write
[INFO] [stdout]    2:     0x58ee06696b9c - <alloc[2e1b2a31b91974c5]::vec::Vec<u8> as core[a373ad73a504971]::io::write::Write>::write_fmt
[INFO] [stdout]    3:     0x58ee0666c346 - std[617be2ca0a6fd877]::panicking::default_hook::{closure#0}
[INFO] [stdout]    4:     0x58ee066894f9 - std[617be2ca0a6fd877]::panicking::default_hook
[INFO] [stdout]    5:     0x58ee06347250 - test[aada8e7e76ba119b]::test_main_inner::{closure#0}
[INFO] [stdout]    6:     0x58ee06689822 - std[617be2ca0a6fd877]::panicking::panic_with_hook
[INFO] [stdout]    7:     0x58ee0666c3f2 - std[617be2ca0a6fd877]::panicking::panic_handler::{closure#0}
[INFO] [stdout]    8:     0x58ee066649f9 - std[617be2ca0a6fd877]::sys::backtrace::__rust_end_short_backtrace::<std[617be2ca0a6fd877]::panicking::panic_handler::{closure#0}, !>
[INFO] [stdout]    9:     0x58ee0666d2fd - __rustc[ea4f61d10b84890b]::rust_begin_unwind
[INFO] [stdout]   10:     0x58ee066abb7c - core[a373ad73a504971]::panicking::panic_fmt
[INFO] [stdout]   11:     0x58ee066ab952 - core[a373ad73a504971]::result::unwrap_failed
[INFO] [stdout]   12:     0x58ee062b700b - conjure_runtime_rustls_platform_verifier[41e588263eb0d2d5]::test::ssl_acceptor
[INFO] [stdout]   13:     0x58ee0617e9d8 - <futures_util[3b5fc723a1e7197f]::future::maybe_done::MaybeDone<conjure_runtime_rustls_platform_verifier[41e588263eb0d2d5]::test::server<conjure_runtime_rustls_platform_verifier[41e588263eb0d2d5]::test::retry_after_503::{closure#0}::{closure#0}::{closure#0}, conjure_runtime_rustls_platform_verifier[41e588263eb0d2d5]::test::retry_after_503::{closure#0}::{closure#0}>::{closure#0}> as core[a373ad73a504971]::future::future::Future>::poll
[INFO] [stdout]   14:     0x58ee062f400d - <futures_util[3b5fc723a1e7197f]::future::poll_fn::PollFn<conjure_runtime_rustls_platform_verifier[41e588263eb0d2d5]::test::test<conjure_runtime_rustls_platform_verifier[41e588263eb0d2d5]::test::retry_after_503::{closure#0}::{closure#0}::{closure#0}, conjure_runtime_rustls_platform_verifier[41e588263eb0d2d5]::test::retry_after_503::{closure#0}::{closure#1}::{closure#0}, conjure_runtime_rustls_platform_verifier[41e588263eb0d2d5]::test::retry_after_503::{closure#0}::{closure#0}, conjure_runtime_rustls_platform_verifier[41e588263eb0d2d5]::test::retry_after_503::{closure#0}::{closure#1}>::{closure#0}::{closure#0}> as core[a373ad73a504971]::future::future::Future>::poll
[INFO] [stdout]   15:     0x58ee062affdb - conjure_runtime_rustls_platform_verifier[41e588263eb0d2d5]::test::retry_after_503::{closure#0}
[INFO] [stdout]   16:     0x58ee062e3503 - <tokio[74a4f375f9bad6aa]::runtime::scheduler::current_thread::Context>::enter::<core[a373ad73a504971]::task::poll::Poll<()>, <tokio[74a4f375f9bad6aa]::runtime::scheduler::current_thread::CoreGuard>::block_on<core[a373ad73a504971]::pin::Pin<&mut core[a373ad73a504971]::pin::Pin<&mut dyn core[a373ad73a504971]::future::future::Future<Output = ()>>>>::{closure#0}::{closure#0}>
[INFO] [stdout]   17:     0x58ee062f7c3c - <tokio[74a4f375f9bad6aa]::runtime::context::scoped::Scoped<tokio[74a4f375f9bad6aa]::runtime::scheduler::Context>>::set::<<tokio[74a4f375f9bad6aa]::runtime::scheduler::current_thread::CoreGuard>::enter<<tokio[74a4f375f9bad6aa]::runtime::scheduler::current_thread::CoreGuard>::block_on<core[a373ad73a504971]::pin::Pin<&mut core[a373ad73a504971]::pin::Pin<&mut dyn core[a373ad73a504971]::future::future::Future<Output = ()>>>>::{closure#0}, core[a373ad73a504971]::option::Option<()>>::{closure#0}, (alloc[2e1b2a31b91974c5]::boxed::Box<tokio[74a4f375f9bad6aa]::runtime::scheduler::current_thread::Core>, core[a373ad73a504971]::option::Option<()>)>
[INFO] [stdout]   18:     0x58ee062e220d - <tokio[74a4f375f9bad6aa]::runtime::scheduler::current_thread::CurrentThread>::block_on::<core[a373ad73a504971]::pin::Pin<&mut dyn core[a373ad73a504971]::future::future::Future<Output = ()>>>
[INFO] [stdout]   19:     0x58ee0618e652 - <tokio[74a4f375f9bad6aa]::runtime::runtime::Runtime>::block_on::<core[a373ad73a504971]::pin::Pin<&mut dyn core[a373ad73a504971]::future::future::Future<Output = ()>>>
[INFO] [stdout]   20:     0x58ee062bb8cc - <conjure_runtime_rustls_platform_verifier[41e588263eb0d2d5]::test::retry_after_503::{closure#0} as core[a373ad73a504971]::ops::function::FnOnce<()>>::call_once
[INFO] [stdout]   21:     0x58ee0633a69b - test[aada8e7e76ba119b]::__rust_begin_short_backtrace::<core[a373ad73a504971]::result::Result<(), alloc[2e1b2a31b91974c5]::string::String>, fn() -> core[a373ad73a504971]::result::Result<(), alloc[2e1b2a31b91974c5]::string::String>>
[INFO] [stdout]   22:     0x58ee06347875 - test[aada8e7e76ba119b]::run_test::{closure#0}
[INFO] [stdout]   23:     0x58ee06341164 - std[617be2ca0a6fd877]::sys::backtrace::__rust_begin_short_backtrace::<test[aada8e7e76ba119b]::run_test::{closure#1}, ()>
[INFO] [stdout]   24:     0x58ee0634a902 - <std[617be2ca0a6fd877]::thread::lifecycle::spawn_unchecked<test[aada8e7e76ba119b]::run_test::{closure#1}, ()>::{closure#1} as core[a373ad73a504971]::ops::function::FnOnce<()>>::call_once::{shim:vtable#0}
[INFO] [stdout]   25:     0x58ee06690bbf - <std[617be2ca0a6fd877]::sys::thread::unix::Thread>::new::thread_start
[INFO] [stdout]   26:     0x7af6bf615dfa - <unknown>
[INFO] [stdout]   27:     0x7af6bf6a93d4 - clone
[INFO] [stdout]   28:                0x0 - <unknown>
[INFO] [stdout] 
[INFO] [stdout] ---- test::service_error_propagation stdout ----
[INFO] [stdout] 
[INFO] [stdout] thread 'test::service_error_propagation' (3248) panicked at src/test.rs:77:10:
[INFO] [stdout] called `Result::unwrap()` on an `Err` value: ErrorStack([Error { code: 2147483650, library: "system library", function: "file_ctrl", file: "../crypto/bio/bss_file.c", line: 288, data: "calling fopen(/opt/rustwide/workdir/../test/key.pem, r)" }, Error { code: 268959746, library: "BIO routines", function: "file_ctrl", reason: "system lib", file: "../crypto/bio/bss_file.c", line: 291 }, Error { code: 168296450, library: "SSL routines", function: "SSL_CTX_use_PrivateKey_file", reason: "system lib", file: "../ssl/ssl_rsa.c", line: 411 }])
[INFO] [stdout] stack backtrace:
[INFO] [stdout]    0:     0x58ee06691711 - <<std[617be2ca0a6fd877]::sys::backtrace::BacktraceLock>::print::DisplayBacktrace as core[a373ad73a504971]::fmt::Display>::fmt
[INFO] [stdout]    1:     0x58ee066ab39a - core[a373ad73a504971]::fmt::write
[INFO] [stdout]    2:     0x58ee06696b9c - <alloc[2e1b2a31b91974c5]::vec::Vec<u8> as core[a373ad73a504971]::io::write::Write>::write_fmt
[INFO] [stdout]    3:     0x58ee0666c346 - std[617be2ca0a6fd877]::panicking::default_hook::{closure#0}
[INFO] [stdout]    4:     0x58ee066894f9 - std[617be2ca0a6fd877]::panicking::default_hook
[INFO] [stdout]    5:     0x58ee06347250 - test[aada8e7e76ba119b]::test_main_inner::{closure#0}
[INFO] [stdout]    6:     0x58ee06689822 - std[617be2ca0a6fd877]::panicking::panic_with_hook
[INFO] [stdout]    7:     0x58ee0666c3f2 - std[617be2ca0a6fd877]::panicking::panic_handler::{closure#0}
[INFO] [stdout]    8:     0x58ee066649f9 - std[617be2ca0a6fd877]::sys::backtrace::__rust_end_short_backtrace::<std[617be2ca0a6fd877]::panicking::panic_handler::{closure#0}, !>
[INFO] [stdout]    9:     0x58ee0666d2fd - __rustc[ea4f61d10b84890b]::rust_begin_unwind
[INFO] [stdout]   10:     0x58ee066abb7c - core[a373ad73a504971]::panicking::panic_fmt
[INFO] [stdout]   11:     0x58ee066ab952 - core[a373ad73a504971]::result::unwrap_failed
[INFO] [stdout]   12:     0x58ee062b700b - conjure_runtime_rustls_platform_verifier[41e588263eb0d2d5]::test::ssl_acceptor
[INFO] [stdout]   13:     0x58ee061805f1 - <futures_util[3b5fc723a1e7197f]::future::maybe_done::MaybeDone<conjure_runtime_rustls_platform_verifier[41e588263eb0d2d5]::test::server<conjure_runtime_rustls_platform_verifier[41e588263eb0d2d5]::test::service_error_propagation::{closure#0}::{closure#0}::{closure#0}, conjure_runtime_rustls_platform_verifier[41e588263eb0d2d5]::test::service_error_propagation::{closure#0}::{closure#0}>::{closure#0}> as core[a373ad73a504971]::future::future::Future>::poll
[INFO] [stdout]   14:     0x58ee062f44bd - <futures_util[3b5fc723a1e7197f]::future::poll_fn::PollFn<conjure_runtime_rustls_platform_verifier[41e588263eb0d2d5]::test::test<conjure_runtime_rustls_platform_verifier[41e588263eb0d2d5]::test::service_error_propagation::{closure#0}::{closure#0}::{closure#0}, conjure_runtime_rustls_platform_verifier[41e588263eb0d2d5]::test::service_error_propagation::{closure#0}::{closure#1}::{closure#0}, conjure_runtime_rustls_platform_verifier[41e588263eb0d2d5]::test::service_error_propagation::{closure#0}::{closure#0}, conjure_runtime_rustls_platform_verifier[41e588263eb0d2d5]::test::service_error_propagation::{closure#0}::{closure#1}>::{closure#0}::{closure#0}> as core[a373ad73a504971]::future::future::Future>::poll
[INFO] [stdout]   15:     0x58ee062b0fb3 - conjure_runtime_rustls_platform_verifier[41e588263eb0d2d5]::test::service_error_propagation::{closure#0}
[INFO] [stdout]   16:     0x58ee062e3503 - <tokio[74a4f375f9bad6aa]::runtime::scheduler::current_thread::Context>::enter::<core[a373ad73a504971]::task::poll::Poll<()>, <tokio[74a4f375f9bad6aa]::runtime::scheduler::current_thread::CoreGuard>::block_on<core[a373ad73a504971]::pin::Pin<&mut core[a373ad73a504971]::pin::Pin<&mut dyn core[a373ad73a504971]::future::future::Future<Output = ()>>>>::{closure#0}::{closure#0}>
[INFO] [stdout]   17:     0x58ee062f7c3c - <tokio[74a4f375f9bad6aa]::runtime::context::scoped::Scoped<tokio[74a4f375f9bad6aa]::runtime::scheduler::Context>>::set::<<tokio[74a4f375f9bad6aa]::runtime::scheduler::current_thread::CoreGuard>::enter<<tokio[74a4f375f9bad6aa]::runtime::scheduler::current_thread::CoreGuard>::block_on<core[a373ad73a504971]::pin::Pin<&mut core[a373ad73a504971]::pin::Pin<&mut dyn core[a373ad73a504971]::future::future::Future<Output = ()>>>>::{closure#0}, core[a373ad73a504971]::option::Option<()>>::{closure#0}, (alloc[2e1b2a31b91974c5]::boxed::Box<tokio[74a4f375f9bad6aa]::runtime::scheduler::current_thread::Core>, core[a373ad73a504971]::option::Option<()>)>
[INFO] [stdout]   18:     0x58ee062e220d - <tokio[74a4f375f9bad6aa]::runtime::scheduler::current_thread::CurrentThread>::block_on::<core[a373ad73a504971]::pin::Pin<&mut dyn core[a373ad73a504971]::future::future::Future<Output = ()>>>
[INFO] [stdout]   19:     0x58ee0618e652 - <tokio[74a4f375f9bad6aa]::runtime::runtime::Runtime>::block_on::<core[a373ad73a504971]::pin::Pin<&mut dyn core[a373ad73a504971]::future::future::Future<Output = ()>>>
[INFO] [stdout]   20:     0x58ee062bbf0c - <conjure_runtime_rustls_platform_verifier[41e588263eb0d2d5]::test::service_error_propagation::{closure#0} as core[a373ad73a504971]::ops::function::FnOnce<()>>::call_once
[INFO] [stdout]   21:     0x58ee0633a69b - test[aada8e7e76ba119b]::__rust_begin_short_backtrace::<core[a373ad73a504971]::result::Result<(), alloc[2e1b2a31b91974c5]::string::String>, fn() -> core[a373ad73a504971]::result::Result<(), alloc[2e1b2a31b91974c5]::string::String>>
[INFO] [stdout]   22:     0x58ee06347875 - test[aada8e7e76ba119b]::run_test::{closure#0}
[INFO] [stdout]   23:     0x58ee06341164 - std[617be2ca0a6fd877]::sys::backtrace::__rust_begin_short_backtrace::<test[aada8e7e76ba119b]::run_test::{closure#1}, ()>
[INFO] [stdout]   24:     0x58ee0634a902 - <std[617be2ca0a6fd877]::thread::lifecycle::spawn_unchecked<test[aada8e7e76ba119b]::run_test::{closure#1}, ()>::{closure#1} as core[a373ad73a504971]::ops::function::FnOnce<()>>::call_once::{shim:vtable#0}
[INFO] [stdout]   25:     0x58ee06690bbf - <std[617be2ca0a6fd877]::sys::thread::unix::Thread>::new::thread_start
[INFO] [stdout]   26:     0x7af6bf615dfa - <unknown>
[INFO] [stdout]   27:     0x7af6bf6a93d4 - clone
[INFO] [stdout]   28:                0x0 - <unknown>
[INFO] [stdout] 
[INFO] [stdout] ---- test::dont_propagate_protocol_errors stdout ----
[INFO] [stdout] 
[INFO] [stdout] thread 'test::dont_propagate_protocol_errors' (3219) panicked at src/test.rs:77:10:
[INFO] [stdout] called `Result::unwrap()` on an `Err` value: ErrorStack([Error { code: 2147483650, library: "system library", function: "file_ctrl", file: "../crypto/bio/bss_file.c", line: 288, data: "calling fopen(/opt/rustwide/workdir/../test/key.pem, r)" }, Error { code: 268959746, library: "BIO routines", function: "file_ctrl", reason: "system lib", file: "../crypto/bio/bss_file.c", line: 291 }, Error { code: 168296450, library: "SSL routines", function: "SSL_CTX_use_PrivateKey_file", reason: "system lib", file: "../ssl/ssl_rsa.c", line: 411 }])
[INFO] [stdout] stack backtrace:
[INFO] [stdout]    0:     0x58ee06691711 - <<std[617be2ca0a6fd877]::sys::backtrace::BacktraceLock>::print::DisplayBacktrace as core[a373ad73a504971]::fmt::Display>::fmt
[INFO] [stdout]    1:     0x58ee066ab39a - core[a373ad73a504971]::fmt::write
[INFO] [stdout]    2:     0x58ee06696b9c - <alloc[2e1b2a31b91974c5]::vec::Vec<u8> as core[a373ad73a504971]::io::write::Write>::write_fmt
[INFO] [stdout]    3:     0x58ee0666c346 - std[617be2ca0a6fd877]::panicking::default_hook::{closure#0}
[INFO] [stdout]    4:     0x58ee066894f9 - std[617be2ca0a6fd877]::panicking::default_hook
[INFO] [stdout]    5:     0x58ee06347250 - test[aada8e7e76ba119b]::test_main_inner::{closure#0}
[INFO] [stdout]    6:     0x58ee06689822 - std[617be2ca0a6fd877]::panicking::panic_with_hook
[INFO] [stdout]    7:     0x58ee0666c3f2 - std[617be2ca0a6fd877]::panicking::panic_handler::{closure#0}
[INFO] [stdout]    8:     0x58ee066649f9 - std[617be2ca0a6fd877]::sys::backtrace::__rust_end_short_backtrace::<std[617be2ca0a6fd877]::panicking::panic_handler::{closure#0}, !>
[INFO] [stdout]    9:     0x58ee0666d2fd - __rustc[ea4f61d10b84890b]::rust_begin_unwind
[INFO] [stdout]   10:     0x58ee066abb7c - core[a373ad73a504971]::panicking::panic_fmt
[INFO] [stdout]   11:     0x58ee066ab952 - core[a373ad73a504971]::result::unwrap_failed
[INFO] [stdout]   12:     0x58ee062b700b - conjure_runtime_rustls_platform_verifier[41e588263eb0d2d5]::test::ssl_acceptor
[INFO] [stdout]   13:     0x58ee06182208 - <futures_util[3b5fc723a1e7197f]::future::maybe_done::MaybeDone<conjure_runtime_rustls_platform_verifier[41e588263eb0d2d5]::test::server<conjure_runtime_rustls_platform_verifier[41e588263eb0d2d5]::test::dont_propagate_protocol_errors::{closure#0}::{closure#0}::{closure#0}, conjure_runtime_rustls_platform_verifier[41e588263eb0d2d5]::test::dont_propagate_protocol_errors::{closure#0}::{closure#0}>::{closure#0}> as core[a373ad73a504971]::future::future::Future>::poll
[INFO] [stdout]   14:     0x58ee062f497d - <futures_util[3b5fc723a1e7197f]::future::poll_fn::PollFn<conjure_runtime_rustls_platform_verifier[41e588263eb0d2d5]::test::test<conjure_runtime_rustls_platform_verifier[41e588263eb0d2d5]::test::dont_propagate_protocol_errors::{closure#0}::{closure#0}::{closure#0}, conjure_runtime_rustls_platform_verifier[41e588263eb0d2d5]::test::dont_propagate_protocol_errors::{closure#0}::{closure#1}::{closure#0}, conjure_runtime_rustls_platform_verifier[41e588263eb0d2d5]::test::dont_propagate_protocol_errors::{closure#0}::{closure#0}, conjure_runtime_rustls_platform_verifier[41e588263eb0d2d5]::test::dont_propagate_protocol_errors::{closure#0}::{closure#1}>::{closure#0}::{closure#0}> as core[a373ad73a504971]::future::future::Future>::poll
[INFO] [stdout]   15:     0x58ee062b1f4b - conjure_runtime_rustls_platform_verifier[41e588263eb0d2d5]::test::dont_propagate_protocol_errors::{closure#0}
[INFO] [stdout]   16:     0x58ee062e3503 - <tokio[74a4f375f9bad6aa]::runtime::scheduler::current_thread::Context>::enter::<core[a373ad73a504971]::task::poll::Poll<()>, <tokio[74a4f375f9bad6aa]::runtime::scheduler::current_thread::CoreGuard>::block_on<core[a373ad73a504971]::pin::Pin<&mut core[a373ad73a504971]::pin::Pin<&mut dyn core[a373ad73a504971]::future::future::Future<Output = ()>>>>::{closure#0}::{closure#0}>
[INFO] [stdout]   17:     0x58ee062f7c3c - <tokio[74a4f375f9bad6aa]::runtime::context::scoped::Scoped<tokio[74a4f375f9bad6aa]::runtime::scheduler::Context>>::set::<<tokio[74a4f375f9bad6aa]::runtime::scheduler::current_thread::CoreGuard>::enter<<tokio[74a4f375f9bad6aa]::runtime::scheduler::current_thread::CoreGuard>::block_on<core[a373ad73a504971]::pin::Pin<&mut core[a373ad73a504971]::pin::Pin<&mut dyn core[a373ad73a504971]::future::future::Future<Output = ()>>>>::{closure#0}, core[a373ad73a504971]::option::Option<()>>::{closure#0}, (alloc[2e1b2a31b91974c5]::boxed::Box<tokio[74a4f375f9bad6aa]::runtime::scheduler::current_thread::Core>, core[a373ad73a504971]::option::Option<()>)>
[INFO] [stdout]   18:     0x58ee062e220d - <tokio[74a4f375f9bad6aa]::runtime::scheduler::current_thread::CurrentThread>::block_on::<core[a373ad73a504971]::pin::Pin<&mut dyn core[a373ad73a504971]::future::future::Future<Output = ()>>>
[INFO] [stdout]   19:     0x58ee0618e652 - <tokio[74a4f375f9bad6aa]::runtime::runtime::Runtime>::block_on::<core[a373ad73a504971]::pin::Pin<&mut dyn core[a373ad73a504971]::future::future::Future<Output = ()>>>
[INFO] [stdout]   20:     0x58ee062bdb4c - <conjure_runtime_rustls_platform_verifier[41e588263eb0d2d5]::test::dont_propagate_protocol_errors::{closure#0} as core[a373ad73a504971]::ops::function::FnOnce<()>>::call_once
[INFO] [stdout]   21:     0x58ee0633a69b - test[aada8e7e76ba119b]::__rust_begin_short_backtrace::<core[a373ad73a504971]::result::Result<(), alloc[2e1b2a31b91974c5]::string::String>, fn() -> core[a373ad73a504971]::result::Result<(), alloc[2e1b2a31b91974c5]::string::String>>
[INFO] [stdout]   22:     0x58ee06347875 - test[aada8e7e76ba119b]::run_test::{closure#0}
[INFO] [stdout]   23:     0x58ee06341164 - std[617be2ca0a6fd877]::sys::backtrace::__rust_begin_short_backtrace::<test[aada8e7e76ba119b]::run_test::{closure#1}, ()>
[INFO] [stdout]   24:     0x58ee0634a902 - <std[617be2ca0a6fd877]::thread::lifecycle::spawn_unchecked<test[aada8e7e76ba119b]::run_test::{closure#1}, ()>::{closure#1} as core[a373ad73a504971]::ops::function::FnOnce<()>>::call_once::{shim:vtable#0}
[INFO] [stdout]   25:     0x58ee06690bbf - <std[617be2ca0a6fd877]::sys::thread::unix::Thread>::new::thread_start
[INFO] [stdout]   26:     0x7af6bf615dfa - <unknown>
[INFO] [stdout]   27:     0x7af6bf6a93d4 - clone
[INFO] [stdout]   28:                0x0 - <unknown>
[INFO] [stdout] 
[INFO] [stdout] ---- test::gzip_body stdout ----
[INFO] [stdout] 
[INFO] [stdout] thread 'test::gzip_body' (3222) panicked at src/test.rs:77:10:
[INFO] [stdout] called `Result::unwrap()` on an `Err` value: ErrorStack([Error { code: 2147483650, library: "system library", function: "file_ctrl", file: "../crypto/bio/bss_file.c", line: 288, data: "calling fopen(/opt/rustwide/workdir/../test/key.pem, r)" }, Error { code: 268959746, library: "BIO routines", function: "file_ctrl", reason: "system lib", file: "../crypto/bio/bss_file.c", line: 291 }, Error { code: 168296450, library: "SSL routines", function: "SSL_CTX_use_PrivateKey_file", reason: "system lib", file: "../ssl/ssl_rsa.c", line: 411 }])
[INFO] [stdout] stack backtrace:
[INFO] [stdout]    0:     0x58ee06691711 - <<std[617be2ca0a6fd877]::sys::backtrace::BacktraceLock>::print::DisplayBacktrace as core[a373ad73a504971]::fmt::Display>::fmt
[INFO] [stdout]    1:     0x58ee066ab39a - core[a373ad73a504971]::fmt::write
[INFO] [stdout]    2:     0x58ee06696b9c - <alloc[2e1b2a31b91974c5]::vec::Vec<u8> as core[a373ad73a504971]::io::write::Write>::write_fmt
[INFO] [stdout]    3:     0x58ee0666c346 - std[617be2ca0a6fd877]::panicking::default_hook::{closure#0}
[INFO] [stdout]    4:     0x58ee066894f9 - std[617be2ca0a6fd877]::panicking::default_hook
[INFO] [stdout]    5:     0x58ee06347250 - test[aada8e7e76ba119b]::test_main_inner::{closure#0}
[INFO] [stdout]    6:     0x58ee06689822 - std[617be2ca0a6fd877]::panicking::panic_with_hook
[INFO] [stdout]    7:     0x58ee0666c3f2 - std[617be2ca0a6fd877]::panicking::panic_handler::{closure#0}
[INFO] [stdout]    8:     0x58ee066649f9 - std[617be2ca0a6fd877]::sys::backtrace::__rust_end_short_backtrace::<std[617be2ca0a6fd877]::panicking::panic_handler::{closure#0}, !>
[INFO] [stdout]    9:     0x58ee0666d2fd - __rustc[ea4f61d10b84890b]::rust_begin_unwind
[INFO] [stdout]   10:     0x58ee066abb7c - core[a373ad73a504971]::panicking::panic_fmt
[INFO] [stdout]   11:     0x58ee066ab952 - core[a373ad73a504971]::result::unwrap_failed
[INFO] [stdout]   12:     0x58ee062b700b - conjure_runtime_rustls_platform_verifier[41e588263eb0d2d5]::test::ssl_acceptor
[INFO] [stdout]   13:     0x58ee06183e11 - <futures_util[3b5fc723a1e7197f]::future::maybe_done::MaybeDone<conjure_runtime_rustls_platform_verifier[41e588263eb0d2d5]::test::server<conjure_runtime_rustls_platform_verifier[41e588263eb0d2d5]::test::gzip_body::{closure#0}::{closure#0}::{closure#0}, conjure_runtime_rustls_platform_verifier[41e588263eb0d2d5]::test::gzip_body::{closure#0}::{closure#0}>::{closure#0}> as core[a373ad73a504971]::future::future::Future>::poll
[INFO] [stdout]   14:     0x58ee062f4e3d - <futures_util[3b5fc723a1e7197f]::future::poll_fn::PollFn<conjure_runtime_rustls_platform_verifier[41e588263eb0d2d5]::test::test<conjure_runtime_rustls_platform_verifier[41e588263eb0d2d5]::test::gzip_body::{closure#0}::{closure#0}::{closure#0}, conjure_runtime_rustls_platform_verifier[41e588263eb0d2d5]::test::gzip_body::{closure#0}::{closure#1}::{closure#0}, conjure_runtime_rustls_platform_verifier[41e588263eb0d2d5]::test::gzip_body::{closure#0}::{closure#0}, conjure_runtime_rustls_platform_verifier[41e588263eb0d2d5]::test::gzip_body::{closure#0}::{closure#1}>::{closure#0}::{closure#0}> as core[a373ad73a504971]::future::future::Future>::poll
[INFO] [stdout]   15:     0x58ee062b3293 - conjure_runtime_rustls_platform_verifier[41e588263eb0d2d5]::test::gzip_body::{closure#0}
[INFO] [stdout]   16:     0x58ee062e3503 - <tokio[74a4f375f9bad6aa]::runtime::scheduler::current_thread::Context>::enter::<core[a373ad73a504971]::task::poll::Poll<()>, <tokio[74a4f375f9bad6aa]::runtime::scheduler::current_thread::CoreGuard>::block_on<core[a373ad73a504971]::pin::Pin<&mut core[a373ad73a504971]::pin::Pin<&mut dyn core[a373ad73a504971]::future::future::Future<Output = ()>>>>::{closure#0}::{closure#0}>
[INFO] [stdout]   17:     0x58ee062f7c3c - <tokio[74a4f375f9bad6aa]::runtime::context::scoped::Scoped<tokio[74a4f375f9bad6aa]::runtime::scheduler::Context>>::set::<<tokio[74a4f375f9bad6aa]::runtime::scheduler::current_thread::CoreGuard>::enter<<tokio[74a4f375f9bad6aa]::runtime::scheduler::current_thread::CoreGuard>::block_on<core[a373ad73a504971]::pin::Pin<&mut core[a373ad73a504971]::pin::Pin<&mut dyn core[a373ad73a504971]::future::future::Future<Output = ()>>>>::{closure#0}, core[a373ad73a504971]::option::Option<()>>::{closure#0}, (alloc[2e1b2a31b91974c5]::boxed::Box<tokio[74a4f375f9bad6aa]::runtime::scheduler::current_thread::Core>, core[a373ad73a504971]::option::Option<()>)>
[INFO] [stdout]   18:     0x58ee062e220d - <tokio[74a4f375f9bad6aa]::runtime::scheduler::current_thread::CurrentThread>::block_on::<core[a373ad73a504971]::pin::Pin<&mut dyn core[a373ad73a504971]::future::future::Future<Output = ()>>>
[INFO] [stdout]   19:     0x58ee0618e652 - <tokio[74a4f375f9bad6aa]::runtime::runtime::Runtime>::block_on::<core[a373ad73a504971]::pin::Pin<&mut dyn core[a373ad73a504971]::future::future::Future<Output = ()>>>
[INFO] [stdout]   20:     0x58ee062be2fc - <conjure_runtime_rustls_platform_verifier[41e588263eb0d2d5]::test::gzip_body::{closure#0} as core[a373ad73a504971]::ops::function::FnOnce<()>>::call_once
[INFO] [stdout]   21:     0x58ee0633a69b - test[aada8e7e76ba119b]::__rust_begin_short_backtrace::<core[a373ad73a504971]::result::Result<(), alloc[2e1b2a31b91974c5]::string::String>, fn() -> core[a373ad73a504971]::result::Result<(), alloc[2e1b2a31b91974c5]::string::String>>
[INFO] [stdout]   22:     0x58ee06347875 - test[aada8e7e76ba119b]::run_test::{closure#0}
[INFO] [stdout]   23:     0x58ee06341164 - std[617be2ca0a6fd877]::sys::backtrace::__rust_begin_short_backtrace::<test[aada8e7e76ba119b]::run_test::{closure#1}, ()>
[INFO] [stdout]   24:     0x58ee0634a902 - <std[617be2ca0a6fd877]::thread::lifecycle::spawn_unchecked<test[aada8e7e76ba119b]::run_test::{closure#1}, ()>::{closure#1} as core[a373ad73a504971]::ops::function::FnOnce<()>>::call_once::{shim:vtable#0}
[INFO] [stdout]   25:     0x58ee06690bbf - <std[617be2ca0a6fd877]::sys::thread::unix::Thread>::new::thread_start
[INFO] [stdout]   26:     0x7af6bf615dfa - <unknown>
[INFO] [stdout]   27:     0x7af6bf6a93d4 - clone
[INFO] [stdout]   28:                0x0 - <unknown>
[INFO] [stdout] 
[INFO] [stdout] ---- test::mesh_mode stdout ----
[INFO] [stdout] 
[INFO] [stdout] thread 'test::mesh_mode' (3223) panicked at src/test.rs:77:10:
[INFO] [stdout] called `Result::unwrap()` on an `Err` value: ErrorStack([Error { code: 2147483650, library: "system library", function: "file_ctrl", file: "../crypto/bio/bss_file.c", line: 288, data: "calling fopen(/opt/rustwide/workdir/../test/key.pem, r)" }, Error { code: 268959746, library: "BIO routines", function: "file_ctrl", reason: "system lib", file: "../crypto/bio/bss_file.c", line: 291 }, Error { code: 168296450, library: "SSL routines", function: "SSL_CTX_use_PrivateKey_file", reason: "system lib", file: "../ssl/ssl_rsa.c", line: 411 }])
[INFO] [stdout] stack backtrace:
[INFO] [stdout]    0:     0x58ee06691711 - <<std[617be2ca0a6fd877]::sys::backtrace::BacktraceLock>::print::DisplayBacktrace as core[a373ad73a504971]::fmt::Display>::fmt
[INFO] [stdout]    1:     0x58ee066ab39a - core[a373ad73a504971]::fmt::write
[INFO] [stdout]    2:     0x58ee06696b9c - <alloc[2e1b2a31b91974c5]::vec::Vec<u8> as core[a373ad73a504971]::io::write::Write>::write_fmt
[INFO] [stdout]    3:     0x58ee0666c346 - std[617be2ca0a6fd877]::panicking::default_hook::{closure#0}
[INFO] [stdout]    4:     0x58ee066894f9 - std[617be2ca0a6fd877]::panicking::default_hook
[INFO] [stdout]    5:     0x58ee06347250 - test[aada8e7e76ba119b]::test_main_inner::{closure#0}
[INFO] [stdout]    6:     0x58ee06689822 - std[617be2ca0a6fd877]::panicking::panic_with_hook
[INFO] [stdout]    7:     0x58ee0666c3f2 - std[617be2ca0a6fd877]::panicking::panic_handler::{closure#0}
[INFO] [stdout]    8:     0x58ee066649f9 - std[617be2ca0a6fd877]::sys::backtrace::__rust_end_short_backtrace::<std[617be2ca0a6fd877]::panicking::panic_handler::{closure#0}, !>
[INFO] [stdout]    9:     0x58ee0666d2fd - __rustc[ea4f61d10b84890b]::rust_begin_unwind
[INFO] [stdout]   10:     0x58ee066abb7c - core[a373ad73a504971]::panicking::panic_fmt
[INFO] [stdout]   11:     0x58ee066ab952 - core[a373ad73a504971]::result::unwrap_failed
[INFO] [stdout]   12:     0x58ee062b700b - conjure_runtime_rustls_platform_verifier[41e588263eb0d2d5]::test::ssl_acceptor
[INFO] [stdout]   13:     0x58ee06184511 - <futures_util[3b5fc723a1e7197f]::future::maybe_done::MaybeDone<conjure_runtime_rustls_platform_verifier[41e588263eb0d2d5]::test::server<conjure_runtime_rustls_platform_verifier[41e588263eb0d2d5]::test::mesh_mode::{closure#0}::{closure#0}::{closure#0}, conjure_runtime_rustls_platform_verifier[41e588263eb0d2d5]::test::mesh_mode::{closure#0}::{closure#0}>::{closure#0}> as core[a373ad73a504971]::future::future::Future>::poll
[INFO] [stdout]   14:     0x58ee062f4f6d - <futures_util[3b5fc723a1e7197f]::future::poll_fn::PollFn<conjure_runtime_rustls_platform_verifier[41e588263eb0d2d5]::test::test<conjure_runtime_rustls_platform_verifier[41e588263eb0d2d5]::test::mesh_mode::{closure#0}::{closure#0}::{closure#0}, conjure_runtime_rustls_platform_verifier[41e588263eb0d2d5]::test::mesh_mode::{closure#0}::{closure#1}::{closure#0}, conjure_runtime_rustls_platform_verifier[41e588263eb0d2d5]::test::mesh_mode::{closure#0}::{closure#0}, conjure_runtime_rustls_platform_verifier[41e588263eb0d2d5]::test::mesh_mode::{closure#0}::{closure#1}>::{closure#0}::{closure#0}> as core[a373ad73a504971]::future::future::Future>::poll
[INFO] [stdout]   15:     0x58ee062b3673 - conjure_runtime_rustls_platform_verifier[41e588263eb0d2d5]::test::mesh_mode::{closure#0}
[INFO] [stdout]   16:     0x58ee062e3503 - <tokio[74a4f375f9bad6aa]::runtime::scheduler::current_thread::Context>::enter::<core[a373ad73a504971]::task::poll::Poll<()>, <tokio[74a4f375f9bad6aa]::runtime::scheduler::current_thread::CoreGuard>::block_on<core[a373ad73a504971]::pin::Pin<&mut core[a373ad73a504971]::pin::Pin<&mut dyn core[a373ad73a504971]::future::future::Future<Output = ()>>>>::{closure#0}::{closure#0}>
[INFO] [stdout]   17:     0x58ee062f7c3c - <tokio[74a4f375f9bad6aa]::runtime::context::scoped::Scoped<tokio[74a4f375f9bad6aa]::runtime::scheduler::Context>>::set::<<tokio[74a4f375f9bad6aa]::runtime::scheduler::current_thread::CoreGuard>::enter<<tokio[74a4f375f9bad6aa]::runtime::scheduler::current_thread::CoreGuard>::block_on<core[a373ad73a504971]::pin::Pin<&mut core[a373ad73a504971]::pin::Pin<&mut dyn core[a373ad73a504971]::future::future::Future<Output = ()>>>>::{closure#0}, core[a373ad73a504971]::option::Option<()>>::{closure#0}, (alloc[2e1b2a31b91974c5]::boxed::Box<tokio[74a4f375f9bad6aa]::runtime::scheduler::current_thread::Core>, core[a373ad73a504971]::option::Option<()>)>
[INFO] [stdout]   18:     0x58ee062e220d - <tokio[74a4f375f9bad6aa]::runtime::scheduler::current_thread::CurrentThread>::block_on::<core[a373ad73a504971]::pin::Pin<&mut dyn core[a373ad73a504971]::future::future::Future<Output = ()>>>
[INFO] [stdout]   19:     0x58ee0618e652 - <tokio[74a4f375f9bad6aa]::runtime::runtime::Runtime>::block_on::<core[a373ad73a504971]::pin::Pin<&mut dyn core[a373ad73a504971]::future::future::Future<Output = ()>>>
[INFO] [stdout]   20:     0x58ee062be48c - <conjure_runtime_rustls_platform_verifier[41e588263eb0d2d5]::test::mesh_mode::{closure#0} as core[a373ad73a504971]::ops::function::FnOnce<()>>::call_once
[INFO] [stdout]   21:     0x58ee0633a69b - test[aada8e7e76ba119b]::__rust_begin_short_backtrace::<core[a373ad73a504971]::result::Result<(), alloc[2e1b2a31b91974c5]::string::String>, fn() -> core[a373ad73a504971]::result::Result<(), alloc[2e1b2a31b91974c5]::string::String>>
[INFO] [stdout]   22:     0x58ee06347875 - test[aada8e7e76ba119b]::run_test::{closure#0}
[INFO] [stdout]   23:     0x58ee06341164 - std[617be2ca0a6fd877]::sys::backtrace::__rust_begin_short_backtrace::<test[aada8e7e76ba119b]::run_test::{closure#1}, ()>
[INFO] [stdout]   24:     0x58ee0634a902 - <std[617be2ca0a6fd877]::thread::lifecycle::spawn_unchecked<test[aada8e7e76ba119b]::run_test::{closure#1}, ()>::{closure#1} as core[a373ad73a504971]::ops::function::FnOnce<()>>::call_once::{shim:vtable#0}
[INFO] [stdout]   25:     0x58ee06690bbf - <std[617be2ca0a6fd877]::sys::thread::unix::Thread>::new::thread_start
[INFO] [stdout]   26:     0x7af6bf615dfa - <unknown>
[INFO] [stdout]   27:     0x7af6bf6a93d4 - clone
[INFO] [stdout]   28:                0x0 - <unknown>
[INFO] [stdout] 
[INFO] [stdout] ---- test::streaming_write_error_reporting stdout ----
[INFO] [stdout] 
[INFO] [stdout] thread 'test::streaming_write_error_reporting' (3249) panicked at src/test.rs:77:10:
[INFO] [stdout] called `Result::unwrap()` on an `Err` value: ErrorStack([Error { code: 2147483650, library: "system library", function: "file_ctrl", file: "../crypto/bio/bss_file.c", line: 288, data: "calling fopen(/opt/rustwide/workdir/../test/key.pem, r)" }, Error { code: 268959746, library: "BIO routines", function: "file_ctrl", reason: "system lib", file: "../crypto/bio/bss_file.c", line: 291 }, Error { code: 168296450, library: "SSL routines", function: "SSL_CTX_use_PrivateKey_file", reason: "system lib", file: "../ssl/ssl_rsa.c", line: 411 }])
[INFO] [stdout] stack backtrace:
[INFO] [stdout]    0:     0x58ee06691711 - <<std[617be2ca0a6fd877]::sys::backtrace::BacktraceLock>::print::DisplayBacktrace as core[a373ad73a504971]::fmt::Display>::fmt
[INFO] [stdout]    1:     0x58ee066ab39a - core[a373ad73a504971]::fmt::write
[INFO] [stdout]    2:     0x58ee06696b9c - <alloc[2e1b2a31b91974c5]::vec::Vec<u8> as core[a373ad73a504971]::io::write::Write>::write_fmt
[INFO] [stdout]    3:     0x58ee0666c346 - std[617be2ca0a6fd877]::panicking::default_hook::{closure#0}
[INFO] [stdout]    4:     0x58ee066894f9 - std[617be2ca0a6fd877]::panicking::default_hook
[INFO] [stdout]    5:     0x58ee06347250 - test[aada8e7e76ba119b]::test_main_inner::{closure#0}
[INFO] [stdout]    6:     0x58ee06689822 - std[617be2ca0a6fd877]::panicking::panic_with_hook
[INFO] [stdout]    7:     0x58ee0666c3f2 - std[617be2ca0a6fd877]::panicking::panic_handler::{closure#0}
[INFO] [stdout]    8:     0x58ee066649f9 - std[617be2ca0a6fd877]::sys::backtrace::__rust_end_short_backtrace::<std[617be2ca0a6fd877]::panicking::panic_handler::{closure#0}, !>
[INFO] [stdout]    9:     0x58ee0666d2fd - __rustc[ea4f61d10b84890b]::rust_begin_unwind
[INFO] [stdout]   10:     0x58ee066abb7c - core[a373ad73a504971]::panicking::panic_fmt
[INFO] [stdout]   11:     0x58ee066ab952 - core[a373ad73a504971]::result::unwrap_failed
[INFO] [stdout]   12:     0x58ee062b700b - conjure_runtime_rustls_platform_verifier[41e588263eb0d2d5]::test::ssl_acceptor
[INFO] [stdout]   13:     0x58ee06183011 - <futures_util[3b5fc723a1e7197f]::future::maybe_done::MaybeDone<conjure_runtime_rustls_platform_verifier[41e588263eb0d2d5]::test::server<conjure_runtime_rustls_platform_verifier[41e588263eb0d2d5]::test::streaming_write_error_reporting::{closure#0}::{closure#0}::{closure#0}, conjure_runtime_rustls_platform_verifier[41e588263eb0d2d5]::test::streaming_write_error_reporting::{closure#0}::{closure#0}>::{closure#0}> as core[a373ad73a504971]::future::future::Future>::poll
[INFO] [stdout]   14:     0x58ee062f4bdd - <futures_util[3b5fc723a1e7197f]::future::poll_fn::PollFn<conjure_runtime_rustls_platform_verifier[41e588263eb0d2d5]::test::test<conjure_runtime_rustls_platform_verifier[41e588263eb0d2d5]::test::streaming_write_error_reporting::{closure#0}::{closure#0}::{closure#0}, conjure_runtime_rustls_platform_verifier[41e588263eb0d2d5]::test::streaming_write_error_reporting::{closure#0}::{closure#1}::{closure#0}, conjure_runtime_rustls_platform_verifier[41e588263eb0d2d5]::test::streaming_write_error_reporting::{closure#0}::{closure#0}, conjure_runtime_rustls_platform_verifier[41e588263eb0d2d5]::test::streaming_write_error_reporting::{closure#0}::{closure#1}>::{closure#0}::{closure#0}> as core[a373ad73a504971]::future::future::Future>::poll
[INFO] [stdout]   15:     0x58ee062b2ad3 - conjure_runtime_rustls_platform_verifier[41e588263eb0d2d5]::test::streaming_write_error_reporting::{closure#0}
[INFO] [stdout]   16:     0x58ee062e3503 - <tokio[74a4f375f9bad6aa]::runtime::scheduler::current_thread::Context>::enter::<core[a373ad73a504971]::task::poll::Poll<()>, <tokio[74a4f375f9bad6aa]::runtime::scheduler::current_thread::CoreGuard>::block_on<core[a373ad73a504971]::pin::Pin<&mut core[a373ad73a504971]::pin::Pin<&mut dyn core[a373ad73a504971]::future::future::Future<Output = ()>>>>::{closure#0}::{closure#0}>
[INFO] [stdout]   17:     0x58ee062f7c3c - <tokio[74a4f375f9bad6aa]::runtime::context::scoped::Scoped<tokio[74a4f375f9bad6aa]::runtime::scheduler::Context>>::set::<<tokio[74a4f375f9bad6aa]::runtime::scheduler::current_thread::CoreGuard>::enter<<tokio[74a4f375f9bad6aa]::runtime::scheduler::current_thread::CoreGuard>::block_on<core[a373ad73a504971]::pin::Pin<&mut core[a373ad73a504971]::pin::Pin<&mut dyn core[a373ad73a504971]::future::future::Future<Output = ()>>>>::{closure#0}, core[a373ad73a504971]::option::Option<()>>::{closure#0}, (alloc[2e1b2a31b91974c5]::boxed::Box<tokio[74a4f375f9bad6aa]::runtime::scheduler::current_thread::Core>, core[a373ad73a504971]::option::Option<()>)>
[INFO] [stdout]   18:     0x58ee062e220d - <tokio[74a4f375f9bad6aa]::runtime::scheduler::current_thread::CurrentThread>::block_on::<core[a373ad73a504971]::pin::Pin<&mut dyn core[a373ad73a504971]::future::future::Future<Output = ()>>>
[INFO] [stdout]   19:     0x58ee0618e652 - <tokio[74a4f375f9bad6aa]::runtime::runtime::Runtime>::block_on::<core[a373ad73a504971]::pin::Pin<&mut dyn core[a373ad73a504971]::future::future::Future<Output = ()>>>
[INFO] [stdout]   20:     0x58ee062bdfdc - <conjure_runtime_rustls_platform_verifier[41e588263eb0d2d5]::test::streaming_write_error_reporting::{closure#0} as core[a373ad73a504971]::ops::function::FnOnce<()>>::call_once
[INFO] [stdout]   21:     0x58ee0633a69b - test[aada8e7e76ba119b]::__rust_begin_short_backtrace::<core[a373ad73a504971]::result::Result<(), alloc[2e1b2a31b91974c5]::string::String>, fn() -> core[a373ad73a504971]::result::Result<(), alloc[2e1b2a31b91974c5]::string::String>>
[INFO] [stdout]   22:     0x58ee06347875 - test[aada8e7e76ba119b]::run_test::{closure#0}
[INFO] [stdout]   23:     0x58ee06341164 - std[617be2ca0a6fd877]::sys::backtrace::__rust_begin_short_backtrace::<test[aada8e7e76ba119b]::run_test::{closure#1}, ()>
[INFO] [stdout]   24:     0x58ee0634a902 - <std[617be2ca0a6fd877]::thread::lifecycle::spawn_unchecked<test[aada8e7e76ba119b]::run_test::{closure#1}, ()>::{closure#1} as core[a373ad73a504971]::ops::function::FnOnce<()>>::call_once::{shim:vtable#0}
[INFO] [stdout]   25:     0x58ee06690bbf - <std[617be2ca0a6fd877]::sys::thread::unix::Thread>::new::thread_start
[INFO] [stdout]   26:     0x7af6bf615dfa - <unknown>
[INFO] [stdout]   27:     0x7af6bf6a93d4 - clone
[INFO] [stdout]   28:                0x0 - <unknown>
[INFO] [stdout] 
[INFO] [stdout] ---- test::retry_after_overrides stdout ----
[INFO] [stdout] 
[INFO] [stdout] thread 'test::retry_after_overrides' (3247) panicked at src/test.rs:77:10:
[INFO] [stdout] called `Result::unwrap()` on an `Err` value: ErrorStack([Error { code: 2147483650, library: "system library", function: "file_ctrl", file: "../crypto/bio/bss_file.c", line: 288, data: "calling fopen(/opt/rustwide/workdir/../test/key.pem, r)" }, Error { code: 268959746, library: "BIO routines", function: "file_ctrl", reason: "system lib", file: "../crypto/bio/bss_file.c", line: 291 }, Error { code: 168296450, library: "SSL routines", function: "SSL_CTX_use_PrivateKey_file", reason: "system lib", file: "../ssl/ssl_rsa.c", line: 411 }])
[INFO] [stdout] stack backtrace:
[INFO] [stdout]    0:     0x58ee06691711 - <<std[617be2ca0a6fd877]::sys::backtrace::BacktraceLock>::print::DisplayBacktrace as core[a373ad73a504971]::fmt::Display>::fmt
[INFO] [stdout]    1:     0x58ee066ab39a - core[a373ad73a504971]::fmt::write
[INFO] [stdout]    2:     0x58ee06696b9c - <alloc[2e1b2a31b91974c5]::vec::Vec<u8> as core[a373ad73a504971]::io::write::Write>::write_fmt
[INFO] [stdout]    3:     0x58ee0666c346 - std[617be2ca0a6fd877]::panicking::default_hook::{closure#0}
[INFO] [stdout]    4:     0x58ee066894f9 - std[617be2ca0a6fd877]::panicking::default_hook
[INFO] [stdout]    5:     0x58ee06347250 - test[aada8e7e76ba119b]::test_main_inner::{closure#0}
[INFO] [stdout]    6:     0x58ee06689822 - std[617be2ca0a6fd877]::panicking::panic_with_hook
[INFO] [stdout]    7:     0x58ee0666c3f2 - std[617be2ca0a6fd877]::panicking::panic_handler::{closure#0}
[INFO] [stdout]    8:     0x58ee066649f9 - std[617be2ca0a6fd877]::sys::backtrace::__rust_end_short_backtrace::<std[617be2ca0a6fd877]::panicking::panic_handler::{closure#0}, !>
[INFO] [stdout]    9:     0x58ee0666d2fd - __rustc[ea4f61d10b84890b]::rust_begin_unwind
[INFO] [stdout]   10:     0x58ee066abb7c - core[a373ad73a504971]::panicking::panic_fmt
[INFO] [stdout]   11:     0x58ee066ab952 - core[a373ad73a504971]::result::unwrap_failed
[INFO] [stdout]   12:     0x58ee062b700b - conjure_runtime_rustls_platform_verifier[41e588263eb0d2d5]::test::ssl_acceptor
[INFO] [stdout]   13:     0x58ee0617fee8 - <futures_util[3b5fc723a1e7197f]::future::maybe_done::MaybeDone<conjure_runtime_rustls_platform_verifier[41e588263eb0d2d5]::test::server<conjure_runtime_rustls_platform_verifier[41e588263eb0d2d5]::test::retry_after_overrides::{closure#0}::{closure#0}::{closure#0}, conjure_runtime_rustls_platform_verifier[41e588263eb0d2d5]::test::retry_after_overrides::{closure#0}::{closure#0}>::{closure#0}> as core[a373ad73a504971]::future::future::Future>::poll
[INFO] [stdout]   14:     0x58ee062f438d - <futures_util[3b5fc723a1e7197f]::future::poll_fn::PollFn<conjure_runtime_rustls_platform_verifier[41e588263eb0d2d5]::test::test<conjure_runtime_rustls_platform_verifier[41e588263eb0d2d5]::test::retry_after_overrides::{closure#0}::{closure#0}::{closure#0}, conjure_runtime_rustls_platform_verifier[41e588263eb0d2d5]::test::retry_after_overrides::{closure#0}::{closure#1}::{closure#0}, conjure_runtime_rustls_platform_verifier[41e588263eb0d2d5]::test::retry_after_overrides::{closure#0}::{closure#0}, conjure_runtime_rustls_platform_verifier[41e588263eb0d2d5]::test::retry_after_overrides::{closure#0}::{closure#1}>::{closure#0}::{closure#0}> as core[a373ad73a504971]::future::future::Future>::poll
[INFO] [stdout]   15:     0x58ee062b0bca - conjure_runtime_rustls_platform_verifier[41e588263eb0d2d5]::test::retry_after_overrides::{closure#0}
[INFO] [stdout]   16:     0x58ee062e3503 - <tokio[74a4f375f9bad6aa]::runtime::scheduler::current_thread::Context>::enter::<core[a373ad73a504971]::task::poll::Poll<()>, <tokio[74a4f375f9bad6aa]::runtime::scheduler::current_thread::CoreGuard>::block_on<core[a373ad73a504971]::pin::Pin<&mut core[a373ad73a504971]::pin::Pin<&mut dyn core[a373ad73a504971]::future::future::Future<Output = ()>>>>::{closure#0}::{closure#0}>
[INFO] [stdout]   17:     0x58ee062f7c3c - <tokio[74a4f375f9bad6aa]::runtime::context::scoped::Scoped<tokio[74a4f375f9bad6aa]::runtime::scheduler::Context>>::set::<<tokio[74a4f375f9bad6aa]::runtime::scheduler::current_thread::CoreGuard>::enter<<tokio[74a4f375f9bad6aa]::runtime::scheduler::current_thread::CoreGuard>::block_on<core[a373ad73a504971]::pin::Pin<&mut core[a373ad73a504971]::pin::Pin<&mut dyn core[a373ad73a504971]::future::future::Future<Output = ()>>>>::{closure#0}, core[a373ad73a504971]::option::Option<()>>::{closure#0}, (alloc[2e1b2a31b91974c5]::boxed::Box<tokio[74a4f375f9bad6aa]::runtime::scheduler::current_thread::Core>, core[a373ad73a504971]::option::Option<()>)>
[INFO] [stdout]   18:     0x58ee062e220d - <tokio[74a4f375f9bad6aa]::runtime::scheduler::current_thread::CurrentThread>::block_on::<core[a373ad73a504971]::pin::Pin<&mut dyn core[a373ad73a504971]::future::future::Future<Output = ()>>>
[INFO] [stdout]   19:     0x58ee0618e652 - <tokio[74a4f375f9bad6aa]::runtime::runtime::Runtime>::block_on::<core[a373ad73a504971]::pin::Pin<&mut dyn core[a373ad73a504971]::future::future::Future<Output = ()>>>
[INFO] [stdout]   20:     0x58ee062bbd7c - <conjure_runtime_rustls_platform_verifier[41e588263eb0d2d5]::test::retry_after_overrides::{closure#0} as core[a373ad73a504971]::ops::function::FnOnce<()>>::call_once
[INFO] [stdout]   21:     0x58ee0633a69b - test[aada8e7e76ba119b]::__rust_begin_short_backtrace::<core[a373ad73a504971]::result::Result<(), alloc[2e1b2a31b91974c5]::string::String>, fn() -> core[a373ad73a504971]::result::Result<(), alloc[2e1b2a31b91974c5]::string::String>>
[INFO] [stdout]   22:     0x58ee06347875 - test[aada8e7e76ba119b]::run_test::{closure#0}
[INFO] [stdout]   23:     0x58ee06341164 - std[617be2ca0a6fd877]::sys::backtrace::__rust_begin_short_backtrace::<test[aada8e7e76ba119b]::run_test::{closure#1}, ()>
[INFO] [stdout]   24:     0x58ee0634a902 - <std[617be2ca0a6fd877]::thread::lifecycle::spawn_unchecked<test[aada8e7e76ba119b]::run_test::{closure#1}, ()>::{closure#1} as core[a373ad73a504971]::ops::function::FnOnce<()>>::call_once::{shim:vtable#0}
[INFO] [stdout]   25:     0x58ee06690bbf - <std[617be2ca0a6fd877]::sys::thread::unix::Thread>::new::thread_start
[INFO] [stdout]   26:     0x7af6bf615dfa - <unknown>
[INFO] [stdout]   27:     0x7af6bf6a93d4 - clone
[INFO] [stdout]   28:                0x0 - <unknown>
[INFO] [stdout] 
[INFO] [stdout] ---- test::zipkin_propagation stdout ----
[INFO] [stdout] 
[INFO] [stdout] thread 'test::zipkin_propagation' (3250) panicked at src/test.rs:77:10:
[INFO] [stdout] called `Result::unwrap()` on an `Err` value: ErrorStack([Error { code: 2147483650, library: "system library", function: "file_ctrl", file: "../crypto/bio/bss_file.c", line: 288, data: "calling fopen(/opt/rustwide/workdir/../test/key.pem, r)" }, Error { code: 268959746, library: "BIO routines", function: "file_ctrl", reason: "system lib", file: "../crypto/bio/bss_file.c", line: 291 }, Error { code: 168296450, library: "SSL routines", function: "SSL_CTX_use_PrivateKey_file", reason: "system lib", file: "../ssl/ssl_rsa.c", line: 411 }])
[INFO] [stdout] stack backtrace:
[INFO] [stdout]    0:     0x58ee06691711 - <<std[617be2ca0a6fd877]::sys::backtrace::BacktraceLock>::print::DisplayBacktrace as core[a373ad73a504971]::fmt::Display>::fmt
[INFO] [stdout]    1:     0x58ee066ab39a - core[a373ad73a504971]::fmt::write
[INFO] [stdout]    2:     0x58ee06696b9c - <alloc[2e1b2a31b91974c5]::vec::Vec<u8> as core[a373ad73a504971]::io::write::Write>::write_fmt
[INFO] [stdout]    3:     0x58ee0666c346 - std[617be2ca0a6fd877]::panicking::default_hook::{closure#0}
[INFO] [stdout]    4:     0x58ee066894f9 - std[617be2ca0a6fd877]::panicking::default_hook
[INFO] [stdout]    5:     0x58ee06347250 - test[aada8e7e76ba119b]::test_main_inner::{closure#0}
[INFO] [stdout]    6:     0x58ee06689822 - std[617be2ca0a6fd877]::panicking::panic_with_hook
[INFO] [stdout]    7:     0x58ee0666c3f2 - std[617be2ca0a6fd877]::panicking::panic_handler::{closure#0}
[INFO] [stdout]    8:     0x58ee066649f9 - std[617be2ca0a6fd877]::sys::backtrace::__rust_end_short_backtrace::<std[617be2ca0a6fd877]::panicking::panic_handler::{closure#0}, !>
[INFO] [stdout]    9:     0x58ee0666d2fd - __rustc[ea4f61d10b84890b]::rust_begin_unwind
[INFO] [stdout]   10:     0x58ee066abb7c - core[a373ad73a504971]::panicking::panic_fmt
[INFO] [stdout]   11:     0x58ee066ab952 - core[a373ad73a504971]::result::unwrap_failed
[INFO] [stdout]   12:     0x58ee062b700b - conjure_runtime_rustls_platform_verifier[41e588263eb0d2d5]::test::ssl_acceptor
[INFO] [stdout]   13:     0x58ee0617f7e1 - <futures_util[3b5fc723a1e7197f]::future::maybe_done::MaybeDone<conjure_runtime_rustls_platform_verifier[41e588263eb0d2d5]::test::server<conjure_runtime_rustls_platform_verifier[41e588263eb0d2d5]::test::zipkin_propagation::{closure#0}::{closure#0}::{closure#0}, conjure_runtime_rustls_platform_verifier[41e588263eb0d2d5]::test::zipkin_propagation::{closure#0}::{closure#0}>::{closure#0}> as core[a373ad73a504971]::future::future::Future>::poll
[INFO] [stdout]   14:     0x58ee062f426d - <futures_util[3b5fc723a1e7197f]::future::poll_fn::PollFn<conjure_runtime_rustls_platform_verifier[41e588263eb0d2d5]::test::test<conjure_runtime_rustls_platform_verifier[41e588263eb0d2d5]::test::zipkin_propagation::{closure#0}::{closure#0}::{closure#0}, zipkin[31d2f793d3c250c2]::open_span::Bind<conjure_runtime_rustls_platform_verifier[41e588263eb0d2d5]::test::zipkin_propagation::{closure#0}::{closure#1}::{closure#0}>, conjure_runtime_rustls_platform_verifier[41e588263eb0d2d5]::test::zipkin_propagation::{closure#0}::{closure#0}, conjure_runtime_rustls_platform_verifier[41e588263eb0d2d5]::test::zipkin_propagation::{closure#0}::{closure#1}>::{closure#0}::{closure#0}> as core[a373ad73a504971]::future::future::Future>::poll
[INFO] [stdout]   15:     0x58ee062b07e4 - conjure_runtime_rustls_platform_verifier[41e588263eb0d2d5]::test::zipkin_propagation::{closure#0}
[INFO] [stdout]   16:     0x58ee062e3503 - <tokio[74a4f375f9bad6aa]::runtime::scheduler::current_thread::Context>::enter::<core[a373ad73a504971]::task::poll::Poll<()>, <tokio[74a4f375f9bad6aa]::runtime::scheduler::current_thread::CoreGuard>::block_on<core[a373ad73a504971]::pin::Pin<&mut core[a373ad73a504971]::pin::Pin<&mut dyn core[a373ad73a504971]::future::future::Future<Output = ()>>>>::{closure#0}::{closure#0}>
[INFO] [stdout]   17:     0x58ee062f7c3c - <tokio[74a4f375f9bad6aa]::runtime::context::scoped::Scoped<tokio[74a4f375f9bad6aa]::runtime::scheduler::Context>>::set::<<tokio[74a4f375f9bad6aa]::runtime::scheduler::current_thread::CoreGuard>::enter<<tokio[74a4f375f9bad6aa]::runtime::scheduler::current_thread::CoreGuard>::block_on<core[a373ad73a504971]::pin::Pin<&mut core[a373ad73a504971]::pin::Pin<&mut dyn core[a373ad73a504971]::future::future::Future<Output = ()>>>>::{closure#0}, core[a373ad73a504971]::option::Option<()>>::{closure#0}, (alloc[2e1b2a31b91974c5]::boxed::Box<tokio[74a4f375f9bad6aa]::runtime::scheduler::current_thread::Core>, core[a373ad73a504971]::option::Option<()>)>
[INFO] [stdout]   18:     0x58ee062e220d - <tokio[74a4f375f9bad6aa]::runtime::scheduler::current_thread::CurrentThread>::block_on::<core[a373ad73a504971]::pin::Pin<&mut dyn core[a373ad73a504971]::future::future::Future<Output = ()>>>
[INFO] [stdout]   19:     0x58ee0618e652 - <tokio[74a4f375f9bad6aa]::runtime::runtime::Runtime>::block_on::<core[a373ad73a504971]::pin::Pin<&mut dyn core[a373ad73a504971]::future::future::Future<Output = ()>>>
[INFO] [stdout]   20:     0x58ee062bbbec - <conjure_runtime_rustls_platform_verifier[41e588263eb0d2d5]::test::zipkin_propagation::{closure#0} as core[a373ad73a504971]::ops::function::FnOnce<()>>::call_once
[INFO] [stdout]   21:     0x58ee0633a69b - test[aada8e7e76ba119b]::__rust_begin_short_backtrace::<core[a373ad73a504971]::result::Result<(), alloc[2e1b2a31b91974c5]::string::String>, fn() -> core[a373ad73a504971]::result::Result<(), alloc[2e1b2a31b91974c5]::string::String>>
[INFO] [stdout]   22:     0x58ee06347875 - test[aada8e7e76ba119b]::run_test::{closure#0}
[INFO] [stdout]   23:     0x58ee06341164 - std[617be2ca0a6fd877]::sys::backtrace::__rust_begin_short_backtrace::<test[aada8e7e76ba119b]::run_test::{closure#1}, ()>
[INFO] [stdout]   24:     0x58ee0634a902 - <std[617be2ca0a6fd877]::thread::lifecycle::spawn_unchecked<test[aada8e7e76ba119b]::run_test::{closure#1}, ()>::{closure#1} as core[a373ad73a504971]::ops::function::FnOnce<()>>::call_once::{shim:vtable#0}
[INFO] [stdout]   25:     0x58ee06690bbf - <std[617be2ca0a6fd877]::sys::thread::unix::Thread>::new::thread_start
[INFO] [stdout]   26:     0x7af6bf615dfa - <unknown>
[INFO] [stdout]   27:     0x7af6bf6a93d4 - clone
[INFO] [stdout]   28:                0x0 - <unknown>
[INFO] [stdout] 
[INFO] [stdout] ---- test::dont_bail_when_all_timed_out stdout ----
[INFO] [stdout] 
[INFO] [stdout] thread 'test::dont_bail_when_all_timed_out' (3218) panicked at src/test.rs:77:10:
[INFO] [stdout] called `Result::unwrap()` on an `Err` value: ErrorStack([Error { code: 2147483650, library: "system library", function: "file_ctrl", file: "../crypto/bio/bss_file.c", line: 288, data: "calling fopen(/opt/rustwide/workdir/../test/key.pem, r)" }, Error { code: 268959746, library: "BIO routines", function: "file_ctrl", reason: "system lib", file: "../crypto/bio/bss_file.c", line: 291 }, Error { code: 168296450, library: "SSL routines", function: "SSL_CTX_use_PrivateKey_file", reason: "system lib", file: "../ssl/ssl_rsa.c", line: 411 }])
[INFO] [stdout] stack backtrace:
[INFO] [stdout]    0:     0x58ee06691711 - <<std[617be2ca0a6fd877]::sys::backtrace::BacktraceLock>::print::DisplayBacktrace as core[a373ad73a504971]::fmt::Display>::fmt
[INFO] [stdout]    1:     0x58ee066ab39a - core[a373ad73a504971]::fmt::write
[INFO] [stdout]    2:     0x58ee06696b9c - <alloc[2e1b2a31b91974c5]::vec::Vec<u8> as core[a373ad73a504971]::io::write::Write>::write_fmt
[INFO] [stdout]    3:     0x58ee0666c346 - std[617be2ca0a6fd877]::panicking::default_hook::{closure#0}
[INFO] [stdout]    4:     0x58ee066894f9 - std[617be2ca0a6fd877]::panicking::default_hook
[INFO] [stdout]    5:     0x58ee06347250 - test[aada8e7e76ba119b]::test_main_inner::{closure#0}
[INFO] [stdout]    6:     0x58ee06689822 - std[617be2ca0a6fd877]::panicking::panic_with_hook
[INFO] [stdout]    7:     0x58ee0666c3f2 - std[617be2ca0a6fd877]::panicking::panic_handler::{closure#0}
[INFO] [stdout]    8:     0x58ee066649f9 - std[617be2ca0a6fd877]::sys::backtrace::__rust_end_short_backtrace::<std[617be2ca0a6fd877]::panicking::panic_handler::{closure#0}, !>
[INFO] [stdout]    9:     0x58ee0666d2fd - __rustc[ea4f61d10b84890b]::rust_begin_unwind
[INFO] [stdout]   10:     0x58ee066abb7c - core[a373ad73a504971]::panicking::panic_fmt
[INFO] [stdout]   11:     0x58ee066ab952 - core[a373ad73a504971]::result::unwrap_failed
[INFO] [stdout]   12:     0x58ee062b700b - conjure_runtime_rustls_platform_verifier[41e588263eb0d2d5]::test::ssl_acceptor
[INFO] [stdout]   13:     0x58ee061813f8 - <futures_util[3b5fc723a1e7197f]::future::maybe_done::MaybeDone<conjure_runtime_rustls_platform_verifier[41e588263eb0d2d5]::test::server<conjure_runtime_rustls_platform_verifier[41e588263eb0d2d5]::test::dont_bail_when_all_timed_out::{closure#0}::{closure#0}::{closure#0}, conjure_runtime_rustls_platform_verifier[41e588263eb0d2d5]::test::dont_bail_when_all_timed_out::{closure#0}::{closure#0}>::{closure#0}> as core[a373ad73a504971]::future::future::Future>::poll
[INFO] [stdout]   14:     0x58ee062f471d - <futures_util[3b5fc723a1e7197f]::future::poll_fn::PollFn<conjure_runtime_rustls_platform_verifier[41e588263eb0d2d5]::test::test<conjure_runtime_rustls_platform_verifier[41e588263eb0d2d5]::test::dont_bail_when_all_timed_out::{closure#0}::{closure#0}::{closure#0}, conjure_runtime_rustls_platform_verifier[41e588263eb0d2d5]::test::dont_bail_when_all_timed_out::{closure#0}::{closure#1}::{closure#0}, conjure_runtime_rustls_platform_verifier[41e588263eb0d2d5]::test::dont_bail_when_all_timed_out::{closure#0}::{closure#0}, conjure_runtime_rustls_platform_verifier[41e588263eb0d2d5]::test::dont_bail_when_all_timed_out::{closure#0}::{closure#1}>::{closure#0}::{closure#0}> as core[a373ad73a504971]::future::future::Future>::poll
[INFO] [stdout]   15:     0x58ee062b177b - conjure_runtime_rustls_platform_verifier[41e588263eb0d2d5]::test::dont_bail_when_all_timed_out::{closure#0}
[INFO] [stdout]   16:     0x58ee062e3503 - <tokio[74a4f375f9bad6aa]::runtime::scheduler::current_thread::Context>::enter::<core[a373ad73a504971]::task::poll::Poll<()>, <tokio[74a4f375f9bad6aa]::runtime::scheduler::current_thread::CoreGuard>::block_on<core[a373ad73a504971]::pin::Pin<&mut core[a373ad73a504971]::pin::Pin<&mut dyn core[a373ad73a504971]::future::future::Future<Output = ()>>>>::{closure#0}::{closure#0}>
[INFO] [stdout]   17:     0x58ee062f7c3c - <tokio[74a4f375f9bad6aa]::runtime::context::scoped::Scoped<tokio[74a4f375f9bad6aa]::runtime::scheduler::Context>>::set::<<tokio[74a4f375f9bad6aa]::runtime::scheduler::current_thread::CoreGuard>::enter<<tokio[74a4f375f9bad6aa]::runtime::scheduler::current_thread::CoreGuard>::block_on<core[a373ad73a504971]::pin::Pin<&mut core[a373ad73a504971]::pin::Pin<&mut dyn core[a373ad73a504971]::future::future::Future<Output = ()>>>>::{closure#0}, core[a373ad73a504971]::option::Option<()>>::{closure#0}, (alloc[2e1b2a31b91974c5]::boxed::Box<tokio[74a4f375f9bad6aa]::runtime::scheduler::current_thread::Core>, core[a373ad73a504971]::option::Option<()>)>
[INFO] [stdout]   18:     0x58ee062e220d - <tokio[74a4f375f9bad6aa]::runtime::scheduler::current_thread::CurrentThread>::block_on::<core[a373ad73a504971]::pin::Pin<&mut dyn core[a373ad73a504971]::future::future::Future<Output = ()>>>
[INFO] [stdout]   19:     0x58ee0618e652 - <tokio[74a4f375f9bad6aa]::runtime::runtime::Runtime>::block_on::<core[a373ad73a504971]::pin::Pin<&mut dyn core[a373ad73a504971]::future::future::Future<Output = ()>>>
[INFO] [stdout]   20:     0x58ee062bd82c - <conjure_runtime_rustls_platform_verifier[41e588263eb0d2d5]::test::dont_bail_when_all_timed_out::{closure#0} as core[a373ad73a504971]::ops::function::FnOnce<()>>::call_once
[INFO] [stdout]   21:     0x58ee0633a69b - test[aada8e7e76ba119b]::__rust_begin_short_backtrace::<core[a373ad73a504971]::result::Result<(), alloc[2e1b2a31b91974c5]::string::String>, fn() -> core[a373ad73a504971]::result::Result<(), alloc[2e1b2a31b91974c5]::string::String>>
[INFO] [stdout]   22:     0x58ee06347875 - test[aada8e7e76ba119b]::run_test::{closure#0}
[INFO] [stdout]   23:     0x58ee06341164 - std[617be2ca0a6fd877]::sys::backtrace::__rust_begin_short_backtrace::<test[aada8e7e76ba119b]::run_test::{closure#1}, ()>
[INFO] [stdout]   24:     0x58ee0634a902 - <std[617be2ca0a6fd877]::thread::lifecycle::spawn_unchecked<test[aada8e7e76ba119b]::run_test::{closure#1}, ()>::{closure#1} as core[a373ad73a504971]::ops::function::FnOnce<()>>::call_once::{shim:vtable#0}
[INFO] [stdout]   25:     0x58ee06690bbf - <std[617be2ca0a6fd877]::sys::thread::unix::Thread>::new::thread_start
[INFO] [stdout]   26:     0x7af6bf615dfa - <unknown>
[INFO] [stdout]   27:     0x7af6bf6a93d4 - clone
[INFO] [stdout]   28:                0x0 - <unknown>
[INFO] [stdout] 
[INFO] [stdout] 
[INFO] [stdout] failures:
[INFO] [stdout]     test::blocking_zipkin_propagation
[INFO] [stdout]     test::body_write_ends_after_error
[INFO] [stdout]     test::connect_error_doesnt_reset_body
[INFO] [stdout]     test::dont_bail_when_all_timed_out
[INFO] [stdout]     test::dont_propagate_protocol_errors
[INFO] [stdout]     test::empty_body_has_no_transfer_encoding
[INFO] [stdout]     test::fixed_body_has_content_length
[INFO] [stdout]     test::gzip_body
[INFO] [stdout]     test::mesh_mode
[INFO] [stdout]     test::no_retry_after_404
[INFO] [stdout]     test::propagate_429
[INFO] [stdout]     test::propagate_429_with_retry_after
[INFO] [stdout]     test::propagate_503
[INFO] [stdout]     test::read_past_eof
[INFO] [stdout]     test::retry_after_503
[INFO] [stdout]     test::retry_after_overrides
[INFO] [stdout]     test::service_error_propagation
[INFO] [stdout]     test::streaming_write_error_reporting
[INFO] [stdout]     test::zipkin_propagation
[INFO] [stdout] 
[INFO] [stdout] test result: FAILED. 70 passed; 19 failed; 0 ignored; 0 measured; 0 filtered out; finished in 0.08s
[INFO] [stdout] 
[INFO] running `Command { std: "docker" "inspect" "3d71e06be0b0a08ccd82054ffdeacc268730e02223e7ee0a358e4ea4f76c3e18", kill_on_drop: false }`
[INFO] running `Command { std: "docker" "rm" "-f" "3d71e06be0b0a08ccd82054ffdeacc268730e02223e7ee0a358e4ea4f76c3e18", kill_on_drop: false }`
[INFO] [stdout] 3d71e06be0b0a08ccd82054ffdeacc268730e02223e7ee0a358e4ea4f76c3e18
