[INFO] fetching crate conject-macro 0.5.1...
[INFO] testing conject-macro-0.5.1 against 1.99.0-beta.8+cargoflags=--release for beta-release-1.100-2
[INFO] extracting crate conject-macro 0.5.1 into /workspace/builds/worker-2-tc1/source
[INFO] started tweaking crates.io crate conject-macro 0.5.1
[INFO] finished tweaking crates.io crate conject-macro 0.5.1
[INFO] tweaked toml for crates.io crate conject-macro 0.5.1 written to /workspace/builds/worker-2-tc1/source/Cargo.toml
[INFO] validating manifest of crates.io crate conject-macro 0.5.1 on toolchain 1.99.0-beta.8
[INFO] running `Command { std: CARGO_HOME="/workspace/cargo-home" RUSTUP_HOME="/workspace/rustup-home" "/workspace/cargo-home/bin/cargo" "+1.99.0-beta.8" "metadata" "--manifest-path" "Cargo.toml" "--no-deps", kill_on_drop: false }`
[INFO] crate crates.io crate conject-macro 0.5.1 already has a lockfile, it will not be regenerated
[INFO] running `Command { std: CARGO_HOME="/workspace/cargo-home" RUSTUP_HOME="/workspace/rustup-home" "/workspace/cargo-home/bin/cargo" "+1.99.0-beta.8" "fetch" "--manifest-path" "Cargo.toml", kill_on_drop: false }`
[INFO] [stderr]     Updating crates.io index
[INFO] [stderr]  Downloading crates ...
[INFO] [stderr]   Downloaded const-fnv1a-hash v1.1.0
[INFO] running `Command { std: "docker" "create" "-v" "/var/lib/crater-agent-workspace/builds/worker-2-tc1/source:/opt/rustwide/workdir:ro,Z" "-v" "/var/lib/crater-agent-workspace/builds/worker-2-tc1/target:/opt/rustwide/target:rw,Z" "-v" "/var/lib/crater-agent-workspace/cargo-home:/opt/rustwide/cargo-home:ro,Z" "-v" "/var/lib/crater-agent-workspace/rustup-home:/opt/rustwide/rustup-home:ro,Z" "-m" "1610612736" "--network" "none" "ghcr.io/rust-lang/crates-build-env/linux@sha256:77db811e55d90add9212f6832c23229e3de5f1c1f9905e8cb07319ea15df73ac" "sleep" "infinity", kill_on_drop: false }`
[INFO] [stdout] bbbb97d9ad68ea8e8f91c60ade1dc5720d0e17e3282df4b7ae01fd25caa04ef0
[INFO] running `Command { std: "docker" "start" "bbbb97d9ad68ea8e8f91c60ade1dc5720d0e17e3282df4b7ae01fd25caa04ef0", kill_on_drop: false }`
[INFO] running `Command { std: "docker" "inspect" "bbbb97d9ad68ea8e8f91c60ade1dc5720d0e17e3282df4b7ae01fd25caa04ef0", kill_on_drop: false }`
[INFO] running `Command { std: "docker" "exec" "-e" "SOURCE_DIR=/opt/rustwide/workdir" "-e" "CARGO_HOME=/opt/rustwide/cargo-home" "-e" "RUSTUP_HOME=/opt/rustwide/rustup-home" "-e" "CARGO_TARGET_DIR=/opt/rustwide/target" "-w" "/opt/rustwide/workdir" "--user" "0:0" "bbbb97d9ad68ea8e8f91c60ade1dc5720d0e17e3282df4b7ae01fd25caa04ef0" "/opt/rustwide/cargo-home/bin/cargo" "+1.99.0-beta.8" "metadata" "--no-deps" "--format-version=1", kill_on_drop: false }`
[INFO] running `Command { std: "docker" "inspect" "bbbb97d9ad68ea8e8f91c60ade1dc5720d0e17e3282df4b7ae01fd25caa04ef0", kill_on_drop: false }`
[INFO] running `Command { std: "docker" "exec" "-e" "SOURCE_DIR=/opt/rustwide/workdir" "-e" "CARGO_HOME=/opt/rustwide/cargo-home" "-e" "RUSTUP_HOME=/opt/rustwide/rustup-home" "-e" "CARGO_TARGET_DIR=/opt/rustwide/target" "-e" "CARGO_INCREMENTAL=0" "-e" "RUST_BACKTRACE=full" "-e" "RUSTFLAGS=--cap-lints=warn" "-e" "RUSTDOCFLAGS=--cap-lints=warn" "-w" "/opt/rustwide/workdir" "--user" "0:0" "bbbb97d9ad68ea8e8f91c60ade1dc5720d0e17e3282df4b7ae01fd25caa04ef0" "/opt/rustwide/cargo-home/bin/cargo" "+1.99.0-beta.8" "build" "--frozen" "--message-format=json" "--release", kill_on_drop: false }`
[INFO] [stderr]    Compiling conject-macro v0.5.1 (/opt/rustwide/workdir)
[INFO] [stderr]    Compiling const-fnv1a-hash v1.1.0
[INFO] [stderr]    Compiling data-encoding v2.10.0
[INFO] [stderr]    Compiling syn v2.0.117
[INFO] [stderr]    Compiling darling_core v0.20.11
[INFO] [stderr]    Compiling darling_macro v0.20.11
[INFO] [stderr]    Compiling darling v0.20.11
[INFO] [stderr]     Finished `release` profile [optimized] target(s) in 18.94s
[INFO] running `Command { std: "docker" "inspect" "bbbb97d9ad68ea8e8f91c60ade1dc5720d0e17e3282df4b7ae01fd25caa04ef0", kill_on_drop: false }`
[INFO] running `Command { std: "docker" "exec" "-e" "SOURCE_DIR=/opt/rustwide/workdir" "-e" "CARGO_HOME=/opt/rustwide/cargo-home" "-e" "RUSTUP_HOME=/opt/rustwide/rustup-home" "-e" "CARGO_TARGET_DIR=/opt/rustwide/target" "-e" "CARGO_INCREMENTAL=0" "-e" "RUST_BACKTRACE=full" "-e" "RUSTFLAGS=--cap-lints=warn" "-e" "RUSTDOCFLAGS=--cap-lints=warn" "-w" "/opt/rustwide/workdir" "--user" "0:0" "bbbb97d9ad68ea8e8f91c60ade1dc5720d0e17e3282df4b7ae01fd25caa04ef0" "/opt/rustwide/cargo-home/bin/cargo" "+1.99.0-beta.8" "test" "--frozen" "--no-run" "--message-format=json" "--release", kill_on_drop: false }`
[INFO] [stderr]    Compiling conject-macro v0.5.1 (/opt/rustwide/workdir)
[INFO] [stderr]     Finished `release` profile [optimized] target(s) in 1.78s
[INFO] running `Command { std: "docker" "inspect" "bbbb97d9ad68ea8e8f91c60ade1dc5720d0e17e3282df4b7ae01fd25caa04ef0", kill_on_drop: false }`
[INFO] running `Command { std: "docker" "exec" "-e" "SOURCE_DIR=/opt/rustwide/workdir" "-e" "CARGO_HOME=/opt/rustwide/cargo-home" "-e" "RUSTUP_HOME=/opt/rustwide/rustup-home" "-e" "CARGO_TARGET_DIR=/opt/rustwide/target" "-e" "CARGO_INCREMENTAL=0" "-e" "RUST_BACKTRACE=full" "-e" "RUSTFLAGS=--cap-lints=warn" "-e" "RUSTDOCFLAGS=--cap-lints=warn" "-w" "/opt/rustwide/workdir" "--user" "0:0" "bbbb97d9ad68ea8e8f91c60ade1dc5720d0e17e3282df4b7ae01fd25caa04ef0" "/opt/rustwide/cargo-home/bin/cargo" "+1.99.0-beta.8" "test" "--frozen" "--release", kill_on_drop: false }`
[INFO] [stderr]     Finished `release` profile [optimized] target(s) in 0.02s
[INFO] [stderr]      Running unittests src/lib.rs (/opt/rustwide/target/release/deps/conject_macro-c1a426637332385c)
[INFO] [stdout] 
[INFO] [stderr]    Doc-tests conject_macro
[INFO] [stdout] running 0 tests
[INFO] [stdout] 
[INFO] [stdout] test result: ok. 0 passed; 0 failed; 0 ignored; 0 measured; 0 filtered out; finished in 0.00s
[INFO] [stdout] 
[INFO] [stdout] 
[INFO] [stdout] running 19 tests
[INFO] [stdout] test src/lib.rs - inject (line 74) ... FAILED
[INFO] [stdout] test src/../README.md - (line 40) ... FAILED
[INFO] [stdout] test src/lib.rs - init (line 231) ... FAILED
[INFO] [stdout] test src/../README.md - (line 495) ... FAILED
[INFO] [stdout] test src/../README.md - (line 64) ... FAILED
[INFO] [stdout] test src/../README.md - (line 128) ... FAILED
[INFO] [stdout] test src/lib.rs - init (line 258) ... FAILED
[INFO] [stdout] test src/lib.rs - injectable (line 57) ... FAILED
[INFO] [stdout] test src/../README.md - (line 86) ... FAILED
[INFO] [stdout] test src/lib.rs - key (line 131) ... FAILED
[INFO] [stdout] test src/../README.md - (line 147) ... FAILED
[INFO] [stdout] test src/../README.md - (line 230) ... FAILED
[INFO] [stdout] test src/../README.md - (line 186) ... FAILED
[INFO] [stdout] test src/../README.md - (line 363) ... FAILED
[INFO] [stdout] test src/lib.rs - async_injectable (line 147) - compile ... FAILED
[INFO] [stdout] test src/../README.md - (line 296) ... FAILED
[INFO] [stdout] test src/lib.rs - provider (line 99) ... FAILED
[INFO] [stdout] test src/lib.rs - module (line 169) ... FAILED
[INFO] [stdout] test src/../README.md - (line 448) ... FAILED
[INFO] [stdout] 
[INFO] [stdout] failures:
[INFO] [stdout] 
[INFO] [stdout] ---- src/lib.rs - inject (line 74) stdout ----
[INFO] [stdout] error[E0432]: unresolved import `conject`
[INFO] [stdout]   --> src/lib.rs:75:7
[INFO] [stdout]    |
[INFO] [stdout] 75 | use ::conject::{inject, injectable, provider};
[INFO] [stdout]    |       ^^^^^^^ could not find `conject` in the list of imported crates
[INFO] [stdout] 
[INFO] [stdout] error[E0599]: no method named `provide` found for struct `Provider` in the current scope
[INFO] [stdout]   --> src/lib.rs:91:31
[INFO] [stdout]    |
[INFO] [stdout] 89 | struct Provider;
[INFO] [stdout]    | --------------- method `provide` not found for this struct
[INFO] [stdout] 90 |
[INFO] [stdout] 91 | let facade: Facade = Provider.provide();
[INFO] [stdout]    |                               ^^^^^^^ method not found in `Provider`
[INFO] [stdout]    |
[INFO] [stdout]    = help: items from traits can only be used if the trait is implemented and in scope
[INFO] [stdout]    = note: the following trait defines an item `provide`, perhaps you need to implement it:
[INFO] [stdout]            candidate #1: `std::error::Error`
[INFO] [stdout] 
[INFO] [stdout] error: aborting due to 2 previous errors
[INFO] [stdout] 
[INFO] [stdout] Some errors have detailed explanations: E0432, E0599.
[INFO] [stdout] For more information about an error, try `rustc --explain E0432`.
[INFO] [stdout] Couldn't compile the test.
[INFO] [stdout] ---- src/../README.md - (line 40) stdout ----
[INFO] [stdout] error[E0432]: unresolved import `conject`
[INFO] [stdout]   --> src/../README.md:41:7
[INFO] [stdout]    |
[INFO] [stdout] 41 | use ::conject::{injectable, provider};
[INFO] [stdout]    |       ^^^^^^^ could not find `conject` in the list of imported crates
[INFO] [stdout] 
[INFO] [stdout] error[E0599]: no method named `provide` found for struct `Provider` in the current scope
[INFO] [stdout]   --> src/../README.md:60:36
[INFO] [stdout]    |
[INFO] [stdout] 57 | struct Provider;
[INFO] [stdout]    | --------------- method `provide` not found for this struct
[INFO] [stdout] ...
[INFO] [stdout] 60 |     let _facade: Facade = Provider.provide();
[INFO] [stdout]    |                                    ^^^^^^^ method not found in `Provider`
[INFO] [stdout]    |
[INFO] [stdout]    = help: items from traits can only be used if the trait is implemented and in scope
[INFO] [stdout]    = note: the following trait defines an item `provide`, perhaps you need to implement it:
[INFO] [stdout]            candidate #1: `std::error::Error`
[INFO] [stdout] 
[INFO] [stdout] error: aborting due to 2 previous errors
[INFO] [stdout] 
[INFO] [stdout] Some errors have detailed explanations: E0432, E0599.
[INFO] [stdout] For more information about an error, try `rustc --explain E0432`.
[INFO] [stdout] Couldn't compile the test.
[INFO] [stdout] ---- src/lib.rs - init (line 231) stdout ----
[INFO] [stdout] error[E0432]: unresolved import `conject`
[INFO] [stdout]    --> src/lib.rs:232:7
[INFO] [stdout]     |
[INFO] [stdout] 232 | use ::conject::{init, injectable, module, provider};
[INFO] [stdout]     |       ^^^^^^^ could not find `conject` in the list of imported crates
[INFO] [stdout] 
[INFO] [stdout] error: cannot find attribute `export` in this scope
[INFO] [stdout]    --> src/lib.rs:236:3
[INFO] [stdout]     |
[INFO] [stdout] 236 | #[export(i32, 42)]
[INFO] [stdout]     |   ^^^^^^
[INFO] [stdout]     |
[INFO] [stdout] help: a built-in attribute with a similar name exists
[INFO] [stdout]     |
[INFO] [stdout] 236 - #[export(i32, 42)]
[INFO] [stdout] 236 + #[expect(i32, 42)]
[INFO] [stdout]     |
[INFO] [stdout] 
[INFO] [stdout] error: cannot find attribute `export` in this scope
[INFO] [stdout]    --> src/lib.rs:241:3
[INFO] [stdout]     |
[INFO] [stdout] 241 | #[export(String, |x: i32| format!("value: {}", x))]
[INFO] [stdout]     |   ^^^^^^
[INFO] [stdout]     |
[INFO] [stdout] help: a built-in attribute with a similar name exists
[INFO] [stdout]     |
[INFO] [stdout] 241 - #[export(String, |x: i32| format!("value: {}", x))]
[INFO] [stdout] 241 + #[expect(String, |x: i32| format!("value: {}", x))]
[INFO] [stdout]     |
[INFO] [stdout] 
[INFO] [stdout] error: cannot find attribute `import` in this scope
[INFO] [stdout]    --> src/lib.rs:246:22
[INFO] [stdout]     |
[INFO] [stdout] 246 | struct AppProvider(#[import] ConfigModule, #[import] FormatModule);
[INFO] [stdout]     |                      ^^^^^^
[INFO] [stdout]     |
[INFO] [stdout]     = note: `import` is an attribute that can be used by the derive macro `ProviderHelperAttr`, you might be missing a `derive` attribute
[INFO] [stdout] 
[INFO] [stdout] error: cannot find attribute `import` in this scope
[INFO] [stdout]    --> src/lib.rs:246:46
[INFO] [stdout]     |
[INFO] [stdout] 246 | struct AppProvider(#[import] ConfigModule, #[import] FormatModule);
[INFO] [stdout]     |                                              ^^^^^^
[INFO] [stdout]     |
[INFO] [stdout]     = note: `import` is an attribute that can be used by the derive macro `ProviderHelperAttr`, you might be missing a `derive` attribute
[INFO] [stdout] 
[INFO] [stdout] error: aborting due to 5 previous errors
[INFO] [stdout] 
[INFO] [stdout] For more information about this error, try `rustc --explain E0432`.
[INFO] [stdout] Couldn't compile the test.
[INFO] [stdout] ---- src/../README.md - (line 495) stdout ----
[INFO] [stdout] error[E0432]: unresolved import `conject`
[INFO] [stdout]    --> src/../README.md:496:7
[INFO] [stdout]     |
[INFO] [stdout] 496 | use ::conject::{injectable, provider};
[INFO] [stdout]     |       ^^^^^^^ could not find `conject` in the list of imported crates
[INFO] [stdout] 
[INFO] [stdout] error: cannot find attribute `inject` in this scope
[INFO] [stdout]    --> src/../README.md:499:14
[INFO] [stdout]     |
[INFO] [stdout] 499 | struct Dep(#[inject(123)] i32);
[INFO] [stdout]     |              ^^^^^^
[INFO] [stdout]     |
[INFO] [stdout]     = note: `inject` is an attribute that can be used by the derive macro `InjectableHelperAttr`, you might be missing a `derive` attribute
[INFO] [stdout] 
[INFO] [stdout] error[E0433]: cannot find `conject` in the list of imported crates
[INFO] [stdout]    --> src/../README.md:503:29
[INFO] [stdout]     |
[INFO] [stdout] 503 |     dep_provider: &'a dyn ::conject::Provider<'a, Dep>,
[INFO] [stdout]     |                             ^^^^^^^ could not find `conject` in the list of imported crates
[INFO] [stdout] 
[INFO] [stdout] error: aborting due to 3 previous errors
[INFO] [stdout] 
[INFO] [stdout] Some errors have detailed explanations: E0432, E0433.
[INFO] [stdout] For more information about an error, try `rustc --explain E0432`.
[INFO] [stdout] Couldn't compile the test.
[INFO] [stdout] ---- src/../README.md - (line 64) stdout ----
[INFO] [stdout] error[E0432]: unresolved import `conject`
[INFO] [stdout]   --> src/../README.md:65:7
[INFO] [stdout]    |
[INFO] [stdout] 65 | use ::conject::{injectable, provider};
[INFO] [stdout]    |       ^^^^^^^ could not find `conject` in the list of imported crates
[INFO] [stdout] 
[INFO] [stdout] error: cannot find attribute `provide` in this scope
[INFO] [stdout]   --> src/../README.md:76:7
[INFO] [stdout]    |
[INFO] [stdout] 76 |     #[provide]
[INFO] [stdout]    |       ^^^^^^^
[INFO] [stdout]    |
[INFO] [stdout]    = note: `provide` is an attribute that can be used by the derive macro `ProviderHelperAttr`, you might be missing a `derive` attribute
[INFO] [stdout] 
[INFO] [stdout] error[E0599]: no method named `provide` found for struct `Provider` in the current scope
[INFO] [stdout]   --> src/../README.md:82:36
[INFO] [stdout]    |
[INFO] [stdout] 75 | struct Provider {
[INFO] [stdout]    | --------------- method `provide` not found for this struct
[INFO] [stdout] ...
[INFO] [stdout] 82 |     let _facade: Facade = provider.provide();
[INFO] [stdout]    |                                    ^^^^^^^ method not found in `Provider`
[INFO] [stdout]    |
[INFO] [stdout]    = help: items from traits can only be used if the trait is implemented and in scope
[INFO] [stdout]    = note: the following trait defines an item `provide`, perhaps you need to implement it:
[INFO] [stdout]            candidate #1: `std::error::Error`
[INFO] [stdout] 
[INFO] [stdout] error: aborting due to 3 previous errors
[INFO] [stdout] 
[INFO] [stdout] Some errors have detailed explanations: E0432, E0599.
[INFO] [stdout] For more information about an error, try `rustc --explain E0432`.
[INFO] [stdout] Couldn't compile the test.
[INFO] [stdout] ---- src/../README.md - (line 128) stdout ----
[INFO] [stdout] error[E0432]: unresolved import `conject`
[INFO] [stdout]    --> src/../README.md:129:7
[INFO] [stdout]     |
[INFO] [stdout] 129 | use ::conject::{injectable, provider};
[INFO] [stdout]     |       ^^^^^^^ could not find `conject` in the list of imported crates
[INFO] [stdout] 
[INFO] [stdout] error[E0599]: no method named `provide` found for struct `Provider` in the current scope
[INFO] [stdout]    --> src/../README.md:143:44
[INFO] [stdout]     |
[INFO] [stdout] 140 | struct Provider;
[INFO] [stdout]     | --------------- method `provide` not found for this struct
[INFO] [stdout] ...
[INFO] [stdout] 143 |     let _facade: Facade<DepOne> = Provider.provide();
[INFO] [stdout]     |                                            ^^^^^^^ method not found in `Provider`
[INFO] [stdout]     |
[INFO] [stdout]     = help: items from traits can only be used if the trait is implemented and in scope
[INFO] [stdout]     = note: the following trait defines an item `provide`, perhaps you need to implement it:
[INFO] [stdout]             candidate #1: `std::error::Error`
[INFO] [stdout] 
[INFO] [stdout] error: aborting due to 2 previous errors
[INFO] [stdout] 
[INFO] [stdout] Some errors have detailed explanations: E0432, E0599.
[INFO] [stdout] For more information about an error, try `rustc --explain E0432`.
[INFO] [stdout] Couldn't compile the test.
[INFO] [stdout] ---- src/lib.rs - init (line 258) stdout ----
[INFO] [stdout] error[E0432]: unresolved import `conject`
[INFO] [stdout]    --> src/lib.rs:259:7
[INFO] [stdout]     |
[INFO] [stdout] 259 | use ::conject::{init, injectable, module, provider};
[INFO] [stdout]     |       ^^^^^^^ could not find `conject` in the list of imported crates
[INFO] [stdout] 
[INFO] [stdout] error: cannot find attribute `inject` in this scope
[INFO] [stdout]    --> src/lib.rs:263:17
[INFO] [stdout]     |
[INFO] [stdout] 263 | struct Secret(#[inject(42)] i32);
[INFO] [stdout]     |                 ^^^^^^
[INFO] [stdout]     |
[INFO] [stdout]     = note: `inject` is an attribute that can be used by the derive macro `InjectableHelperAttr`, you might be missing a `derive` attribute
[INFO] [stdout] 
[INFO] [stdout] error: cannot find attribute `export` in this scope
[INFO] [stdout]    --> src/lib.rs:268:7
[INFO] [stdout]     |
[INFO] [stdout] 268 |     #[export]
[INFO] [stdout]     |       ^^^^^^
[INFO] [stdout]     |
[INFO] [stdout] help: a built-in attribute with a similar name exists
[INFO] [stdout]     |
[INFO] [stdout] 268 -     #[export]
[INFO] [stdout] 268 +     #[expect]
[INFO] [stdout]     |
[INFO] [stdout] 
[INFO] [stdout] error: cannot find attribute `import` in this scope
[INFO] [stdout]    --> src/lib.rs:277:22
[INFO] [stdout]     |
[INFO] [stdout] 277 | struct AppProvider(#[import] SecretModule);
[INFO] [stdout]     |                      ^^^^^^
[INFO] [stdout]     |
[INFO] [stdout]     = note: `import` is an attribute that can be used by the derive macro `ProviderHelperAttr`, you might be missing a `derive` attribute
[INFO] [stdout] 
[INFO] [stdout] error: aborting due to 4 previous errors
[INFO] [stdout] 
[INFO] [stdout] For more information about this error, try `rustc --explain E0432`.
[INFO] [stdout] Couldn't compile the test.
[INFO] [stdout] ---- src/lib.rs - injectable (line 57) stdout ----
[INFO] [stdout] error[E0432]: unresolved import `conject`
[INFO] [stdout]   --> src/lib.rs:58:7
[INFO] [stdout]    |
[INFO] [stdout] 58 | use ::conject::{injectable, provider};
[INFO] [stdout]    |       ^^^^^^^ could not find `conject` in the list of imported crates
[INFO] [stdout] 
[INFO] [stdout] error[E0599]: no method named `provide` found for struct `Provider` in the current scope
[INFO] [stdout]   --> src/lib.rs:66:31
[INFO] [stdout]    |
[INFO] [stdout] 64 | struct Provider;
[INFO] [stdout]    | --------------- method `provide` not found for this struct
[INFO] [stdout] 65 |
[INFO] [stdout] 66 | let facade: Facade = Provider.provide();
[INFO] [stdout]    |                               ^^^^^^^ method not found in `Provider`
[INFO] [stdout]    |
[INFO] [stdout]    = help: items from traits can only be used if the trait is implemented and in scope
[INFO] [stdout]    = note: the following trait defines an item `provide`, perhaps you need to implement it:
[INFO] [stdout]            candidate #1: `std::error::Error`
[INFO] [stdout] 
[INFO] [stdout] error: aborting due to 2 previous errors
[INFO] [stdout] 
[INFO] [stdout] Some errors have detailed explanations: E0432, E0599.
[INFO] [stdout] For more information about an error, try `rustc --explain E0432`.
[INFO] [stdout] Couldn't compile the test.
[INFO] [stdout] ---- src/../README.md - (line 86) stdout ----
[INFO] [stdout] error[E0432]: unresolved import `conject`
[INFO] [stdout]   --> src/../README.md:87:7
[INFO] [stdout]    |
[INFO] [stdout] 87 | use ::conject::{injectable, provider};
[INFO] [stdout]    |       ^^^^^^^ could not find `conject` in the list of imported crates
[INFO] [stdout] 
[INFO] [stdout] error: cannot find attribute `provide` in this scope
[INFO] [stdout]    --> src/../README.md:111:3
[INFO] [stdout]     |
[INFO] [stdout] 111 | #[provide(Box<dyn Greeter>, |greeter: GreeterOne| Box::new(greeter))]
[INFO] [stdout]     |   ^^^^^^^
[INFO] [stdout]     |
[INFO] [stdout] help: `provide` is an attribute that can be used by the derive macro `ProviderHelperAttr`, you might be missing a `derive` attribute
[INFO] [stdout]     |
[INFO] [stdout] 112 + #[derive(ProviderHelperAttr)]
[INFO] [stdout] 113 | struct Provider {
[INFO] [stdout]     |
[INFO] [stdout] 
[INFO] [stdout] error: cannot find attribute `provide` in this scope
[INFO] [stdout]    --> src/../README.md:113:7
[INFO] [stdout]     |
[INFO] [stdout] 113 |     #[provide(dyn Greeter)]
[INFO] [stdout]     |       ^^^^^^^
[INFO] [stdout]     |
[INFO] [stdout]     = note: `provide` is an attribute that can be used by the derive macro `ProviderHelperAttr`, you might be missing a `derive` attribute
[INFO] [stdout] 
[INFO] [stdout] error: cannot find attribute `provide` in this scope
[INFO] [stdout]    --> src/../README.md:115:7
[INFO] [stdout]     |
[INFO] [stdout] 115 |     #[provide(Rc<dyn Greeter>, |x| x.clone())]
[INFO] [stdout]     |       ^^^^^^^
[INFO] [stdout]     |
[INFO] [stdout]     = note: `provide` is an attribute that can be used by the derive macro `ProviderHelperAttr`, you might be missing a `derive` attribute
[INFO] [stdout] 
[INFO] [stdout] error[E0599]: no method named `provide` found for struct `Provider` in the current scope
[INFO] [stdout]    --> src/../README.md:124:36
[INFO] [stdout]     |
[INFO] [stdout] 112 | struct Provider {
[INFO] [stdout]     | --------------- method `provide` not found for this struct
[INFO] [stdout] ...
[INFO] [stdout] 124 |     let _facade: Facade = provider.provide();
[INFO] [stdout]     |                                    ^^^^^^^ method not found in `Provider`
[INFO] [stdout]     |
[INFO] [stdout]     = help: items from traits can only be used if the trait is implemented and in scope
[INFO] [stdout]     = note: the following trait defines an item `provide`, perhaps you need to implement it:
[INFO] [stdout]             candidate #1: `std::error::Error`
[INFO] [stdout] 
[INFO] [stdout] error: aborting due to 5 previous errors
[INFO] [stdout] 
[INFO] [stdout] Some errors have detailed explanations: E0432, E0599.
[INFO] [stdout] For more information about an error, try `rustc --explain E0432`.
[INFO] [stdout] Couldn't compile the test.
[INFO] [stdout] ---- src/lib.rs - key (line 131) stdout ----
[INFO] [stdout] error[E0432]: unresolved import `conject`
[INFO] [stdout]    --> src/lib.rs:132:7
[INFO] [stdout]     |
[INFO] [stdout] 132 | use ::conject::{Named, key};
[INFO] [stdout]     |       ^^^^^^^ could not find `conject` in the list of imported crates
[INFO] [stdout] 
[INFO] [stdout] error: aborting due to 1 previous error
[INFO] [stdout] 
[INFO] [stdout] For more information about this error, try `rustc --explain E0432`.
[INFO] [stdout] Couldn't compile the test.
[INFO] [stdout] ---- src/../README.md - (line 147) stdout ----
[INFO] [stdout] error[E0432]: unresolved import `conject`
[INFO] [stdout]    --> src/../README.md:148:7
[INFO] [stdout]     |
[INFO] [stdout] 148 | use ::conject::{injectable, provider};
[INFO] [stdout]     |       ^^^^^^^ could not find `conject` in the list of imported crates
[INFO] [stdout] 
[INFO] [stdout] error: cannot find attribute `provide` in this scope
[INFO] [stdout]    --> src/../README.md:178:35
[INFO] [stdout]     |
[INFO] [stdout] 178 | struct Provider<'a, T: Greeter>(#[provide(dyn Greeter)] &'a T);
[INFO] [stdout]     |                                   ^^^^^^^
[INFO] [stdout]     |
[INFO] [stdout]     = note: `provide` is an attribute that can be used by the derive macro `ProviderHelperAttr`, you might be missing a `derive` attribute
[INFO] [stdout] 
[INFO] [stdout] error[E0599]: no method named `provide` found for struct `Provider<'a, T>` in the current scope
[INFO] [stdout]    --> src/../README.md:181:53
[INFO] [stdout]     |
[INFO] [stdout] 178 | struct Provider<'a, T: Greeter>(#[provide(dyn Greeter)] &'a T);
[INFO] [stdout]     | ------------------------------- method `provide` not found for this struct
[INFO] [stdout] ...
[INFO] [stdout] 181 |     let _dev_facade: Facade = Provider(&DevGreeter).provide();
[INFO] [stdout]     |                                                     ^^^^^^^ method not found in `Provider<'_, DevGreeter>`
[INFO] [stdout]     |
[INFO] [stdout]     = help: items from traits can only be used if the trait is implemented and in scope
[INFO] [stdout]     = note: the following trait defines an item `provide`, perhaps you need to implement it:
[INFO] [stdout]             candidate #1: `std::error::Error`
[INFO] [stdout] 
[INFO] [stdout] error[E0599]: no method named `provide` found for struct `Provider<'a, T>` in the current scope
[INFO] [stdout]    --> src/../README.md:182:55
[INFO] [stdout]     |
[INFO] [stdout] 178 | struct Provider<'a, T: Greeter>(#[provide(dyn Greeter)] &'a T);
[INFO] [stdout]     | ------------------------------- method `provide` not found for this struct
[INFO] [stdout] ...
[INFO] [stdout] 182 |     let _prod_facade: Facade = Provider(&ProdGreeter).provide();
[INFO] [stdout]     |                                                       ^^^^^^^ method not found in `Provider<'_, ProdGreeter>`
[INFO] [stdout]     |
[INFO] [stdout]     = help: items from traits can only be used if the trait is implemented and in scope
[INFO] [stdout]     = note: the following trait defines an item `provide`, perhaps you need to implement it:
[INFO] [stdout]             candidate #1: `std::error::Error`
[INFO] [stdout] 
[INFO] [stdout] error: aborting due to 4 previous errors
[INFO] [stdout] 
[INFO] [stdout] Some errors have detailed explanations: E0432, E0599.
[INFO] [stdout] For more information about an error, try `rustc --explain E0432`.
[INFO] [stdout] Couldn't compile the test.
[INFO] [stdout] ---- src/../README.md - (line 230) stdout ----
[INFO] [stdout] error[E0432]: unresolved import `conject`
[INFO] [stdout]    --> src/../README.md:231:7
[INFO] [stdout]     |
[INFO] [stdout] 231 | use ::conject::{injectable, provider};
[INFO] [stdout]     |       ^^^^^^^ could not find `conject` in the list of imported crates
[INFO] [stdout] 
[INFO] [stdout] error[E0432]: unresolved import `conject`
[INFO] [stdout]    --> src/../README.md:234:11
[INFO] [stdout]     |
[INFO] [stdout] 234 |     use ::conject::{injectable, module};
[INFO] [stdout]     |           ^^^^^^^ could not find `conject` in the list of imported crates
[INFO] [stdout] 
[INFO] [stdout] error: cannot find attribute `import` in this scope
[INFO] [stdout]    --> src/../README.md:279:7
[INFO] [stdout]     |
[INFO] [stdout] 279 |     #[import]
[INFO] [stdout]     |       ^^^^^^
[INFO] [stdout]     |
[INFO] [stdout]     = note: `import` is an attribute that can be used by the derive macro `ProviderHelperAttr`, you might be missing a `derive` attribute
[INFO] [stdout] 
[INFO] [stdout] error: cannot find attribute `export` in this scope
[INFO] [stdout]    --> src/../README.md:266:11
[INFO] [stdout]     |
[INFO] [stdout] 266 |         #[export]
[INFO] [stdout]     |           ^^^^^^
[INFO] [stdout]     |
[INFO] [stdout] help: a built-in attribute with a similar name exists
[INFO] [stdout]     |
[INFO] [stdout] 266 -         #[export]
[INFO] [stdout] 266 +         #[expect]
[INFO] [stdout]     |
[INFO] [stdout] 
[INFO] [stdout] error: cannot find attribute `export` in this scope
[INFO] [stdout]    --> src/../README.md:268:11
[INFO] [stdout]     |
[INFO] [stdout] 268 |         #[export(dyn Greeter)]
[INFO] [stdout]     |           ^^^^^^
[INFO] [stdout]     |
[INFO] [stdout] help: a built-in attribute with a similar name exists
[INFO] [stdout]     |
[INFO] [stdout] 268 -         #[export(dyn Greeter)]
[INFO] [stdout] 268 +         #[expect(dyn Greeter)]
[INFO] [stdout]     |
[INFO] [stdout] 
[INFO] [stdout] error: cannot find attribute `inject` in this scope
[INFO] [stdout]    --> src/../README.md:270:11
[INFO] [stdout]     |
[INFO] [stdout] 270 |         #[inject(|x: InternalType| Rc::new(x))]
[INFO] [stdout]     |           ^^^^^^
[INFO] [stdout]     |
[INFO] [stdout]     = note: `inject` is an attribute that can be used by the derive macro `InjectableHelperAttr`, you might be missing a `derive` attribute
[INFO] [stdout] 
[INFO] [stdout] error: cannot find attribute `export` in this scope
[INFO] [stdout]    --> src/../README.md:271:11
[INFO] [stdout]     |
[INFO] [stdout] 271 |         #[export(Ref<InternalType>, |x| Ref(x.clone()))]
[INFO] [stdout]     |           ^^^^^^
[INFO] [stdout]     |
[INFO] [stdout] help: a built-in attribute with a similar name exists
[INFO] [stdout]     |
[INFO] [stdout] 271 -         #[export(Ref<InternalType>, |x| Ref(x.clone()))]
[INFO] [stdout] 271 +         #[expect(Ref<InternalType>, |x| Ref(x.clone()))]
[INFO] [stdout]     |
[INFO] [stdout] 
[INFO] [stdout] error: cannot find attribute `inject` in this scope
[INFO] [stdout]    --> src/../README.md:251:27
[INFO] [stdout]     |
[INFO] [stdout] 251 |     struct InternalType(#[inject(123)] i32); // Not visible outside of module.
[INFO] [stdout]     |                           ^^^^^^
[INFO] [stdout]     |
[INFO] [stdout]     = note: `inject` is an attribute that can be used by the derive macro `InjectableHelperAttr`, you might be missing a `derive` attribute
[INFO] [stdout] 
[INFO] [stdout] error[E0599]: no method named `provide` found for struct `InitProvider` in the current scope
[INFO] [stdout]    --> src/../README.md:287:33
[INFO] [stdout]     |
[INFO] [stdout] 285 |     struct InitProvider;
[INFO] [stdout]     |     ------------------- method `provide` not found for this struct
[INFO] [stdout] 286 |
[INFO] [stdout] 287 |     let provider = InitProvider.provide::<Provider>();
[INFO] [stdout]     |                                 ^^^^^^^ method not found in `InitProvider`
[INFO] [stdout]     |
[INFO] [stdout]     = help: items from traits can only be used if the trait is implemented and in scope
[INFO] [stdout]     = note: the following trait defines an item `provide`, perhaps you need to implement it:
[INFO] [stdout]             candidate #1: `std::error::Error`
[INFO] [stdout] 
[INFO] [stdout] error: aborting due to 9 previous errors
[INFO] [stdout] 
[INFO] [stdout] Some errors have detailed explanations: E0432, E0599.
[INFO] [stdout] For more information about an error, try `rustc --explain E0432`.
[INFO] [stdout] Couldn't compile the test.
[INFO] [stdout] ---- src/../README.md - (line 186) stdout ----
[INFO] [stdout] error[E0432]: unresolved import `conject`
[INFO] [stdout]    --> src/../README.md:187:7
[INFO] [stdout]     |
[INFO] [stdout] 187 | use ::conject::{inject, injectable, provider};
[INFO] [stdout]     |       ^^^^^^^ could not find `conject` in the list of imported crates
[INFO] [stdout] 
[INFO] [stdout] error[E0599]: no method named `provide` found for struct `Provider` in the current scope
[INFO] [stdout]    --> src/../README.md:226:28
[INFO] [stdout]     |
[INFO] [stdout] 223 | struct Provider;
[INFO] [stdout]     | --------------- method `provide` not found for this struct
[INFO] [stdout] ...
[INFO] [stdout] 226 |     let _facade = Provider.provide::<Facade>();
[INFO] [stdout]     |                            ^^^^^^^ method not found in `Provider`
[INFO] [stdout]     |
[INFO] [stdout]     = help: items from traits can only be used if the trait is implemented and in scope
[INFO] [stdout]     = note: the following trait defines an item `provide`, perhaps you need to implement it:
[INFO] [stdout]             candidate #1: `std::error::Error`
[INFO] [stdout] 
[INFO] [stdout] error: aborting due to 2 previous errors
[INFO] [stdout] 
[INFO] [stdout] Some errors have detailed explanations: E0432, E0599.
[INFO] [stdout] For more information about an error, try `rustc --explain E0432`.
[INFO] [stdout] Couldn't compile the test.
[INFO] [stdout] ---- src/../README.md - (line 363) stdout ----
[INFO] [stdout] error[E0432]: unresolved import `conject`
[INFO] [stdout]    --> src/../README.md:364:7
[INFO] [stdout]     |
[INFO] [stdout] 364 | use ::conject::{injectable, provider};
[INFO] [stdout]     |       ^^^^^^^ could not find `conject` in the list of imported crates
[INFO] [stdout] 
[INFO] [stdout] error[E0432]: unresolved import `conject`
[INFO] [stdout]    --> src/../README.md:367:11
[INFO] [stdout]     |
[INFO] [stdout] 367 |     use ::conject::{injectable, module};
[INFO] [stdout]     |           ^^^^^^^ could not find `conject` in the list of imported crates
[INFO] [stdout] 
[INFO] [stdout] error[E0432]: unresolved import `conject`
[INFO] [stdout]    --> src/../README.md:392:11
[INFO] [stdout]     |
[INFO] [stdout] 392 |     use ::conject::{injectable, module};
[INFO] [stdout]     |           ^^^^^^^ could not find `conject` in the list of imported crates
[INFO] [stdout] 
[INFO] [stdout] error: cannot find attribute `export` in this scope
[INFO] [stdout]    --> src/../README.md:385:7
[INFO] [stdout]     |
[INFO] [stdout] 385 |     #[export(&'prov dyn crate::Greeter, &self.greeter)]
[INFO] [stdout]     |       ^^^^^^
[INFO] [stdout]     |
[INFO] [stdout] help: a built-in attribute with a similar name exists
[INFO] [stdout]     |
[INFO] [stdout] 385 -     #[export(&'prov dyn crate::Greeter, &self.greeter)]
[INFO] [stdout] 385 +     #[expect(&'prov dyn crate::Greeter, &self.greeter)]
[INFO] [stdout]     |
[INFO] [stdout] 
[INFO] [stdout] error: cannot find attribute `export` in this scope
[INFO] [stdout]    --> src/../README.md:410:7
[INFO] [stdout]     |
[INFO] [stdout] 410 |     #[export(&'prov dyn crate::Greeter, &self.greeter)]
[INFO] [stdout]     |       ^^^^^^
[INFO] [stdout]     |
[INFO] [stdout] help: a built-in attribute with a similar name exists
[INFO] [stdout]     |
[INFO] [stdout] 410 -     #[export(&'prov dyn crate::Greeter, &self.greeter)]
[INFO] [stdout] 410 +     #[expect(&'prov dyn crate::Greeter, &self.greeter)]
[INFO] [stdout]     |
[INFO] [stdout] 
[INFO] [stdout] error: cannot find attribute `import` in this scope
[INFO] [stdout]    --> src/../README.md:423:7
[INFO] [stdout]     |
[INFO] [stdout] 423 |     #[import]
[INFO] [stdout]     |       ^^^^^^
[INFO] [stdout]     |
[INFO] [stdout]     = note: `import` is an attribute that can be used by the derive macro `ProviderHelperAttr`, you might be missing a `derive` attribute
[INFO] [stdout] 
[INFO] [stdout] error: cannot find attribute `import` in this scope
[INFO] [stdout]    --> src/../README.md:426:7
[INFO] [stdout]     |
[INFO] [stdout] 426 |     #[import]
[INFO] [stdout]     |       ^^^^^^
[INFO] [stdout]     |
[INFO] [stdout]     = note: `import` is an attribute that can be used by the derive macro `ProviderHelperAttr`, you might be missing a `derive` attribute
[INFO] [stdout] 
[INFO] [stdout] error[E0599]: no method named `provide` found for struct `InitProvider` in the current scope
[INFO] [stdout]    --> src/../README.md:434:33
[INFO] [stdout]     |
[INFO] [stdout] 432 |     struct InitProvider;
[INFO] [stdout]     |     ------------------- method `provide` not found for this struct
[INFO] [stdout] 433 |
[INFO] [stdout] 434 |     let provider = InitProvider.provide::<Provider>();
[INFO] [stdout]     |                                 ^^^^^^^ method not found in `InitProvider`
[INFO] [stdout]     |
[INFO] [stdout]     = help: items from traits can only be used if the trait is implemented and in scope
[INFO] [stdout]     = note: the following trait defines an item `provide`, perhaps you need to implement it:
[INFO] [stdout]             candidate #1: `std::error::Error`
[INFO] [stdout] 
[INFO] [stdout] error: aborting due to 8 previous errors
[INFO] [stdout] 
[INFO] [stdout] Some errors have detailed explanations: E0432, E0599.
[INFO] [stdout] For more information about an error, try `rustc --explain E0432`.
[INFO] [stdout] Couldn't compile the test.
[INFO] [stdout] ---- src/lib.rs - async_injectable (line 147) stdout ----
[INFO] [stdout] error[E0432]: unresolved import `conject`
[INFO] [stdout]    --> src/lib.rs:148:7
[INFO] [stdout]     |
[INFO] [stdout] 148 | use ::conject::{async_injectable, provider};
[INFO] [stdout]     |       ^^^^^^^ could not find `conject` in the list of imported crates
[INFO] [stdout] 
[INFO] [stdout] error: cannot find attribute `inject` in this scope
[INFO] [stdout]    --> src/lib.rs:152:7
[INFO] [stdout]     |
[INFO] [stdout] 152 |     #[inject(42)]
[INFO] [stdout]     |       ^^^^^^
[INFO] [stdout]     |
[INFO] [stdout]     = note: `inject` is an attribute that can be used by the derive macro `InjectableHelperAttr`, you might be missing a `derive` attribute
[INFO] [stdout] 
[INFO] [stdout] error[E0599]: no method named `provide_async` found for struct `Provider` in the current scope
[INFO] [stdout]    --> src/lib.rs:160:33
[INFO] [stdout]     |
[INFO] [stdout] 157 | struct Provider;
[INFO] [stdout]     | --------------- method `provide_async` not found for this struct
[INFO] [stdout] ...
[INFO] [stdout] 160 |     let svc: Service = Provider.provide_async().await;
[INFO] [stdout]     |                                 ^^^^^^^^^^^^^ method not found in `Provider`
[INFO] [stdout] 
[INFO] [stdout] error: aborting due to 3 previous errors
[INFO] [stdout] 
[INFO] [stdout] Some errors have detailed explanations: E0432, E0599.
[INFO] [stdout] For more information about an error, try `rustc --explain E0432`.
[INFO] [stdout] Couldn't compile the test.
[INFO] [stdout] ---- src/../README.md - (line 296) stdout ----
[INFO] [stdout] error[E0432]: unresolved import `conject`
[INFO] [stdout]    --> src/../README.md:297:7
[INFO] [stdout]     |
[INFO] [stdout] 297 | use ::conject::{injectable, provider};
[INFO] [stdout]     |       ^^^^^^^ could not find `conject` in the list of imported crates
[INFO] [stdout] 
[INFO] [stdout] error[E0432]: unresolved import `conject`
[INFO] [stdout]    --> src/../README.md:300:11
[INFO] [stdout]     |
[INFO] [stdout] 300 |     use ::conject::{injectable, module};
[INFO] [stdout]     |           ^^^^^^^ could not find `conject` in the list of imported crates
[INFO] [stdout] 
[INFO] [stdout] error: cannot find attribute `import` in this scope
[INFO] [stdout]    --> src/../README.md:343:7
[INFO] [stdout]     |
[INFO] [stdout] 343 |     #[import]
[INFO] [stdout]     |       ^^^^^^
[INFO] [stdout]     |
[INFO] [stdout]     = note: `import` is an attribute that can be used by the derive macro `ProviderHelperAttr`, you might be missing a `derive` attribute
[INFO] [stdout] 
[INFO] [stdout] error: cannot find attribute `export` in this scope
[INFO] [stdout]    --> src/../README.md:331:7
[INFO] [stdout]     |
[INFO] [stdout] 331 |     #[export(std::boxed::Box<dyn crate::sub::Greeter>, |x: GreeterOne| Box::new(x))]
[INFO] [stdout]     |       ^^^^^^
[INFO] [stdout]     |
[INFO] [stdout] help: a built-in attribute with a similar name exists
[INFO] [stdout]     |
[INFO] [stdout] 331 -     #[export(std::boxed::Box<dyn crate::sub::Greeter>, |x: GreeterOne| Box::new(x))]
[INFO] [stdout] 331 +     #[expect(std::boxed::Box<dyn crate::sub::Greeter>, |x: GreeterOne| Box::new(x))]
[INFO] [stdout]     |
[INFO] [stdout] 
[INFO] [stdout] error: cannot find attribute `export` in this scope
[INFO] [stdout]    --> src/../README.md:332:7
[INFO] [stdout]     |
[INFO] [stdout] 332 |     #[export(std::rc::Rc<dyn crate::sub::Greeter>, self.public.clone())]
[INFO] [stdout]     |       ^^^^^^
[INFO] [stdout]     |
[INFO] [stdout] help: a built-in attribute with a similar name exists
[INFO] [stdout]     |
[INFO] [stdout] 332 -     #[export(std::rc::Rc<dyn crate::sub::Greeter>, self.public.clone())]
[INFO] [stdout] 332 +     #[expect(std::rc::Rc<dyn crate::sub::Greeter>, self.public.clone())]
[INFO] [stdout]     |
[INFO] [stdout] 
[INFO] [stdout] error: cannot find attribute `export` in this scope
[INFO] [stdout]    --> src/../README.md:333:7
[INFO] [stdout]     |
[INFO] [stdout] 333 |     #[export(&'prov i32, &123)]
[INFO] [stdout]     |       ^^^^^^
[INFO] [stdout]     |
[INFO] [stdout] help: a built-in attribute with a similar name exists
[INFO] [stdout]     |
[INFO] [stdout] 333 -     #[export(&'prov i32, &123)]
[INFO] [stdout] 333 +     #[expect(&'prov i32, &123)]
[INFO] [stdout]     |
[INFO] [stdout] 
[INFO] [stdout] error: cannot find attribute `inject` in this scope
[INFO] [stdout]    --> src/../README.md:335:11
[INFO] [stdout]     |
[INFO] [stdout] 335 |         #[inject(|x: GreeterOne| Rc::new(x))]
[INFO] [stdout]     |           ^^^^^^
[INFO] [stdout]     |
[INFO] [stdout]     = note: `inject` is an attribute that can be used by the derive macro `InjectableHelperAttr`, you might be missing a `derive` attribute
[INFO] [stdout] 
[INFO] [stdout] error[E0599]: no method named `provide` found for struct `InitProvider` in the current scope
[INFO] [stdout]    --> src/../README.md:352:33
[INFO] [stdout]     |
[INFO] [stdout] 350 |     struct InitProvider;
[INFO] [stdout]     |     ------------------- method `provide` not found for this struct
[INFO] [stdout] 351 |
[INFO] [stdout] 352 |     let provider = InitProvider.provide::<Provider>();
[INFO] [stdout]     |                                 ^^^^^^^ method not found in `InitProvider`
[INFO] [stdout]     |
[INFO] [stdout]     = help: items from traits can only be used if the trait is implemented and in scope
[INFO] [stdout]     = note: the following trait defines an item `provide`, perhaps you need to implement it:
[INFO] [stdout]             candidate #1: `std::error::Error`
[INFO] [stdout] 
[INFO] [stdout] error: aborting due to 8 previous errors
[INFO] [stdout] 
[INFO] [stdout] Some errors have detailed explanations: E0432, E0599.
[INFO] [stdout] For more information about an error, try `rustc --explain E0432`.
[INFO] [stdout] Couldn't compile the test.
[INFO] [stdout] ---- src/lib.rs - provider (line 99) stdout ----
[INFO] [stdout] error[E0432]: unresolved import `conject`
[INFO] [stdout]    --> src/lib.rs:100:7
[INFO] [stdout]     |
[INFO] [stdout] 100 | use ::conject::{injectable, provider};
[INFO] [stdout]     |       ^^^^^^^ could not find `conject` in the list of imported crates
[INFO] [stdout] 
[INFO] [stdout] error: cannot find attribute `provide` in this scope
[INFO] [stdout]    --> src/lib.rs:114:3
[INFO] [stdout]     |
[INFO] [stdout] 114 | #[provide(Dependency, Dependency { value: 123 })]
[INFO] [stdout]     |   ^^^^^^^
[INFO] [stdout]     |
[INFO] [stdout]     = note: `provide` is an attribute that can be used by the derive macro `ProviderHelperAttr`, you might be missing a `derive` attribute
[INFO] [stdout] 
[INFO] [stdout] error: cannot find attribute `provide` in this scope
[INFO] [stdout]    --> src/lib.rs:116:7
[INFO] [stdout]     |
[INFO] [stdout] 116 |     #[provide]
[INFO] [stdout]     |       ^^^^^^^
[INFO] [stdout]     |
[INFO] [stdout]     = note: `provide` is an attribute that can be used by the derive macro `ProviderHelperAttr`, you might be missing a `derive` attribute
[INFO] [stdout] 
[INFO] [stdout] error[E0599]: no method named `provide` found for struct `Provider` in the current scope
[INFO] [stdout]    --> src/lib.rs:121:39
[INFO] [stdout]     |
[INFO] [stdout] 115 | struct Provider {
[INFO] [stdout]     | --------------- method `provide` not found for this struct
[INFO] [stdout] ...
[INFO] [stdout] 121 | let dependency: Dependency = provider.provide();
[INFO] [stdout]     |                                       ^^^^^^^ method not found in `Provider`
[INFO] [stdout]     |
[INFO] [stdout]     = help: items from traits can only be used if the trait is implemented and in scope
[INFO] [stdout]     = note: the following trait defines an item `provide`, perhaps you need to implement it:
[INFO] [stdout]             candidate #1: `std::error::Error`
[INFO] [stdout] 
[INFO] [stdout] error[E0599]: no method named `provide` found for struct `Provider` in the current scope
[INFO] [stdout]    --> src/lib.rs:122:31
[INFO] [stdout]     |
[INFO] [stdout] 115 | struct Provider {
[INFO] [stdout]     | --------------- method `provide` not found for this struct
[INFO] [stdout] ...
[INFO] [stdout] 122 | let facade: Facade = provider.provide();
[INFO] [stdout]     |                               ^^^^^^^ method not found in `Provider`
[INFO] [stdout]     |
[INFO] [stdout]     = help: items from traits can only be used if the trait is implemented and in scope
[INFO] [stdout]     = note: the following trait defines an item `provide`, perhaps you need to implement it:
[INFO] [stdout]             candidate #1: `std::error::Error`
[INFO] [stdout] 
[INFO] [stdout] error: aborting due to 5 previous errors
[INFO] [stdout] 
[INFO] [stdout] Some errors have detailed explanations: E0432, E0599.
[INFO] [stdout] For more information about an error, try `rustc --explain E0432`.
[INFO] [stdout] Couldn't compile the test.
[INFO] [stdout] ---- src/lib.rs - module (line 169) stdout ----
[INFO] [stdout] error[E0432]: unresolved import `conject`
[INFO] [stdout]    --> src/lib.rs:170:7
[INFO] [stdout]     |
[INFO] [stdout] 170 | use ::conject::{injectable, provider};
[INFO] [stdout]     |       ^^^^^^^ could not find `conject` in the list of imported crates
[INFO] [stdout] 
[INFO] [stdout] error[E0432]: unresolved import `conject`
[INFO] [stdout]    --> src/lib.rs:173:11
[INFO] [stdout]     |
[INFO] [stdout] 173 |     use ::conject::{injectable, module};
[INFO] [stdout]     |           ^^^^^^^ could not find `conject` in the list of imported crates
[INFO] [stdout] 
[INFO] [stdout] error: cannot find attribute `import` in this scope
[INFO] [stdout]    --> src/lib.rs:204:7
[INFO] [stdout]     |
[INFO] [stdout] 204 |     #[import]
[INFO] [stdout]     |       ^^^^^^
[INFO] [stdout]     |
[INFO] [stdout]     = note: `import` is an attribute that can be used by the derive macro `ProviderHelperAttr`, you might be missing a `derive` attribute
[INFO] [stdout] 
[INFO] [stdout] error: cannot find attribute `export` in this scope
[INFO] [stdout]    --> src/lib.rs:192:7
[INFO] [stdout]     |
[INFO] [stdout] 192 |     #[export(std::rc::Rc<i32>, self.public.clone())]
[INFO] [stdout]     |       ^^^^^^
[INFO] [stdout]     |
[INFO] [stdout] help: a built-in attribute with a similar name exists
[INFO] [stdout]     |
[INFO] [stdout] 192 -     #[export(std::rc::Rc<i32>, self.public.clone())]
[INFO] [stdout] 192 +     #[expect(std::rc::Rc<i32>, self.public.clone())]
[INFO] [stdout]     |
[INFO] [stdout] 
[INFO] [stdout] error: cannot find attribute `export` in this scope
[INFO] [stdout]    --> src/lib.rs:194:11
[INFO] [stdout]     |
[INFO] [stdout] 194 |         #[export] // Fields exports are for internal types.
[INFO] [stdout]     |           ^^^^^^
[INFO] [stdout]     |
[INFO] [stdout] help: a built-in attribute with a similar name exists
[INFO] [stdout]     |
[INFO] [stdout] 194 -         #[export] // Fields exports are for internal types.
[INFO] [stdout] 194 +         #[expect] // Fields exports are for internal types.
[INFO] [stdout]     |
[INFO] [stdout] 
[INFO] [stdout] error: cannot find attribute `inject` in this scope
[INFO] [stdout]    --> src/lib.rs:196:11
[INFO] [stdout]     |
[INFO] [stdout] 196 |         #[inject(Rc::new(456))]
[INFO] [stdout]     |           ^^^^^^
[INFO] [stdout]     |
[INFO] [stdout]     = note: `inject` is an attribute that can be used by the derive macro `InjectableHelperAttr`, you might be missing a `derive` attribute
[INFO] [stdout] 
[INFO] [stdout] error: cannot find attribute `inject` in this scope
[INFO] [stdout]    --> src/lib.rs:177:27
[INFO] [stdout]     |
[INFO] [stdout] 177 |     struct InternalType(#[inject(123)] i32); // Not visible outside of module.
[INFO] [stdout]     |                           ^^^^^^
[INFO] [stdout]     |
[INFO] [stdout]     = note: `inject` is an attribute that can be used by the derive macro `InjectableHelperAttr`, you might be missing a `derive` attribute
[INFO] [stdout] 
[INFO] [stdout] error[E0599]: no method named `provide` found for struct `InitProvider` in the current scope
[INFO] [stdout]    --> src/lib.rs:213:33
[INFO] [stdout]     |
[INFO] [stdout] 210 | struct InitProvider;
[INFO] [stdout]     | ------------------- method `provide` not found for this struct
[INFO] [stdout] ...
[INFO] [stdout] 213 |     let provider = InitProvider.provide::<Provider>();
[INFO] [stdout]     |                                 ^^^^^^^ method not found in `InitProvider`
[INFO] [stdout]     |
[INFO] [stdout]     = help: items from traits can only be used if the trait is implemented and in scope
[INFO] [stdout]     = note: the following trait defines an item `provide`, perhaps you need to implement it:
[INFO] [stdout]             candidate #1: `std::error::Error`
[INFO] [stdout] 
[INFO] [stdout] error: aborting due to 8 previous errors
[INFO] [stdout] 
[INFO] [stdout] Some errors have detailed explanations: E0432, E0599.
[INFO] [stdout] For more information about an error, try `rustc --explain E0432`.
[INFO] [stdout] Couldn't compile the test.
[INFO] [stdout] ---- src/../README.md - (line 448) stdout ----
[INFO] [stdout] error[E0432]: unresolved import `conject`
[INFO] [stdout]    --> src/../README.md:449:7
[INFO] [stdout]     |
[INFO] [stdout] 449 | use ::conject::{injectable, module, provider};
[INFO] [stdout]     |       ^^^^^^^ could not find `conject` in the list of imported crates
[INFO] [stdout] 
[INFO] [stdout] error: cannot find attribute `scope` in this scope
[INFO] [stdout]    --> src/../README.md:476:3
[INFO] [stdout]     |
[INFO] [stdout] 476 | #[scope(ScopeDep)]
[INFO] [stdout]     |   ^^^^^
[INFO] [stdout]     |
[INFO] [stdout] help: `scope` is an attribute that can be used by the derive macro `ProviderHelperAttr`, you might be missing a `derive` attribute
[INFO] [stdout]     |
[INFO] [stdout] 480 + #[derive(ProviderHelperAttr)]
[INFO] [stdout] 481 | struct Provider(#[provide] RootDep);
[INFO] [stdout]     |
[INFO] [stdout] 
[INFO] [stdout] error: cannot find attribute `scope` in this scope
[INFO] [stdout]    --> src/../README.md:477:3
[INFO] [stdout]     |
[INFO] [stdout] 477 | #[scope(#[import] ScopeModule)]
[INFO] [stdout]     |   ^^^^^
[INFO] [stdout]     |
[INFO] [stdout] help: `scope` is an attribute that can be used by the derive macro `ProviderHelperAttr`, you might be missing a `derive` attribute
[INFO] [stdout]     |
[INFO] [stdout] 480 + #[derive(ProviderHelperAttr)]
[INFO] [stdout] 481 | struct Provider(#[provide] RootDep);
[INFO] [stdout]     |
[INFO] [stdout] 
[INFO] [stdout] error: cannot find attribute `scope` in this scope
[INFO] [stdout]    --> src/../README.md:478:3
[INFO] [stdout]     |
[INFO] [stdout] 478 | #[scope(other: #[arg] &'scope ScopeDep)]
[INFO] [stdout]     |   ^^^^^
[INFO] [stdout]     |
[INFO] [stdout] help: `scope` is an attribute that can be used by the derive macro `ProviderHelperAttr`, you might be missing a `derive` attribute
[INFO] [stdout]     |
[INFO] [stdout] 480 + #[derive(ProviderHelperAttr)]
[INFO] [stdout] 481 | struct Provider(#[provide] RootDep);
[INFO] [stdout]     |
[INFO] [stdout] 
[INFO] [stdout] error: cannot find attribute `scope` in this scope
[INFO] [stdout]    --> src/../README.md:479:3
[INFO] [stdout]     |
[INFO] [stdout] 479 | #[scope(other: #[arg] &'scope ModuleDep)]
[INFO] [stdout]     |   ^^^^^
[INFO] [stdout]     |
[INFO] [stdout] help: `scope` is an attribute that can be used by the derive macro `ProviderHelperAttr`, you might be missing a `derive` attribute
[INFO] [stdout]     |
[INFO] [stdout] 480 + #[derive(ProviderHelperAttr)]
[INFO] [stdout] 481 | struct Provider(#[provide] RootDep);
[INFO] [stdout]     |
[INFO] [stdout] 
[INFO] [stdout] error: cannot find attribute `provide` in this scope
[INFO] [stdout]    --> src/../README.md:480:19
[INFO] [stdout]     |
[INFO] [stdout] 480 | struct Provider(#[provide] RootDep);
[INFO] [stdout]     |                   ^^^^^^^
[INFO] [stdout]     |
[INFO] [stdout]     = note: `provide` is an attribute that can be used by the derive macro `ProviderHelperAttr`, you might be missing a `derive` attribute
[INFO] [stdout] 
[INFO] [stdout] error: cannot find attribute `export` in this scope
[INFO] [stdout]    --> src/../README.md:457:7
[INFO] [stdout]     |
[INFO] [stdout] 457 |     #[export]
[INFO] [stdout]     |       ^^^^^^
[INFO] [stdout]     |
[INFO] [stdout] help: a built-in attribute with a similar name exists
[INFO] [stdout]     |
[INFO] [stdout] 457 -     #[export]
[INFO] [stdout] 457 +     #[expect]
[INFO] [stdout]     |
[INFO] [stdout] 
[INFO] [stdout] error[E0599]: no method named `provide` found for struct `InitProvider` in the current scope
[INFO] [stdout]    --> src/../README.md:486:33
[INFO] [stdout]     |
[INFO] [stdout] 484 |     struct InitProvider;
[INFO] [stdout]     |     ------------------- method `provide` not found for this struct
[INFO] [stdout] 485 |
[INFO] [stdout] 486 |     let provider = InitProvider.provide::<Provider>();
[INFO] [stdout]     |                                 ^^^^^^^ method not found in `InitProvider`
[INFO] [stdout]     |
[INFO] [stdout]     = help: items from traits can only be used if the trait is implemented and in scope
[INFO] [stdout]     = note: the following trait defines an item `provide`, perhaps you need to implement it:
[INFO] [stdout]             candidate #1: `std::error::Error`
[INFO] [stdout] 
[INFO] [stdout] error: aborting due to 8 previous errors
[INFO] [stdout] 
[INFO] [stdout] Some errors have detailed explanations: E0432, E0599.
[INFO] [stdout] For more information about an error, try `rustc --explain E0432`.
[INFO] [stdout] Couldn't compile the test.
[INFO] [stdout] 
[INFO] [stdout] failures:
[INFO] [stdout]     src/../README.md - (line 128)
[INFO] [stdout]     src/../README.md - (line 147)
[INFO] [stdout]     src/../README.md - (line 186)
[INFO] [stdout]     src/../README.md - (line 230)
[INFO] [stdout]     src/../README.md - (line 296)
[INFO] [stdout]     src/../README.md - (line 363)
[INFO] [stdout]     src/../README.md - (line 40)
[INFO] [stdout]     src/../README.md - (line 448)
[INFO] [stdout]     src/../README.md - (line 495)
[INFO] [stdout]     src/../README.md - (line 64)
[INFO] [stdout]     src/../README.md - (line 86)
[INFO] [stdout]     src/lib.rs - async_injectable (line 147)
[INFO] [stdout]     src/lib.rs - init (line 231)
[INFO] [stdout]     src/lib.rs - init (line 258)
[INFO] [stdout]     src/lib.rs - inject (line 74)
[INFO] [stdout]     src/lib.rs - injectable (line 57)
[INFO] [stdout]     src/lib.rs - key (line 131)
[INFO] [stdout]     src/lib.rs - module (line 169)
[INFO] [stdout]     src/lib.rs - provider (line 99)
[INFO] [stdout] 
[INFO] [stdout] test result: FAILED. 0 passed; 19 failed; 0 ignored; 0 measured; 0 filtered out; finished in 0.79s
[INFO] [stdout] 
[INFO] [stdout] all doctests ran in 1.06s; merged doctests compilation took 0.27s
[INFO] [stderr] error: doctest failed, to rerun pass `--doc`
[INFO] running `Command { std: "docker" "inspect" "bbbb97d9ad68ea8e8f91c60ade1dc5720d0e17e3282df4b7ae01fd25caa04ef0", kill_on_drop: false }`
[INFO] running `Command { std: "docker" "rm" "-f" "bbbb97d9ad68ea8e8f91c60ade1dc5720d0e17e3282df4b7ae01fd25caa04ef0", kill_on_drop: false }`
[INFO] [stdout] bbbb97d9ad68ea8e8f91c60ade1dc5720d0e17e3282df4b7ae01fd25caa04ef0
