[INFO] fetching crate confyg 0.3.0...
[INFO] testing confyg-0.3.0 against 1.100.0-beta.1+cargoflags=--release for beta-release-1.100-2
[INFO] extracting crate confyg 0.3.0 into /workspace/builds/worker-2-tc2/source
[INFO] started tweaking crates.io crate confyg 0.3.0
[INFO] removed 0 missing examples
[INFO] removed 0 missing tests
[INFO] finished tweaking crates.io crate confyg 0.3.0
[INFO] tweaked toml for crates.io crate confyg 0.3.0 written to /workspace/builds/worker-2-tc2/source/Cargo.toml
[INFO] validating manifest of crates.io crate confyg 0.3.0 on toolchain 1.100.0-beta.1
[INFO] running `Command { std: CARGO_HOME="/workspace/cargo-home" RUSTUP_HOME="/workspace/rustup-home" "/workspace/cargo-home/bin/cargo" "+1.100.0-beta.1" "metadata" "--manifest-path" "Cargo.toml" "--no-deps", kill_on_drop: false }`
[INFO] crate crates.io crate confyg 0.3.0 already has a lockfile, it will not be regenerated
[INFO] running `Command { std: CARGO_HOME="/workspace/cargo-home" RUSTUP_HOME="/workspace/rustup-home" "/workspace/cargo-home/bin/cargo" "+1.100.0-beta.1" "fetch" "--manifest-path" "Cargo.toml", kill_on_drop: false }`
[INFO] running `Command { std: "docker" "create" "-v" "/var/lib/crater-agent-workspace/builds/worker-2-tc2/source:/opt/rustwide/workdir:ro,Z" "-v" "/var/lib/crater-agent-workspace/builds/worker-2-tc2/target:/opt/rustwide/target:rw,Z" "-v" "/var/lib/crater-agent-workspace/cargo-home:/opt/rustwide/cargo-home:ro,Z" "-v" "/var/lib/crater-agent-workspace/rustup-home:/opt/rustwide/rustup-home:ro,Z" "-m" "1610612736" "--network" "none" "ghcr.io/rust-lang/crates-build-env/linux@sha256:77db811e55d90add9212f6832c23229e3de5f1c1f9905e8cb07319ea15df73ac" "sleep" "infinity", kill_on_drop: false }`
[INFO] [stdout] 050a1640b0ba5bf1133ad5a6376e3cad94a62299a01d4ef3cc0756989cee42b7
[INFO] running `Command { std: "docker" "start" "050a1640b0ba5bf1133ad5a6376e3cad94a62299a01d4ef3cc0756989cee42b7", kill_on_drop: false }`
[INFO] running `Command { std: "docker" "inspect" "050a1640b0ba5bf1133ad5a6376e3cad94a62299a01d4ef3cc0756989cee42b7", kill_on_drop: false }`
[INFO] running `Command { std: "docker" "exec" "-e" "SOURCE_DIR=/opt/rustwide/workdir" "-e" "CARGO_HOME=/opt/rustwide/cargo-home" "-e" "RUSTUP_HOME=/opt/rustwide/rustup-home" "-e" "CARGO_TARGET_DIR=/opt/rustwide/target" "-w" "/opt/rustwide/workdir" "--user" "0:0" "050a1640b0ba5bf1133ad5a6376e3cad94a62299a01d4ef3cc0756989cee42b7" "/opt/rustwide/cargo-home/bin/cargo" "+1.100.0-beta.1" "metadata" "--no-deps" "--format-version=1", kill_on_drop: false }`
[INFO] running `Command { std: "docker" "inspect" "050a1640b0ba5bf1133ad5a6376e3cad94a62299a01d4ef3cc0756989cee42b7", kill_on_drop: false }`
[INFO] running `Command { std: "docker" "exec" "-e" "SOURCE_DIR=/opt/rustwide/workdir" "-e" "CARGO_HOME=/opt/rustwide/cargo-home" "-e" "RUSTUP_HOME=/opt/rustwide/rustup-home" "-e" "CARGO_TARGET_DIR=/opt/rustwide/target" "-e" "CARGO_INCREMENTAL=0" "-e" "RUST_BACKTRACE=full" "-e" "RUSTFLAGS=--cap-lints=warn" "-e" "RUSTDOCFLAGS=--cap-lints=warn" "-w" "/opt/rustwide/workdir" "--user" "0:0" "050a1640b0ba5bf1133ad5a6376e3cad94a62299a01d4ef3cc0756989cee42b7" "/opt/rustwide/cargo-home/bin/cargo" "+1.100.0-beta.1" "build" "--frozen" "--message-format=json" "--release", kill_on_drop: false }`
[INFO] [stderr]    Compiling proc-macro2 v1.0.105
[INFO] [stderr]    Compiling serde_core v1.0.228
[INFO] [stderr]    Compiling quote v1.0.43
[INFO] [stderr]    Compiling serde v1.0.228
[INFO] [stderr]    Compiling winnow v0.7.14
[INFO] [stderr]    Compiling thiserror v2.0.17
[INFO] [stderr]    Compiling toml_writer v1.0.6+spec-1.1.0
[INFO] [stderr]    Compiling syn v2.0.114
[INFO] [stderr]    Compiling toml_parser v1.0.6+spec-1.1.0
[INFO] [stderr]    Compiling thiserror-impl v2.0.17
[INFO] [stderr]    Compiling serde_spanned v1.0.4
[INFO] [stderr]    Compiling toml_datetime v0.7.5+spec-1.1.0
[INFO] [stderr]    Compiling toml v0.9.11+spec-1.1.0
[INFO] [stderr]    Compiling confyg v0.3.0 (/opt/rustwide/workdir)
[INFO] [stderr]     Finished `release` profile [optimized] target(s) in 7.92s
[INFO] running `Command { std: "docker" "inspect" "050a1640b0ba5bf1133ad5a6376e3cad94a62299a01d4ef3cc0756989cee42b7", kill_on_drop: false }`
[INFO] running `Command { std: "docker" "exec" "-e" "SOURCE_DIR=/opt/rustwide/workdir" "-e" "CARGO_HOME=/opt/rustwide/cargo-home" "-e" "RUSTUP_HOME=/opt/rustwide/rustup-home" "-e" "CARGO_TARGET_DIR=/opt/rustwide/target" "-e" "CARGO_INCREMENTAL=0" "-e" "RUST_BACKTRACE=full" "-e" "RUSTFLAGS=--cap-lints=warn" "-e" "RUSTDOCFLAGS=--cap-lints=warn" "-w" "/opt/rustwide/workdir" "--user" "0:0" "050a1640b0ba5bf1133ad5a6376e3cad94a62299a01d4ef3cc0756989cee42b7" "/opt/rustwide/cargo-home/bin/cargo" "+1.100.0-beta.1" "test" "--frozen" "--no-run" "--message-format=json" "--release", kill_on_drop: false }`
[INFO] [stderr]    Compiling serde_derive v1.0.228
[INFO] [stderr]    Compiling confyg v0.3.0 (/opt/rustwide/workdir)
[INFO] [stderr]     Finished `release` profile [optimized] target(s) in 16.98s
[INFO] running `Command { std: "docker" "inspect" "050a1640b0ba5bf1133ad5a6376e3cad94a62299a01d4ef3cc0756989cee42b7", kill_on_drop: false }`
[INFO] running `Command { std: "docker" "exec" "-e" "SOURCE_DIR=/opt/rustwide/workdir" "-e" "CARGO_HOME=/opt/rustwide/cargo-home" "-e" "RUSTUP_HOME=/opt/rustwide/rustup-home" "-e" "CARGO_TARGET_DIR=/opt/rustwide/target" "-e" "CARGO_INCREMENTAL=0" "-e" "RUST_BACKTRACE=full" "-e" "RUSTFLAGS=--cap-lints=warn" "-e" "RUSTDOCFLAGS=--cap-lints=warn" "-w" "/opt/rustwide/workdir" "--user" "0:0" "050a1640b0ba5bf1133ad5a6376e3cad94a62299a01d4ef3cc0756989cee42b7" "/opt/rustwide/cargo-home/bin/cargo" "+1.100.0-beta.1" "test" "--frozen" "--release", kill_on_drop: false }`
[INFO] [stderr]     Finished `release` profile [optimized] target(s) in 0.05s
[INFO] [stderr]      Running unittests src/lib.rs (/opt/rustwide/target/release/build/confyg/81559ed80415767b/out/confyg-81559ed80415767b)
[INFO] [stdout] 
[INFO] [stdout] running 0 tests
[INFO] [stdout] 
[INFO] [stdout] test result: ok. 0 passed; 0 failed; 0 ignored; 0 measured; 0 filtered out; finished in 0.00s
[INFO] [stdout] 
[INFO] [stderr]      Running tests/mod.rs (/opt/rustwide/target/release/build/confyg/9ef1e98f364449b4/out/mod-9ef1e98f364449b4)
[INFO] [stdout] 
[INFO] [stdout] running 131 tests
[INFO] [stdout] test conf::confygery::test_confygery_add_env ... ok
[INFO] [stdout] test conf::confygery::test_confygery_add_multiple_strings ... ok
[INFO] [stdout] test conf::confygery::test_confygery_add_file ... ok
[INFO] [stdout] test conf::confygery::test_confygery_default ... ok
[INFO] [stdout] test conf::confygery::test_confygery_empty_toml ... ok
[INFO] [stdout] test conf::confygery::test_confygery_add_file_not_found ... ok
[INFO] [stdout] test conf::confygery::test_confygery_config_count ... ok
[INFO] [stdout] test conf::confygery::test_confygery_add_env_with_multiple_sections ... ok
[INFO] [stdout] test conf::confygery::test_confygery_invalid_toml ... ok
[INFO] [stdout] test conf::confygery::test_confygery_merge_sections ... ok
[INFO] [stdout] test conf::confygery::test_confygery_add_str ... ok
[INFO] [stdout] test conf::confygery::test_confygery_add_file_with_invalid_path ... FAILED
[INFO] [stdout] test conf::confygery::test_confygery_merge_all_with_loop ... ok
[INFO] [stdout] test conf::confygery::test_confygery_merge_with_single_config ... ok
[INFO] [stdout] test conf::confygery::test_confygery_mixed_sources ... ok
[INFO] [stdout] test conf::confygery::test_confygery_add_struct_with_complex_types ... ok
[INFO] [stdout] test conf::confygery::test_confygery_add_file_merge ... ok
[INFO] [stdout] test conf::confygery::test_confygery_multiple_merges ... ok
[INFO] [stdout] test conf::confygery::test_confygery_new ... ok
[INFO] [stdout] test conf::confygery::test_confygery_no_configs_error ... ok
[INFO] [stdout] test conf::confygery::test_confygery_options_accessor ... ok
[INFO] [stdout] test conf::confygery::test_confygery_options_mut_accessor ... ok
[INFO] [stdout] test conf::confygery::test_confygery_override ... ok
[INFO] [stdout] test conf::confygery::test_confygery_toml_serialize_error ... ok
[INFO] [stdout] test conf::confygery::test_confygery_with_opts_and_sources ... ok
[INFO] [stdout] test conf::confygery::test_confygery_with_sections ... ok
[INFO] [stdout] test conf::merger::test_merge_add_new_keys ... ok
[INFO] [stdout] test conf::merger::test_merge_array_element_by_element ... ok
[INFO] [stdout] test conf::confygery::test_confygery_add_struct_override ... ok
[INFO] [stdout] test conf::confygery::test_confygery_table_merge_in_build ... ok
[INFO] [stdout] test conf::confygery::test_confygery_options_mutation ... ok
[INFO] [stdout] test conf::confygery::test_confygery_add_struct ... ok
[INFO] [stdout] test conf::merger::test_merge_arrays ... ok
[INFO] [stdout] test conf::confygery::test_confygery_add_str_maintains_order ... ok
[INFO] [stdout] test conf::merger::test_merge_boolean ... ok
[INFO] [stdout] test conf::confygery::test_confygery_clone ... ok
[INFO] [stdout] test conf::confygery::test_confygery_debug ... ok
[INFO] [stdout] test conf::merger::test_merge_non_empty_string_overrides ... ok
[INFO] [stdout] test conf::confygery::test_confygery_with_opts ... ok
[INFO] [stdout] test conf::merger::test_merge_simple_override ... ok
[INFO] [stdout] test conf::merger::test_merge_integer_zero_does_not_override ... ok
[INFO] [stdout] test conf::merger::test_merge_table_type_mismatch ... ok
[INFO] [stdout] test conf::options::test_options_builder_pattern ... ok
[INFO] [stdout] test conf::confygery::test_confygery_chained_builder ... ok
[INFO] [stdout] test conf::options::test_options_default ... ok
[INFO] [stdout] test conf::options::test_options_clone ... ok
[INFO] [stdout] test conf::options::test_options_add_path ... ok
[INFO] [stdout] test conf::merger::test_merge_array_type_mismatch ... ok
[INFO] [stdout] test conf::merger::test_merge_nested_override ... ok
[INFO] [stdout] test conf::options::test_options_equality ... ok
[INFO] [stdout] test conf::merger::test_merge_numbers ... ok
[INFO] [stdout] test conf::confygery::test_confygery_build_type_mismatch ... ok
[INFO] [stdout] test conf::merger::test_merge_datetime ... ok
[INFO] [stdout] test conf::merger::test_merge_nested_sections ... ok
[INFO] [stdout] test conf::merger::test_merge_boolean_false_does_not_override ... ok
[INFO] [stdout] test conf::options::test_options_set_paths ... ok
[INFO] [stdout] test conf::options::test_options_new ... ok
[INFO] [stdout] test conf::merger::test_merge_empty_string_does_not_override ... ok
[INFO] [stdout] test conf::merger::test_merge_float_zero_does_not_override ... ok
[INFO] [stdout] test env::model::test_kv_equality ... ok
[INFO] [stdout] test conf::options::test_options_set_paths_replaces ... ok
[INFO] [stdout] test env::model::test_kv_normalise_key_without_prefix ... ok
[INFO] [stdout] test env::model::test_kvmap_clone ... ok
[INFO] [stdout] test env::model::test_kv_ordering ... ok
[INFO] [stdout] test env::model::test_kvmap_debug ... ok
[INFO] [stdout] test env::model::test_kvmap_insert_and_keys ... ok
[INFO] [stdout] test env::model::test_kvmap_new ... ok
[INFO] [stdout] test conf::options::test_options_set_project ... ok
[INFO] [stdout] test env::model::test_kv_clone ... ok
[INFO] [stdout] test env::model::test_kvmap_section ... ok
[INFO] [stdout] test env::model::test_kvmap_section_not_found ... ok
[INFO] [stdout] test env::model::test_kvmap_values ... ok
[INFO] [stdout] test conf::options::test_options_set_project_replaces ... ok
[INFO] [stdout] test env::model::test_kv_debug ... ok
[INFO] [stdout] test env::options::test_options_builder_pattern ... ok
[INFO] [stdout] test env::options::test_options_add_section ... ok
[INFO] [stdout] test conf::merger::test_merge_priority_order ... ok
[INFO] [stdout] test conf::options::test_options_add_multiple_paths ... ok
[INFO] [stdout] test env::model::test_kv_new ... ok
[INFO] [stdout] test conf::options::test_options_with_project ... ok
[INFO] [stdout] test env::model::test_kv_normalise_key ... ok
[INFO] [stdout] test env::options::test_options_clone ... ok
[INFO] [stdout] test env::options::test_options_debug ... ok
[INFO] [stdout] test env::options::test_options_default ... ok
[INFO] [stdout] test env::options::test_options_set_sections_replaces ... ok
[INFO] [stdout] test env::model::test_kv_accessors ... ok
[INFO] [stdout] test env::options::test_options_add_multiple_sections ... ok
[INFO] [stdout] test env::options::test_options_set_sections ... ok
[INFO] [stdout] test env::options::test_options_with_top_level ... ok
[INFO] [stdout] test env::model::test_kv_toml ... ok
[INFO] [stdout] test env::options::test_options_set_top_level ... ok
[INFO] [stdout] test env::options::test_options_equality ... ok
[INFO] [stdout] test env::model::test_kv_toml_with_special_chars ... ok
[INFO] [stdout] test env::options::test_options_set_top_level_replaces ... ok
[INFO] [stdout] test env::options::test_options_equality_with_sections ... ok
[INFO] [stdout] test env::options::test_options_new ... ok
[INFO] [stdout] test env::scanner::test_scan_env ... ok
[INFO] [stdout] test env::scanner::test_scanner ... ok
[INFO] [stdout] test searchpath::errors::test_finder_error_equality ... ok
[INFO] [stdout] test env::scanner::test_scanner2 ... ok
[INFO] [stdout] test env::scanner::test_scanner_options_mut ... ok
[INFO] [stdout] test searchpath::errors::test_finder_error_debug ... ok
[INFO] [stdout] test env::scanner::test_scanner_builder_pattern ... ok
[INFO] [stdout] test searchpath::errors::test_finder_error_is_error_trait ... ok
[INFO] [stdout] test searchpath::finder::test_find_file_add_path ... FAILED
[INFO] [stdout] test searchpath::finder::test_finder_debug ... ok
[INFO] [stdout] test searchpath::finder::test_finder_default ... ok
[INFO] [stdout] test searchpath::finder::test_find_file_add_paths ... FAILED
[INFO] [stdout] test env::scanner::test_section_toml ... ok
[INFO] [stdout] test searchpath::options::test_options_add_multiple_paths ... ok
[INFO] [stdout] test searchpath::finder::test_find_file_defaults ... ok
[INFO] [stdout] test searchpath::finder::test_finder_options_mut ... ok
[INFO] [stdout] test env::scanner::test_toml ... ok
[INFO] [stdout] test searchpath::options::test_options_equality ... ok
[INFO] [stdout] test searchpath::options::test_options_set_paths ... ok
[INFO] [stdout] test searchpath::options::test_options_debug ... ok
[INFO] [stdout] test searchpath::options::test_options_default ... ok
[INFO] [stdout] test searchpath::options::test_options_new ... ok
[INFO] [stdout] test searchpath::options::test_options_set_paths_replaces ... ok
[INFO] [stdout] test searchpath::options::test_options_add_path ... ok
[INFO] [stdout] test searchpath::finder::test_find_file_new ... ok
[INFO] [stdout] test searchpath::finder::test_finder_clone ... ok
[INFO] [stdout] test searchpath::options::test_options_clone ... ok
[INFO] [stdout] test env::scanner::test_scanner_new ... ok
[INFO] [stdout] test searchpath::errors::test_finder_error_path_conversion ... ok
[INFO] [stdout] test searchpath::errors::test_finder_error_not_found ... ok
[INFO] [stdout] test env::scanner::test_scanner_options ... ok
[INFO] [stdout] test searchpath::errors::test_finder_error_path_conversion_is_error ... ok
[INFO] [stdout] test searchpath::errors::test_finder_error_from_str ... ok
[INFO] [stdout] test searchpath::finder::test_find_file_with_paths ... FAILED
[INFO] [stdout] test searchpath::options::test_options_builder_pattern ... ok
[INFO] [stdout] 
[INFO] [stdout] failures:
[INFO] [stdout] 
[INFO] [stdout] ---- conf::confygery::test_confygery_add_file_with_invalid_path stdout ----
[INFO] [stdout] 
[INFO] [stdout] thread 'conf::confygery::test_confygery_add_file_with_invalid_path' (982) panicked at tests/conf/confygery.rs:713:5:
[INFO] [stdout] assertion failed: result.is_err()
[INFO] [stdout] stack backtrace:
[INFO] [stdout]    0:     0x5fd57383af41 - <<std[617be2ca0a6fd877]::sys::backtrace::BacktraceLock>::print::DisplayBacktrace as core[a373ad73a504971]::fmt::Display>::fmt
[INFO] [stdout]    1:     0x5fd5738510ca - core[a373ad73a504971]::fmt::write
[INFO] [stdout]    2:     0x5fd57383f58c - <alloc[2e1b2a31b91974c5]::vec::Vec<u8> as core[a373ad73a504971]::io::write::Write>::write_fmt
[INFO] [stdout]    3:     0x5fd5738157c6 - std[617be2ca0a6fd877]::panicking::default_hook::{closure#0}
[INFO] [stdout]    4:     0x5fd5738326c9 - std[617be2ca0a6fd877]::panicking::default_hook
[INFO] [stdout]    5:     0x5fd5737937c0 - test[aada8e7e76ba119b]::test_main_inner::{closure#0}
[INFO] [stdout]    6:     0x5fd573832882 - std[617be2ca0a6fd877]::panicking::panic_with_hook
[INFO] [stdout]    7:     0x5fd5738158a4 - std[617be2ca0a6fd877]::panicking::panic_handler::{closure#0}
[INFO] [stdout]    8:     0x5fd57380e149 - std[617be2ca0a6fd877]::sys::backtrace::__rust_end_short_backtrace::<std[617be2ca0a6fd877]::panicking::panic_handler::{closure#0}, !>
[INFO] [stdout]    9:     0x5fd57381675d - __rustc[ea4f61d10b84890b]::rust_begin_unwind
[INFO] [stdout]   10:     0x5fd57385183c - core[a373ad73a504971]::panicking::panic_fmt
[INFO] [stdout]   11:     0x5fd573851802 - core[a373ad73a504971]::panicking::panic
[INFO] [stdout]   12:     0x5fd57375e81e - <mod[3ccc1cce07c5aa15]::conf::confygery::test_confygery_add_file_with_invalid_path::{closure#0} as core[a373ad73a504971]::ops::function::FnOnce<()>>::call_once
[INFO] [stdout]   13:     0x5fd573786c0b - test[aada8e7e76ba119b]::__rust_begin_short_backtrace::<core[a373ad73a504971]::result::Result<(), alloc[2e1b2a31b91974c5]::string::String>, fn() -> core[a373ad73a504971]::result::Result<(), alloc[2e1b2a31b91974c5]::string::String>>
[INFO] [stdout]   14:     0x5fd573793de5 - test[aada8e7e76ba119b]::run_test::{closure#0}
[INFO] [stdout]   15:     0x5fd57378d6d4 - std[617be2ca0a6fd877]::sys::backtrace::__rust_begin_short_backtrace::<test[aada8e7e76ba119b]::run_test::{closure#1}, ()>
[INFO] [stdout]   16:     0x5fd573796e72 - <std[617be2ca0a6fd877]::thread::lifecycle::spawn_unchecked<test[aada8e7e76ba119b]::run_test::{closure#1}, ()>::{closure#1} as core[a373ad73a504971]::ops::function::FnOnce<()>>::call_once::{shim:vtable#0}
[INFO] [stdout]   17:     0x5fd57383a25f - <std[617be2ca0a6fd877]::sys::thread::unix::Thread>::new::thread_start
[INFO] [stdout]   18:     0x74f0bdde5dfa - <unknown>
[INFO] [stdout]   19:     0x74f0bde793d4 - clone
[INFO] [stdout]   20:                0x0 - <unknown>
[INFO] [stdout] 
[INFO] [stdout] ---- searchpath::finder::test_find_file_add_path stdout ----
[INFO] [stdout] 
[INFO] [stdout] thread 'searchpath::finder::test_find_file_add_path' (1089) panicked at tests/searchpath/finder.rs:40:10:
[INFO] [stdout] called `Result::unwrap()` on an `Err` value: NotFound("ci.yml")
[INFO] [stdout] stack backtrace:
[INFO] [stdout]    0:     0x5fd57383af41 - <<std[617be2ca0a6fd877]::sys::backtrace::BacktraceLock>::print::DisplayBacktrace as core[a373ad73a504971]::fmt::Display>::fmt
[INFO] [stdout]    1:     0x5fd5738510ca - core[a373ad73a504971]::fmt::write
[INFO] [stdout]    2:     0x5fd57383f58c - <alloc[2e1b2a31b91974c5]::vec::Vec<u8> as core[a373ad73a504971]::io::write::Write>::write_fmt
[INFO] [stdout]    3:     0x5fd5738157c6 - std[617be2ca0a6fd877]::panicking::default_hook::{closure#0}
[INFO] [stdout]    4:     0x5fd5738326c9 - std[617be2ca0a6fd877]::panicking::default_hook
[INFO] [stdout]    5:     0x5fd5737937c0 - test[aada8e7e76ba119b]::test_main_inner::{closure#0}
[INFO] [stdout]    6:     0x5fd573832882 - std[617be2ca0a6fd877]::panicking::panic_with_hook
[INFO] [stdout]    7:     0x5fd573815872 - std[617be2ca0a6fd877]::panicking::panic_handler::{closure#0}
[INFO] [stdout]    8:     0x5fd57380e149 - std[617be2ca0a6fd877]::sys::backtrace::__rust_end_short_backtrace::<std[617be2ca0a6fd877]::panicking::panic_handler::{closure#0}, !>
[INFO] [stdout]    9:     0x5fd57381675d - __rustc[ea4f61d10b84890b]::rust_begin_unwind
[INFO] [stdout]   10:     0x5fd57385183c - core[a373ad73a504971]::panicking::panic_fmt
[INFO] [stdout]   11:     0x5fd573851612 - core[a373ad73a504971]::result::unwrap_failed
[INFO] [stdout]   12:     0x5fd57377edd6 - <mod[3ccc1cce07c5aa15]::searchpath::finder::test_find_file_add_path::{closure#0} as core[a373ad73a504971]::ops::function::FnOnce<()>>::call_once
[INFO] [stdout]   13:     0x5fd573786c0b - test[aada8e7e76ba119b]::__rust_begin_short_backtrace::<core[a373ad73a504971]::result::Result<(), alloc[2e1b2a31b91974c5]::string::String>, fn() -> core[a373ad73a504971]::result::Result<(), alloc[2e1b2a31b91974c5]::string::String>>
[INFO] [stdout]   14:     0x5fd573793de5 - test[aada8e7e76ba119b]::run_test::{closure#0}
[INFO] [stdout]   15:     0x5fd57378d6d4 - std[617be2ca0a6fd877]::sys::backtrace::__rust_begin_short_backtrace::<test[aada8e7e76ba119b]::run_test::{closure#1}, ()>
[INFO] [stdout]   16:     0x5fd573796e72 - <std[617be2ca0a6fd877]::thread::lifecycle::spawn_unchecked<test[aada8e7e76ba119b]::run_test::{closure#1}, ()>::{closure#1} as core[a373ad73a504971]::ops::function::FnOnce<()>>::call_once::{shim:vtable#0}
[INFO] [stdout]   17:     0x5fd57383a25f - <std[617be2ca0a6fd877]::sys::thread::unix::Thread>::new::thread_start
[INFO] [stdout]   18:     0x74f0bdde5dfa - <unknown>
[INFO] [stdout]   19:     0x74f0bde793d4 - clone
[INFO] [stdout]   20:                0x0 - <unknown>
[INFO] [stdout] 
[INFO] [stdout] ---- searchpath::finder::test_find_file_add_paths stdout ----
[INFO] [stdout] 
[INFO] [stdout] thread 'searchpath::finder::test_find_file_add_paths' (1090) panicked at tests/searchpath/finder.rs:50:10:
[INFO] [stdout] called `Result::unwrap()` on an `Err` value: NotFound("ci.yml")
[INFO] [stdout] stack backtrace:
[INFO] [stdout]    0:     0x5fd57383af41 - <<std[617be2ca0a6fd877]::sys::backtrace::BacktraceLock>::print::DisplayBacktrace as core[a373ad73a504971]::fmt::Display>::fmt
[INFO] [stdout]    1:     0x5fd5738510ca - core[a373ad73a504971]::fmt::write
[INFO] [stdout]    2:     0x5fd57383f58c - <alloc[2e1b2a31b91974c5]::vec::Vec<u8> as core[a373ad73a504971]::io::write::Write>::write_fmt
[INFO] [stdout]    3:     0x5fd5738157c6 - std[617be2ca0a6fd877]::panicking::default_hook::{closure#0}
[INFO] [stdout]    4:     0x5fd5738326c9 - std[617be2ca0a6fd877]::panicking::default_hook
[INFO] [stdout]    5:     0x5fd5737937c0 - test[aada8e7e76ba119b]::test_main_inner::{closure#0}
[INFO] [stdout]    6:     0x5fd573832882 - std[617be2ca0a6fd877]::panicking::panic_with_hook
[INFO] [stdout]    7:     0x5fd573815872 - std[617be2ca0a6fd877]::panicking::panic_handler::{closure#0}
[INFO] [stdout]    8:     0x5fd57380e149 - std[617be2ca0a6fd877]::sys::backtrace::__rust_end_short_backtrace::<std[617be2ca0a6fd877]::panicking::panic_handler::{closure#0}, !>
[INFO] [stdout]    9:     0x5fd57381675d - __rustc[ea4f61d10b84890b]::rust_begin_unwind
[INFO] [stdout]   10:     0x5fd57385183c - core[a373ad73a504971]::panicking::panic_fmt
[INFO] [stdout]   11:     0x5fd573851612 - core[a373ad73a504971]::result::unwrap_failed
[INFO] [stdout]   12:     0x5fd57377f466 - <mod[3ccc1cce07c5aa15]::searchpath::finder::test_find_file_add_paths::{closure#0} as core[a373ad73a504971]::ops::function::FnOnce<()>>::call_once
[INFO] [stdout]   13:     0x5fd573786c0b - test[aada8e7e76ba119b]::__rust_begin_short_backtrace::<core[a373ad73a504971]::result::Result<(), alloc[2e1b2a31b91974c5]::string::String>, fn() -> core[a373ad73a504971]::result::Result<(), alloc[2e1b2a31b91974c5]::string::String>>
[INFO] [stdout]   14:     0x5fd573793de5 - test[aada8e7e76ba119b]::run_test::{closure#0}
[INFO] [stdout]   15:     0x5fd57378d6d4 - std[617be2ca0a6fd877]::sys::backtrace::__rust_begin_short_backtrace::<test[aada8e7e76ba119b]::run_test::{closure#1}, ()>
[INFO] [stdout]   16:     0x5fd573796e72 - <std[617be2ca0a6fd877]::thread::lifecycle::spawn_unchecked<test[aada8e7e76ba119b]::run_test::{closure#1}, ()>::{closure#1} as core[a373ad73a504971]::ops::function::FnOnce<()>>::call_once::{shim:vtable#0}
[INFO] [stdout]   17:     0x5fd57383a25f - <std[617be2ca0a6fd877]::sys::thread::unix::Thread>::new::thread_start
[INFO] [stdout]   18:     0x74f0bdde5dfa - <unknown>
[INFO] [stdout]   19:     0x74f0bde793d4 - clone
[INFO] [stdout]   20:                0x0 - <unknown>
[INFO] [stdout] 
[INFO] [stdout] ---- searchpath::finder::test_find_file_with_paths stdout ----
[INFO] [stdout] 
[INFO] [stdout] thread 'searchpath::finder::test_find_file_with_paths' (1093) panicked at tests/searchpath/finder.rs:19:43:
[INFO] [stdout] called `Result::unwrap()` on an `Err` value: NotFound("ci.yml")
[INFO] [stdout] stack backtrace:
[INFO] [stdout]    0:     0x5fd57383af41 - <<std[617be2ca0a6fd877]::sys::backtrace::BacktraceLock>::print::DisplayBacktrace as core[a373ad73a504971]::fmt::Display>::fmt
[INFO] [stdout]    1:     0x5fd5738510ca - core[a373ad73a504971]::fmt::write
[INFO] [stdout]    2:     0x5fd57383f58c - <alloc[2e1b2a31b91974c5]::vec::Vec<u8> as core[a373ad73a504971]::io::write::Write>::write_fmt
[INFO] [stdout]    3:     0x5fd5738157c6 - std[617be2ca0a6fd877]::panicking::default_hook::{closure#0}
[INFO] [stdout]    4:     0x5fd5738326c9 - std[617be2ca0a6fd877]::panicking::default_hook
[INFO] [stdout]    5:     0x5fd5737937c0 - test[aada8e7e76ba119b]::test_main_inner::{closure#0}
[INFO] [stdout]    6:     0x5fd573832882 - std[617be2ca0a6fd877]::panicking::panic_with_hook
[INFO] [stdout]    7:     0x5fd573815872 - std[617be2ca0a6fd877]::panicking::panic_handler::{closure#0}
[INFO] [stdout]    8:     0x5fd57380e149 - std[617be2ca0a6fd877]::sys::backtrace::__rust_end_short_backtrace::<std[617be2ca0a6fd877]::panicking::panic_handler::{closure#0}, !>
[INFO] [stdout]    9:     0x5fd57381675d - __rustc[ea4f61d10b84890b]::rust_begin_unwind
[INFO] [stdout]   10:     0x5fd57385183c - core[a373ad73a504971]::panicking::panic_fmt
[INFO] [stdout]   11:     0x5fd573851612 - core[a373ad73a504971]::result::unwrap_failed
[INFO] [stdout]   12:     0x5fd57377f6b2 - <mod[3ccc1cce07c5aa15]::searchpath::finder::test_find_file_with_paths::{closure#0} as core[a373ad73a504971]::ops::function::FnOnce<()>>::call_once
[INFO] [stdout]   13:     0x5fd573786c0b - test[aada8e7e76ba119b]::__rust_begin_short_backtrace::<core[a373ad73a504971]::result::Result<(), alloc[2e1b2a31b91974c5]::string::String>, fn() -> core[a373ad73a504971]::result::Result<(), alloc[2e1b2a31b91974c5]::string::String>>
[INFO] [stdout]   14:     0x5fd573793de5 - test[aada8e7e76ba119b]::run_test::{closure#0}
[INFO] [stdout]   15:     0x5fd57378d6d4 - std[617be2ca0a6fd877]::sys::backtrace::__rust_begin_short_backtrace::<test[aada8e7e76ba119b]::run_test::{closure#1}, ()>
[INFO] [stdout]   16:     0x5fd573796e72 - <std[617be2ca0a6fd877]::thread::lifecycle::spawn_unchecked<test[aada8e7e76ba119b]::run_test::{closure#1}, ()>::{closure#1} as core[a373ad73a504971]::ops::function::FnOnce<()>>::call_once::{shim:vtable#0}
[INFO] [stdout]   17:     0x5fd57383a25f - <std[617be2ca0a6fd877]::sys::thread::unix::Thread>::new::thread_start
[INFO] [stdout]   18:     0x74f0bdde5dfa - <unknown>
[INFO] [stdout]   19:     0x74f0bde793d4 - clone
[INFO] [stdout]   20:                0x0 - <unknown>
[INFO] [stdout] 
[INFO] [stdout] 
[INFO] [stdout] failures:
[INFO] [stdout]     conf::confygery::test_confygery_add_file_with_invalid_path
[INFO] [stdout]     searchpath::finder::test_find_file_add_path
[INFO] [stdout]     searchpath::finder::test_find_file_add_paths
[INFO] [stdout]     searchpath::finder::test_find_file_with_paths
[INFO] [stdout] 
[INFO] [stdout] test result: FAILED. 127 passed; 4 failed; 0 ignored; 0 measured; 0 filtered out; finished in 0.02s
[INFO] [stdout] 
[INFO] [stderr] error: test failed, to rerun pass `--test mod`
[INFO] running `Command { std: "docker" "inspect" "050a1640b0ba5bf1133ad5a6376e3cad94a62299a01d4ef3cc0756989cee42b7", kill_on_drop: false }`
[INFO] running `Command { std: "docker" "rm" "-f" "050a1640b0ba5bf1133ad5a6376e3cad94a62299a01d4ef3cc0756989cee42b7", kill_on_drop: false }`
[INFO] [stdout] 050a1640b0ba5bf1133ad5a6376e3cad94a62299a01d4ef3cc0756989cee42b7
