[INFO] fetching crate conform-okf 0.1.0...
[INFO] testing conform-okf-0.1.0 against 1.100.0-beta.1+cargoflags=--release for beta-release-1.100-2
[INFO] extracting crate conform-okf 0.1.0 into /workspace/builds/worker-7-tc2/source
[INFO] started tweaking crates.io crate conform-okf 0.1.0
[INFO] removed 0 missing tests
[INFO] finished tweaking crates.io crate conform-okf 0.1.0
[INFO] tweaked toml for crates.io crate conform-okf 0.1.0 written to /workspace/builds/worker-7-tc2/source/Cargo.toml
[INFO] validating manifest of crates.io crate conform-okf 0.1.0 on toolchain 1.100.0-beta.1
[INFO] running `Command { std: CARGO_HOME="/workspace/cargo-home" RUSTUP_HOME="/workspace/rustup-home" "/workspace/cargo-home/bin/cargo" "+1.100.0-beta.1" "metadata" "--manifest-path" "Cargo.toml" "--no-deps", kill_on_drop: false }`
[INFO] crate crates.io crate conform-okf 0.1.0 already has a lockfile, it will not be regenerated
[INFO] running `Command { std: CARGO_HOME="/workspace/cargo-home" RUSTUP_HOME="/workspace/rustup-home" "/workspace/cargo-home/bin/cargo" "+1.100.0-beta.1" "fetch" "--manifest-path" "Cargo.toml", kill_on_drop: false }`
[INFO] running `Command { std: "docker" "create" "-v" "/var/lib/crater-agent-workspace/builds/worker-7-tc2/source:/opt/rustwide/workdir:ro,Z" "-v" "/var/lib/crater-agent-workspace/builds/worker-7-tc2/target:/opt/rustwide/target:rw,Z" "-v" "/var/lib/crater-agent-workspace/cargo-home:/opt/rustwide/cargo-home:ro,Z" "-v" "/var/lib/crater-agent-workspace/rustup-home:/opt/rustwide/rustup-home:ro,Z" "-m" "1610612736" "--network" "none" "ghcr.io/rust-lang/crates-build-env/linux@sha256:77db811e55d90add9212f6832c23229e3de5f1c1f9905e8cb07319ea15df73ac" "sleep" "infinity", kill_on_drop: false }`
[INFO] [stdout] 0e9589164388321eb438924a990345d5f413909d90e577edb48f7c75628934a1
[INFO] running `Command { std: "docker" "start" "0e9589164388321eb438924a990345d5f413909d90e577edb48f7c75628934a1", kill_on_drop: false }`
[INFO] running `Command { std: "docker" "inspect" "0e9589164388321eb438924a990345d5f413909d90e577edb48f7c75628934a1", kill_on_drop: false }`
[INFO] running `Command { std: "docker" "exec" "-e" "SOURCE_DIR=/opt/rustwide/workdir" "-e" "CARGO_HOME=/opt/rustwide/cargo-home" "-e" "RUSTUP_HOME=/opt/rustwide/rustup-home" "-e" "CARGO_TARGET_DIR=/opt/rustwide/target" "-w" "/opt/rustwide/workdir" "--user" "0:0" "0e9589164388321eb438924a990345d5f413909d90e577edb48f7c75628934a1" "/opt/rustwide/cargo-home/bin/cargo" "+1.100.0-beta.1" "metadata" "--no-deps" "--format-version=1", kill_on_drop: false }`
[INFO] running `Command { std: "docker" "inspect" "0e9589164388321eb438924a990345d5f413909d90e577edb48f7c75628934a1", kill_on_drop: false }`
[INFO] running `Command { std: "docker" "exec" "-e" "SOURCE_DIR=/opt/rustwide/workdir" "-e" "CARGO_HOME=/opt/rustwide/cargo-home" "-e" "RUSTUP_HOME=/opt/rustwide/rustup-home" "-e" "CARGO_TARGET_DIR=/opt/rustwide/target" "-e" "CARGO_INCREMENTAL=0" "-e" "RUST_BACKTRACE=full" "-e" "RUSTFLAGS=--cap-lints=warn" "-e" "RUSTDOCFLAGS=--cap-lints=warn" "-w" "/opt/rustwide/workdir" "--user" "0:0" "0e9589164388321eb438924a990345d5f413909d90e577edb48f7c75628934a1" "/opt/rustwide/cargo-home/bin/cargo" "+1.100.0-beta.1" "build" "--frozen" "--message-format=json" "--release", kill_on_drop: false }`
[INFO] [stderr]    Compiling conform-core v0.1.0
[INFO] [stderr]    Compiling okf-core v0.2.7
[INFO] [stderr]    Compiling conform-okf v0.1.0 (/opt/rustwide/workdir)
[INFO] [stderr]     Finished `release` profile [optimized] target(s) in 13.58s
[INFO] running `Command { std: "docker" "inspect" "0e9589164388321eb438924a990345d5f413909d90e577edb48f7c75628934a1", kill_on_drop: false }`
[INFO] running `Command { std: "docker" "exec" "-e" "SOURCE_DIR=/opt/rustwide/workdir" "-e" "CARGO_HOME=/opt/rustwide/cargo-home" "-e" "RUSTUP_HOME=/opt/rustwide/rustup-home" "-e" "CARGO_TARGET_DIR=/opt/rustwide/target" "-e" "CARGO_INCREMENTAL=0" "-e" "RUST_BACKTRACE=full" "-e" "RUSTFLAGS=--cap-lints=warn" "-e" "RUSTDOCFLAGS=--cap-lints=warn" "-w" "/opt/rustwide/workdir" "--user" "0:0" "0e9589164388321eb438924a990345d5f413909d90e577edb48f7c75628934a1" "/opt/rustwide/cargo-home/bin/cargo" "+1.100.0-beta.1" "test" "--frozen" "--no-run" "--message-format=json" "--release", kill_on_drop: false }`
[INFO] [stderr]    Compiling proc-macro2 v1.0.107
[INFO] [stderr]    Compiling serde_core v1.0.229
[INFO] [stderr]    Compiling unicode-ident v1.0.26
[INFO] [stderr]    Compiling quote v1.0.47
[INFO] [stderr]    Compiling typenum v1.20.1
[INFO] [stderr]    Compiling serde v1.0.229
[INFO] [stderr]    Compiling winnow v1.0.4
[INFO] [stderr]    Compiling cfg-if v1.0.5
[INFO] [stderr]    Compiling cpufeatures v0.3.1
[INFO] [stderr]    Compiling toml_parser v1.1.3+spec-1.1.0
[INFO] [stderr]    Compiling hybrid-array v0.4.15
[INFO] [stderr]    Compiling syn v3.0.6
[INFO] [stderr]    Compiling block-buffer v0.12.1
[INFO] [stderr]    Compiling crypto-common v0.2.2
[INFO] [stderr]    Compiling digest v0.11.3
[INFO] [stderr]    Compiling sha2 v0.11.0
[INFO] [stderr]    Compiling serde_derive v1.0.229
[INFO] [stderr]    Compiling toml_datetime v1.1.1+spec-1.1.0
[INFO] [stderr]    Compiling serde_spanned v1.1.1
[INFO] [stderr]    Compiling toml v1.1.6+spec-1.1.0
[INFO] [stderr]    Compiling conform-registry v0.1.0
[INFO] [stderr]    Compiling conform-okf v0.1.0 (/opt/rustwide/workdir)
[INFO] [stderr]     Finished `release` profile [optimized] target(s) in 17.64s
[INFO] running `Command { std: "docker" "inspect" "0e9589164388321eb438924a990345d5f413909d90e577edb48f7c75628934a1", kill_on_drop: false }`
[INFO] running `Command { std: "docker" "exec" "-e" "SOURCE_DIR=/opt/rustwide/workdir" "-e" "CARGO_HOME=/opt/rustwide/cargo-home" "-e" "RUSTUP_HOME=/opt/rustwide/rustup-home" "-e" "CARGO_TARGET_DIR=/opt/rustwide/target" "-e" "CARGO_INCREMENTAL=0" "-e" "RUST_BACKTRACE=full" "-e" "RUSTFLAGS=--cap-lints=warn" "-e" "RUSTDOCFLAGS=--cap-lints=warn" "-w" "/opt/rustwide/workdir" "--user" "0:0" "0e9589164388321eb438924a990345d5f413909d90e577edb48f7c75628934a1" "/opt/rustwide/cargo-home/bin/cargo" "+1.100.0-beta.1" "test" "--frozen" "--release", kill_on_drop: false }`
[INFO] [stderr]     Finished `release` profile [optimized] target(s) in 0.07s
[INFO] [stderr]      Running unittests src/lib.rs (/opt/rustwide/target/release/build/conform-okf/84c77c2391052517/out/conform_okf-84c77c2391052517)
[INFO] [stdout] 
[INFO] [stdout] running 0 tests
[INFO] [stdout] 
[INFO] [stdout] test result: ok. 0 passed; 0 failed; 0 ignored; 0 measured; 0 filtered out; finished in 0.00s
[INFO] [stdout] 
[INFO] [stderr]      Running tests/code_blocks_are_checked_when_asked.rs (/opt/rustwide/target/release/build/conform-okf/31b49f99ff0773c5/out/code_blocks_are_checked_when_asked-31b49f99ff0773c5)
[INFO] [stdout] 
[INFO] [stdout] running 0 tests
[INFO] [stdout] 
[INFO] [stdout] test result: ok. 0 passed; 0 failed; 0 ignored; 0 measured; 0 filtered out; finished in 0.00s
[INFO] [stdout] 
[INFO] [stderr]      Running tests/every_code_is_stable_and_distinct.rs (/opt/rustwide/target/release/build/conform-okf/a0270b1373bdb6e6/out/every_code_is_stable_and_distinct-a0270b1373bdb6e6)
[INFO] [stdout] 
[INFO] [stdout] running 4 tests
[INFO] [stdout] test every_code_is_prefixed_and_shaped_like_a_code ... ok
[INFO] [stdout] test the_scan_actually_reaches_the_codes ... ok
[INFO] [stdout] test the_hygiene_table_accounts_for_every_hygiene_rule ... ok
[INFO] [stdout] test no_code_is_used_twice ... ok
[INFO] [stdout] 
[INFO] [stdout] test result: ok. 4 passed; 0 failed; 0 ignored; 0 measured; 0 filtered out; finished in 0.01s
[INFO] [stdout] 
[INFO] [stderr]      Running tests/reporting_and_gating_stay_apart.rs (/opt/rustwide/target/release/build/conform-okf/2176937f9a98c0ac/out/reporting_and_gating_stay_apart-2176937f9a98c0ac)
[INFO] [stdout] 
[INFO] [stdout] running 5 tests
[INFO] [stdout] test hygiene_would_not_gate_even_on_an_error ... ok
[INFO] [stdout] test an_empty_bundle_is_not_a_clean_bill_of_health ... ok
[INFO] [stdout] test hygiene_cannot_produce_an_error_even_over_a_bundle_that_is_not_okf ... ok
[INFO] [stdout] test validate_reports_and_check_gates ... ok
[INFO] [stdout] test conformance_gates_on_errors_and_not_on_warnings ... ok
[INFO] [stdout] 
[INFO] [stdout] test result: ok. 5 passed; 0 failed; 0 ignored; 0 measured; 0 filtered out; finished in 0.01s
[INFO] [stdout] 
[INFO] [stderr]      Running tests/the_spec_ref_leads_to_the_registry.rs (/opt/rustwide/target/release/build/conform-okf/1664b3764c6fd78b/out/the_spec_ref_leads_to_the_registry-1664b3764c6fd78b)
[INFO] [stdout] 
[INFO] [stdout] running 3 tests
[INFO] [stdout] test the_spec_this_crate_stamps_on_every_diagnostic_is_a_registry_entry ... FAILED
[INFO] [stdout] test the_pinned_manifest_still_hashes_to_what_the_registry_records ... FAILED
[INFO] [stdout] test the_entry_pins_this_crate_s_fixture_manifest ... FAILED
[INFO] [stdout] 
[INFO] [stdout] failures:
[INFO] [stdout] 
[INFO] [stdout] ---- the_spec_this_crate_stamps_on_every_diagnostic_is_a_registry_entry stdout ----
[INFO] [stdout] 
[INFO] [stdout] thread 'the_spec_this_crate_stamps_on_every_diagnostic_is_a_registry_entry' (858) panicked at tests/the_spec_ref_leads_to_the_registry.rs:28:63:
[INFO] [stdout] load specs.toml: LoadError { report: ConformanceReport { diagnostics: [Diagnostic { severity: Error, code: DiagnosticCode("REG100"), message: "cannot read the registry: No such file or directory (os error 2)", location: Location { document: DocumentId("/opt/specs.toml"), line: None, column: None, pointer: None }, help: None, spec_ref: None }] } }
[INFO] [stdout] stack backtrace:
[INFO] [stdout]    0:     0x5b30933afcb1 - <<std[617be2ca0a6fd877]::sys::backtrace::BacktraceLock>::print::DisplayBacktrace as core[a373ad73a504971]::fmt::Display>::fmt
[INFO] [stdout]    1:     0x5b30933c4b4a - core[a373ad73a504971]::fmt::write
[INFO] [stdout]    2:     0x5b30933b3eec - <alloc[2e1b2a31b91974c5]::vec::Vec<u8> as core[a373ad73a504971]::io::write::Write>::write_fmt
[INFO] [stdout]    3:     0x5b309338b756 - std[617be2ca0a6fd877]::panicking::default_hook::{closure#0}
[INFO] [stdout]    4:     0x5b30933a7cd9 - std[617be2ca0a6fd877]::panicking::default_hook
[INFO] [stdout]    5:     0x5b3093324f10 - test[aada8e7e76ba119b]::test_main_inner::{closure#0}
[INFO] [stdout]    6:     0x5b30933a7e92 - std[617be2ca0a6fd877]::panicking::panic_with_hook
[INFO] [stdout]    7:     0x5b309338b802 - std[617be2ca0a6fd877]::panicking::panic_handler::{closure#0}
[INFO] [stdout]    8:     0x5b3093384389 - std[617be2ca0a6fd877]::sys::backtrace::__rust_end_short_backtrace::<std[617be2ca0a6fd877]::panicking::panic_handler::{closure#0}, !>
[INFO] [stdout]    9:     0x5b309338c40d - __rustc[ea4f61d10b84890b]::rust_begin_unwind
[INFO] [stdout]   10:     0x5b30933c52bc - core[a373ad73a504971]::panicking::panic_fmt
[INFO] [stdout]   11:     0x5b30933c5092 - core[a373ad73a504971]::result::unwrap_failed
[INFO] [stdout]   12:     0x5b309330a5b8 - the_spec_ref_leads_to_the_registry[7b1ff9a1fbecc748]::registry
[INFO] [stdout]   13:     0x5b309330b1c7 - <the_spec_ref_leads_to_the_registry[7b1ff9a1fbecc748]::the_spec_this_crate_stamps_on_every_diagnostic_is_a_registry_entry::{closure#0} as core[a373ad73a504971]::ops::function::FnOnce<()>>::call_once
[INFO] [stdout]   14:     0x5b309331835b - test[aada8e7e76ba119b]::__rust_begin_short_backtrace::<core[a373ad73a504971]::result::Result<(), alloc[2e1b2a31b91974c5]::string::String>, fn() -> core[a373ad73a504971]::result::Result<(), alloc[2e1b2a31b91974c5]::string::String>>
[INFO] [stdout]   15:     0x5b3093325535 - test[aada8e7e76ba119b]::run_test::{closure#0}
[INFO] [stdout]   16:     0x5b309331ee24 - std[617be2ca0a6fd877]::sys::backtrace::__rust_begin_short_backtrace::<test[aada8e7e76ba119b]::run_test::{closure#1}, ()>
[INFO] [stdout]   17:     0x5b30933285c2 - <std[617be2ca0a6fd877]::thread::lifecycle::spawn_unchecked<test[aada8e7e76ba119b]::run_test::{closure#1}, ()>::{closure#1} as core[a373ad73a504971]::ops::function::FnOnce<()>>::call_once::{shim:vtable#0}
[INFO] [stdout]   18:     0x5b30933aee9f - <std[617be2ca0a6fd877]::sys::thread::unix::Thread>::new::thread_start
[INFO] [stdout]   19:     0x7e1cf2969dfa - <unknown>
[INFO] [stdout]   20:     0x7e1cf29fd3d4 - clone
[INFO] [stdout]   21:                0x0 - <unknown>
[INFO] [stdout] 
[INFO] [stdout] ---- the_pinned_manifest_still_hashes_to_what_the_registry_records stdout ----
[INFO] [stdout] 
[INFO] [stdout] thread 'the_pinned_manifest_still_hashes_to_what_the_registry_records' (857) panicked at tests/the_spec_ref_leads_to_the_registry.rs:28:63:
[INFO] [stdout] load specs.toml: LoadError { report: ConformanceReport { diagnostics: [Diagnostic { severity: Error, code: DiagnosticCode("REG100"), message: "cannot read the registry: No such file or directory (os error 2)", location: Location { document: DocumentId("/opt/specs.toml"), line: None, column: None, pointer: None }, help: None, spec_ref: None }] } }
[INFO] [stdout] stack backtrace:
[INFO] [stdout]    0:     0x5b30933afcb1 - <<std[617be2ca0a6fd877]::sys::backtrace::BacktraceLock>::print::DisplayBacktrace as core[a373ad73a504971]::fmt::Display>::fmt
[INFO] [stdout]    1:     0x5b30933c4b4a - core[a373ad73a504971]::fmt::write
[INFO] [stdout]    2:     0x5b30933b3eec - <alloc[2e1b2a31b91974c5]::vec::Vec<u8> as core[a373ad73a504971]::io::write::Write>::write_fmt
[INFO] [stdout]    3:     0x5b309338b756 - std[617be2ca0a6fd877]::panicking::default_hook::{closure#0}
[INFO] [stdout]    4:     0x5b30933a7cd9 - std[617be2ca0a6fd877]::panicking::default_hook
[INFO] [stdout]    5:     0x5b3093324f10 - test[aada8e7e76ba119b]::test_main_inner::{closure#0}
[INFO] [stdout]    6:     0x5b30933a7e92 - std[617be2ca0a6fd877]::panicking::panic_with_hook
[INFO] [stdout]    7:     0x5b309338b802 - std[617be2ca0a6fd877]::panicking::panic_handler::{closure#0}
[INFO] [stdout]    8:     0x5b3093384389 - std[617be2ca0a6fd877]::sys::backtrace::__rust_end_short_backtrace::<std[617be2ca0a6fd877]::panicking::panic_handler::{closure#0}, !>
[INFO] [stdout]    9:     0x5b309338c40d - __rustc[ea4f61d10b84890b]::rust_begin_unwind
[INFO] [stdout]   10:     0x5b30933c52bc - core[a373ad73a504971]::panicking::panic_fmt
[INFO] [stdout]   11:     0x5b30933c5092 - core[a373ad73a504971]::result::unwrap_failed
[INFO] [stdout]   12:     0x5b309330a5b8 - the_spec_ref_leads_to_the_registry[7b1ff9a1fbecc748]::registry
[INFO] [stdout]   13:     0x5b309330b027 - <the_spec_ref_leads_to_the_registry[7b1ff9a1fbecc748]::the_pinned_manifest_still_hashes_to_what_the_registry_records::{closure#0} as core[a373ad73a504971]::ops::function::FnOnce<()>>::call_once
[INFO] [stdout]   14:     0x5b309331835b - test[aada8e7e76ba119b]::__rust_begin_short_backtrace::<core[a373ad73a504971]::result::Result<(), alloc[2e1b2a31b91974c5]::string::String>, fn() -> core[a373ad73a504971]::result::Result<(), alloc[2e1b2a31b91974c5]::string::String>>
[INFO] [stdout]   15:     0x5b3093325535 - test[aada8e7e76ba119b]::run_test::{closure#0}
[INFO] [stdout]   16:     0x5b309331ee24 - std[617be2ca0a6fd877]::sys::backtrace::__rust_begin_short_backtrace::<test[aada8e7e76ba119b]::run_test::{closure#1}, ()>
[INFO] [stdout]   17:     0x5b30933285c2 - <std[617be2ca0a6fd877]::thread::lifecycle::spawn_unchecked<test[aada8e7e76ba119b]::run_test::{closure#1}, ()>::{closure#1} as core[a373ad73a504971]::ops::function::FnOnce<()>>::call_once::{shim:vtable#0}
[INFO] [stdout]   18:     0x5b30933aee9f - <std[617be2ca0a6fd877]::sys::thread::unix::Thread>::new::thread_start
[INFO] [stdout]   19:     0x7e1cf2969dfa - <unknown>
[INFO] [stdout]   20:     0x7e1cf29fd3d4 - clone
[INFO] [stdout]   21:                0x0 - <unknown>
[INFO] [stdout] 
[INFO] [stdout] ---- the_entry_pins_this_crate_s_fixture_manifest stdout ----
[INFO] [stdout] 
[INFO] [stdout] thread 'the_entry_pins_this_crate_s_fixture_manifest' (856) panicked at tests/the_spec_ref_leads_to_the_registry.rs:28:63:
[INFO] [stdout] load specs.toml: LoadError { report: ConformanceReport { diagnostics: [Diagnostic { severity: Error, code: DiagnosticCode("REG100"), message: "cannot read the registry: No such file or directory (os error 2)", location: Location { document: DocumentId("/opt/specs.toml"), line: None, column: None, pointer: None }, help: None, spec_ref: None }] } }
[INFO] [stdout] stack backtrace:
[INFO] [stdout]    0:     0x5b30933afcb1 - <<std[617be2ca0a6fd877]::sys::backtrace::BacktraceLock>::print::DisplayBacktrace as core[a373ad73a504971]::fmt::Display>::fmt
[INFO] [stdout]    1:     0x5b30933c4b4a - core[a373ad73a504971]::fmt::write
[INFO] [stdout]    2:     0x5b30933b3eec - <alloc[2e1b2a31b91974c5]::vec::Vec<u8> as core[a373ad73a504971]::io::write::Write>::write_fmt
[INFO] [stdout]    3:     0x5b309338b756 - std[617be2ca0a6fd877]::panicking::default_hook::{closure#0}
[INFO] [stdout]    4:     0x5b30933a7cd9 - std[617be2ca0a6fd877]::panicking::default_hook
[INFO] [stdout]    5:     0x5b3093324f10 - test[aada8e7e76ba119b]::test_main_inner::{closure#0}
[INFO] [stdout]    6:     0x5b30933a7e92 - std[617be2ca0a6fd877]::panicking::panic_with_hook
[INFO] [stdout]    7:     0x5b309338b802 - std[617be2ca0a6fd877]::panicking::panic_handler::{closure#0}
[INFO] [stdout]    8:     0x5b3093384389 - std[617be2ca0a6fd877]::sys::backtrace::__rust_end_short_backtrace::<std[617be2ca0a6fd877]::panicking::panic_handler::{closure#0}, !>
[INFO] [stdout]    9:     0x5b309338c40d - __rustc[ea4f61d10b84890b]::rust_begin_unwind
[INFO] [stdout]   10:     0x5b30933c52bc - core[a373ad73a504971]::panicking::panic_fmt
[INFO] [stdout]   11:     0x5b30933c5092 - core[a373ad73a504971]::result::unwrap_failed
[INFO] [stdout]   12:     0x5b309330a5b8 - the_spec_ref_leads_to_the_registry[7b1ff9a1fbecc748]::registry
[INFO] [stdout]   13:     0x5b309330abe6 - <the_spec_ref_leads_to_the_registry[7b1ff9a1fbecc748]::the_entry_pins_this_crate_s_fixture_manifest::{closure#0} as core[a373ad73a504971]::ops::function::FnOnce<()>>::call_once
[INFO] [stdout]   14:     0x5b309331835b - test[aada8e7e76ba119b]::__rust_begin_short_backtrace::<core[a373ad73a504971]::result::Result<(), alloc[2e1b2a31b91974c5]::string::String>, fn() -> core[a373ad73a504971]::result::Result<(), alloc[2e1b2a31b91974c5]::string::String>>
[INFO] [stdout]   15:     0x5b3093325535 - test[aada8e7e76ba119b]::run_test::{closure#0}
[INFO] [stdout]   16:     0x5b309331ee24 - std[617be2ca0a6fd877]::sys::backtrace::__rust_begin_short_backtrace::<test[aada8e7e76ba119b]::run_test::{closure#1}, ()>
[INFO] [stdout]   17:     0x5b30933285c2 - <std[617be2ca0a6fd877]::thread::lifecycle::spawn_unchecked<test[aada8e7e76ba119b]::run_test::{closure#1}, ()>::{closure#1} as core[a373ad73a504971]::ops::function::FnOnce<()>>::call_once::{shim:vtable#0}
[INFO] [stdout]   18:     0x5b30933aee9f - <std[617be2ca0a6fd877]::sys::thread::unix::Thread>::new::thread_start
[INFO] [stdout]   19:     0x7e1cf2969dfa - <unknown>
[INFO] [stdout]   20:     0x7e1cf29fd3d4 - clone
[INFO] [stdout]   21:                0x0 - <unknown>
[INFO] [stdout] 
[INFO] [stdout] 
[INFO] [stdout] failures:
[INFO] [stdout]     the_entry_pins_this_crate_s_fixture_manifest
[INFO] [stdout]     the_pinned_manifest_still_hashes_to_what_the_registry_records
[INFO] [stdout]     the_spec_this_crate_stamps_on_every_diagnostic_is_a_registry_entry
[INFO] [stdout] 
[INFO] [stdout] test result: FAILED. 0 passed; 3 failed; 0 ignored; 0 measured; 0 filtered out; finished in 0.00s
[INFO] [stdout] 
[INFO] [stderr] error: test failed, to rerun pass `--test the_spec_ref_leads_to_the_registry`
[INFO] running `Command { std: "docker" "inspect" "0e9589164388321eb438924a990345d5f413909d90e577edb48f7c75628934a1", kill_on_drop: false }`
[INFO] running `Command { std: "docker" "rm" "-f" "0e9589164388321eb438924a990345d5f413909d90e577edb48f7c75628934a1", kill_on_drop: false }`
[INFO] [stdout] 0e9589164388321eb438924a990345d5f413909d90e577edb48f7c75628934a1
