[INFO] fetching crate conform-lexicon 0.1.0...
[INFO] testing conform-lexicon-0.1.0 against 1.100.0-beta.1+cargoflags=--release for beta-release-1.100-2
[INFO] extracting crate conform-lexicon 0.1.0 into /workspace/builds/worker-7-tc2/source
[INFO] started tweaking crates.io crate conform-lexicon 0.1.0
[INFO] removed 0 missing tests
[INFO] finished tweaking crates.io crate conform-lexicon 0.1.0
[INFO] tweaked toml for crates.io crate conform-lexicon 0.1.0 written to /workspace/builds/worker-7-tc2/source/Cargo.toml
[INFO] validating manifest of crates.io crate conform-lexicon 0.1.0 on toolchain 1.100.0-beta.1
[INFO] running `Command { std: CARGO_HOME="/workspace/cargo-home" RUSTUP_HOME="/workspace/rustup-home" "/workspace/cargo-home/bin/cargo" "+1.100.0-beta.1" "metadata" "--manifest-path" "Cargo.toml" "--no-deps", kill_on_drop: false }`
[INFO] crate crates.io crate conform-lexicon 0.1.0 already has a lockfile, it will not be regenerated
[INFO] running `Command { std: CARGO_HOME="/workspace/cargo-home" RUSTUP_HOME="/workspace/rustup-home" "/workspace/cargo-home/bin/cargo" "+1.100.0-beta.1" "fetch" "--manifest-path" "Cargo.toml", kill_on_drop: false }`
[INFO] running `Command { std: "docker" "create" "-v" "/var/lib/crater-agent-workspace/builds/worker-7-tc2/source:/opt/rustwide/workdir:ro,Z" "-v" "/var/lib/crater-agent-workspace/builds/worker-7-tc2/target:/opt/rustwide/target:rw,Z" "-v" "/var/lib/crater-agent-workspace/cargo-home:/opt/rustwide/cargo-home:ro,Z" "-v" "/var/lib/crater-agent-workspace/rustup-home:/opt/rustwide/rustup-home:ro,Z" "-m" "1610612736" "--network" "none" "ghcr.io/rust-lang/crates-build-env/linux@sha256:77db811e55d90add9212f6832c23229e3de5f1c1f9905e8cb07319ea15df73ac" "sleep" "infinity", kill_on_drop: false }`
[INFO] [stdout] ec4978cf7c910a6dcf93ae7f1f14bf02d4d7d522646482bb6a1cd85106e9fc1b
[INFO] running `Command { std: "docker" "start" "ec4978cf7c910a6dcf93ae7f1f14bf02d4d7d522646482bb6a1cd85106e9fc1b", kill_on_drop: false }`
[INFO] running `Command { std: "docker" "inspect" "ec4978cf7c910a6dcf93ae7f1f14bf02d4d7d522646482bb6a1cd85106e9fc1b", kill_on_drop: false }`
[INFO] running `Command { std: "docker" "exec" "-e" "SOURCE_DIR=/opt/rustwide/workdir" "-e" "CARGO_HOME=/opt/rustwide/cargo-home" "-e" "RUSTUP_HOME=/opt/rustwide/rustup-home" "-e" "CARGO_TARGET_DIR=/opt/rustwide/target" "-w" "/opt/rustwide/workdir" "--user" "0:0" "ec4978cf7c910a6dcf93ae7f1f14bf02d4d7d522646482bb6a1cd85106e9fc1b" "/opt/rustwide/cargo-home/bin/cargo" "+1.100.0-beta.1" "metadata" "--no-deps" "--format-version=1", kill_on_drop: false }`
[INFO] running `Command { std: "docker" "inspect" "ec4978cf7c910a6dcf93ae7f1f14bf02d4d7d522646482bb6a1cd85106e9fc1b", kill_on_drop: false }`
[INFO] running `Command { std: "docker" "exec" "-e" "SOURCE_DIR=/opt/rustwide/workdir" "-e" "CARGO_HOME=/opt/rustwide/cargo-home" "-e" "RUSTUP_HOME=/opt/rustwide/rustup-home" "-e" "CARGO_TARGET_DIR=/opt/rustwide/target" "-e" "CARGO_INCREMENTAL=0" "-e" "RUST_BACKTRACE=full" "-e" "RUSTFLAGS=--cap-lints=warn" "-e" "RUSTDOCFLAGS=--cap-lints=warn" "-w" "/opt/rustwide/workdir" "--user" "0:0" "ec4978cf7c910a6dcf93ae7f1f14bf02d4d7d522646482bb6a1cd85106e9fc1b" "/opt/rustwide/cargo-home/bin/cargo" "+1.100.0-beta.1" "build" "--frozen" "--message-format=json" "--release", kill_on_drop: false }`
[INFO] [stderr]    Compiling unicode-ident v1.0.26
[INFO] [stderr]    Compiling serde_core v1.0.229
[INFO] [stderr]    Compiling serde v1.0.229
[INFO] [stderr]    Compiling cfg-if v1.0.5
[INFO] [stderr]    Compiling memchr v2.8.3
[INFO] [stderr]    Compiling typenum v1.20.1
[INFO] [stderr]    Compiling getrandom v0.3.4
[INFO] [stderr]    Compiling num-integer v0.1.47
[INFO] [stderr]    Compiling zerocopy v0.8.57
[INFO] [stderr]    Compiling proc-macro2 v1.0.107
[INFO] [stderr]    Compiling ahash v0.8.12
[INFO] [stderr]    Compiling serde_json v1.0.151
[INFO] [stderr]    Compiling ref-cast v1.0.27
[INFO] [stderr]    Compiling hashbrown v0.17.1
[INFO] [stderr]    Compiling num-bigint v0.4.8
[INFO] [stderr]    Compiling quote v1.0.47
[INFO] [stderr]    Compiling aho-corasick v1.1.5
[INFO] [stderr]    Compiling syn v3.0.6
[INFO] [stderr]    Compiling num-iter v0.1.46
[INFO] [stderr]    Compiling hybrid-array v0.4.15
[INFO] [stderr]    Compiling num-complex v0.4.6
[INFO] [stderr]    Compiling smallvec v1.16.1
[INFO] [stderr]    Compiling once_cell v1.21.4
[INFO] [stderr]    Compiling parking_lot_core v0.9.12
[INFO] [stderr]    Compiling block-buffer v0.12.1
[INFO] [stderr]    Compiling crypto-common v0.2.2
[INFO] [stderr]    Compiling syn v2.0.119
[INFO] [stderr]    Compiling regex-automata v0.4.18
[INFO] [stderr]    Compiling num-rational v0.4.2
[INFO] [stderr]    Compiling serde_derive v1.0.229
[INFO] [stderr]    Compiling ref-cast-impl v1.0.27
[INFO] [stderr]    Compiling num v0.4.3
[INFO] [stderr]    Compiling borrow-or-share v0.2.4
[INFO] [stderr]    Compiling bit-vec v0.8.0
[INFO] [stderr]    Compiling unicode-general-category v1.1.0
[INFO] [stderr]    Compiling toml_parser v1.1.3+spec-1.1.0
[INFO] [stderr]    Compiling bit-set v0.8.0
[INFO] [stderr]    Compiling strum_macros v0.28.0
[INFO] [stderr]    Compiling fraction v0.17.0
[INFO] [stderr]    Compiling toml_datetime v1.1.1+spec-1.1.0
[INFO] [stderr]    Compiling serde_spanned v1.1.1
[INFO] [stderr]    Compiling digest v0.11.3
[INFO] [stderr]    Compiling parking_lot v0.12.5
[INFO] [stderr]    Compiling num-cmp v0.1.0
[INFO] [stderr]    Compiling cpufeatures v0.3.1
[INFO] [stderr]    Compiling micromap v0.3.0
[INFO] [stderr]    Compiling bytecount v0.6.9
[INFO] [stderr]    Compiling uuid-simd v0.8.0
[INFO] [stderr]    Compiling sha2 v0.11.0
[INFO] [stderr]    Compiling fancy-regex v0.19.2
[INFO] [stderr]    Compiling regex v1.13.1
[INFO] [stderr]    Compiling toml v1.1.6+spec-1.1.0
[INFO] [stderr]    Compiling fluent-uri v0.4.1
[INFO] [stderr]    Compiling strum v0.28.0
[INFO] [stderr]    Compiling email_address v0.2.9
[INFO] [stderr]    Compiling jsonschema-value v0.56.0
[INFO] [stderr]    Compiling referencing v0.56.0
[INFO] [stderr]    Compiling indexmap v2.14.2
[INFO] [stderr]    Compiling jsonschema-regex v0.56.0
[INFO] [stderr]    Compiling unsafe-libyaml-norway v0.2.15
[INFO] [stderr]    Compiling data-encoding v2.11.1
[INFO] [stderr]    Compiling conform-core v0.1.0
[INFO] [stderr]    Compiling serde_norway v0.9.42
[INFO] [stderr]    Compiling conform-registry v0.1.0
[INFO] [stderr]    Compiling jsonschema v0.56.0
[INFO] [stderr]    Compiling conform-lexicon v0.1.0 (/opt/rustwide/workdir)
[INFO] [stderr]     Finished `release` profile [optimized] target(s) in 3m 32s
[INFO] running `Command { std: "docker" "inspect" "ec4978cf7c910a6dcf93ae7f1f14bf02d4d7d522646482bb6a1cd85106e9fc1b", kill_on_drop: false }`
[INFO] running `Command { std: "docker" "exec" "-e" "SOURCE_DIR=/opt/rustwide/workdir" "-e" "CARGO_HOME=/opt/rustwide/cargo-home" "-e" "RUSTUP_HOME=/opt/rustwide/rustup-home" "-e" "CARGO_TARGET_DIR=/opt/rustwide/target" "-e" "CARGO_INCREMENTAL=0" "-e" "RUST_BACKTRACE=full" "-e" "RUSTFLAGS=--cap-lints=warn" "-e" "RUSTDOCFLAGS=--cap-lints=warn" "-w" "/opt/rustwide/workdir" "--user" "0:0" "ec4978cf7c910a6dcf93ae7f1f14bf02d4d7d522646482bb6a1cd85106e9fc1b" "/opt/rustwide/cargo-home/bin/cargo" "+1.100.0-beta.1" "test" "--frozen" "--no-run" "--message-format=json" "--release", kill_on_drop: false }`
[INFO] [stderr]    Compiling conform-lexicon v0.1.0 (/opt/rustwide/workdir)
[INFO] [stderr]     Finished `release` profile [optimized] target(s) in 56.15s
[INFO] running `Command { std: "docker" "inspect" "ec4978cf7c910a6dcf93ae7f1f14bf02d4d7d522646482bb6a1cd85106e9fc1b", kill_on_drop: false }`
[INFO] running `Command { std: "docker" "exec" "-e" "SOURCE_DIR=/opt/rustwide/workdir" "-e" "CARGO_HOME=/opt/rustwide/cargo-home" "-e" "RUSTUP_HOME=/opt/rustwide/rustup-home" "-e" "CARGO_TARGET_DIR=/opt/rustwide/target" "-e" "CARGO_INCREMENTAL=0" "-e" "RUST_BACKTRACE=full" "-e" "RUSTFLAGS=--cap-lints=warn" "-e" "RUSTDOCFLAGS=--cap-lints=warn" "-w" "/opt/rustwide/workdir" "--user" "0:0" "ec4978cf7c910a6dcf93ae7f1f14bf02d4d7d522646482bb6a1cd85106e9fc1b" "/opt/rustwide/cargo-home/bin/cargo" "+1.100.0-beta.1" "test" "--frozen" "--release", kill_on_drop: false }`
[INFO] [stderr]     Finished `release` profile [optimized] target(s) in 0.14s
[INFO] [stderr]      Running unittests src/lib.rs (/opt/rustwide/target/release/build/conform-lexicon/73ddb7bafbcbfe8e/out/conform_lexicon-73ddb7bafbcbfe8e)
[INFO] [stdout] 
[INFO] [stdout] running 1 test
[INFO] [stdout] test schema::tests::a_remote_ref_is_refused_rather_than_fetched ... ok
[INFO] [stdout] 
[INFO] [stdout] test result: ok. 1 passed; 0 failed; 0 ignored; 0 measured; 0 filtered out; finished in 0.00s
[INFO] [stdout] 
[INFO] [stderr]      Running tests/codes_are_a_contract.rs (/opt/rustwide/target/release/build/conform-lexicon/6b289a0ba0cdad96/out/codes_are_a_contract-6b289a0ba0cdad96)
[INFO] [stdout] 
[INFO] [stdout] running 5 tests
[INFO] [stdout] test every_code_is_distinct ... ok
[INFO] [stdout] test every_code_is_namespaced_to_this_standard ... ok
[INFO] [stdout] test the_published_codes_have_not_moved ... ok
[INFO] [stdout] test severity_follows_the_documented_bands ... FAILED
[INFO] [stdout] test the_corpus_reaches_the_codes_that_describe_documents ... FAILED
[INFO] [stdout] 
[INFO] [stdout] failures:
[INFO] [stdout] 
[INFO] [stdout] ---- severity_follows_the_documented_bands stdout ----
[INFO] [stdout] 
[INFO] [stdout] thread 'severity_follows_the_documented_bands' (1622) panicked at tests/support/mod.rs:54:9:
[INFO] [stdout] could not build the validator from /opt/specs.toml: error[REG100] /opt/specs.toml: cannot read the registry: No such file or directory (os error 2)
[INFO] [stdout] stack backtrace:
[INFO] [stdout]    0:     0x64fc0347f121 - <<std[617be2ca0a6fd877]::sys::backtrace::BacktraceLock>::print::DisplayBacktrace as core[a373ad73a504971]::fmt::Display>::fmt
[INFO] [stdout]    1:     0x64fc034974fa - core[a373ad73a504971]::fmt::write
[INFO] [stdout]    2:     0x64fc034836dc - <alloc[2e1b2a31b91974c5]::vec::Vec<u8> as core[a373ad73a504971]::io::write::Write>::write_fmt
[INFO] [stdout]    3:     0x64fc0345a4c6 - std[617be2ca0a6fd877]::panicking::default_hook::{closure#0}
[INFO] [stdout]    4:     0x64fc03476f19 - std[617be2ca0a6fd877]::panicking::default_hook
[INFO] [stdout]    5:     0x64fc030334e0 - test[aada8e7e76ba119b]::test_main_inner::{closure#0}
[INFO] [stdout]    6:     0x64fc034770d2 - std[617be2ca0a6fd877]::panicking::panic_with_hook
[INFO] [stdout]    7:     0x64fc0345a572 - std[617be2ca0a6fd877]::panicking::panic_handler::{closure#0}
[INFO] [stdout]    8:     0x64fc03453029 - std[617be2ca0a6fd877]::sys::backtrace::__rust_end_short_backtrace::<std[617be2ca0a6fd877]::panicking::panic_handler::{closure#0}, !>
[INFO] [stdout]    9:     0x64fc0345b17d - __rustc[ea4f61d10b84890b]::rust_begin_unwind
[INFO] [stdout]   10:     0x64fc03497d1c - core[a373ad73a504971]::panicking::panic_fmt
[INFO] [stdout]   11:     0x64fc0301b214 - codes_are_a_contract[a1a581220da1a221]::support::validator::{closure#0}
[INFO] [stdout]   12:     0x64fc0301b82b - codes_are_a_contract[a1a581220da1a221]::support::validator
[INFO] [stdout]   13:     0x64fc0301ddc6 - <codes_are_a_contract[a1a581220da1a221]::severity_follows_the_documented_bands::{closure#0} as core[a373ad73a504971]::ops::function::FnOnce<()>>::call_once
[INFO] [stdout]   14:     0x64fc0302692b - test[aada8e7e76ba119b]::__rust_begin_short_backtrace::<core[a373ad73a504971]::result::Result<(), alloc[2e1b2a31b91974c5]::string::String>, fn() -> core[a373ad73a504971]::result::Result<(), alloc[2e1b2a31b91974c5]::string::String>>
[INFO] [stdout]   15:     0x64fc03033b05 - test[aada8e7e76ba119b]::run_test::{closure#0}
[INFO] [stdout]   16:     0x64fc0302d3f4 - std[617be2ca0a6fd877]::sys::backtrace::__rust_begin_short_backtrace::<test[aada8e7e76ba119b]::run_test::{closure#1}, ()>
[INFO] [stdout]   17:     0x64fc03036b92 - <std[617be2ca0a6fd877]::thread::lifecycle::spawn_unchecked<test[aada8e7e76ba119b]::run_test::{closure#1}, ()>::{closure#1} as core[a373ad73a504971]::ops::function::FnOnce<()>>::call_once::{shim:vtable#0}
[INFO] [stdout]   18:     0x64fc0347e30f - <std[617be2ca0a6fd877]::sys::thread::unix::Thread>::new::thread_start
[INFO] [stdout]   19:     0x72b8387f8dfa - <unknown>
[INFO] [stdout]   20:     0x72b83888c3d4 - clone
[INFO] [stdout]   21:                0x0 - <unknown>
[INFO] [stdout] 
[INFO] [stdout] ---- the_corpus_reaches_the_codes_that_describe_documents stdout ----
[INFO] [stdout] 
[INFO] [stdout] thread 'the_corpus_reaches_the_codes_that_describe_documents' (1623) panicked at tests/support/mod.rs:54:9:
[INFO] [stdout] could not build the validator from /opt/specs.toml: error[REG100] /opt/specs.toml: cannot read the registry: No such file or directory (os error 2)
[INFO] [stdout] stack backtrace:
[INFO] [stdout]    0:     0x64fc0347f121 - <<std[617be2ca0a6fd877]::sys::backtrace::BacktraceLock>::print::DisplayBacktrace as core[a373ad73a504971]::fmt::Display>::fmt
[INFO] [stdout]    1:     0x64fc034974fa - core[a373ad73a504971]::fmt::write
[INFO] [stdout]    2:     0x64fc034836dc - <alloc[2e1b2a31b91974c5]::vec::Vec<u8> as core[a373ad73a504971]::io::write::Write>::write_fmt
[INFO] [stdout]    3:     0x64fc0345a4c6 - std[617be2ca0a6fd877]::panicking::default_hook::{closure#0}
[INFO] [stdout]    4:     0x64fc03476f19 - std[617be2ca0a6fd877]::panicking::default_hook
[INFO] [stdout]    5:     0x64fc030334e0 - test[aada8e7e76ba119b]::test_main_inner::{closure#0}
[INFO] [stdout]    6:     0x64fc034770d2 - std[617be2ca0a6fd877]::panicking::panic_with_hook
[INFO] [stdout]    7:     0x64fc0345a572 - std[617be2ca0a6fd877]::panicking::panic_handler::{closure#0}
[INFO] [stdout]    8:     0x64fc03453029 - std[617be2ca0a6fd877]::sys::backtrace::__rust_end_short_backtrace::<std[617be2ca0a6fd877]::panicking::panic_handler::{closure#0}, !>
[INFO] [stdout]    9:     0x64fc0345b17d - __rustc[ea4f61d10b84890b]::rust_begin_unwind
[INFO] [stdout]   10:     0x64fc03497d1c - core[a373ad73a504971]::panicking::panic_fmt
[INFO] [stdout]   11:     0x64fc0301b214 - codes_are_a_contract[a1a581220da1a221]::support::validator::{closure#0}
[INFO] [stdout]   12:     0x64fc0301b82b - codes_are_a_contract[a1a581220da1a221]::support::validator
[INFO] [stdout]   13:     0x64fc0301e596 - <codes_are_a_contract[a1a581220da1a221]::the_corpus_reaches_the_codes_that_describe_documents::{closure#0} as core[a373ad73a504971]::ops::function::FnOnce<()>>::call_once
[INFO] [stdout]   14:     0x64fc0302692b - test[aada8e7e76ba119b]::__rust_begin_short_backtrace::<core[a373ad73a504971]::result::Result<(), alloc[2e1b2a31b91974c5]::string::String>, fn() -> core[a373ad73a504971]::result::Result<(), alloc[2e1b2a31b91974c5]::string::String>>
[INFO] [stdout]   15:     0x64fc03033b05 - test[aada8e7e76ba119b]::run_test::{closure#0}
[INFO] [stdout]   16:     0x64fc0302d3f4 - std[617be2ca0a6fd877]::sys::backtrace::__rust_begin_short_backtrace::<test[aada8e7e76ba119b]::run_test::{closure#1}, ()>
[INFO] [stdout]   17:     0x64fc03036b92 - <std[617be2ca0a6fd877]::thread::lifecycle::spawn_unchecked<test[aada8e7e76ba119b]::run_test::{closure#1}, ()>::{closure#1} as core[a373ad73a504971]::ops::function::FnOnce<()>>::call_once::{shim:vtable#0}
[INFO] [stdout]   18:     0x64fc0347e30f - <std[617be2ca0a6fd877]::sys::thread::unix::Thread>::new::thread_start
[INFO] [stdout]   19:     0x72b8387f8dfa - <unknown>
[INFO] [stdout]   20:     0x72b83888c3d4 - clone
[INFO] [stdout]   21:                0x0 - <unknown>
[INFO] [stdout] 
[INFO] [stdout] 
[INFO] [stdout] failures:
[INFO] [stdout]     severity_follows_the_documented_bands
[INFO] [stdout]     the_corpus_reaches_the_codes_that_describe_documents
[INFO] [stdout] 
[INFO] [stdout] test result: FAILED. 3 passed; 2 failed; 0 ignored; 0 measured; 0 filtered out; finished in 0.00s
[INFO] [stdout] 
[INFO] [stderr] error: test failed, to rerun pass `--test codes_are_a_contract`
[INFO] running `Command { std: "docker" "inspect" "ec4978cf7c910a6dcf93ae7f1f14bf02d4d7d522646482bb6a1cd85106e9fc1b", kill_on_drop: false }`
[INFO] running `Command { std: "docker" "rm" "-f" "ec4978cf7c910a6dcf93ae7f1f14bf02d4d7d522646482bb6a1cd85106e9fc1b", kill_on_drop: false }`
[INFO] [stdout] ec4978cf7c910a6dcf93ae7f1f14bf02d4d7d522646482bb6a1cd85106e9fc1b
