[INFO] fetching crate conflic 1.1.6...
[INFO] testing conflic-1.1.6 against 1.99.0-beta.8+cargoflags=--release for beta-release-1.100-2
[INFO] extracting crate conflic 1.1.6 into /workspace/builds/worker-2-tc1/source
[INFO] started tweaking crates.io crate conflic 1.1.6
[INFO] removed 0 missing tests
[INFO] finished tweaking crates.io crate conflic 1.1.6
[INFO] tweaked toml for crates.io crate conflic 1.1.6 written to /workspace/builds/worker-2-tc1/source/Cargo.toml
[INFO] validating manifest of crates.io crate conflic 1.1.6 on toolchain 1.99.0-beta.8
[INFO] running `Command { std: CARGO_HOME="/workspace/cargo-home" RUSTUP_HOME="/workspace/rustup-home" "/workspace/cargo-home/bin/cargo" "+1.99.0-beta.8" "metadata" "--manifest-path" "Cargo.toml" "--no-deps", kill_on_drop: false }`
[INFO] crate crates.io crate conflic 1.1.6 already has a lockfile, it will not be regenerated
[INFO] running `Command { std: CARGO_HOME="/workspace/cargo-home" RUSTUP_HOME="/workspace/rustup-home" "/workspace/cargo-home/bin/cargo" "+1.99.0-beta.8" "fetch" "--manifest-path" "Cargo.toml", kill_on_drop: false }`
[INFO] running `Command { std: "docker" "create" "-v" "/var/lib/crater-agent-workspace/builds/worker-2-tc1/source:/opt/rustwide/workdir:ro,Z" "-v" "/var/lib/crater-agent-workspace/builds/worker-2-tc1/target:/opt/rustwide/target:rw,Z" "-v" "/var/lib/crater-agent-workspace/cargo-home:/opt/rustwide/cargo-home:ro,Z" "-v" "/var/lib/crater-agent-workspace/rustup-home:/opt/rustwide/rustup-home:ro,Z" "-m" "1610612736" "--network" "none" "ghcr.io/rust-lang/crates-build-env/linux@sha256:77db811e55d90add9212f6832c23229e3de5f1c1f9905e8cb07319ea15df73ac" "sleep" "infinity", kill_on_drop: false }`
[INFO] [stdout] 3d756e9e565ac2355ead538c73d306fc689ecc0fc06b9e6983b14d6a4b6bb78c
[INFO] running `Command { std: "docker" "start" "3d756e9e565ac2355ead538c73d306fc689ecc0fc06b9e6983b14d6a4b6bb78c", kill_on_drop: false }`
[INFO] running `Command { std: "docker" "inspect" "3d756e9e565ac2355ead538c73d306fc689ecc0fc06b9e6983b14d6a4b6bb78c", kill_on_drop: false }`
[INFO] running `Command { std: "docker" "exec" "-e" "SOURCE_DIR=/opt/rustwide/workdir" "-e" "CARGO_HOME=/opt/rustwide/cargo-home" "-e" "RUSTUP_HOME=/opt/rustwide/rustup-home" "-e" "CARGO_TARGET_DIR=/opt/rustwide/target" "-w" "/opt/rustwide/workdir" "--user" "0:0" "3d756e9e565ac2355ead538c73d306fc689ecc0fc06b9e6983b14d6a4b6bb78c" "/opt/rustwide/cargo-home/bin/cargo" "+1.99.0-beta.8" "metadata" "--no-deps" "--format-version=1", kill_on_drop: false }`
[INFO] running `Command { std: "docker" "inspect" "3d756e9e565ac2355ead538c73d306fc689ecc0fc06b9e6983b14d6a4b6bb78c", kill_on_drop: false }`
[INFO] running `Command { std: "docker" "exec" "-e" "SOURCE_DIR=/opt/rustwide/workdir" "-e" "CARGO_HOME=/opt/rustwide/cargo-home" "-e" "RUSTUP_HOME=/opt/rustwide/rustup-home" "-e" "CARGO_TARGET_DIR=/opt/rustwide/target" "-e" "CARGO_INCREMENTAL=0" "-e" "RUST_BACKTRACE=full" "-e" "RUSTFLAGS=--cap-lints=warn" "-e" "RUSTDOCFLAGS=--cap-lints=warn" "-w" "/opt/rustwide/workdir" "--user" "0:0" "3d756e9e565ac2355ead538c73d306fc689ecc0fc06b9e6983b14d6a4b6bb78c" "/opt/rustwide/cargo-home/bin/cargo" "+1.99.0-beta.8" "build" "--frozen" "--message-format=json" "--release", kill_on_drop: false }`
[INFO] [stderr]    Compiling conflic v1.1.6 (/opt/rustwide/workdir)
[INFO] [stderr]     Finished `release` profile [optimized] target(s) in 1m 11s
[INFO] running `Command { std: "docker" "inspect" "3d756e9e565ac2355ead538c73d306fc689ecc0fc06b9e6983b14d6a4b6bb78c", kill_on_drop: false }`
[INFO] running `Command { std: "docker" "exec" "-e" "SOURCE_DIR=/opt/rustwide/workdir" "-e" "CARGO_HOME=/opt/rustwide/cargo-home" "-e" "RUSTUP_HOME=/opt/rustwide/rustup-home" "-e" "CARGO_TARGET_DIR=/opt/rustwide/target" "-e" "CARGO_INCREMENTAL=0" "-e" "RUST_BACKTRACE=full" "-e" "RUSTFLAGS=--cap-lints=warn" "-e" "RUSTDOCFLAGS=--cap-lints=warn" "-w" "/opt/rustwide/workdir" "--user" "0:0" "3d756e9e565ac2355ead538c73d306fc689ecc0fc06b9e6983b14d6a4b6bb78c" "/opt/rustwide/cargo-home/bin/cargo" "+1.99.0-beta.8" "test" "--frozen" "--no-run" "--message-format=json" "--release", kill_on_drop: false }`
[INFO] [stderr]    Compiling conflic v1.1.6 (/opt/rustwide/workdir)
[INFO] [stderr]     Finished `release` profile [optimized] target(s) in 1m 38s
[INFO] running `Command { std: "docker" "inspect" "3d756e9e565ac2355ead538c73d306fc689ecc0fc06b9e6983b14d6a4b6bb78c", kill_on_drop: false }`
[INFO] running `Command { std: "docker" "exec" "-e" "SOURCE_DIR=/opt/rustwide/workdir" "-e" "CARGO_HOME=/opt/rustwide/cargo-home" "-e" "RUSTUP_HOME=/opt/rustwide/rustup-home" "-e" "CARGO_TARGET_DIR=/opt/rustwide/target" "-e" "CARGO_INCREMENTAL=0" "-e" "RUST_BACKTRACE=full" "-e" "RUSTFLAGS=--cap-lints=warn" "-e" "RUSTDOCFLAGS=--cap-lints=warn" "-w" "/opt/rustwide/workdir" "--user" "0:0" "3d756e9e565ac2355ead538c73d306fc689ecc0fc06b9e6983b14d6a4b6bb78c" "/opt/rustwide/cargo-home/bin/cargo" "+1.99.0-beta.8" "test" "--frozen" "--release", kill_on_drop: false }`
[INFO] [stderr]     Finished `release` profile [optimized] target(s) in 0.32s
[INFO] [stderr]      Running unittests src/lib.rs (/opt/rustwide/target/release/deps/conflic-fae72aab64e493cd)
[INFO] [stdout] 
[INFO] [stdout] running 296 tests
[INFO] [stdout] test baseline::tests::test_filter_baselined_removes_known_parse_diagnostics ... ok
[INFO] [stdout] test config::tests::test_generate_template_uses_ascii_custom_extractor_comment ... ok
[INFO] [stdout] test baseline::tests::test_different_dirs_same_filename_no_collision ... ok
[INFO] [stdout] test drift::tests::test_matches_tolerance ... ok
[INFO] [stdout] test drift::tests::test_capture_baseline ... ok
[INFO] [stdout] test drift::tests::test_missing_concept ... ok
[INFO] [stdout] test drift::tests::test_exact_conformance ... ok
[INFO] [stdout] test drift::tests::test_major_drift ... ok
[INFO] [stdout] test drift::tests::test_minor_drift_with_tolerance ... ok
[INFO] [stdout] test baseline::tests::test_generate_baseline_includes_parse_diagnostics ... ok
[INFO] [stdout] test enrich::cache::tests::test_save_and_load_cache_roundtrip ... ok
[INFO] [stdout] test enrich::tests::test_days_between ... ok
[INFO] [stdout] test enrich::tests::test_lookup_metadata_found ... ok
[INFO] [stdout] test baseline::tests::test_generate_baseline_uses_scan_root_relative_paths ... ok
[INFO] [stdout] test enrich::tests::test_eol_window_policy ... ok
[INFO] [stdout] test enrich::tests::test_eol_window_policy_not_triggered_when_far ... ok
[INFO] [stdout] test enrich::tests::test_lookup_metadata_deprecated ... ok
[INFO] [stdout] test baseline::tests::test_save_and_load_baseline_roundtrip ... ok
[INFO] [stdout] test enrich::eol::tests::test_builtin_registry_has_node ... ok
[INFO] [stdout] test enrich::eol::tests::test_builtin_registry_has_python ... ok
[INFO] [stdout] test enrich::tests::test_concept_to_family ... ok
[INFO] [stdout] test extract::custom::tests::test_navigate_toml ... ok
[INFO] [stdout] test extract::custom::tests::test_navigate_yaml ... ok
[INFO] [stdout] test extract::custom::tests::test_apply_pattern ... ok
[INFO] [stdout] test extract::custom::tests::test_apply_pattern_no_capture_group ... ok
[INFO] [stdout] test extract::custom::tests::test_navigate_json ... ok
[INFO] [stdout] test extract::custom::tests::test_compile_custom_extractor_reports_invalid_format_as_diagnostic ... ok
[INFO] [stdout] test config::tests::test_load_collects_custom_extractor_validation_diagnostics ... ok
[INFO] [stdout] test extract::custom::tests::test_source_matches_filename_glob ... ok
[INFO] [stdout] test extract::helm::tests::test_unknown_image_not_extracted ... ok
[INFO] [stdout] test enrich::cache::tests::test_load_cache_missing_returns_default ... ok
[INFO] [stdout] test extract::custom::tests::test_compile_custom_extractor_reports_invalid_glob_as_diagnostic ... ok
[INFO] [stdout] test extract::helm::tests::test_extract_port_from_helm_values ... ok
[INFO] [stdout] test config::tests::test_load_missing_explicit_config_errors ... ok
[INFO] [stdout] test extract::helm::tests::test_extract_nested_service_image ... ok
[INFO] [stdout] test extract::helm::tests::test_extract_node_version_from_helm_values ... ok
[INFO] [stdout] test config::tests::test_load_missing_implicit_config_uses_defaults ... ok
[INFO] [stdout] test extract::kubernetes::tests::test_extract_port_from_deployment ... ok
[INFO] [stdout] test extract::kubernetes::tests::test_extract_node_version_from_deployment ... ok
[INFO] [stdout] test config::tests::test_load_relative_explicit_config_from_scan_root ... ok
[INFO] [stdout] test enrich::tests::test_parse_eol_window_rule ... ok
[INFO] [stdout] test extract::custom::tests::test_source_matches_exact_relative_path_on_component_boundaries ... ok
[INFO] [stdout] test extract::custom::tests::test_source_matches_path_relative_glob ... ok
[INFO] [stdout] test extract::node_version::tests::test_extract_docker_image_version_handles_registry_ports ... ok
[INFO] [stdout] test extract::node_version::tests::test_extract_docker_image_version_skips_platform_flags ... ok
[INFO] [stdout] test extract::custom::tests::test_compile_custom_extractor_reports_invalid_regex_as_diagnostic ... ok
[INFO] [stdout] test baseline::tests::test_filter_baselined_removes_known_findings ... ok
[INFO] [stdout] test baseline::tests::test_filter_baselined_keeps_new_findings ... ok
[INFO] [stdout] test extract::kubernetes::tests::test_extract_port_from_service ... ok
[INFO] [stdout] test extract::kubernetes::tests::test_extract_python_version_from_deployment ... ok
[INFO] [stdout] test extract::kubernetes::tests::test_split_image_tag ... ok
[INFO] [stdout] test extract::port::tests::test_parse_compose_short_host_ip_without_host_port_is_rejected ... ok
[INFO] [stdout] test extract::port::tests::test_parse_compose_short_host_range_single_container_port ... ok
[INFO] [stdout] test extract::port::tests::test_parse_compose_short_range_mapping_as_container_range ... ok
[INFO] [stdout] test extract::runtime_version::tests::plain_text_version_strategy_tracks_original_source_line ... ok
[INFO] [stdout] test extract::terraform::tests::test_extract_container_image_from_tf ... ok
[INFO] [stdout] test extract::terraform::tests::test_unknown_runtime_skipped ... ok
[INFO] [stdout] test extract::terraform::tests::test_multiple_lambdas ... ok
[INFO] [stdout] test extract::terraform::tests::test_extract_lambda_nodejs_runtime ... ok
[INFO] [stdout] test extract::terraform::tests::test_extract_lambda_python_runtime ... ok
[INFO] [stdout] test federation::tests::test_detect_cross_repo_drift ... ok
[INFO] [stdout] test federation::tests::test_no_drift_when_same_values ... ok
[INFO] [stdout] test federation::tests::test_render_federation_report_empty ... ok
[INFO] [stdout] test fix::patcher::tests::test_apply_docker_from_fix_preserves_stage_alias ... ok
[INFO] [stdout] test fix::patcher::tests::test_apply_docker_from_fix_rewrites_multiline_instruction_once ... ok
[INFO] [stdout] test fix::patcher::tests::test_apply_env_fix_preserves_quotes_and_inline_comments ... ok
[INFO] [stdout] test fix::patcher::tests::test_apply_json_fix_preserves_comments_and_crlf ... ok
[INFO] [stdout] test federation::tests::test_resolve_repo_path_absolute ... ok
[INFO] [stdout] test extract::port::tests::test_parse_compose_short_host_ip_range_mapping ... ok
[INFO] [stdout] test federation::tests::test_federation_config_deserialize ... ok
[INFO] [stdout] test extract::terraform::tests::test_extract_dotnet_runtime ... ok
[INFO] [stdout] test federation::tests::test_generate_federation_template ... ok
[INFO] [stdout] test federation::tests::test_render_federation_json ... ok
[INFO] [stdout] test extract::terraform::tests::test_extract_lambda_java_runtime ... ok
[INFO] [stdout] test fix::patcher::tests::test_apply_json_fix_updates_target_path ... ok
[INFO] [stdout] test extract::ts_strict::tests::parse_eslint_flat_config_ignores_module_exports_in_strings ... ok
[INFO] [stdout] test fix::tests::test_plan_fixes_refuses_ambiguous_top_authority_ranges ... ok
[INFO] [stdout] test fix::patcher::tests::test_apply_tool_versions_fix_updates_only_target_line ... ok
[INFO] [stdout] test fix::render::tests::render_docker_from_arguments_preserves_digest ... ok
[INFO] [stdout] test fix::tests::test_plan_fixes_refuses_range_for_exact_version_file ... ok
[INFO] [stdout] test graph::tests::test_cross_concept_exact_match_trigger ... ok
[INFO] [stdout] test federation::tests::test_resolve_repo_path_relative ... ok
[INFO] [stdout] test graph::tests::test_cross_concept_rule_deduplicates_same_file_value ... ok
[INFO] [stdout] test graph::tests::test_cross_concept_rule_missing_then_concept_no_panic ... ok
[INFO] [stdout] test graph::tests::test_cross_concept_rule_no_violation_when_satisfied ... ok
[INFO] [stdout] test extract::terraform::tests::test_extract_port_from_tf ... ok
[INFO] [stdout] test history::tests::test_diff_findings_detects_new_and_resolved ... ok
[INFO] [stdout] test history::tests::test_finding_key_dedup ... ok
[INFO] [stdout] test hardening_tests::nested_gitlab_ci_yml_is_not_treated_as_root_ci_config ... ok
[INFO] [stdout] test federation::tests::test_federation_with_real_repos ... ok
[INFO] [stdout] test fix::patcher::tests::test_apply_whole_file_fix_preserves_missing_trailing_newline ... ok
[INFO] [stdout] test graph::tests::test_cross_concept_rule_triggers_violation ... ok
[INFO] [stdout] test graph::tests::test_cross_concept_rule_with_alias ... ok
[INFO] [stdout] test history::tests::test_render_trend_with_data ... ok
[INFO] [stdout] test history::tests::test_scan_history_default_is_empty ... ok
[INFO] [stdout] test history::tests::test_trend_report_empty_history ... ok
[INFO] [stdout] test impact::tests::test_impact_no_change_empty_report ... ok
[INFO] [stdout] test hardening_tests::gitlab_ci_directory_yaml_is_scanned_as_ci_input ... ok
[INFO] [stdout] test history::tests::test_trend_report_with_snapshots ... ok
[INFO] [stdout] test impact::tests::test_impact_direct_peers ... ok
[INFO] [stdout] test impact::tests::test_impact_transitive_via_concept_rules ... ok
[INFO] [stdout] test lsp::navigation::tests::test_document_symbols_empty_for_unrelated_file ... ok
[INFO] [stdout] test lsp::code_actions::tests::test_code_actions_include_targeted_replacement_text ... ok
[INFO] [stdout] test history::tests::test_parse_blame_output ... ok
[INFO] [stdout] test lsp::navigation::tests::test_hover_shows_peer_assertions ... ok
[INFO] [stdout] test lsp::code_actions::tests::test_env_code_actions_preserve_inline_comments ... ok
[INFO] [stdout] test lsp::navigation::tests::test_hover_shows_concept_and_value ... ok
[INFO] [stdout] test graph::tests::test_cross_concept_rule_not_triggered_when_condition_not_met ... ok
[INFO] [stdout] test lsp::state::tests::full_request_overrides_pending_file_scope ... ok
[INFO] [stdout] test lsp::state::tests::pending_generation_is_replayed_after_running_scan_finishes ... ok
[INFO] [stdout] test history::tests::test_render_trend_no_history ... ok
[INFO] [stdout] test lsp::text_document::tests::test_apply_content_changes_supports_incremental_ranges ... ok
[INFO] [stdout] test hardening_tests::same_file_assertions_do_not_generate_extra_contradictions ... ok
[INFO] [stdout] test lsp::navigation::tests::test_references_returns_all_concept_locations ... ok
[INFO] [stdout] test lsp::diagnostics::tests::test_scan_result_includes_parse_diagnostics ... ok
[INFO] [stdout] test model::semantic_type::tests::test_normalize_boolean ... ok
[INFO] [stdout] test model::semantic_type::tests::test_parse_docker_tag ... ok
[INFO] [stdout] test model::semantic_type::tests::test_parse_port_mapping ... ok
[INFO] [stdout] test lsp::text_document::tests::test_position_to_offset_handles_line_boundaries ... ok
[INFO] [stdout] test lsp::navigation::tests::test_document_symbols_groups_by_concept ... ok
[INFO] [stdout] test lsp::text_document::tests::test_position_to_offset_supports_multibyte_characters ... ok
[INFO] [stdout] test model::semantic_type::tests::test_parse_caret_version ... ok
[INFO] [stdout] test model::semantic_type::tests::test_parse_exact_version ... ok
[INFO] [stdout] test model::semantic_type::tests::test_parse_port_host_ip_without_host_port_is_rejected ... ok
[INFO] [stdout] test lsp::navigation::tests::test_references_excludes_declaration_when_requested ... ok
[INFO] [stdout] test model::semantic_type::tests::test_parse_port_mapping_with_container_range ... ok
[INFO] [stdout] test model::semantic_type::tests::test_parse_port_mapping_with_host_ip ... ok
[INFO] [stdout] test model::semantic_type::tests::test_parse_port_single ... ok
[INFO] [stdout] test model::semantic_type::tests::test_parse_range_version ... ok
[INFO] [stdout] test hardening_tests::multiline_docker_from_produces_runtime_assertion ... ok
[INFO] [stdout] test parse::env::tests::test_parse_env_preserves_hash_at_value_start ... ok
[INFO] [stdout] test lsp::navigation::tests::test_hover_returns_none_outside_assertion ... ok
[INFO] [stdout] test parse::dockerfile::tests::test_docker_from_image_reference_handles_registry_ports ... ok
[INFO] [stdout] test parse::dockerfile::tests::test_docker_from_image_reference_preserves_digest_component ... ok
[INFO] [stdout] test parse::dockerfile::tests::test_docker_from_image_reference_skips_platform_flags ... ok
[INFO] [stdout] test parse::dockerfile::tests::test_parse_multistage_dockerfile ... ok
[INFO] [stdout] test parse::env::tests::test_parse_env_preserves_hashes_inside_quotes ... ok
[INFO] [stdout] test parse::env::tests::test_parse_env ... ok
[INFO] [stdout] test model::semantic_type::tests::test_parse_port_mapping_with_host_range ... ok
[INFO] [stdout] test parse::env::tests::test_parse_env_space_then_hash_is_comment ... ok
[INFO] [stdout] test parse::dockerfile::tests::test_docker_instruction_offsets_cover_multiline_from_instruction ... ok
[INFO] [stdout] test parse::env::tests::test_parse_env_strips_comment_after_space_hash ... ok
[INFO] [stdout] test parse::dockerfile::tests::test_parse_dockerfile_joins_line_continuations ... ok
[INFO] [stdout] test parse::dockerfile::tests::test_parse_simple_dockerfile ... ok
[INFO] [stdout] test parse::extends::tests::test_deep_merge_simple ... ok
[INFO] [stdout] test parse::extends::tests::test_resolve_json_extends_merges_local_arrays_in_order ... ok
[INFO] [stdout] test parse::env::tests::test_parse_env_strips_unquoted_inline_comments ... ok
[INFO] [stdout] test parse::extends::tests::test_resolve_structured_extends_reads_yaml_parent ... ok
[INFO] [stdout] test parse::json::tests::test_json_value_offsets_ignore_comment_keys ... ok
[INFO] [stdout] test parse::json::tests::test_parse_invalid_json ... ok
[INFO] [stdout] test parse::json::tests::test_parse_standard_json ... ok
[INFO] [stdout] test parse::extends::tests::test_resolve_json_extends_blocks_parent_outside_scan_root ... ok
[INFO] [stdout] test parse::json::tests::test_replace_json_string_handles_single_quoted_json5_strings ... ok
[INFO] [stdout] test parse::extends::tests::test_resolve_json_extends_ignores_package_reference_subpaths ... ok
[INFO] [stdout] test parse::json::tests::test_replace_json_string_preserves_comments_and_crlf ... ok
[INFO] [stdout] test parse::plain_text::tests::test_parse_nvmrc ... ok
[INFO] [stdout] test parse::plain_text::tests::test_parse_with_whitespace ... ok
[INFO] [stdout] test parse::source_location::tests::test_find_line_for_key ... ok
[INFO] [stdout] test parse::source_location::tests::test_find_line_for_key_ignores_comment_lines ... ok
[INFO] [stdout] test parse::toml_parser::tests::test_parse_toml ... ok
[INFO] [stdout] test parse::source_location::tests::test_find_line_for_key_ignores_freeform_mentions ... ok
[INFO] [stdout] test parse::extends::tests::test_resolve_json_extends_reports_missing_bare_local_config ... ok
[INFO] [stdout] test parse::json::tests::test_parse_jsonc_with_comments ... ok
[INFO] [stdout] test parse::xml::tests::test_find_plugin_tag_value_matches_filters_by_plugin_artifact_id ... ok
[INFO] [stdout] test parse::json::tests::test_replace_json_string_handles_surrogate_pair_escapes_before_target ... ok
[INFO] [stdout] test parse::plain_text::tests::test_first_meaningful_line_tracks_original_line_number ... ok
[INFO] [stdout] test parse::source_location::tests::test_span_from_offsets_tracks_multiline_columns ... ok
[INFO] [stdout] test parse::source_location::tests::test_find_line_for_key_value_uses_leaf_key_and_value ... ok
[INFO] [stdout] test parse::xml::tests::test_find_tag_value_matches_supports_attributes ... ok
[INFO] [stdout] test parse::yaml::tests::test_inline_scalar_literal_for_key_preserves_decimal_format ... ok
[INFO] [stdout] test parse::yaml::tests::test_line_for_key_path_uses_full_yaml_path ... ok
[INFO] [stdout] test parse::yaml::tests::test_parse_yaml_preserves_multiline_scalars_and_comment_like_content ... ok
[INFO] [stdout] test parse::yaml::tests::test_inline_scalar_literal_for_key_supports_quoted_keys_and_values ... ok
[INFO] [stdout] test parse::plain_text::tests::test_parse_with_comment ... ok
[INFO] [stdout] test parse::yaml::tests::test_parse_yaml ... ok
[INFO] [stdout] test parse::xml::tests::test_find_tag_value_matches_preserves_multiline_value_span ... ok
[INFO] [stdout] test parse::yaml::tests::test_sequence_scalar_literal_for_key_disambiguates_with_hint ... ok
[INFO] [stdout] test parse::yaml::tests::test_sequence_scalar_literal_for_key_hint_no_match_returns_none ... ok
[INFO] [stdout] test parse::yaml::tests::test_sequence_scalar_literal_for_key_preserves_inline_decimal_format ... ok
[INFO] [stdout] test parse::yaml::tests::test_sequence_scalar_literal_for_key_supports_block_sequences ... ok
[INFO] [stdout] test pathing::tests::classify_ci_config_path_requires_github_workflow_file_at_supported_depth ... ok
[INFO] [stdout] test pathing::tests::classify_ci_config_path_requires_root_circleci_config_file ... ok
[INFO] [stdout] test pathing::tests::classify_ci_config_path_requires_root_gitlab_ci_yml ... ok
[INFO] [stdout] test parse::source_location::tests::test_find_line_for_json_key_uses_exact_value_span ... ok
[INFO] [stdout] test parse::yaml::tests::test_parse_yaml_with_anchors ... ok
[INFO] [stdout] test fix::tests::test_plan_fixes_refuses_overlapping_top_authority_ranges ... ok
[INFO] [stdout] test pathing::tests::strip_windows_extended_length_prefix_handles_local_paths ... ok
[INFO] [stdout] test pathing::tests::strip_windows_extended_length_prefix_handles_unc_paths ... ok
[INFO] [stdout] test plugin::tests::test_extract_output_defaults ... ok
[INFO] [stdout] test plugin::tests::test_extract_output_deserialize ... ok
[INFO] [stdout] test plugin::tests::test_stub_loader_no_error_when_empty ... ok
[INFO] [stdout] test plugin::tests::test_stub_loader_warns_when_plugins_configured ... ok
[INFO] [stdout] test policy::tests::test_boolean_policy ... ok
[INFO] [stdout] test hardening_tests::missing_scan_root_cli_exits_with_code_one ... ok
[INFO] [stdout] test policy::tests::test_boolean_policy_compliant ... ok
[INFO] [stdout] test policy::tests::test_concept_alias_matching ... ok
[INFO] [stdout] test policy::tests::test_evaluate_policies_integration ... ok
[INFO] [stdout] test plugin::tests::test_plugin_config_defaults ... ok
[INFO] [stdout] test pathing::tests::classify_ci_config_path_supports_gitlab_ci_directory_files ... ok
[INFO] [stdout] test parse::yaml::tests::test_sequence_scalar_literal_for_key_hint_handles_yaml_float_precision ... ok
[INFO] [stdout] test plugin::tests::test_plugin_config_deserialize ... ok
[INFO] [stdout] test plugin::tests::test_solve_output_deserialize ... ok
[INFO] [stdout] test policy::tests::test_policy_message_is_included ... ok
[INFO] [stdout] test policy::tests::test_policy_synthetic_assertion_points_to_config ... ok
[INFO] [stdout] test policy::tests::test_port_blacklist_policy ... ok
[INFO] [stdout] test policy::tests::test_version_blacklist_policy ... ok
[INFO] [stdout] test policy::tests::test_version_policy_violated ... ok
[INFO] [stdout] test policy::tests::test_port_range_policy ... ok
[INFO] [stdout] test report::sarif::tests::test_path_to_uri_strips_windows_extended_length_prefix ... ok
[INFO] [stdout] test promote::tests::test_compiled_promotion_detects_environment ... ok
[INFO] [stdout] test policy::tests::test_version_policy_compliant ... ok
[INFO] [stdout] test report::terminal::tests::test_render_uses_ascii_header_and_separator ... ok
[INFO] [stdout] test promote::tests::test_promotion_detects_cross_env_contradiction ... ok
[INFO] [stdout] test promote::tests::test_promotion_no_finding_when_same_value ... ok
[INFO] [stdout] test report::terminal::tests::test_simplify_path_strips_windows_extended_length_prefix ... ok
[INFO] [stdout] test solve::constraint::tests::test_intersect_interval_sets ... ok
[INFO] [stdout] test solve::constraint::tests::test_range_to_intervals_minor_version_range_returns_some ... ok
[INFO] [stdout] test solve::constraint::tests::test_satisfiable_exact_versions_same ... ok
[INFO] [stdout] test solve::constraint::tests::test_unsatisfiable_exact_versions_differ ... ok
[INFO] [stdout] test solve::constraint::tests::test_full_pipeline_drops_python_contradiction ... ok
[INFO] [stdout] test solve::constraint::tests::test_interval_intersect ... ok
[INFO] [stdout] test promote::tests::test_promotion_skipped_when_no_config ... ok
[INFO] [stdout] test report::doctor::tests::test_render_uses_ascii_header_and_separator ... ok
[INFO] [stdout] test solve::constraint::tests::test_satisfiable_exact_within_range ... ok
[INFO] [stdout] test report::json::tests::test_json_output_strips_windows_extended_length_prefix_from_file_paths ... ok
[INFO] [stdout] test solve::constraint::tests::test_unsatisfiable_range_and_exact_outside ... ok
[INFO] [stdout] test solve::port::tests::test_different_port ... ok
[INFO] [stdout] test solve::constraint::tests::test_unsatisfiable_go_minor_version_contradiction ... ok
[INFO] [stdout] test solve::constraint::tests::test_unsatisfiable_python_minor_version_contradiction ... ok
[INFO] [stdout] test solve::port::tests::test_mapping_container_mismatch ... ok
[INFO] [stdout] test solve::constraint::tests::test_satisfiable_partial_versions ... ok
[INFO] [stdout] test solve::port::tests::test_single_port_outside_range_is_incompatible ... ok
[INFO] [stdout] test solve::port::tests::test_overlapping_ranges_are_compatible ... ok
[INFO] [stdout] test solve::port::tests::test_same_port ... ok
[INFO] [stdout] test solve::port::tests::test_single_port_inside_range_is_compatible ... ok
[INFO] [stdout] test solve::port::tests::test_single_port_on_range_boundary_is_compatible ... ok
[INFO] [stdout] test solve::registry::tests::test_boolean_solver_compatible ... ok
[INFO] [stdout] test solve::registry::tests::test_boolean_solver_incompatible ... ok
[INFO] [stdout] test solve::registry::tests::test_port_solver_incompatible ... ok
[INFO] [stdout] test solve::registry::tests::test_registry_lookup ... ok
[INFO] [stdout] test solve::registry::tests::test_exact_string_solver ... ok
[INFO] [stdout] test solve::registry::tests::test_port_solver_compatible ... ok
[INFO] [stdout] test solve::severity::tests::test_advisory_advisory ... ok
[INFO] [stdout] test solve::severity::tests::test_declared_advisory ... ok
[INFO] [stdout] test solve::severity::tests::test_declared_declared ... ok
[INFO] [stdout] test solve::severity::tests::test_enforced_declared ... ok
[INFO] [stdout] test solve::severity::tests::test_enforced_enforced ... ok
[INFO] [stdout] test solve::tests::test_compare_no_contradiction_when_same ... ok
[INFO] [stdout] test solve::registry::tests::test_semver_solver_compatible ... ok
[INFO] [stdout] test solve::registry::tests::test_semver_solver_incompatible ... ok
[INFO] [stdout] test solve::registry::tests::test_semver_solver_range ... ok
[INFO] [stdout] test solve::registry::tests::test_solver_from_name ... ok
[INFO] [stdout] test solve::severity::tests::test_enforced_advisory ... ok
[INFO] [stdout] test solve::tests::test_compare_detects_string_contradiction ... ok
[INFO] [stdout] test solve::tests::test_custom_solver_overrides_default_comparison ... ok
[INFO] [stdout] test solve::tests::test_custom_solver_uses_solver_rule_id ... ok
[INFO] [stdout] test solve::tests::test_single_assertion_no_findings ... ok
[INFO] [stdout] test solve::tests::test_skip_concept_removes_from_results ... ok
[INFO] [stdout] test solve::version::tests::test_narrow_ranges_overlap ... ok
[INFO] [stdout] test solve::version::tests::test_narrow_ranges_touching_bounds_do_not_overlap ... ok
[INFO] [stdout] test solve::version::tests::test_partial_vs_exact_compatible ... ok
[INFO] [stdout] test solve::version::tests::test_docker_tag_vs_exact ... ok
[INFO] [stdout] test solve::version::tests::test_partial_vs_exact_incompatible ... ok
[INFO] [stdout] test solve::version::tests::test_prerelease_exact_does_not_satisfy_stable_range ... ok
[INFO] [stdout] test solve::version::tests::test_exact_match ... ok
[INFO] [stdout] test solve::version::tests::test_exact_mismatch ... ok
[INFO] [stdout] test solve::port::tests::test_mapping_container_matches ... ok
[INFO] [stdout] test solve::version::tests::test_ranges_no_overlap ... ok
[INFO] [stdout] test solve::version::tests::test_ranges_overlap ... ok
[INFO] [stdout] test solve::version::tests::test_exact_satisfies_range ... ok
[INFO] [stdout] test tests::test_parse_git_path_output_supports_nul_terminated_entries ... ok
[INFO] [stdout] test solve::tests::test_monorepo_scoped_comparison ... ok
[INFO] [stdout] test solve::version::tests::test_docker_tag_vs_incompatible ... ok
[INFO] [stdout] test solve::version::tests::test_exact_outside_range ... ok
[INFO] [stdout] test tests::test_parse_git_path_output_preserves_significant_whitespace ... ok
[INFO] [stdout] test topology::tests::test_compose_service_extraction ... ok
[INFO] [stdout] test topology::tests::test_host_port_conflict ... ok
[INFO] [stdout] test topology::tests::test_k8s_dangling_selector ... ok
[INFO] [stdout] test topology::tests::test_compose_environment_list_format ... ok
[INFO] [stdout] test solve::tests::test_monorepo_prefers_most_specific_package_root ... ok
[INFO] [stdout] test topology::tests::test_dangling_depends_on ... ok
[INFO] [stdout] test topology::tests::test_env_port_mismatch ... ok
[INFO] [stdout] test topology::tests::test_k8s_service_matching_port_no_finding ... ok
[INFO] [stdout] test topology::tests::test_empty_graph_no_findings ... ok
[INFO] [stdout] test topology::tests::test_k8s_service_port_mismatch ... ok
[INFO] [stdout] test topology::tests::test_no_false_positive_when_ports_match ... ok
[INFO] [stdout] test topology::tests::test_render_topology_json ... ok
[INFO] [stdout] test solve::tests::test_matrix_duplicates_are_deduplicated ... ok
[INFO] [stdout] test parse::extends::tests::test_resolve_json_extends_limits_depth_before_stack_overflow ... ok
[INFO] [stdout] test extract::kubernetes::tests::test_image_without_tag_is_skipped ... ok
[INFO] [stdout] test extract::kubernetes::tests::test_no_extraction_from_non_k8s_yaml ... ok
[INFO] [stdout] test extract::ts_strict::tests::parse_eslint_flat_config_ignores_export_default_in_comments ... ok
[INFO] [stdout] test policy::tests::test_no_duplicate_findings_for_same_file_value ... ok
[INFO] [stdout] test topology::tests::test_compose_depends_on_object_form ... ok
[INFO] [stdout] test tests::test_git_changed_files_rejects_option_like_ref ... ok
[INFO] [stdout] test tests::test_git_changed_files_handles_unicode_paths ... ok
[INFO] [stdout] 
[INFO] [stdout] test result: ok. 296 passed; 0 failed; 0 ignored; 0 measured; 0 filtered out; finished in 0.17s
[INFO] [stdout] 
[INFO] [stderr]      Running unittests src/main.rs (/opt/rustwide/target/release/deps/conflic-00a4a500bc61687a)
[INFO] [stdout] 
[INFO] [stdout] running 0 tests
[INFO] [stdout] 
[INFO] [stdout] test result: ok. 0 passed; 0 failed; 0 ignored; 0 measured; 0 filtered out; finished in 0.00s
[INFO] [stdout] 
[INFO] [stderr]      Running tests/e2e_cli.rs (/opt/rustwide/target/release/deps/e2e_cli-9deadf2b2150eaff)
[INFO] [stdout] 
[INFO] [stdout] running 49 tests
[INFO] [stdout] test e2e::basic::test_cli_detects_node_version_in_github_workflow ... ok
[INFO] [stdout] test e2e::config::test_cli_init_fails_when_config_already_exists ... ok
[INFO] [stdout] test e2e::config::test_cli_config_severity_is_used_when_flag_missing ... ok
[INFO] [stdout] test e2e::config::test_cli_custom_extractors_detect_contradictions_from_config ... ok
[INFO] [stdout] test e2e::basic::test_cli_help_output ... ok
[INFO] [stdout] test e2e::basic::test_cli_version_output ... ok
[INFO] [stdout] test e2e::basic::test_cli_clean_workspace_exits_zero ... ok
[INFO] [stdout] test e2e::basic::test_cli_check_filters_to_requested_concept ... ok
[INFO] [stdout] test e2e::config::test_cli_quiet_is_silent_for_clean_workspaces ... ok
[INFO] [stdout] test e2e::config::test_cli_config_format_json_is_used_when_flag_missing ... ok
[INFO] [stdout] test e2e::config::test_cli_severity_flag_overrides_config_file ... ok
[INFO] [stdout] test e2e::config::test_cli_severity_error_ignores_warning_only_findings ... ok
[INFO] [stdout] test e2e::config::test_cli_ignore_rules_suppress_targeted_findings ... ok
[INFO] [stdout] test e2e::basic::test_cli_json_output_is_valid_and_parsable ... ok
[INFO] [stdout] test e2e::basic::test_cli_sarif_output_is_valid_and_parsable ... ok
[INFO] [stdout] test e2e::basic::test_cli_contradiction_workspace_exits_one ... ok
[INFO] [stdout] test e2e::config::test_cli_init_creates_template_config ... ok
[INFO] [stdout] test e2e::baseline::test_cli_baseline_workflow_suppresses_known_findings_and_catches_new_ones ... ok
[INFO] [stdout] test e2e::fix::test_cli_fix_mode_mutates_workspace_and_resolves_contradiction ... ok
[INFO] [stdout] test e2e::baseline::test_cli_baseline_keeps_changed_node_values_visible ... ok
[INFO] [stdout] test e2e::fix::test_cli_fix_preserves_docker_image_digest ... ok
[INFO] [stdout] test e2e::fix::test_cli_fix_no_backup_avoids_creating_backup_files ... ok
[INFO] [stdout] test e2e::config::test_cli_skip_concepts_ignores_port_conflicts ... ok
[INFO] [stdout] test e2e::diff::test_cli_diff_rejects_option_like_git_ref ... ok
[INFO] [stdout] test e2e::fix::test_cli_fix_preserves_crlf_for_line_based_env_rewrites ... ok
[INFO] [stdout] test e2e::config::test_cli_quiet_still_prints_when_findings_exist ... ok
[INFO] [stdout] test e2e::fix::test_cli_fix_updates_multiline_docker_from_without_leaving_continuation_line_behind ... ok
[INFO] [stdout] test e2e::fix::test_cli_fix_preserves_env_quotes_and_inline_comments ... ok
[INFO] [stdout] test e2e::fix::test_cli_fix_dry_run_does_not_modify_files ... ok
[INFO] [stdout] test e2e::fix::test_cli_fix_concept_only_updates_requested_concept ... ok
[INFO] [stdout] test e2e::fix::test_cli_fix_preserves_jsonc_comments_and_crlf ... ok
[INFO] [stdout] test e2e::monorepo::test_cli_monorepo_per_package_scoping_avoids_cross_package_conflicts ... ok
[INFO] [stdout] test e2e::monorepo::test_cli_monorepo_global_concepts_reintroduce_cross_package_conflicts ... ok
[INFO] [stdout] test e2e::lsp::test_cli_lsp_smoke_initialize_and_exit ... ok
[INFO] [stdout] test e2e::port::test_cli_env_inline_comments_and_quotes_do_not_hide_port_conflicts ... ok
[INFO] [stdout] test e2e::lsp::test_cli_lsp_rejects_documents_outside_workspace_root ... ok
[INFO] [stdout] test e2e::fix::test_cli_fix_uses_atomic_replace_and_keeps_backups ... ok
[INFO] [stdout] test e2e::monorepo::test_cli_monorepo_root_level_contradiction_is_reported_once ... ok
[INFO] [stdout] test e2e::lsp::test_cli_lsp_uses_unsaved_buffer_diagnostics_and_targeted_code_actions ... ok
[INFO] [stdout] test e2e::lsp::test_cli_lsp_reloads_config_after_config_buffer_change ... ok
[INFO] [stdout] test e2e::diff::test_cli_diff_mode_detects_new_contradiction ... ok
[INFO] [stdout] test e2e::port::test_cli_port_ranges_still_report_values_outside_the_range ... ok
[INFO] [stdout] test e2e::port::test_cli_port_ranges_treat_inside_and_boundary_values_as_compatible ... ok
[INFO] [stdout] test e2e::diff::test_cli_diff_stdin_preserves_significant_whitespace_in_paths ... ok
[INFO] [stdout] test e2e::fix::test_cli_fix_refuses_ambiguous_multi_token_docker_expose_line ... ok
[INFO] [stdout] test e2e::diff::test_cli_diff_preserves_significant_whitespace_in_git_paths ... ok
[INFO] [stdout] test e2e::fix::test_cli_fix_updates_multiline_pom_xml_without_touching_duplicate_values ... ok
[INFO] [stdout] test e2e::fix::test_cli_fix_updates_multiline_csproj_without_touching_duplicate_values ... ok
[INFO] [stdout] test e2e::lsp::test_cli_lsp_rapid_typing_uses_incremental_targeted_rescans ... ok
[INFO] [stdout] 
[INFO] [stdout] test result: ok. 49 passed; 0 failed; 0 ignored; 0 measured; 0 filtered out; finished in 0.37s
[INFO] [stdout] 
[INFO] [stderr]      Running tests/integration.rs (/opt/rustwide/target/release/deps/integration-da3b299fadbc9085)
[INFO] [stdout] 
[INFO] [stdout] running 68 tests
[INFO] [stdout] test integration::core::test_skip_concept_config ... ok
[INFO] [stdout] test integration::custom_extractor::test_invalid_custom_extractor_patterns_surface_as_parse_diagnostics ... ok
[INFO] [stdout] test integration::core::test_nested_github_workflow_directories_are_not_scanned_as_ci_inputs ... ok
[INFO] [stdout] test integration::core::test_eslint_flat_config_js_participates_in_strict_mode_comparison ... ok
[INFO] [stdout] test integration::core::test_scan_with_overrides_resolves_inherited_tsconfig_using_override_content ... ok
[INFO] [stdout] test integration::custom_extractor::test_custom_extractor_exact_relative_paths_do_not_match_suffix_neighbors ... ok
[INFO] [stdout] test integration::custom_extractor::test_custom_extractor_glob_source_runs_during_scan ... ok
[INFO] [stdout] test integration::core::test_tsconfig_variant_is_discovered ... ok
[INFO] [stdout] test integration::core::test_csproj_targetframework_with_attributes_participates_in_comparison ... ok
[INFO] [stdout] test integration::docker::test_docker_compose_long_form_port_mapping_is_detected ... ok
[INFO] [stdout] test integration::core::test_scan_blocks_extends_path_outside_workspace ... ok
[INFO] [stdout] test integration::core::test_all_clean_no_contradictions ... FAILED
[INFO] [stdout] test integration::core::test_json_source_locations_use_exact_value_spans ... ok
[INFO] [stdout] test integration::fix::test_exclude_path_prefix_skips_nested_directory ... ok
[INFO] [stdout] test integration::fix::test_fix_plan_refuses_writing_semver_range_into_nvmrc ... ok
[INFO] [stdout] test integration::docker::test_docker_compose_host_ip_port_mapping_is_detected ... ok
[INFO] [stdout] test integration::docker::test_docker_compose_long_form_published_range_is_detected ... ok
[INFO] [stdout] test integration::docker::test_fix_plan_handles_dockerfile_platform_flags ... ok
[INFO] [stdout] test integration::node::test_node_contradiction_finds_errors ... FAILED
[INFO] [stdout] test integration::java::test_java_contradiction_finds_errors ... FAILED
[INFO] [stdout] test integration::docker::test_docker_compose_short_range_mapping_is_detected ... ok
[INFO] [stdout] test integration::docker::test_docker_compose_yaml_variant_is_discovered ... ok
[INFO] [stdout] test integration::output::test_json_output_format ... FAILED
[INFO] [stdout] test integration::output::test_json_output_includes_parse_diagnostics ... ok
[INFO] [stdout] test integration::output::test_sarif_output_includes_parse_diagnostics ... ok
[INFO] [stdout] test integration::incremental::test_incremental_workspace_ignores_paths_outside_root ... ok
[INFO] [stdout] test integration::incremental::test_incremental_workspace_uses_override_content_for_extended_peers ... ok
[INFO] [stdout] test integration::diff::test_cli_diff_stdin_re_evaluates_when_external_explicit_config_changes ... ok
[INFO] [stdout] test integration::output::test_sarif_output_uses_valid_file_uri_for_absolute_paths ... ok
[INFO] [stdout] test integration::java::test_java_generic_release_tag_is_ignored ... ok
[INFO] [stdout] test integration::node::test_policy_detects_outdated_node_version ... ok
[INFO] [stdout] test integration::output::test_terminal_output_contains_key_info ... FAILED
[INFO] [stdout] test integration::fix::test_fix_apply_modifies_files ... ok
[INFO] [stdout] test integration::java::test_java_maven_compiler_plugin_release_is_detected ... ok
[INFO] [stdout] test integration::dotnet::test_dotnet_contradiction_finds_errors ... FAILED
[INFO] [stdout] test integration::port::test_policy_port_blacklist ... ok
[INFO] [stdout] test integration::port::test_port_mismatch_finds_contradiction ... FAILED
[INFO] [stdout] test integration::monorepo::test_monorepo_prefers_more_specific_package_roots ... ok
[INFO] [stdout] test integration::output::test_policy_json_output_includes_policy_findings ... ok
[INFO] [stdout] test integration::port::test_flat_eslint_config_ignores_export_default_mentions_in_comments ... ok
[INFO] [stdout] test integration::policy::test_policy_version_blacklist ... ok
[INFO] [stdout] test integration::policy::test_policy_passes_for_compliant_version ... ok
[INFO] [stdout] test integration::ts::test_custom_extractor_detects_redis_contradiction ... FAILED
[INFO] [stdout] test integration::ruby::test_ruby_contradiction_finds_errors ... FAILED
[INFO] [stdout] test integration::docker::test_docker_from_variants_with_registry_ports_and_flags_are_detected ... ok
[INFO] [stdout] test integration::ts::test_invalid_custom_extractor_formats_surface_as_parse_diagnostics ... ok
[INFO] [stdout] test integration::ts::test_bare_missing_tsconfig_extends_reports_parse_diagnostic ... ok
[INFO] [stdout] test integration::python::test_python_ci_unquoted_decimal_preserves_literal_and_avoids_false_positive ... ok
[INFO] [stdout] test integration::ts::test_tsconfig_extends_inherits_strict ... FAILED
[INFO] [stdout] test integration::ts::test_ts_strict_conflict ... FAILED
[INFO] [stdout] test integration::ts::test_extensionless_eslintrc_is_parsed_for_strict_mode ... ok
[INFO] [stdout] test integration::ts::test_eslint_extends_array_inherits_local_strict_rules ... ok
[INFO] [stdout] test integration::ts::test_policy_coexists_with_contradiction_detection ... ok
[INFO] [stdout] test integration::ts::test_prerelease_exact_version_conflicts_with_stable_range ... ok
[INFO] [stdout] test integration::yaml::test_non_config_circleci_yaml_is_not_scanned_as_ci_input ... ok
[INFO] [stdout] test integration::yaml::test_custom_extractor_yaml_location_uses_full_key_path ... ok
[INFO] [stdout] test integration::yaml::test_custom_yaml_decimal_preserves_literal_and_avoids_false_positive ... ok
[INFO] [stdout] test integration::yaml::test_yaml_eslintrc_extends_inherits_strict_rules ... ok
[INFO] [stdout] test integration::ts::test_monorepo_package_roots_apply_to_absolute_scan_paths ... ok
[INFO] [stdout] test integration::yaml::test_yaml_key_locations_ignore_comment_lines ... ok
[INFO] [stdout] test integration::yaml::test_yaml_key_locations_ignore_freeform_mentions ... ok
[INFO] [stdout] test integration::diff::test_cli_diff_re_evaluates_when_explicit_config_changes ... ok
[INFO] [stdout] test integration::output::test_cli_parse_diagnostics_set_exit_code_and_json_output ... ok
[INFO] [stdout] test integration::python::test_python_ci_matrix_decimal_preserves_literal_and_avoids_false_positive ... ok
[INFO] [stdout] test integration::diff::test_cli_diff_ignores_parse_diagnostics_from_untouched_files ... ok
[INFO] [stdout] test integration::diff::test_cli_diff_re_evaluates_when_conflic_config_changes ... ok
[INFO] [stdout] test integration::ts::test_cli_diff_detects_dirty_worktree_changes ... ok
[INFO] [stdout] test integration::ts::test_cli_diff_detects_untracked_new_files ... ok
[INFO] [stderr] error: test failed, to rerun pass `--test integration`
[INFO] [stdout] 
[INFO] [stdout] failures:
[INFO] [stdout] 
[INFO] [stdout] ---- integration::core::test_all_clean_no_contradictions stdout ----
[INFO] [stdout] 
[INFO] [stdout] thread 'integration::core::test_all_clean_no_contradictions' (1992) panicked at tests/common/integration_helpers.rs:36:28:
[INFO] [stdout] missing concept result for node-version
[INFO] [stdout] stack backtrace:
[INFO] [stdout]    0:     0x5da6a77aba91 - <<std[70759c8f55707aa4]::sys::backtrace::BacktraceLock>::print::DisplayBacktrace as core[df12db4294e9bfd3]::fmt::Display>::fmt
[INFO] [stdout]    1:     0x5da6a77c539a - core[df12db4294e9bfd3]::fmt::write
[INFO] [stdout]    2:     0x5da6a77b16cc - <alloc[2182bb758b4b3781]::vec::Vec<u8> as core[df12db4294e9bfd3]::io::write::Write>::write_fmt
[INFO] [stdout]    3:     0x5da6a77847a6 - std[70759c8f55707aa4]::panicking::default_hook::{closure#0}
[INFO] [stdout]    4:     0x5da6a77a2c39 - std[70759c8f55707aa4]::panicking::default_hook
[INFO] [stdout]    5:     0x5da6a74665f0 - test[9d35eded1c95d3be]::test_main_inner::<test[9d35eded1c95d3be]::test_main_static::{closure#0}>::{closure#0}
[INFO] [stdout]    6:     0x5da6a77a2f62 - std[70759c8f55707aa4]::panicking::panic_with_hook
[INFO] [stdout]    7:     0x5da6a7784852 - std[70759c8f55707aa4]::panicking::panic_handler::{closure#0}
[INFO] [stdout]    8:     0x5da6a777d229 - std[70759c8f55707aa4]::sys::backtrace::__rust_end_short_backtrace::<std[70759c8f55707aa4]::panicking::panic_handler::{closure#0}, !>
[INFO] [stdout]    9:     0x5da6a778553d - __rustc[8fa7c3cbc660c2b3]::rust_begin_unwind
[INFO] [stdout]   10:     0x5da6a77c5bbc - core[df12db4294e9bfd3]::panicking::panic_fmt
[INFO] [stdout]   11:     0x5da6a7420577 - integration[bb829bb34adeb9b]::integration::core::test_all_clean_no_contradictions
[INFO] [stdout]   12:     0x5da6a74406d9 - <integration[bb829bb34adeb9b]::integration::core::test_all_clean_no_contradictions::{closure#0} as core[df12db4294e9bfd3]::ops::function::FnOnce<()>>::call_once
[INFO] [stdout]   13:     0x5da6a74598db - test[9d35eded1c95d3be]::__rust_begin_short_backtrace::<core[df12db4294e9bfd3]::result::Result<(), alloc[2182bb758b4b3781]::string::String>, fn() -> core[df12db4294e9bfd3]::result::Result<(), alloc[2182bb758b4b3781]::string::String>>
[INFO] [stdout]   14:     0x5da6a7466f45 - test[9d35eded1c95d3be]::run_test::{closure#0}
[INFO] [stdout]   15:     0x5da6a7460804 - std[70759c8f55707aa4]::sys::backtrace::__rust_begin_short_backtrace::<test[9d35eded1c95d3be]::run_test::{closure#1}, ()>
[INFO] [stdout]   16:     0x5da6a746a0a2 - <std[70759c8f55707aa4]::thread::lifecycle::spawn_unchecked<test[9d35eded1c95d3be]::run_test::{closure#1}, ()>::{closure#1} as core[df12db4294e9bfd3]::ops::function::FnOnce<()>>::call_once::{shim:vtable#0}
[INFO] [stdout]   17:     0x5da6a77aad79 - <std[70759c8f55707aa4]::sys::thread::unix::Thread>::new::thread_start
[INFO] [stdout]   18:     0x72c7359dddfa - <unknown>
[INFO] [stdout]   19:     0x72c735a713d4 - clone
[INFO] [stdout]   20:                0x0 - <unknown>
[INFO] [stdout] 
[INFO] [stdout] ---- integration::node::test_node_contradiction_finds_errors stdout ----
[INFO] [stdout] 
[INFO] [stdout] thread 'integration::node::test_node_contradiction_finds_errors' (2048) panicked at tests/common/integration_helpers.rs:36:28:
[INFO] [stdout] missing concept result for node-version
[INFO] [stdout] stack backtrace:
[INFO] [stdout]    0:     0x5da6a77aba91 - <<std[70759c8f55707aa4]::sys::backtrace::BacktraceLock>::print::DisplayBacktrace as core[df12db4294e9bfd3]::fmt::Display>::fmt
[INFO] [stdout]    1:     0x5da6a77c539a - core[df12db4294e9bfd3]::fmt::write
[INFO] [stdout]    2:     0x5da6a77b16cc - <alloc[2182bb758b4b3781]::vec::Vec<u8> as core[df12db4294e9bfd3]::io::write::Write>::write_fmt
[INFO] [stdout]    3:     0x5da6a77847a6 - std[70759c8f55707aa4]::panicking::default_hook::{closure#0}
[INFO] [stdout]    4:     0x5da6a77a2c39 - std[70759c8f55707aa4]::panicking::default_hook
[INFO] [stdout]    5:     0x5da6a74665f0 - test[9d35eded1c95d3be]::test_main_inner::<test[9d35eded1c95d3be]::test_main_static::{closure#0}>::{closure#0}
[INFO] [stdout]    6:     0x5da6a77a2f62 - std[70759c8f55707aa4]::panicking::panic_with_hook
[INFO] [stdout]    7:     0x5da6a7784852 - std[70759c8f55707aa4]::panicking::panic_handler::{closure#0}
[INFO] [stdout]    8:     0x5da6a777d229 - std[70759c8f55707aa4]::sys::backtrace::__rust_end_short_backtrace::<std[70759c8f55707aa4]::panicking::panic_handler::{closure#0}, !>
[INFO] [stdout]    9:     0x5da6a778553d - __rustc[8fa7c3cbc660c2b3]::rust_begin_unwind
[INFO] [stdout]   10:     0x5da6a77c5bbc - core[df12db4294e9bfd3]::panicking::panic_fmt
[INFO] [stdout]   11:     0x5da6a7458aa6 - integration[bb829bb34adeb9b]::integration::node::test_node_contradiction_finds_errors
[INFO] [stdout]   12:     0x5da6a74408b9 - <integration[bb829bb34adeb9b]::integration::node::test_node_contradiction_finds_errors::{closure#0} as core[df12db4294e9bfd3]::ops::function::FnOnce<()>>::call_once
[INFO] [stdout]   13:     0x5da6a74598db - test[9d35eded1c95d3be]::__rust_begin_short_backtrace::<core[df12db4294e9bfd3]::result::Result<(), alloc[2182bb758b4b3781]::string::String>, fn() -> core[df12db4294e9bfd3]::result::Result<(), alloc[2182bb758b4b3781]::string::String>>
[INFO] [stdout]   14:     0x5da6a7466f45 - test[9d35eded1c95d3be]::run_test::{closure#0}
[INFO] [stdout]   15:     0x5da6a7460804 - std[70759c8f55707aa4]::sys::backtrace::__rust_begin_short_backtrace::<test[9d35eded1c95d3be]::run_test::{closure#1}, ()>
[INFO] [stdout]   16:     0x5da6a746a0a2 - <std[70759c8f55707aa4]::thread::lifecycle::spawn_unchecked<test[9d35eded1c95d3be]::run_test::{closure#1}, ()>::{closure#1} as core[df12db4294e9bfd3]::ops::function::FnOnce<()>>::call_once::{shim:vtable#0}
[INFO] [stdout]   17:     0x5da6a77aad79 - <std[70759c8f55707aa4]::sys::thread::unix::Thread>::new::thread_start
[INFO] [stdout]   18:     0x72c7359dddfa - <unknown>
[INFO] [stdout]   19:     0x72c735a713d4 - clone
[INFO] [stdout]   20:                0x0 - <unknown>
[INFO] [stdout] 
[INFO] [stdout] ---- integration::java::test_java_contradiction_finds_errors stdout ----
[INFO] [stdout] 
[INFO] [stdout] thread 'integration::java::test_java_contradiction_finds_errors' (2044) panicked at tests/common/integration_helpers.rs:36:28:
[INFO] [stdout] missing concept result for java-version
[INFO] [stdout] stack backtrace:
[INFO] [stdout]    0:     0x5da6a77aba91 - <<std[70759c8f55707aa4]::sys::backtrace::BacktraceLock>::print::DisplayBacktrace as core[df12db4294e9bfd3]::fmt::Display>::fmt
[INFO] [stdout]    1:     0x5da6a77c539a - core[df12db4294e9bfd3]::fmt::write
[INFO] [stdout]    2:     0x5da6a77b16cc - <alloc[2182bb758b4b3781]::vec::Vec<u8> as core[df12db4294e9bfd3]::io::write::Write>::write_fmt
[INFO] [stdout]    3:     0x5da6a77847a6 - std[70759c8f55707aa4]::panicking::default_hook::{closure#0}
[INFO] [stdout]    4:     0x5da6a77a2c39 - std[70759c8f55707aa4]::panicking::default_hook
[INFO] [stdout]    5:     0x5da6a74665f0 - test[9d35eded1c95d3be]::test_main_inner::<test[9d35eded1c95d3be]::test_main_static::{closure#0}>::{closure#0}
[INFO] [stdout]    6:     0x5da6a77a2f62 - std[70759c8f55707aa4]::panicking::panic_with_hook
[INFO] [stdout]    7:     0x5da6a7784852 - std[70759c8f55707aa4]::panicking::panic_handler::{closure#0}
[INFO] [stdout]    8:     0x5da6a777d229 - std[70759c8f55707aa4]::sys::backtrace::__rust_end_short_backtrace::<std[70759c8f55707aa4]::panicking::panic_handler::{closure#0}, !>
[INFO] [stdout]    9:     0x5da6a778553d - __rustc[8fa7c3cbc660c2b3]::rust_begin_unwind
[INFO] [stdout]   10:     0x5da6a77c5bbc - core[df12db4294e9bfd3]::panicking::panic_fmt
[INFO] [stdout]   11:     0x5da6a7447e97 - integration[bb829bb34adeb9b]::integration::java::test_java_contradiction_finds_errors
[INFO] [stdout]   12:     0x5da6a7440859 - <integration[bb829bb34adeb9b]::integration::java::test_java_contradiction_finds_errors::{closure#0} as core[df12db4294e9bfd3]::ops::function::FnOnce<()>>::call_once
[INFO] [stdout]   13:     0x5da6a74598db - test[9d35eded1c95d3be]::__rust_begin_short_backtrace::<core[df12db4294e9bfd3]::result::Result<(), alloc[2182bb758b4b3781]::string::String>, fn() -> core[df12db4294e9bfd3]::result::Result<(), alloc[2182bb758b4b3781]::string::String>>
[INFO] [stdout]   14:     0x5da6a7466f45 - test[9d35eded1c95d3be]::run_test::{closure#0}
[INFO] [stdout]   15:     0x5da6a7460804 - std[70759c8f55707aa4]::sys::backtrace::__rust_begin_short_backtrace::<test[9d35eded1c95d3be]::run_test::{closure#1}, ()>
[INFO] [stdout]   16:     0x5da6a746a0a2 - <std[70759c8f55707aa4]::thread::lifecycle::spawn_unchecked<test[9d35eded1c95d3be]::run_test::{closure#1}, ()>::{closure#1} as core[df12db4294e9bfd3]::ops::function::FnOnce<()>>::call_once::{shim:vtable#0}
[INFO] [stdout]   17:     0x5da6a77aad79 - <std[70759c8f55707aa4]::sys::thread::unix::Thread>::new::thread_start
[INFO] [stdout]   18:     0x72c7359dddfa - <unknown>
[INFO] [stdout]   19:     0x72c735a713d4 - clone
[INFO] [stdout]   20:                0x0 - <unknown>
[INFO] [stdout] 
[INFO] [stdout] ---- integration::output::test_json_output_format stdout ----
[INFO] [stdout] 
[INFO] [stdout] thread 'integration::output::test_json_output_format' (2057) panicked at tests/integration/output.rs:18:5:
[INFO] [stdout] assertion failed: summary["errors"].as_u64().unwrap() > 0 ||
[INFO] [stdout]     summary["warnings"].as_u64().unwrap() > 0
[INFO] [stdout] stack backtrace:
[INFO] [stdout]    0:     0x5da6a77aba91 - <<std[70759c8f55707aa4]::sys::backtrace::BacktraceLock>::print::DisplayBacktrace as core[df12db4294e9bfd3]::fmt::Display>::fmt
[INFO] [stdout]    1:     0x5da6a77c539a - core[df12db4294e9bfd3]::fmt::write
[INFO] [stdout]    2:     0x5da6a77b16cc - <alloc[2182bb758b4b3781]::vec::Vec<u8> as core[df12db4294e9bfd3]::io::write::Write>::write_fmt
[INFO] [stdout]    3:     0x5da6a77847a6 - std[70759c8f55707aa4]::panicking::default_hook::{closure#0}
[INFO] [stdout]    4:     0x5da6a77a2c39 - std[70759c8f55707aa4]::panicking::default_hook
[INFO] [stdout]    5:     0x5da6a74665f0 - test[9d35eded1c95d3be]::test_main_inner::<test[9d35eded1c95d3be]::test_main_static::{closure#0}>::{closure#0}
[INFO] [stdout]    6:     0x5da6a77a2f62 - std[70759c8f55707aa4]::panicking::panic_with_hook
[INFO] [stdout]    7:     0x5da6a7784884 - std[70759c8f55707aa4]::panicking::panic_handler::{closure#0}
[INFO] [stdout]    8:     0x5da6a777d229 - std[70759c8f55707aa4]::sys::backtrace::__rust_end_short_backtrace::<std[70759c8f55707aa4]::panicking::panic_handler::{closure#0}, !>
[INFO] [stdout]    9:     0x5da6a778553d - __rustc[8fa7c3cbc660c2b3]::rust_begin_unwind
[INFO] [stdout]   10:     0x5da6a77c5bbc - core[df12db4294e9bfd3]::panicking::panic_fmt
[INFO] [stdout]   11:     0x5da6a77c5b82 - core[df12db4294e9bfd3]::panicking::panic
[INFO] [stdout]   12:     0x5da6a7426161 - integration[bb829bb34adeb9b]::integration::output::test_json_output_format
[INFO] [stdout]   13:     0x5da6a74425b9 - <integration[bb829bb34adeb9b]::integration::output::test_json_output_format::{closure#0} as core[df12db4294e9bfd3]::ops::function::FnOnce<()>>::call_once
[INFO] [stdout]   14:     0x5da6a74598db - test[9d35eded1c95d3be]::__rust_begin_short_backtrace::<core[df12db4294e9bfd3]::result::Result<(), alloc[2182bb758b4b3781]::string::String>, fn() -> core[df12db4294e9bfd3]::result::Result<(), alloc[2182bb758b4b3781]::string::String>>
[INFO] [stdout]   15:     0x5da6a7466f45 - test[9d35eded1c95d3be]::run_test::{closure#0}
[INFO] [stdout]   16:     0x5da6a7460804 - std[70759c8f55707aa4]::sys::backtrace::__rust_begin_short_backtrace::<test[9d35eded1c95d3be]::run_test::{closure#1}, ()>
[INFO] [stdout]   17:     0x5da6a746a0a2 - <std[70759c8f55707aa4]::thread::lifecycle::spawn_unchecked<test[9d35eded1c95d3be]::run_test::{closure#1}, ()>::{closure#1} as core[df12db4294e9bfd3]::ops::function::FnOnce<()>>::call_once::{shim:vtable#0}
[INFO] [stdout]   18:     0x5da6a77aad79 - <std[70759c8f55707aa4]::sys::thread::unix::Thread>::new::thread_start
[INFO] [stdout]   19:     0x72c7359dddfa - <unknown>
[INFO] [stdout]   20:     0x72c735a713d4 - clone
[INFO] [stdout]   21:                0x0 - <unknown>
[INFO] [stdout] 
[INFO] [stdout] ---- integration::output::test_terminal_output_contains_key_info stdout ----
[INFO] [stdout] 
[INFO] [stdout] thread 'integration::output::test_terminal_output_contains_key_info' (2103) panicked at tests/integration/output.rs:27:5:
[INFO] [stdout] Output should mention Node.js Version
[INFO] [stdout] stack backtrace:
[INFO] [stdout]    0:     0x5da6a77aba91 - <<std[70759c8f55707aa4]::sys::backtrace::BacktraceLock>::print::DisplayBacktrace as core[df12db4294e9bfd3]::fmt::Display>::fmt
[INFO] [stdout]    1:     0x5da6a77c539a - core[df12db4294e9bfd3]::fmt::write
[INFO] [stdout]    2:     0x5da6a77b16cc - <alloc[2182bb758b4b3781]::vec::Vec<u8> as core[df12db4294e9bfd3]::io::write::Write>::write_fmt
[INFO] [stdout]    3:     0x5da6a77847a6 - std[70759c8f55707aa4]::panicking::default_hook::{closure#0}
[INFO] [stdout]    4:     0x5da6a77a2c39 - std[70759c8f55707aa4]::panicking::default_hook
[INFO] [stdout]    5:     0x5da6a74665f0 - test[9d35eded1c95d3be]::test_main_inner::<test[9d35eded1c95d3be]::test_main_static::{closure#0}>::{closure#0}
[INFO] [stdout]    6:     0x5da6a77a2f62 - std[70759c8f55707aa4]::panicking::panic_with_hook
[INFO] [stdout]    7:     0x5da6a7784884 - std[70759c8f55707aa4]::panicking::panic_handler::{closure#0}
[INFO] [stdout]    8:     0x5da6a777d229 - std[70759c8f55707aa4]::sys::backtrace::__rust_end_short_backtrace::<std[70759c8f55707aa4]::panicking::panic_handler::{closure#0}, !>
[INFO] [stdout]    9:     0x5da6a778553d - __rustc[8fa7c3cbc660c2b3]::rust_begin_unwind
[INFO] [stdout]   10:     0x5da6a77c5bbc - core[df12db4294e9bfd3]::panicking::panic_fmt
[INFO] [stdout]   11:     0x5da6a74265b6 - integration[bb829bb34adeb9b]::integration::output::test_terminal_output_contains_key_info
[INFO] [stdout]   12:     0x5da6a74425d9 - <integration[bb829bb34adeb9b]::integration::output::test_terminal_output_contains_key_info::{closure#0} as core[df12db4294e9bfd3]::ops::function::FnOnce<()>>::call_once
[INFO] [stdout]   13:     0x5da6a74598db - test[9d35eded1c95d3be]::__rust_begin_short_backtrace::<core[df12db4294e9bfd3]::result::Result<(), alloc[2182bb758b4b3781]::string::String>, fn() -> core[df12db4294e9bfd3]::result::Result<(), alloc[2182bb758b4b3781]::string::String>>
[INFO] [stdout]   14:     0x5da6a7466f45 - test[9d35eded1c95d3be]::run_test::{closure#0}
[INFO] [stdout]   15:     0x5da6a7460804 - std[70759c8f55707aa4]::sys::backtrace::__rust_begin_short_backtrace::<test[9d35eded1c95d3be]::run_test::{closure#1}, ()>
[INFO] [stdout]   16:     0x5da6a746a0a2 - <std[70759c8f55707aa4]::thread::lifecycle::spawn_unchecked<test[9d35eded1c95d3be]::run_test::{closure#1}, ()>::{closure#1} as core[df12db4294e9bfd3]::ops::function::FnOnce<()>>::call_once::{shim:vtable#0}
[INFO] [stdout]   17:     0x5da6a77aad79 - <std[70759c8f55707aa4]::sys::thread::unix::Thread>::new::thread_start
[INFO] [stdout]   18:     0x72c7359dddfa - <unknown>
[INFO] [stdout]   19:     0x72c735a713d4 - clone
[INFO] [stdout]   20:                0x0 - <unknown>
[INFO] [stdout] 
[INFO] [stdout] ---- integration::dotnet::test_dotnet_contradiction_finds_errors stdout ----
[INFO] [stdout] 
[INFO] [stdout] thread 'integration::dotnet::test_dotnet_contradiction_finds_errors' (2035) panicked at tests/common/integration_helpers.rs:36:28:
[INFO] [stdout] missing concept result for dotnet-version
[INFO] [stdout] stack backtrace:
[INFO] [stdout]    0:     0x5da6a77aba91 - <<std[70759c8f55707aa4]::sys::backtrace::BacktraceLock>::print::DisplayBacktrace as core[df12db4294e9bfd3]::fmt::Display>::fmt
[INFO] [stdout]    1:     0x5da6a77c539a - core[df12db4294e9bfd3]::fmt::write
[INFO] [stdout]    2:     0x5da6a77b16cc - <alloc[2182bb758b4b3781]::vec::Vec<u8> as core[df12db4294e9bfd3]::io::write::Write>::write_fmt
[INFO] [stdout]    3:     0x5da6a77847a6 - std[70759c8f55707aa4]::panicking::default_hook::{closure#0}
[INFO] [stdout]    4:     0x5da6a77a2c39 - std[70759c8f55707aa4]::panicking::default_hook
[INFO] [stdout]    5:     0x5da6a74665f0 - test[9d35eded1c95d3be]::test_main_inner::<test[9d35eded1c95d3be]::test_main_static::{closure#0}>::{closure#0}
[INFO] [stdout]    6:     0x5da6a77a2f62 - std[70759c8f55707aa4]::panicking::panic_with_hook
[INFO] [stdout]    7:     0x5da6a7784852 - std[70759c8f55707aa4]::panicking::panic_handler::{closure#0}
[INFO] [stdout]    8:     0x5da6a777d229 - std[70759c8f55707aa4]::sys::backtrace::__rust_end_short_backtrace::<std[70759c8f55707aa4]::panicking::panic_handler::{closure#0}, !>
[INFO] [stdout]    9:     0x5da6a778553d - __rustc[8fa7c3cbc660c2b3]::rust_begin_unwind
[INFO] [stdout]   10:     0x5da6a77c5bbc - core[df12db4294e9bfd3]::panicking::panic_fmt
[INFO] [stdout]   11:     0x5da6a7442550 - <integration[bb829bb34adeb9b]::integration::dotnet::test_dotnet_contradiction_finds_errors::{closure#0} as core[df12db4294e9bfd3]::ops::function::FnOnce<()>>::call_once
[INFO] [stdout]   12:     0x5da6a74598db - test[9d35eded1c95d3be]::__rust_begin_short_backtrace::<core[df12db4294e9bfd3]::result::Result<(), alloc[2182bb758b4b3781]::string::String>, fn() -> core[df12db4294e9bfd3]::result::Result<(), alloc[2182bb758b4b3781]::string::String>>
[INFO] [stdout]   13:     0x5da6a7466f45 - test[9d35eded1c95d3be]::run_test::{closure#0}
[INFO] [stdout]   14:     0x5da6a7460804 - std[70759c8f55707aa4]::sys::backtrace::__rust_begin_short_backtrace::<test[9d35eded1c95d3be]::run_test::{closure#1}, ()>
[INFO] [stdout]   15:     0x5da6a746a0a2 - <std[70759c8f55707aa4]::thread::lifecycle::spawn_unchecked<test[9d35eded1c95d3be]::run_test::{closure#1}, ()>::{closure#1} as core[df12db4294e9bfd3]::ops::function::FnOnce<()>>::call_once::{shim:vtable#0}
[INFO] [stdout]   16:     0x5da6a77aad79 - <std[70759c8f55707aa4]::sys::thread::unix::Thread>::new::thread_start
[INFO] [stdout]   17:     0x72c7359dddfa - <unknown>
[INFO] [stdout]   18:     0x72c735a713d4 - clone
[INFO] [stdout]   19:                0x0 - <unknown>
[INFO] [stdout] 
[INFO] [stdout] ---- integration::port::test_port_mismatch_finds_contradiction stdout ----
[INFO] [stdout] 
[INFO] [stdout] thread 'integration::port::test_port_mismatch_finds_contradiction' (2108) panicked at tests/common/integration_helpers.rs:36:28:
[INFO] [stdout] missing concept result for app-port
[INFO] [stdout] stack backtrace:
[INFO] [stdout]    0:     0x5da6a77aba91 - <<std[70759c8f55707aa4]::sys::backtrace::BacktraceLock>::print::DisplayBacktrace as core[df12db4294e9bfd3]::fmt::Display>::fmt
[INFO] [stdout]    1:     0x5da6a77c539a - core[df12db4294e9bfd3]::fmt::write
[INFO] [stdout]    2:     0x5da6a77b16cc - <alloc[2182bb758b4b3781]::vec::Vec<u8> as core[df12db4294e9bfd3]::io::write::Write>::write_fmt
[INFO] [stdout]    3:     0x5da6a77847a6 - std[70759c8f55707aa4]::panicking::default_hook::{closure#0}
[INFO] [stdout]    4:     0x5da6a77a2c39 - std[70759c8f55707aa4]::panicking::default_hook
[INFO] [stdout]    5:     0x5da6a74665f0 - test[9d35eded1c95d3be]::test_main_inner::<test[9d35eded1c95d3be]::test_main_static::{closure#0}>::{closure#0}
[INFO] [stdout]    6:     0x5da6a77a2f62 - std[70759c8f55707aa4]::panicking::panic_with_hook
[INFO] [stdout]    7:     0x5da6a7784852 - std[70759c8f55707aa4]::panicking::panic_handler::{closure#0}
[INFO] [stdout]    8:     0x5da6a777d229 - std[70759c8f55707aa4]::sys::backtrace::__rust_end_short_backtrace::<std[70759c8f55707aa4]::panicking::panic_handler::{closure#0}, !>
[INFO] [stdout]    9:     0x5da6a778553d - __rustc[8fa7c3cbc660c2b3]::rust_begin_unwind
[INFO] [stdout]   10:     0x5da6a77c5bbc - core[df12db4294e9bfd3]::panicking::panic_fmt
[INFO] [stdout]   11:     0x5da6a74412da - <integration[bb829bb34adeb9b]::integration::port::test_port_mismatch_finds_contradiction::{closure#0} as core[df12db4294e9bfd3]::ops::function::FnOnce<()>>::call_once
[INFO] [stdout]   12:     0x5da6a74598db - test[9d35eded1c95d3be]::__rust_begin_short_backtrace::<core[df12db4294e9bfd3]::result::Result<(), alloc[2182bb758b4b3781]::string::String>, fn() -> core[df12db4294e9bfd3]::result::Result<(), alloc[2182bb758b4b3781]::string::String>>
[INFO] [stdout]   13:     0x5da6a7466f45 - test[9d35eded1c95d3be]::run_test::{closure#0}
[INFO] [stdout]   14:     0x5da6a7460804 - std[70759c8f55707aa4]::sys::backtrace::__rust_begin_short_backtrace::<test[9d35eded1c95d3be]::run_test::{closure#1}, ()>
[INFO] [stdout]   15:     0x5da6a746a0a2 - <std[70759c8f55707aa4]::thread::lifecycle::spawn_unchecked<test[9d35eded1c95d3be]::run_test::{closure#1}, ()>::{closure#1} as core[df12db4294e9bfd3]::ops::function::FnOnce<()>>::call_once::{shim:vtable#0}
[INFO] [stdout]   16:     0x5da6a77aad79 - <std[70759c8f55707aa4]::sys::thread::unix::Thread>::new::thread_start
[INFO] [stdout]   17:     0x72c7359dddfa - <unknown>
[INFO] [stdout]   18:     0x72c735a713d4 - clone
[INFO] [stdout]   19:                0x0 - <unknown>
[INFO] [stdout] 
[INFO] [stdout] ---- integration::ts::test_custom_extractor_detects_redis_contradiction stdout ----
[INFO] [stdout] 
[INFO] [stdout] thread 'integration::ts::test_custom_extractor_detects_redis_contradiction' (2135) panicked at tests/integration/ts.rs:82:5:
[INFO] [stdout] assertion `left == right` failed
[INFO] [stdout]   left: 0
[INFO] [stdout]  right: 1
[INFO] [stdout] stack backtrace:
[INFO] [stdout]    0:     0x5da6a77aba91 - <<std[70759c8f55707aa4]::sys::backtrace::BacktraceLock>::print::DisplayBacktrace as core[df12db4294e9bfd3]::fmt::Display>::fmt
[INFO] [stdout]    1:     0x5da6a77c539a - core[df12db4294e9bfd3]::fmt::write
[INFO] [stdout]    2:     0x5da6a77b16cc - <alloc[2182bb758b4b3781]::vec::Vec<u8> as core[df12db4294e9bfd3]::io::write::Write>::write_fmt
[INFO] [stdout]    3:     0x5da6a77847a6 - std[70759c8f55707aa4]::panicking::default_hook::{closure#0}
[INFO] [stdout]    4:     0x5da6a77a2c39 - std[70759c8f55707aa4]::panicking::default_hook
[INFO] [stdout]    5:     0x5da6a74665f0 - test[9d35eded1c95d3be]::test_main_inner::<test[9d35eded1c95d3be]::test_main_static::{closure#0}>::{closure#0}
[INFO] [stdout]    6:     0x5da6a77a2f62 - std[70759c8f55707aa4]::panicking::panic_with_hook
[INFO] [stdout]    7:     0x5da6a7784852 - std[70759c8f55707aa4]::panicking::panic_handler::{closure#0}
[INFO] [stdout]    8:     0x5da6a777d229 - std[70759c8f55707aa4]::sys::backtrace::__rust_end_short_backtrace::<std[70759c8f55707aa4]::panicking::panic_handler::{closure#0}, !>
[INFO] [stdout]    9:     0x5da6a778553d - __rustc[8fa7c3cbc660c2b3]::rust_begin_unwind
[INFO] [stdout]   10:     0x5da6a77c5bbc - core[df12db4294e9bfd3]::panicking::panic_fmt
[INFO] [stdout]   11:     0x5da6a77c5ad3 - core[df12db4294e9bfd3]::panicking::assert_failed_inner
[INFO] [stdout]   12:     0x5da6a77c018d - core[df12db4294e9bfd3]::panicking::assert_failed::<usize, usize>
[INFO] [stdout]   13:     0x5da6a741ac0f - integration[bb829bb34adeb9b]::integration::ts::test_custom_extractor_detects_redis_contradiction
[INFO] [stdout]   14:     0x5da6a7440559 - <integration[bb829bb34adeb9b]::integration::ts::test_custom_extractor_detects_redis_contradiction::{closure#0} as core[df12db4294e9bfd3]::ops::function::FnOnce<()>>::call_once
[INFO] [stdout]   15:     0x5da6a74598db - test[9d35eded1c95d3be]::__rust_begin_short_backtrace::<core[df12db4294e9bfd3]::result::Result<(), alloc[2182bb758b4b3781]::string::String>, fn() -> core[df12db4294e9bfd3]::result::Result<(), alloc[2182bb758b4b3781]::string::String>>
[INFO] [stdout]   16:     0x5da6a7466f45 - test[9d35eded1c95d3be]::run_test::{closure#0}
[INFO] [stdout]   17:     0x5da6a7460804 - std[70759c8f55707aa4]::sys::backtrace::__rust_begin_short_backtrace::<test[9d35eded1c95d3be]::run_test::{closure#1}, ()>
[INFO] [stdout]   18:     0x5da6a746a0a2 - <std[70759c8f55707aa4]::thread::lifecycle::spawn_unchecked<test[9d35eded1c95d3be]::run_test::{closure#1}, ()>::{closure#1} as core[df12db4294e9bfd3]::ops::function::FnOnce<()>>::call_once::{shim:vtable#0}
[INFO] [stdout]   19:     0x5da6a77aad79 - <std[70759c8f55707aa4]::sys::thread::unix::Thread>::new::thread_start
[INFO] [stdout]   20:     0x72c7359dddfa - <unknown>
[INFO] [stdout]   21:     0x72c735a713d4 - clone
[INFO] [stdout]   22:                0x0 - <unknown>
[INFO] [stdout] 
[INFO] [stdout] ---- integration::ruby::test_ruby_contradiction_finds_errors stdout ----
[INFO] [stdout] 
[INFO] [stdout] thread 'integration::ruby::test_ruby_contradiction_finds_errors' (2131) panicked at tests/common/integration_helpers.rs:36:28:
[INFO] [stdout] missing concept result for ruby-version
[INFO] [stdout] stack backtrace:
[INFO] [stdout]    0:     0x5da6a77aba91 - <<std[70759c8f55707aa4]::sys::backtrace::BacktraceLock>::print::DisplayBacktrace as core[df12db4294e9bfd3]::fmt::Display>::fmt
[INFO] [stdout]    1:     0x5da6a77c539a - core[df12db4294e9bfd3]::fmt::write
[INFO] [stdout]    2:     0x5da6a77b16cc - <alloc[2182bb758b4b3781]::vec::Vec<u8> as core[df12db4294e9bfd3]::io::write::Write>::write_fmt
[INFO] [stdout]    3:     0x5da6a77847a6 - std[70759c8f55707aa4]::panicking::default_hook::{closure#0}
[INFO] [stdout]    4:     0x5da6a77a2c39 - std[70759c8f55707aa4]::panicking::default_hook
[INFO] [stdout]    5:     0x5da6a74665f0 - test[9d35eded1c95d3be]::test_main_inner::<test[9d35eded1c95d3be]::test_main_static::{closure#0}>::{closure#0}
[INFO] [stdout]    6:     0x5da6a77a2f62 - std[70759c8f55707aa4]::panicking::panic_with_hook
[INFO] [stdout]    7:     0x5da6a7784852 - std[70759c8f55707aa4]::panicking::panic_handler::{closure#0}
[INFO] [stdout]    8:     0x5da6a777d229 - std[70759c8f55707aa4]::sys::backtrace::__rust_end_short_backtrace::<std[70759c8f55707aa4]::panicking::panic_handler::{closure#0}, !>
[INFO] [stdout]    9:     0x5da6a778553d - __rustc[8fa7c3cbc660c2b3]::rust_begin_unwind
[INFO] [stdout]   10:     0x5da6a77c5bbc - core[df12db4294e9bfd3]::panicking::panic_fmt
[INFO] [stdout]   11:     0x5da6a7441f59 - <integration[bb829bb34adeb9b]::integration::ruby::test_ruby_contradiction_finds_errors::{closure#0} as core[df12db4294e9bfd3]::ops::function::FnOnce<()>>::call_once
[INFO] [stdout]   12:     0x5da6a74598db - test[9d35eded1c95d3be]::__rust_begin_short_backtrace::<core[df12db4294e9bfd3]::result::Result<(), alloc[2182bb758b4b3781]::string::String>, fn() -> core[df12db4294e9bfd3]::result::Result<(), alloc[2182bb758b4b3781]::string::String>>
[INFO] [stdout]   13:     0x5da6a7466f45 - test[9d35eded1c95d3be]::run_test::{closure#0}
[INFO] [stdout]   14:     0x5da6a7460804 - std[70759c8f55707aa4]::sys::backtrace::__rust_begin_short_backtrace::<test[9d35eded1c95d3be]::run_test::{closure#1}, ()>
[INFO] [stdout]   15:     0x5da6a746a0a2 - <std[70759c8f55707aa4]::thread::lifecycle::spawn_unchecked<test[9d35eded1c95d3be]::run_test::{closure#1}, ()>::{closure#1} as core[df12db4294e9bfd3]::ops::function::FnOnce<()>>::call_once::{shim:vtable#0}
[INFO] [stdout]   16:     0x5da6a77aad79 - <std[70759c8f55707aa4]::sys::thread::unix::Thread>::new::thread_start
[INFO] [stdout]   17:     0x72c7359dddfa - <unknown>
[INFO] [stdout]   18:     0x72c735a713d4 - clone
[INFO] [stdout]   19:                0x0 - <unknown>
[INFO] [stdout] 
[INFO] [stdout] ---- integration::ts::test_tsconfig_extends_inherits_strict stdout ----
[INFO] [stdout] 
[INFO] [stdout] thread 'integration::ts::test_tsconfig_extends_inherits_strict' (2145) panicked at tests/common/integration_helpers.rs:36:28:
[INFO] [stdout] missing concept result for ts-strict-mode
[INFO] [stdout] stack backtrace:
[INFO] [stdout]    0:     0x5da6a77aba91 - <<std[70759c8f55707aa4]::sys::backtrace::BacktraceLock>::print::DisplayBacktrace as core[df12db4294e9bfd3]::fmt::Display>::fmt
[INFO] [stdout]    1:     0x5da6a77c539a - core[df12db4294e9bfd3]::fmt::write
[INFO] [stdout]    2:     0x5da6a77b16cc - <alloc[2182bb758b4b3781]::vec::Vec<u8> as core[df12db4294e9bfd3]::io::write::Write>::write_fmt
[INFO] [stdout]    3:     0x5da6a77847a6 - std[70759c8f55707aa4]::panicking::default_hook::{closure#0}
[INFO] [stdout]    4:     0x5da6a77a2c39 - std[70759c8f55707aa4]::panicking::default_hook
[INFO] [stdout]    5:     0x5da6a74665f0 - test[9d35eded1c95d3be]::test_main_inner::<test[9d35eded1c95d3be]::test_main_static::{closure#0}>::{closure#0}
[INFO] [stdout]    6:     0x5da6a77a2f62 - std[70759c8f55707aa4]::panicking::panic_with_hook
[INFO] [stdout]    7:     0x5da6a7784852 - std[70759c8f55707aa4]::panicking::panic_handler::{closure#0}
[INFO] [stdout]    8:     0x5da6a777d229 - std[70759c8f55707aa4]::sys::backtrace::__rust_end_short_backtrace::<std[70759c8f55707aa4]::panicking::panic_handler::{closure#0}, !>
[INFO] [stdout]    9:     0x5da6a778553d - __rustc[8fa7c3cbc660c2b3]::rust_begin_unwind
[INFO] [stdout]   10:     0x5da6a77c5bbc - core[df12db4294e9bfd3]::panicking::panic_fmt
[INFO] [stdout]   11:     0x5da6a7419872 - integration[bb829bb34adeb9b]::integration::ts::test_tsconfig_extends_inherits_strict
[INFO] [stdout]   12:     0x5da6a74404f9 - <integration[bb829bb34adeb9b]::integration::ts::test_tsconfig_extends_inherits_strict::{closure#0} as core[df12db4294e9bfd3]::ops::function::FnOnce<()>>::call_once
[INFO] [stdout]   13:     0x5da6a74598db - test[9d35eded1c95d3be]::__rust_begin_short_backtrace::<core[df12db4294e9bfd3]::result::Result<(), alloc[2182bb758b4b3781]::string::String>, fn() -> core[df12db4294e9bfd3]::result::Result<(), alloc[2182bb758b4b3781]::string::String>>
[INFO] [stdout]   14:     0x5da6a7466f45 - test[9d35eded1c95d3be]::run_test::{closure#0}
[INFO] [stdout]   15:     0x5da6a7460804 - std[70759c8f55707aa4]::sys::backtrace::__rust_begin_short_backtrace::<test[9d35eded1c95d3be]::run_test::{closure#1}, ()>
[INFO] [stdout]   16:     0x5da6a746a0a2 - <std[70759c8f55707aa4]::thread::lifecycle::spawn_unchecked<test[9d35eded1c95d3be]::run_test::{closure#1}, ()>::{closure#1} as core[df12db4294e9bfd3]::ops::function::FnOnce<()>>::call_once::{shim:vtable#0}
[INFO] [stdout]   17:     0x5da6a77aad79 - <std[70759c8f55707aa4]::sys::thread::unix::Thread>::new::thread_start
[INFO] [stdout]   18:     0x72c7359dddfa - <unknown>
[INFO] [stdout]   19:     0x72c735a713d4 - clone
[INFO] [stdout]   20:                0x0 - <unknown>
[INFO] [stdout] 
[INFO] [stdout] ---- integration::ts::test_ts_strict_conflict stdout ----
[INFO] [stdout] 
[INFO] [stdout] thread 'integration::ts::test_ts_strict_conflict' (2144) panicked at tests/common/integration_helpers.rs:36:28:
[INFO] [stdout] missing concept result for ts-strict-mode
[INFO] [stdout] stack backtrace:
[INFO] [stdout]    0:     0x5da6a77aba91 - <<std[70759c8f55707aa4]::sys::backtrace::BacktraceLock>::print::DisplayBacktrace as core[df12db4294e9bfd3]::fmt::Display>::fmt
[INFO] [stdout]    1:     0x5da6a77c539a - core[df12db4294e9bfd3]::fmt::write
[INFO] [stdout]    2:     0x5da6a77b16cc - <alloc[2182bb758b4b3781]::vec::Vec<u8> as core[df12db4294e9bfd3]::io::write::Write>::write_fmt
[INFO] [stdout]    3:     0x5da6a77847a6 - std[70759c8f55707aa4]::panicking::default_hook::{closure#0}
[INFO] [stdout]    4:     0x5da6a77a2c39 - std[70759c8f55707aa4]::panicking::default_hook
[INFO] [stdout]    5:     0x5da6a74665f0 - test[9d35eded1c95d3be]::test_main_inner::<test[9d35eded1c95d3be]::test_main_static::{closure#0}>::{closure#0}
[INFO] [stdout]    6:     0x5da6a77a2f62 - std[70759c8f55707aa4]::panicking::panic_with_hook
[INFO] [stdout]    7:     0x5da6a7784852 - std[70759c8f55707aa4]::panicking::panic_handler::{closure#0}
[INFO] [stdout]    8:     0x5da6a777d229 - std[70759c8f55707aa4]::sys::backtrace::__rust_end_short_backtrace::<std[70759c8f55707aa4]::panicking::panic_handler::{closure#0}, !>
[INFO] [stdout]    9:     0x5da6a778553d - __rustc[8fa7c3cbc660c2b3]::rust_begin_unwind
[INFO] [stdout]   10:     0x5da6a77c5bbc - core[df12db4294e9bfd3]::panicking::panic_fmt
[INFO] [stdout]   11:     0x5da6a74193bb - integration[bb829bb34adeb9b]::integration::ts::test_ts_strict_conflict
[INFO] [stdout]   12:     0x5da6a74404d9 - <integration[bb829bb34adeb9b]::integration::ts::test_ts_strict_conflict::{closure#0} as core[df12db4294e9bfd3]::ops::function::FnOnce<()>>::call_once
[INFO] [stdout]   13:     0x5da6a74598db - test[9d35eded1c95d3be]::__rust_begin_short_backtrace::<core[df12db4294e9bfd3]::result::Result<(), alloc[2182bb758b4b3781]::string::String>, fn() -> core[df12db4294e9bfd3]::result::Result<(), alloc[2182bb758b4b3781]::string::String>>
[INFO] [stdout]   14:     0x5da6a7466f45 - test[9d35eded1c95d3be]::run_test::{closure#0}
[INFO] [stdout]   15:     0x5da6a7460804 - std[70759c8f55707aa4]::sys::backtrace::__rust_begin_short_backtrace::<test[9d35eded1c95d3be]::run_test::{closure#1}, ()>
[INFO] [stdout]   16:     0x5da6a746a0a2 - <std[70759c8f55707aa4]::thread::lifecycle::spawn_unchecked<test[9d35eded1c95d3be]::run_test::{closure#1}, ()>::{closure#1} as core[df12db4294e9bfd3]::ops::function::FnOnce<()>>::call_once::{shim:vtable#0}
[INFO] [stdout]   17:     0x5da6a77aad79 - <std[70759c8f55707aa4]::sys::thread::unix::Thread>::new::thread_start
[INFO] [stdout]   18:     0x72c7359dddfa - <unknown>
[INFO] [stdout]   19:     0x72c735a713d4 - clone
[INFO] [stdout]   20:                0x0 - <unknown>
[INFO] [stdout] 
[INFO] [stdout] 
[INFO] [stdout] failures:
[INFO] [stdout]     integration::core::test_all_clean_no_contradictions
[INFO] [stdout]     integration::dotnet::test_dotnet_contradiction_finds_errors
[INFO] [stdout]     integration::java::test_java_contradiction_finds_errors
[INFO] [stdout]     integration::node::test_node_contradiction_finds_errors
[INFO] [stdout]     integration::output::test_json_output_format
[INFO] [stdout]     integration::output::test_terminal_output_contains_key_info
[INFO] [stdout]     integration::port::test_port_mismatch_finds_contradiction
[INFO] [stdout]     integration::ruby::test_ruby_contradiction_finds_errors
[INFO] [stdout]     integration::ts::test_custom_extractor_detects_redis_contradiction
[INFO] [stdout]     integration::ts::test_ts_strict_conflict
[INFO] [stdout]     integration::ts::test_tsconfig_extends_inherits_strict
[INFO] [stdout] 
[INFO] [stdout] test result: FAILED. 57 passed; 11 failed; 0 ignored; 0 measured; 0 filtered out; finished in 0.19s
[INFO] [stdout] 
[INFO] running `Command { std: "docker" "inspect" "3d756e9e565ac2355ead538c73d306fc689ecc0fc06b9e6983b14d6a4b6bb78c", kill_on_drop: false }`
[INFO] running `Command { std: "docker" "rm" "-f" "3d756e9e565ac2355ead538c73d306fc689ecc0fc06b9e6983b14d6a4b6bb78c", kill_on_drop: false }`
[INFO] [stdout] 3d756e9e565ac2355ead538c73d306fc689ecc0fc06b9e6983b14d6a4b6bb78c
