[INFO] fetching crate configit 0.3.1...
[INFO] testing configit-0.3.1 against 1.99.0-beta.8+cargoflags=--release for beta-release-1.100-2
[INFO] extracting crate configit 0.3.1 into /workspace/builds/worker-7-tc1/source
[INFO] removed /workspace/builds/worker-7-tc1/source/rust-toolchain
[INFO] started tweaking crates.io crate configit 0.3.1
[INFO] finished tweaking crates.io crate configit 0.3.1
[INFO] tweaked toml for crates.io crate configit 0.3.1 written to /workspace/builds/worker-7-tc1/source/Cargo.toml
[INFO] validating manifest of crates.io crate configit 0.3.1 on toolchain 1.99.0-beta.8
[INFO] running `Command { std: CARGO_HOME="/workspace/cargo-home" RUSTUP_HOME="/workspace/rustup-home" "/workspace/cargo-home/bin/cargo" "+1.99.0-beta.8" "metadata" "--manifest-path" "Cargo.toml" "--no-deps", kill_on_drop: false }`
[INFO] running `Command { std: CARGO_HOME="/workspace/cargo-home" RUSTUP_HOME="/workspace/rustup-home" "/workspace/cargo-home/bin/cargo" "+1.99.0-beta.8" "generate-lockfile" "--manifest-path" "Cargo.toml", kill_on_drop: false }`
[INFO] [stderr]     Updating crates.io index
[INFO] [stderr]      Locking 18 packages to highest compatible versions
[INFO] [stderr]       Adding serde_yaml v0.8.26 (available: v0.9.34+deprecated)
[INFO] [stderr]       Adding thiserror v1.0.69 (available: v2.0.21)
[INFO] [stderr]       Adding toml v0.5.11 (available: v1.1.8+spec-1.1.0)
[INFO] running `Command { std: CARGO_HOME="/workspace/cargo-home" RUSTUP_HOME="/workspace/rustup-home" "/workspace/cargo-home/bin/cargo" "+1.99.0-beta.8" "fetch" "--manifest-path" "Cargo.toml", kill_on_drop: false }`
[INFO] [stderr]  Downloading crates ...
[INFO] [stderr]   Downloaded serde_yaml v0.8.26
[INFO] running `Command { std: "docker" "create" "-v" "/var/lib/crater-agent-workspace/builds/worker-7-tc1/source:/opt/rustwide/workdir:ro,Z" "-v" "/var/lib/crater-agent-workspace/builds/worker-7-tc1/target:/opt/rustwide/target:rw,Z" "-v" "/var/lib/crater-agent-workspace/cargo-home:/opt/rustwide/cargo-home:ro,Z" "-v" "/var/lib/crater-agent-workspace/rustup-home:/opt/rustwide/rustup-home:ro,Z" "-m" "1610612736" "--network" "none" "ghcr.io/rust-lang/crates-build-env/linux@sha256:77db811e55d90add9212f6832c23229e3de5f1c1f9905e8cb07319ea15df73ac" "sleep" "infinity", kill_on_drop: false }`
[INFO] [stdout] f83b7a52702ee00ae6e66a51820a193cba7602815cc0b1cf466e8304c8b7b339
[INFO] running `Command { std: "docker" "start" "f83b7a52702ee00ae6e66a51820a193cba7602815cc0b1cf466e8304c8b7b339", kill_on_drop: false }`
[INFO] running `Command { std: "docker" "inspect" "f83b7a52702ee00ae6e66a51820a193cba7602815cc0b1cf466e8304c8b7b339", kill_on_drop: false }`
[INFO] running `Command { std: "docker" "exec" "-e" "SOURCE_DIR=/opt/rustwide/workdir" "-e" "CARGO_HOME=/opt/rustwide/cargo-home" "-e" "RUSTUP_HOME=/opt/rustwide/rustup-home" "-e" "CARGO_TARGET_DIR=/opt/rustwide/target" "-w" "/opt/rustwide/workdir" "--user" "0:0" "f83b7a52702ee00ae6e66a51820a193cba7602815cc0b1cf466e8304c8b7b339" "/opt/rustwide/cargo-home/bin/cargo" "+1.99.0-beta.8" "metadata" "--no-deps" "--format-version=1", kill_on_drop: false }`
[INFO] running `Command { std: "docker" "inspect" "f83b7a52702ee00ae6e66a51820a193cba7602815cc0b1cf466e8304c8b7b339", kill_on_drop: false }`
[INFO] running `Command { std: "docker" "exec" "-e" "SOURCE_DIR=/opt/rustwide/workdir" "-e" "CARGO_HOME=/opt/rustwide/cargo-home" "-e" "RUSTUP_HOME=/opt/rustwide/rustup-home" "-e" "CARGO_TARGET_DIR=/opt/rustwide/target" "-e" "CARGO_INCREMENTAL=0" "-e" "RUST_BACKTRACE=full" "-e" "RUSTFLAGS=--cap-lints=warn" "-e" "RUSTDOCFLAGS=--cap-lints=warn" "-w" "/opt/rustwide/workdir" "--user" "0:0" "f83b7a52702ee00ae6e66a51820a193cba7602815cc0b1cf466e8304c8b7b339" "/opt/rustwide/cargo-home/bin/cargo" "+1.99.0-beta.8" "build" "--frozen" "--message-format=json" "--release", kill_on_drop: false }`
[INFO] [stderr]    Compiling proc-macro2 v1.0.107
[INFO] [stderr]    Compiling unicode-ident v1.0.27
[INFO] [stderr]    Compiling quote v1.0.47
[INFO] [stderr]    Compiling serde_core v1.0.229
[INFO] [stderr]    Compiling serde v1.0.229
[INFO] [stderr]    Compiling thiserror v1.0.69
[INFO] [stderr]    Compiling syn v2.0.119
[INFO] [stderr]    Compiling thiserror-impl v1.0.69
[INFO] [stderr]    Compiling toml v0.5.11
[INFO] [stderr]    Compiling configit v0.3.1 (/opt/rustwide/workdir)
[INFO] [stderr]     Finished `release` profile [optimized] target(s) in 8.57s
[INFO] running `Command { std: "docker" "inspect" "f83b7a52702ee00ae6e66a51820a193cba7602815cc0b1cf466e8304c8b7b339", kill_on_drop: false }`
[INFO] running `Command { std: "docker" "exec" "-e" "SOURCE_DIR=/opt/rustwide/workdir" "-e" "CARGO_HOME=/opt/rustwide/cargo-home" "-e" "RUSTUP_HOME=/opt/rustwide/rustup-home" "-e" "CARGO_TARGET_DIR=/opt/rustwide/target" "-e" "CARGO_INCREMENTAL=0" "-e" "RUST_BACKTRACE=full" "-e" "RUSTFLAGS=--cap-lints=warn" "-e" "RUSTDOCFLAGS=--cap-lints=warn" "-w" "/opt/rustwide/workdir" "--user" "0:0" "f83b7a52702ee00ae6e66a51820a193cba7602815cc0b1cf466e8304c8b7b339" "/opt/rustwide/cargo-home/bin/cargo" "+1.99.0-beta.8" "test" "--frozen" "--no-run" "--message-format=json" "--release", kill_on_drop: false }`
[INFO] [stderr]    Compiling configit v0.3.1 (/opt/rustwide/workdir)
[INFO] [stderr]     Finished `release` profile [optimized] target(s) in 9.31s
[INFO] running `Command { std: "docker" "inspect" "f83b7a52702ee00ae6e66a51820a193cba7602815cc0b1cf466e8304c8b7b339", kill_on_drop: false }`
[INFO] running `Command { std: "docker" "exec" "-e" "SOURCE_DIR=/opt/rustwide/workdir" "-e" "CARGO_HOME=/opt/rustwide/cargo-home" "-e" "RUSTUP_HOME=/opt/rustwide/rustup-home" "-e" "CARGO_TARGET_DIR=/opt/rustwide/target" "-e" "CARGO_INCREMENTAL=0" "-e" "RUST_BACKTRACE=full" "-e" "RUSTFLAGS=--cap-lints=warn" "-e" "RUSTDOCFLAGS=--cap-lints=warn" "-w" "/opt/rustwide/workdir" "--user" "0:0" "f83b7a52702ee00ae6e66a51820a193cba7602815cc0b1cf466e8304c8b7b339" "/opt/rustwide/cargo-home/bin/cargo" "+1.99.0-beta.8" "test" "--frozen" "--release", kill_on_drop: false }`
[INFO] [stderr]     Finished `release` profile [optimized] target(s) in 0.03s
[INFO] [stderr]      Running unittests src/lib.rs (/opt/rustwide/target/release/deps/configit-d975bf3c806b0e2f)
[INFO] [stdout] 
[INFO] [stdout] running 0 tests
[INFO] [stdout] 
[INFO] [stdout] test result: ok. 0 passed; 0 failed; 0 ignored; 0 measured; 0 filtered out; finished in 0.00s
[INFO] [stdout] 
[INFO] [stderr]    Doc-tests configit
[INFO] [stdout] 
[INFO] [stdout] running 1 test
[INFO] [stdout] test src/lib.rs - (line 5) - compile ... FAILED
[INFO] [stderr] error: doctest failed, to rerun pass `--doc`
[INFO] [stdout] 
[INFO] [stdout] failures:
[INFO] [stdout] 
[INFO] [stdout] ---- src/lib.rs - (line 5) stdout ----
[INFO] [stdout] error[E0432]: unresolved import `serde_derive`
[INFO] [stdout]  --> src/lib.rs:7:5
[INFO] [stdout]   |
[INFO] [stdout] 7 | use serde_derive::Deserialize;
[INFO] [stdout]   |     ^^^^^^^^^^^^ use of unresolved module or unlinked crate `serde_derive`
[INFO] [stdout]   |
[INFO] [stdout]   = help: if you wanted to use a crate named `serde_derive`, use `cargo add serde_derive` to add it to your `Cargo.toml`
[INFO] [stdout] 
[INFO] [stdout] error[E0599]: the trait bound `AppConfig: serde::de::DeserializeOwned` is not satisfied
[INFO] [stdout]    --> src/lib.rs:16:25
[INFO] [stdout]     |
[INFO] [stdout]  11 | pub struct AppConfig {
[INFO] [stdout]     | -------------------- associated function or constant `load` not found for this struct because it doesn't satisfy `AppConfig: Loader` or `AppConfig: serde_core::de::DeserializeOwned`
[INFO] [stdout] ...
[INFO] [stdout]  16 | let config = AppConfig::load("config.toml").expect("couldn't load `config.toml` file");
[INFO] [stdout]     |                         ^^^^ associated function or constant cannot be called on `AppConfig` due to unsatisfied trait bounds
[INFO] [stdout]     |
[INFO] [stdout]     = note: the following trait bounds were not satisfied:
[INFO] [stdout]             `AppConfig: serde_core::de::DeserializeOwned`
[INFO] [stdout]             which is required by `AppConfig: Loader`
[INFO] [stdout]             `&AppConfig: serde_core::de::DeserializeOwned`
[INFO] [stdout]             which is required by `&AppConfig: Loader`
[INFO] [stdout]             `&mut AppConfig: serde_core::de::DeserializeOwned`
[INFO] [stdout]             which is required by `&mut AppConfig: Loader`
[INFO] [stdout] note: the trait `serde_core::de::DeserializeOwned` must be implemented
[INFO] [stdout]    --> /opt/rustwide/cargo-home/registry/src/index.crates.io-1949cf8c6b5b557f/serde_core-1.0.229/src/de/mod.rs:632:1
[INFO] [stdout]     |
[INFO] [stdout] 632 | pub trait DeserializeOwned: for<'de> Deserialize<'de> {}
[INFO] [stdout]     | ^^^^^^^^^^^^^^^^^^^^^^^^^^^^^^^^^^^^^^^^^^^^^^^^^^^^^
[INFO] [stdout]     = help: items from traits can only be used if the trait is implemented and in scope
[INFO] [stdout]     = note: the following trait defines an item `load`, perhaps you need to implement it:
[INFO] [stdout]             candidate #1: `Loader`
[INFO] [stdout] 
[INFO] [stdout] error: aborting due to 2 previous errors
[INFO] [stdout] 
[INFO] [stdout] Some errors have detailed explanations: E0432, E0599.
[INFO] [stdout] For more information about an error, try `rustc --explain E0432`.
[INFO] [stdout] Couldn't compile the test.
[INFO] [stdout] 
[INFO] [stdout] failures:
[INFO] [stdout]     src/lib.rs - (line 5)
[INFO] [stdout] 
[INFO] [stdout] test result: FAILED. 0 passed; 1 failed; 0 ignored; 0 measured; 0 filtered out; finished in 0.07s
[INFO] [stdout] 
[INFO] running `Command { std: "docker" "inspect" "f83b7a52702ee00ae6e66a51820a193cba7602815cc0b1cf466e8304c8b7b339", kill_on_drop: false }`
[INFO] running `Command { std: "docker" "rm" "-f" "f83b7a52702ee00ae6e66a51820a193cba7602815cc0b1cf466e8304c8b7b339", kill_on_drop: false }`
[INFO] [stdout] f83b7a52702ee00ae6e66a51820a193cba7602815cc0b1cf466e8304c8b7b339
