[INFO] fetching crate configcat 0.1.7...
[INFO] testing configcat-0.1.7 against 1.100.0-beta.1+cargoflags=--release for beta-release-1.100-2
[INFO] extracting crate configcat 0.1.7 into /workspace/builds/worker-0-tc2/source
[INFO] started tweaking crates.io crate configcat 0.1.7
[INFO] removed 0 missing examples
[INFO] removed 0 missing tests
[INFO] finished tweaking crates.io crate configcat 0.1.7
[INFO] tweaked toml for crates.io crate configcat 0.1.7 written to /workspace/builds/worker-0-tc2/source/Cargo.toml
[INFO] validating manifest of crates.io crate configcat 0.1.7 on toolchain 1.100.0-beta.1
[INFO] running `Command { std: CARGO_HOME="/workspace/cargo-home" RUSTUP_HOME="/workspace/rustup-home" "/workspace/cargo-home/bin/cargo" "+1.100.0-beta.1" "metadata" "--manifest-path" "Cargo.toml" "--no-deps", kill_on_drop: false }`
[INFO] crate crates.io crate configcat 0.1.7 already has a lockfile, it will not be regenerated
[INFO] running `Command { std: CARGO_HOME="/workspace/cargo-home" RUSTUP_HOME="/workspace/rustup-home" "/workspace/cargo-home/bin/cargo" "+1.100.0-beta.1" "fetch" "--manifest-path" "Cargo.toml", kill_on_drop: false }`
[INFO] running `Command { std: "docker" "create" "-v" "/var/lib/crater-agent-workspace/builds/worker-0-tc2/source:/opt/rustwide/workdir:ro,Z" "-v" "/var/lib/crater-agent-workspace/builds/worker-0-tc2/target:/opt/rustwide/target:rw,Z" "-v" "/var/lib/crater-agent-workspace/cargo-home:/opt/rustwide/cargo-home:ro,Z" "-v" "/var/lib/crater-agent-workspace/rustup-home:/opt/rustwide/rustup-home:ro,Z" "-m" "1610612736" "--network" "none" "ghcr.io/rust-lang/crates-build-env/linux@sha256:77db811e55d90add9212f6832c23229e3de5f1c1f9905e8cb07319ea15df73ac" "sleep" "infinity", kill_on_drop: false }`
[INFO] [stdout] 6e6d2ef6bae2671ae681e94eacd5f06a92ac7b95572bf83a90339d6ccb3174ac
[INFO] running `Command { std: "docker" "start" "6e6d2ef6bae2671ae681e94eacd5f06a92ac7b95572bf83a90339d6ccb3174ac", kill_on_drop: false }`
[INFO] running `Command { std: "docker" "inspect" "6e6d2ef6bae2671ae681e94eacd5f06a92ac7b95572bf83a90339d6ccb3174ac", kill_on_drop: false }`
[INFO] running `Command { std: "docker" "exec" "-e" "SOURCE_DIR=/opt/rustwide/workdir" "-e" "CARGO_HOME=/opt/rustwide/cargo-home" "-e" "RUSTUP_HOME=/opt/rustwide/rustup-home" "-e" "CARGO_TARGET_DIR=/opt/rustwide/target" "-w" "/opt/rustwide/workdir" "--user" "0:0" "6e6d2ef6bae2671ae681e94eacd5f06a92ac7b95572bf83a90339d6ccb3174ac" "/opt/rustwide/cargo-home/bin/cargo" "+1.100.0-beta.1" "metadata" "--no-deps" "--format-version=1", kill_on_drop: false }`
[INFO] running `Command { std: "docker" "inspect" "6e6d2ef6bae2671ae681e94eacd5f06a92ac7b95572bf83a90339d6ccb3174ac", kill_on_drop: false }`
[INFO] running `Command { std: "docker" "exec" "-e" "SOURCE_DIR=/opt/rustwide/workdir" "-e" "CARGO_HOME=/opt/rustwide/cargo-home" "-e" "RUSTUP_HOME=/opt/rustwide/rustup-home" "-e" "CARGO_TARGET_DIR=/opt/rustwide/target" "-e" "CARGO_INCREMENTAL=0" "-e" "RUST_BACKTRACE=full" "-e" "RUSTFLAGS=--cap-lints=warn" "-e" "RUSTDOCFLAGS=--cap-lints=warn" "-w" "/opt/rustwide/workdir" "--user" "0:0" "6e6d2ef6bae2671ae681e94eacd5f06a92ac7b95572bf83a90339d6ccb3174ac" "/opt/rustwide/cargo-home/bin/cargo" "+1.100.0-beta.1" "build" "--frozen" "--message-format=json" "--release", kill_on_drop: false }`
[INFO] [stderr]    Compiling unicode-ident v1.0.26
[INFO] [stderr]    Compiling find-msvc-tools v0.1.13
[INFO] [stderr]    Compiling smallvec v1.16.1
[INFO] [stderr]    Compiling bitflags v2.13.2
[INFO] [stderr]    Compiling serde_core v1.0.229
[INFO] [stderr]    Compiling mio v1.2.3
[INFO] [stderr]    Compiling futures-task v0.3.34
[INFO] [stderr]    Compiling openssl v0.10.81
[INFO] [stderr]    Compiling tracing v0.1.44
[INFO] [stderr]    Compiling indexmap v2.14.2
[INFO] [stderr]    Compiling futures-channel v0.3.34
[INFO] [stderr]    Compiling serde v1.0.229
[INFO] [stderr]    Compiling log v0.4.34
[INFO] [stderr]    Compiling encoding_rs v0.8.41
[INFO] [stderr]    Compiling ipnet v2.12.2
[INFO] [stderr]    Compiling zeroize v1.9.0
[INFO] [stderr]    Compiling proc-macro2 v1.0.107
[INFO] [stderr]    Compiling chrono v0.4.45
[INFO] [stderr]    Compiling rustls-pki-types v1.15.1
[INFO] [stderr]    Compiling sha1 v0.10.7
[INFO] [stderr]    Compiling sha2 v0.10.9
[INFO] [stderr]    Compiling cc v1.4.7
[INFO] [stderr]    Compiling futures-util v0.3.34
[INFO] [stderr]    Compiling arc-swap v1.9.2
[INFO] [stderr]    Compiling base16ct v0.3.0
[INFO] [stderr]    Compiling quote v1.0.47
[INFO] [stderr]    Compiling semver v1.0.28
[INFO] [stderr]    Compiling syn v3.0.6
[INFO] [stderr]    Compiling syn v2.0.119
[INFO] [stderr]    Compiling openssl-sys v0.9.117
[INFO] [stderr]    Compiling native-tls v0.2.18
[INFO] [stderr]    Compiling serde_json v1.0.151
[INFO] [stderr]    Compiling openssl-macros v0.1.1
[INFO] [stderr]    Compiling thiserror-impl v1.0.69
[INFO] [stderr]    Compiling thiserror v1.0.69
[INFO] [stderr]    Compiling synstructure v0.14.0
[INFO] [stderr]    Compiling zerofrom-derive v0.1.8
[INFO] [stderr]    Compiling yoke-derive v0.8.3
[INFO] [stderr]    Compiling zerovec-derive v0.11.6
[INFO] [stderr]    Compiling displaydoc v0.2.7
[INFO] [stderr]    Compiling tokio-macros v2.7.2
[INFO] [stderr]    Compiling multiversion-macros v0.9.0
[INFO] [stderr]    Compiling serde_derive v1.0.229
[INFO] [stderr]    Compiling serde_repr v0.1.21
[INFO] [stderr]    Compiling multiversion v0.9.0
[INFO] [stderr]    Compiling tokio v1.53.1
[INFO] [stderr]    Compiling zerofrom v0.1.8
[INFO] [stderr]    Compiling yoke v0.8.3
[INFO] [stderr]    Compiling zerovec v0.11.8
[INFO] [stderr]    Compiling zerotrie v0.2.5
[INFO] [stderr]    Compiling tinystr v0.8.4
[INFO] [stderr]    Compiling potential_utf v0.1.6
[INFO] [stderr]    Compiling icu_collections v2.3.0
[INFO] [stderr]    Compiling icu_locale_core v2.3.0
[INFO] [stderr]    Compiling serde_urlencoded v0.7.1
[INFO] [stderr]    Compiling icu_provider v2.3.1
[INFO] [stderr]    Compiling icu_normalizer v2.3.0
[INFO] [stderr]    Compiling icu_properties v2.3.0
[INFO] [stderr]    Compiling idna_adapter v1.2.2
[INFO] [stderr]    Compiling idna v1.1.0
[INFO] [stderr]    Compiling tokio-util v0.7.19
[INFO] [stderr]    Compiling tokio-native-tls v0.3.1
[INFO] [stderr]    Compiling tower v0.5.3
[INFO] [stderr]    Compiling url v2.5.8
[INFO] [stderr]    Compiling h2 v0.4.19
[INFO] [stderr]    Compiling tower-http v0.6.11
[INFO] [stderr]    Compiling hyper v1.11.1
[INFO] [stderr]    Compiling hyper-util v0.1.20
[INFO] [stderr]    Compiling hyper-tls v0.6.0
[INFO] [stderr]    Compiling reqwest v0.12.28
[INFO] [stderr]    Compiling configcat v0.1.7 (/opt/rustwide/workdir)
[INFO] [stderr]     Finished `release` profile [optimized] target(s) in 1m 10s
[INFO] running `Command { std: "docker" "inspect" "6e6d2ef6bae2671ae681e94eacd5f06a92ac7b95572bf83a90339d6ccb3174ac", kill_on_drop: false }`
[INFO] running `Command { std: "docker" "exec" "-e" "SOURCE_DIR=/opt/rustwide/workdir" "-e" "CARGO_HOME=/opt/rustwide/cargo-home" "-e" "RUSTUP_HOME=/opt/rustwide/rustup-home" "-e" "CARGO_TARGET_DIR=/opt/rustwide/target" "-e" "CARGO_INCREMENTAL=0" "-e" "RUST_BACKTRACE=full" "-e" "RUSTFLAGS=--cap-lints=warn" "-e" "RUSTDOCFLAGS=--cap-lints=warn" "-w" "/opt/rustwide/workdir" "--user" "0:0" "6e6d2ef6bae2671ae681e94eacd5f06a92ac7b95572bf83a90339d6ccb3174ac" "/opt/rustwide/cargo-home/bin/cargo" "+1.100.0-beta.1" "test" "--frozen" "--no-run" "--message-format=json" "--release", kill_on_drop: false }`
[INFO] [stderr]    Compiling serde_core v1.0.229
[INFO] [stderr]    Compiling zerocopy v0.8.57
[INFO] [stderr]    Compiling parking_lot_core v0.9.12
[INFO] [stderr]    Compiling zerocopy-derive v0.8.57
[INFO] [stderr]    Compiling crossbeam-utils v0.8.23
[INFO] [stderr]    Compiling num-traits v0.2.19
[INFO] [stderr]    Compiling crossbeam-epoch v0.9.21
[INFO] [stderr]    Compiling crossbeam-deque v0.8.8
[INFO] [stderr]    Compiling either v1.18.0
[INFO] [stderr]    Compiling getrandom v0.3.4
[INFO] [stderr]    Compiling aho-corasick v1.1.5
[INFO] [stderr]    Compiling ciborium-io v0.2.2
[INFO] [stderr]    Compiling clap_lex v1.1.1
[INFO] [stderr]    Compiling plotters-backend v0.3.7
[INFO] [stderr]    Compiling cast v0.3.0
[INFO] [stderr]    Compiling anes v0.1.6
[INFO] [stderr]    Compiling colored v3.1.1
[INFO] [stderr]    Compiling parking_lot v0.12.5
[INFO] [stderr]    Compiling clap_builder v4.6.7
[INFO] [stderr]    Compiling rand_core v0.9.5
[INFO] [stderr]    Compiling itertools v0.10.5
[INFO] [stderr]    Compiling itertools v0.13.0
[INFO] [stderr]    Compiling oorandom v11.1.5
[INFO] [stderr]    Compiling plotters-svg v0.3.7
[INFO] [stderr]    Compiling tokio v1.53.1
[INFO] [stderr]    Compiling regex-automata v0.4.18
[INFO] [stderr]    Compiling chrono v0.4.45
[INFO] [stderr]    Compiling rayon-core v1.13.0
[INFO] [stderr]    Compiling plotters v0.3.7
[INFO] [stderr]    Compiling rayon v1.12.0
[INFO] [stderr]    Compiling criterion-plot v0.5.0
[INFO] [stderr]    Compiling clap v4.6.7
[INFO] [stderr]    Compiling serde v1.0.229
[INFO] [stderr]    Compiling serde_json v1.0.151
[INFO] [stderr]    Compiling serde_urlencoded v0.7.1
[INFO] [stderr]    Compiling serde_yaml v0.9.34+deprecated
[INFO] [stderr]    Compiling regex v1.13.1
[INFO] [stderr]    Compiling tinytemplate v1.2.1
[INFO] [stderr]    Compiling assert-json-diff v2.0.2
[INFO] [stderr]    Compiling tokio-util v0.7.19
[INFO] [stderr]    Compiling tokio-native-tls v0.3.1
[INFO] [stderr]    Compiling tower v0.5.3
[INFO] [stderr]    Compiling h2 v0.4.19
[INFO] [stderr]    Compiling tower-http v0.6.11
[INFO] [stderr]    Compiling half v2.7.1
[INFO] [stderr]    Compiling ppv-lite86 v0.2.21
[INFO] [stderr]    Compiling rand_chacha v0.9.0
[INFO] [stderr]    Compiling ciborium-ll v0.2.2
[INFO] [stderr]    Compiling rand v0.9.5
[INFO] [stderr]    Compiling ciborium v0.2.2
[INFO] [stderr]    Compiling criterion v0.6.0
[INFO] [stderr]    Compiling hyper v1.11.1
[INFO] [stderr]    Compiling hyper-util v0.1.20
[INFO] [stderr]    Compiling hyper-tls v0.6.0
[INFO] [stderr]    Compiling mockito v1.7.2
[INFO] [stderr]    Compiling reqwest v0.12.28
[INFO] [stderr]    Compiling configcat v0.1.7 (/opt/rustwide/workdir)
[INFO] [stderr]     Finished `release` profile [optimized] target(s) in 1m 49s
[INFO] running `Command { std: "docker" "inspect" "6e6d2ef6bae2671ae681e94eacd5f06a92ac7b95572bf83a90339d6ccb3174ac", kill_on_drop: false }`
[INFO] running `Command { std: "docker" "exec" "-e" "SOURCE_DIR=/opt/rustwide/workdir" "-e" "CARGO_HOME=/opt/rustwide/cargo-home" "-e" "RUSTUP_HOME=/opt/rustwide/rustup-home" "-e" "CARGO_TARGET_DIR=/opt/rustwide/target" "-e" "CARGO_INCREMENTAL=0" "-e" "RUST_BACKTRACE=full" "-e" "RUSTFLAGS=--cap-lints=warn" "-e" "RUSTDOCFLAGS=--cap-lints=warn" "-w" "/opt/rustwide/workdir" "--user" "0:0" "6e6d2ef6bae2671ae681e94eacd5f06a92ac7b95572bf83a90339d6ccb3174ac" "/opt/rustwide/cargo-home/bin/cargo" "+1.100.0-beta.1" "test" "--frozen" "--release", kill_on_drop: false }`
[INFO] [stderr]     Finished `release` profile [optimized] target(s) in 0.26s
[INFO] [stderr]      Running unittests src/lib.rs (/opt/rustwide/target/release/build/configcat/fe73c65c555828a5/out/configcat-fe73c65c555828a5)
[INFO] [stdout] 
[INFO] [stdout] running 35 tests
[INFO] [stdout] test fetch::fetcher::data_governance_tests::should_not_respect_custom_url_when_forced ... ok
[INFO] [stdout] test fetch::fetcher::data_governance_tests::stay_on_same_url_even_with_force ... ok
[INFO] [stdout] test fetch::fetcher::fetch_tests::fetch_http ... ok
[INFO] [stdout] test fetch::fetcher::data_governance_tests::should_respect_proxy_even_when_forced ... ok
[INFO] [stdout] test fetch::fetcher::data_governance_tests::should_redirect_when_forced ... ok
[INFO] [stdout] test fetch::service::service_tests::cache_key_generation ... ok
[INFO] [stdout] test fetch::fetcher::fetch_tests::fetch_http_body_error ... ok
[INFO] [stdout] test fetch::fetcher::data_governance_tests::should_break_redirect_loop ... ok
[INFO] [stdout] test fetch::service::service_tests::fail_http_reload_from_cache ... ok
[INFO] [stdout] test fetch::fetcher::data_governance_tests::stay_on_same_url ... ok
[INFO] [stdout] test fetch::fetcher::data_governance_tests::should_redirect ... ok
[INFO] [stdout] test fetch::fetcher::data_governance_tests::should_respect_custom_url ... ok
[INFO] [stdout] test fetch::fetcher::fetch_tests::fetch_http_failed ... ok
[INFO] [stdout] test fetch::fetcher::fetch_tests::fetch_http_etag ... ok
[INFO] [stdout] test fetch::fetcher::data_governance_tests::stay_on_server ... ok
[INFO] [stdout] test model::config::model_tests::parse ... ok
[INFO] [stdout] test model::config::model_tests::parse_invalid ... ok
[INFO] [stdout] test model::config::model_tests::set_fetch_time ... ok
[INFO] [stdout] test utils::utils_test::hash ... ok
[INFO] [stdout] test utils::utils_test::semver_ignore_build_meta ... ok
[INFO] [stdout] test fetch::service::service_tests::wait_for_init_expired_fetch ... ok
[INFO] [stdout] test fetch::service::service_tests::wait_for_init_expired_fetch_fail ... ok
[INFO] [stdout] test fetch::service::service_tests::poll_cache_write ... ok
[INFO] [stdout] test fetch::service::service_tests::manual_poll ... ok
[INFO] [stdout] test fetch::service::service_tests::wait_for_init_manual_fail ... ok
[INFO] [stdout] test fetch::service::service_tests::wait_for_init_no_cache_fail ... ok
[INFO] [stdout] test fetch::service::service_tests::wait_for_init_cached ... ok
[INFO] [stdout] test fetch::service::service_tests::online_offline ... ok
[INFO] [stdout] test fetch::service::service_tests::wait_for_init_manual ... ok
[INFO] [stdout] test fetch::service::service_tests::poll_respects_cache_expiration ... ok
[INFO] [stdout] test fetch::service::service_tests::lazy_load_failed ... ok
[INFO] [stdout] test fetch::service::service_tests::lazy_load ... ok
[INFO] [stdout] test fetch::service::service_tests::auto_poll ... ok
[INFO] [stdout] test fetch::service::service_tests::auto_poll_failed ... ok
[INFO] [stdout] test fetch::service::service_tests::offline ... ok
[INFO] [stdout] 
[INFO] [stdout] test result: ok. 35 passed; 0 failed; 0 ignored; 0 measured; 0 filtered out; finished in 0.88s
[INFO] [stdout] 
[INFO] [stderr]      Running tests/client.rs (/opt/rustwide/target/release/build/configcat/4fee3b93f3487efb/out/client-4fee3b93f3487efb)
[INFO] [stdout] 
[INFO] [stdout] running 9 tests
[INFO] [stdout] test get_all_keys ... ok
[INFO] [stdout] test get_all_values_with_user ... ok
[INFO] [stdout] test default_value_type_mismatch ... ok
[INFO] [stdout] test get_all_keys_empty ... ok
[INFO] [stdout] test default_user_flag ... ok
[INFO] [stdout] test get_all_values ... ok
[INFO] [stdout] test default_user_value ... ok
[INFO] [stdout] test dbg ... ok
[INFO] [stdout] test default_user_set_clear ... ok
[INFO] [stdout] 
[INFO] [stdout] test result: ok. 9 passed; 0 failed; 0 ignored; 0 measured; 0 filtered out; finished in 0.13s
[INFO] [stdout] 
[INFO] [stderr]      Running tests/eval.rs (/opt/rustwide/target/release/build/configcat/4e4e59e90dfc8fa8/out/eval-4e4e59e90dfc8fa8)
[INFO] [stdout] 
[INFO] [stdout] running 11 tests
[INFO] [stdout] test comp_attr_canonical_str_representation ... ok
[INFO] [stdout] test attr_trim ... ok
[INFO] [stdout] test prerequisite_flag_overrides ... FAILED
[INFO] [stdout] test attr_val_conv_str_vec ... FAILED
[INFO] [stdout] test segment_overrides ... FAILED
[INFO] [stdout] test attr_val_conv_num ... FAILED
[INFO] [stdout] test attr_val_conv_date ... FAILED
[INFO] [stdout] test spec_chars ... FAILED
[INFO] [stdout] test comp_val_trim ... ok
[INFO] [stdout] test matched_eval_rule_percentage_opts ... FAILED
[INFO] [stdout] test attr_val_conv_str ... FAILED
[INFO] [stdout] 
[INFO] [stdout] failures:
[INFO] [stdout] 
[INFO] [stdout] ---- prerequisite_flag_overrides stdout ----
[INFO] [stdout] 
[INFO] [stdout] thread 'prerequisite_flag_overrides' (3025) panicked at tests/eval.rs:43:38:
[INFO] [stdout] called `Option::unwrap()` on a `None` value
[INFO] [stdout] stack backtrace:
[INFO] [stdout]    0:     0x625b1e7d6f31 - <<std[617be2ca0a6fd877]::sys::backtrace::BacktraceLock>::print::DisplayBacktrace as core[a373ad73a504971]::fmt::Display>::fmt
[INFO] [stdout]    1:     0x625b1e7edc3a - core[a373ad73a504971]::fmt::write
[INFO] [stdout]    2:     0x625b1e7db8ec - <alloc[2e1b2a31b91974c5]::vec::Vec<u8> as core[a373ad73a504971]::io::write::Write>::write_fmt
[INFO] [stdout]    3:     0x625b1e7b1f36 - std[617be2ca0a6fd877]::panicking::default_hook::{closure#0}
[INFO] [stdout]    4:     0x625b1e7ceaa9 - std[617be2ca0a6fd877]::panicking::default_hook
[INFO] [stdout]    5:     0x625b1e5c1c50 - test[aada8e7e76ba119b]::test_main_inner::{closure#0}
[INFO] [stdout]    6:     0x625b1e7cedd2 - std[617be2ca0a6fd877]::panicking::panic_with_hook
[INFO] [stdout]    7:     0x625b1e7b2014 - std[617be2ca0a6fd877]::panicking::panic_handler::{closure#0}
[INFO] [stdout]    8:     0x625b1e7aaa89 - std[617be2ca0a6fd877]::sys::backtrace::__rust_end_short_backtrace::<std[617be2ca0a6fd877]::panicking::panic_handler::{closure#0}, !>
[INFO] [stdout]    9:     0x625b1e7b2ddd - __rustc[ea4f61d10b84890b]::rust_begin_unwind
[INFO] [stdout]   10:     0x625b1e7ee39c - core[a373ad73a504971]::panicking::panic_fmt
[INFO] [stdout]   11:     0x625b1e7ee362 - core[a373ad73a504971]::panicking::panic
[INFO] [stdout]   12:     0x625b1e7ee119 - core[a373ad73a504971]::option::unwrap_failed
[INFO] [stdout]   13:     0x625b1e59f38d - eval[62272f73cf50c8a9]::prerequisite_flag_overrides::{closure#0}
[INFO] [stdout]   14:     0x625b1e5b1593 - <tokio[6ff57f27658eef28]::runtime::scheduler::current_thread::Context>::enter::<core[a373ad73a504971]::task::poll::Poll<()>, <tokio[6ff57f27658eef28]::runtime::scheduler::current_thread::CoreGuard>::block_on<core[a373ad73a504971]::pin::Pin<&mut core[a373ad73a504971]::pin::Pin<&mut dyn core[a373ad73a504971]::future::future::Future<Output = ()>>>>::{closure#0}::{closure#0}>
[INFO] [stdout]   15:     0x625b1e5b3dfc - <tokio[6ff57f27658eef28]::runtime::context::scoped::Scoped<tokio[6ff57f27658eef28]::runtime::scheduler::Context>>::set::<<tokio[6ff57f27658eef28]::runtime::scheduler::current_thread::CoreGuard>::enter<<tokio[6ff57f27658eef28]::runtime::scheduler::current_thread::CoreGuard>::block_on<core[a373ad73a504971]::pin::Pin<&mut core[a373ad73a504971]::pin::Pin<&mut dyn core[a373ad73a504971]::future::future::Future<Output = ()>>>>::{closure#0}, core[a373ad73a504971]::option::Option<()>>::{closure#0}, (alloc[2e1b2a31b91974c5]::boxed::Box<tokio[6ff57f27658eef28]::runtime::scheduler::current_thread::Core>, core[a373ad73a504971]::option::Option<()>)>
[INFO] [stdout]   16:     0x625b1e5b1737 - <tokio[6ff57f27658eef28]::runtime::scheduler::current_thread::CoreGuard>::block_on::<core[a373ad73a504971]::pin::Pin<&mut core[a373ad73a504971]::pin::Pin<&mut dyn core[a373ad73a504971]::future::future::Future<Output = ()>>>>
[INFO] [stdout]   17:     0x625b1e5b4d86 - tokio[6ff57f27658eef28]::runtime::context::runtime::enter_runtime::<<tokio[6ff57f27658eef28]::runtime::scheduler::current_thread::CurrentThread>::block_on<core[a373ad73a504971]::pin::Pin<&mut dyn core[a373ad73a504971]::future::future::Future<Output = ()>>>::{closure#0}, ()>
[INFO] [stdout]   18:     0x625b1e5b2bb5 - <tokio[6ff57f27658eef28]::runtime::runtime::Runtime>::block_on::<core[a373ad73a504971]::pin::Pin<&mut dyn core[a373ad73a504971]::future::future::Future<Output = ()>>>
[INFO] [stdout]   19:     0x625b1e5a925e - <eval[62272f73cf50c8a9]::prerequisite_flag_overrides::{closure#0} as core[a373ad73a504971]::ops::function::FnOnce<()>>::call_once
[INFO] [stdout]   20:     0x625b1e5b509b - test[aada8e7e76ba119b]::__rust_begin_short_backtrace::<core[a373ad73a504971]::result::Result<(), alloc[2e1b2a31b91974c5]::string::String>, fn() -> core[a373ad73a504971]::result::Result<(), alloc[2e1b2a31b91974c5]::string::String>>
[INFO] [stdout]   21:     0x625b1e5c2275 - test[aada8e7e76ba119b]::run_test::{closure#0}
[INFO] [stdout]   22:     0x625b1e5bbb64 - std[617be2ca0a6fd877]::sys::backtrace::__rust_begin_short_backtrace::<test[aada8e7e76ba119b]::run_test::{closure#1}, ()>
[INFO] [stdout]   23:     0x625b1e5c5302 - <std[617be2ca0a6fd877]::thread::lifecycle::spawn_unchecked<test[aada8e7e76ba119b]::run_test::{closure#1}, ()>::{closure#1} as core[a373ad73a504971]::ops::function::FnOnce<()>>::call_once::{shim:vtable#0}
[INFO] [stdout]   24:     0x625b1e7d607f - <std[617be2ca0a6fd877]::sys::thread::unix::Thread>::new::thread_start
[INFO] [stdout]   25:     0x70796985bdfa - <unknown>
[INFO] [stdout]   26:     0x7079698ef3d4 - clone
[INFO] [stdout]   27:                0x0 - <unknown>
[INFO] [stdout] 
[INFO] [stdout] ---- attr_val_conv_str_vec stdout ----
[INFO] [stdout] 
[INFO] [stdout] thread 'attr_val_conv_str_vec' (3021) panicked at tests/eval.rs:394:34:
[INFO] [stdout] called `Option::unwrap()` on a `None` value
[INFO] [stdout] stack backtrace:
[INFO] [stdout]    0:     0x625b1e7d6f31 - <<std[617be2ca0a6fd877]::sys::backtrace::BacktraceLock>::print::DisplayBacktrace as core[a373ad73a504971]::fmt::Display>::fmt
[INFO] [stdout]    1:     0x625b1e7edc3a - core[a373ad73a504971]::fmt::write
[INFO] [stdout]    2:     0x625b1e7db8ec - <alloc[2e1b2a31b91974c5]::vec::Vec<u8> as core[a373ad73a504971]::io::write::Write>::write_fmt
[INFO] [stdout]    3:     0x625b1e7b1f36 - std[617be2ca0a6fd877]::panicking::default_hook::{closure#0}
[INFO] [stdout]    4:     0x625b1e7ceaa9 - std[617be2ca0a6fd877]::panicking::default_hook
[INFO] [stdout]    5:     0x625b1e5c1c50 - test[aada8e7e76ba119b]::test_main_inner::{closure#0}
[INFO] [stdout]    6:     0x625b1e7cedd2 - std[617be2ca0a6fd877]::panicking::panic_with_hook
[INFO] [stdout]    7:     0x625b1e7b2014 - std[617be2ca0a6fd877]::panicking::panic_handler::{closure#0}
[INFO] [stdout]    8:     0x625b1e7aaa89 - std[617be2ca0a6fd877]::sys::backtrace::__rust_end_short_backtrace::<std[617be2ca0a6fd877]::panicking::panic_handler::{closure#0}, !>
[INFO] [stdout]    9:     0x625b1e7b2ddd - __rustc[ea4f61d10b84890b]::rust_begin_unwind
[INFO] [stdout]   10:     0x625b1e7ee39c - core[a373ad73a504971]::panicking::panic_fmt
[INFO] [stdout]   11:     0x625b1e7ee362 - core[a373ad73a504971]::panicking::panic
[INFO] [stdout]   12:     0x625b1e7ee119 - core[a373ad73a504971]::option::unwrap_failed
[INFO] [stdout]   13:     0x625b1e59e6bb - eval[62272f73cf50c8a9]::attr_val_conv_str_vec::{closure#0}
[INFO] [stdout]   14:     0x625b1e5b1593 - <tokio[6ff57f27658eef28]::runtime::scheduler::current_thread::Context>::enter::<core[a373ad73a504971]::task::poll::Poll<()>, <tokio[6ff57f27658eef28]::runtime::scheduler::current_thread::CoreGuard>::block_on<core[a373ad73a504971]::pin::Pin<&mut core[a373ad73a504971]::pin::Pin<&mut dyn core[a373ad73a504971]::future::future::Future<Output = ()>>>>::{closure#0}::{closure#0}>
[INFO] [stdout]   15:     0x625b1e5b3dfc - <tokio[6ff57f27658eef28]::runtime::context::scoped::Scoped<tokio[6ff57f27658eef28]::runtime::scheduler::Context>>::set::<<tokio[6ff57f27658eef28]::runtime::scheduler::current_thread::CoreGuard>::enter<<tokio[6ff57f27658eef28]::runtime::scheduler::current_thread::CoreGuard>::block_on<core[a373ad73a504971]::pin::Pin<&mut core[a373ad73a504971]::pin::Pin<&mut dyn core[a373ad73a504971]::future::future::Future<Output = ()>>>>::{closure#0}, core[a373ad73a504971]::option::Option<()>>::{closure#0}, (alloc[2e1b2a31b91974c5]::boxed::Box<tokio[6ff57f27658eef28]::runtime::scheduler::current_thread::Core>, core[a373ad73a504971]::option::Option<()>)>
[INFO] [stdout]   16:     0x625b1e5b1737 - <tokio[6ff57f27658eef28]::runtime::scheduler::current_thread::CoreGuard>::block_on::<core[a373ad73a504971]::pin::Pin<&mut core[a373ad73a504971]::pin::Pin<&mut dyn core[a373ad73a504971]::future::future::Future<Output = ()>>>>
[INFO] [stdout]   17:     0x625b1e5b4d86 - tokio[6ff57f27658eef28]::runtime::context::runtime::enter_runtime::<<tokio[6ff57f27658eef28]::runtime::scheduler::current_thread::CurrentThread>::block_on<core[a373ad73a504971]::pin::Pin<&mut dyn core[a373ad73a504971]::future::future::Future<Output = ()>>>::{closure#0}, ()>
[INFO] [stdout]   18:     0x625b1e5b2bb5 - <tokio[6ff57f27658eef28]::runtime::runtime::Runtime>::block_on::<core[a373ad73a504971]::pin::Pin<&mut dyn core[a373ad73a504971]::future::future::Future<Output = ()>>>
[INFO] [stdout]   19:     0x625b1e5a90ae - <eval[62272f73cf50c8a9]::attr_val_conv_str_vec::{closure#0} as core[a373ad73a504971]::ops::function::FnOnce<()>>::call_once
[INFO] [stdout]   20:     0x625b1e5b509b - test[aada8e7e76ba119b]::__rust_begin_short_backtrace::<core[a373ad73a504971]::result::Result<(), alloc[2e1b2a31b91974c5]::string::String>, fn() -> core[a373ad73a504971]::result::Result<(), alloc[2e1b2a31b91974c5]::string::String>>
[INFO] [stdout]   21:     0x625b1e5c2275 - test[aada8e7e76ba119b]::run_test::{closure#0}
[INFO] [stdout]   22:     0x625b1e5bbb64 - std[617be2ca0a6fd877]::sys::backtrace::__rust_begin_short_backtrace::<test[aada8e7e76ba119b]::run_test::{closure#1}, ()>
[INFO] [stdout]   23:     0x625b1e5c5302 - <std[617be2ca0a6fd877]::thread::lifecycle::spawn_unchecked<test[aada8e7e76ba119b]::run_test::{closure#1}, ()>::{closure#1} as core[a373ad73a504971]::ops::function::FnOnce<()>>::call_once::{shim:vtable#0}
[INFO] [stdout]   24:     0x625b1e7d607f - <std[617be2ca0a6fd877]::sys::thread::unix::Thread>::new::thread_start
[INFO] [stdout]   25:     0x70796985bdfa - <unknown>
[INFO] [stdout]   26:     0x7079698ef3d4 - clone
[INFO] [stdout]   27:                0x0 - <unknown>
[INFO] [stdout] 
[INFO] [stdout] ---- segment_overrides stdout ----
[INFO] [stdout] 
[INFO] [stdout] thread 'segment_overrides' (3026) panicked at tests/eval.rs:74:38:
[INFO] [stdout] called `Option::unwrap()` on a `None` value
[INFO] [stdout] stack backtrace:
[INFO] [stdout]    0:     0x625b1e7d6f31 - <<std[617be2ca0a6fd877]::sys::backtrace::BacktraceLock>::print::DisplayBacktrace as core[a373ad73a504971]::fmt::Display>::fmt
[INFO] [stdout]    1:     0x625b1e7edc3a - core[a373ad73a504971]::fmt::write
[INFO] [stdout]    2:     0x625b1e7db8ec - <alloc[2e1b2a31b91974c5]::vec::Vec<u8> as core[a373ad73a504971]::io::write::Write>::write_fmt
[INFO] [stdout]    3:     0x625b1e7b1f36 - std[617be2ca0a6fd877]::panicking::default_hook::{closure#0}
[INFO] [stdout]    4:     0x625b1e7ceaa9 - std[617be2ca0a6fd877]::panicking::default_hook
[INFO] [stdout]    5:     0x625b1e5c1c50 - test[aada8e7e76ba119b]::test_main_inner::{closure#0}
[INFO] [stdout]    6:     0x625b1e7cedd2 - std[617be2ca0a6fd877]::panicking::panic_with_hook
[INFO] [stdout]    7:     0x625b1e7b2014 - std[617be2ca0a6fd877]::panicking::panic_handler::{closure#0}
[INFO] [stdout]    8:     0x625b1e7aaa89 - std[617be2ca0a6fd877]::sys::backtrace::__rust_end_short_backtrace::<std[617be2ca0a6fd877]::panicking::panic_handler::{closure#0}, !>
[INFO] [stdout]    9:     0x625b1e7b2ddd - __rustc[ea4f61d10b84890b]::rust_begin_unwind
[INFO] [stdout]   10:     0x625b1e7ee39c - core[a373ad73a504971]::panicking::panic_fmt
[INFO] [stdout]   11:     0x625b1e7ee362 - core[a373ad73a504971]::panicking::panic
[INFO] [stdout]   12:     0x625b1e7ee119 - core[a373ad73a504971]::option::unwrap_failed
[INFO] [stdout]   13:     0x625b1e59aefa - eval[62272f73cf50c8a9]::segment_overrides::{closure#0}
[INFO] [stdout]   14:     0x625b1e5b1593 - <tokio[6ff57f27658eef28]::runtime::scheduler::current_thread::Context>::enter::<core[a373ad73a504971]::task::poll::Poll<()>, <tokio[6ff57f27658eef28]::runtime::scheduler::current_thread::CoreGuard>::block_on<core[a373ad73a504971]::pin::Pin<&mut core[a373ad73a504971]::pin::Pin<&mut dyn core[a373ad73a504971]::future::future::Future<Output = ()>>>>::{closure#0}::{closure#0}>
[INFO] [stdout]   15:     0x625b1e5b3dfc - <tokio[6ff57f27658eef28]::runtime::context::scoped::Scoped<tokio[6ff57f27658eef28]::runtime::scheduler::Context>>::set::<<tokio[6ff57f27658eef28]::runtime::scheduler::current_thread::CoreGuard>::enter<<tokio[6ff57f27658eef28]::runtime::scheduler::current_thread::CoreGuard>::block_on<core[a373ad73a504971]::pin::Pin<&mut core[a373ad73a504971]::pin::Pin<&mut dyn core[a373ad73a504971]::future::future::Future<Output = ()>>>>::{closure#0}, core[a373ad73a504971]::option::Option<()>>::{closure#0}, (alloc[2e1b2a31b91974c5]::boxed::Box<tokio[6ff57f27658eef28]::runtime::scheduler::current_thread::Core>, core[a373ad73a504971]::option::Option<()>)>
[INFO] [stdout]   16:     0x625b1e5b1737 - <tokio[6ff57f27658eef28]::runtime::scheduler::current_thread::CoreGuard>::block_on::<core[a373ad73a504971]::pin::Pin<&mut core[a373ad73a504971]::pin::Pin<&mut dyn core[a373ad73a504971]::future::future::Future<Output = ()>>>>
[INFO] [stdout]   17:     0x625b1e5b4d86 - tokio[6ff57f27658eef28]::runtime::context::runtime::enter_runtime::<<tokio[6ff57f27658eef28]::runtime::scheduler::current_thread::CurrentThread>::block_on<core[a373ad73a504971]::pin::Pin<&mut dyn core[a373ad73a504971]::future::future::Future<Output = ()>>>::{closure#0}, ()>
[INFO] [stdout]   18:     0x625b1e5b2bb5 - <tokio[6ff57f27658eef28]::runtime::runtime::Runtime>::block_on::<core[a373ad73a504971]::pin::Pin<&mut dyn core[a373ad73a504971]::future::future::Future<Output = ()>>>
[INFO] [stdout]   19:     0x625b1e5a8d5e - <eval[62272f73cf50c8a9]::segment_overrides::{closure#0} as core[a373ad73a504971]::ops::function::FnOnce<()>>::call_once
[INFO] [stdout]   20:     0x625b1e5b509b - test[aada8e7e76ba119b]::__rust_begin_short_backtrace::<core[a373ad73a504971]::result::Result<(), alloc[2e1b2a31b91974c5]::string::String>, fn() -> core[a373ad73a504971]::result::Result<(), alloc[2e1b2a31b91974c5]::string::String>>
[INFO] [stdout]   21:     0x625b1e5c2275 - test[aada8e7e76ba119b]::run_test::{closure#0}
[INFO] [stdout]   22:     0x625b1e5bbb64 - std[617be2ca0a6fd877]::sys::backtrace::__rust_begin_short_backtrace::<test[aada8e7e76ba119b]::run_test::{closure#1}, ()>
[INFO] [stdout]   23:     0x625b1e5c5302 - <std[617be2ca0a6fd877]::thread::lifecycle::spawn_unchecked<test[aada8e7e76ba119b]::run_test::{closure#1}, ()>::{closure#1} as core[a373ad73a504971]::ops::function::FnOnce<()>>::call_once::{shim:vtable#0}
[INFO] [stdout]   24:     0x625b1e7d607f - <std[617be2ca0a6fd877]::sys::thread::unix::Thread>::new::thread_start
[INFO] [stdout]   25:     0x70796985bdfa - <unknown>
[INFO] [stdout]   26:     0x7079698ef3d4 - clone
[INFO] [stdout]   27:                0x0 - <unknown>
[INFO] [stdout] 
[INFO] [stdout] ---- attr_val_conv_num stdout ----
[INFO] [stdout] 
[INFO] [stdout] thread 'attr_val_conv_num' (3019) panicked at tests/eval.rs:333:34:
[INFO] [stdout] called `Option::unwrap()` on a `None` value
[INFO] [stdout] stack backtrace:
[INFO] [stdout]    0:     0x625b1e7d6f31 - <<std[617be2ca0a6fd877]::sys::backtrace::BacktraceLock>::print::DisplayBacktrace as core[a373ad73a504971]::fmt::Display>::fmt
[INFO] [stdout]    1:     0x625b1e7edc3a - core[a373ad73a504971]::fmt::write
[INFO] [stdout]    2:     0x625b1e7db8ec - <alloc[2e1b2a31b91974c5]::vec::Vec<u8> as core[a373ad73a504971]::io::write::Write>::write_fmt
[INFO] [stdout]    3:     0x625b1e7b1f36 - std[617be2ca0a6fd877]::panicking::default_hook::{closure#0}
[INFO] [stdout]    4:     0x625b1e7ceaa9 - std[617be2ca0a6fd877]::panicking::default_hook
[INFO] [stdout]    5:     0x625b1e5c1c50 - test[aada8e7e76ba119b]::test_main_inner::{closure#0}
[INFO] [stdout]    6:     0x625b1e7cedd2 - std[617be2ca0a6fd877]::panicking::panic_with_hook
[INFO] [stdout]    7:     0x625b1e7b2014 - std[617be2ca0a6fd877]::panicking::panic_handler::{closure#0}
[INFO] [stdout]    8:     0x625b1e7aaa89 - std[617be2ca0a6fd877]::sys::backtrace::__rust_end_short_backtrace::<std[617be2ca0a6fd877]::panicking::panic_handler::{closure#0}, !>
[INFO] [stdout]    9:     0x625b1e7b2ddd - __rustc[ea4f61d10b84890b]::rust_begin_unwind
[INFO] [stdout]   10:     0x625b1e7ee39c - core[a373ad73a504971]::panicking::panic_fmt
[INFO] [stdout]   11:     0x625b1e7ee362 - core[a373ad73a504971]::panicking::panic
[INFO] [stdout]   12:     0x625b1e7ee119 - core[a373ad73a504971]::option::unwrap_failed
[INFO] [stdout]   13:     0x625b1e59982e - eval[62272f73cf50c8a9]::attr_val_conv_num::{closure#0}
[INFO] [stdout]   14:     0x625b1e5b1593 - <tokio[6ff57f27658eef28]::runtime::scheduler::current_thread::Context>::enter::<core[a373ad73a504971]::task::poll::Poll<()>, <tokio[6ff57f27658eef28]::runtime::scheduler::current_thread::CoreGuard>::block_on<core[a373ad73a504971]::pin::Pin<&mut core[a373ad73a504971]::pin::Pin<&mut dyn core[a373ad73a504971]::future::future::Future<Output = ()>>>>::{closure#0}::{closure#0}>
[INFO] [stdout]   15:     0x625b1e5b3dfc - <tokio[6ff57f27658eef28]::runtime::context::scoped::Scoped<tokio[6ff57f27658eef28]::runtime::scheduler::Context>>::set::<<tokio[6ff57f27658eef28]::runtime::scheduler::current_thread::CoreGuard>::enter<<tokio[6ff57f27658eef28]::runtime::scheduler::current_thread::CoreGuard>::block_on<core[a373ad73a504971]::pin::Pin<&mut core[a373ad73a504971]::pin::Pin<&mut dyn core[a373ad73a504971]::future::future::Future<Output = ()>>>>::{closure#0}, core[a373ad73a504971]::option::Option<()>>::{closure#0}, (alloc[2e1b2a31b91974c5]::boxed::Box<tokio[6ff57f27658eef28]::runtime::scheduler::current_thread::Core>, core[a373ad73a504971]::option::Option<()>)>
[INFO] [stdout]   16:     0x625b1e5b1737 - <tokio[6ff57f27658eef28]::runtime::scheduler::current_thread::CoreGuard>::block_on::<core[a373ad73a504971]::pin::Pin<&mut core[a373ad73a504971]::pin::Pin<&mut dyn core[a373ad73a504971]::future::future::Future<Output = ()>>>>
[INFO] [stdout]   17:     0x625b1e5b4d86 - tokio[6ff57f27658eef28]::runtime::context::runtime::enter_runtime::<<tokio[6ff57f27658eef28]::runtime::scheduler::current_thread::CurrentThread>::block_on<core[a373ad73a504971]::pin::Pin<&mut dyn core[a373ad73a504971]::future::future::Future<Output = ()>>>::{closure#0}, ()>
[INFO] [stdout]   18:     0x625b1e5b2bb5 - <tokio[6ff57f27658eef28]::runtime::runtime::Runtime>::block_on::<core[a373ad73a504971]::pin::Pin<&mut dyn core[a373ad73a504971]::future::future::Future<Output = ()>>>
[INFO] [stdout]   19:     0x625b1e5a89fe - <eval[62272f73cf50c8a9]::attr_val_conv_num::{closure#0} as core[a373ad73a504971]::ops::function::FnOnce<()>>::call_once
[INFO] [stdout]   20:     0x625b1e5b509b - test[aada8e7e76ba119b]::__rust_begin_short_backtrace::<core[a373ad73a504971]::result::Result<(), alloc[2e1b2a31b91974c5]::string::String>, fn() -> core[a373ad73a504971]::result::Result<(), alloc[2e1b2a31b91974c5]::string::String>>
[INFO] [stdout]   21:     0x625b1e5c2275 - test[aada8e7e76ba119b]::run_test::{closure#0}
[INFO] [stdout]   22:     0x625b1e5bbb64 - std[617be2ca0a6fd877]::sys::backtrace::__rust_begin_short_backtrace::<test[aada8e7e76ba119b]::run_test::{closure#1}, ()>
[INFO] [stdout]   23:     0x625b1e5c5302 - <std[617be2ca0a6fd877]::thread::lifecycle::spawn_unchecked<test[aada8e7e76ba119b]::run_test::{closure#1}, ()>::{closure#1} as core[a373ad73a504971]::ops::function::FnOnce<()>>::call_once::{shim:vtable#0}
[INFO] [stdout]   24:     0x625b1e7d607f - <std[617be2ca0a6fd877]::sys::thread::unix::Thread>::new::thread_start
[INFO] [stdout]   25:     0x70796985bdfa - <unknown>
[INFO] [stdout]   26:     0x7079698ef3d4 - clone
[INFO] [stdout]   27:                0x0 - <unknown>
[INFO] [stdout] 
[INFO] [stdout] ---- attr_val_conv_date stdout ----
[INFO] [stdout] 
[INFO] [stdout] thread 'attr_val_conv_date' (3018) panicked at tests/eval.rs:374:34:
[INFO] [stdout] called `Option::unwrap()` on a `None` value
[INFO] [stdout] stack backtrace:
[INFO] [stdout]    0:     0x625b1e7d6f31 - <<std[617be2ca0a6fd877]::sys::backtrace::BacktraceLock>::print::DisplayBacktrace as core[a373ad73a504971]::fmt::Display>::fmt
[INFO] [stdout]    1:     0x625b1e7edc3a - core[a373ad73a504971]::fmt::write
[INFO] [stdout]    2:     0x625b1e7db8ec - <alloc[2e1b2a31b91974c5]::vec::Vec<u8> as core[a373ad73a504971]::io::write::Write>::write_fmt
[INFO] [stdout]    3:     0x625b1e7b1f36 - std[617be2ca0a6fd877]::panicking::default_hook::{closure#0}
[INFO] [stdout]    4:     0x625b1e7ceaa9 - std[617be2ca0a6fd877]::panicking::default_hook
[INFO] [stdout]    5:     0x625b1e5c1c50 - test[aada8e7e76ba119b]::test_main_inner::{closure#0}
[INFO] [stdout]    6:     0x625b1e7cedd2 - std[617be2ca0a6fd877]::panicking::panic_with_hook
[INFO] [stdout]    7:     0x625b1e7b2014 - std[617be2ca0a6fd877]::panicking::panic_handler::{closure#0}
[INFO] [stdout]    8:     0x625b1e7aaa89 - std[617be2ca0a6fd877]::sys::backtrace::__rust_end_short_backtrace::<std[617be2ca0a6fd877]::panicking::panic_handler::{closure#0}, !>
[INFO] [stdout]    9:     0x625b1e7b2ddd - __rustc[ea4f61d10b84890b]::rust_begin_unwind
[INFO] [stdout]   10:     0x625b1e7ee39c - core[a373ad73a504971]::panicking::panic_fmt
[INFO] [stdout]   11:     0x625b1e7ee362 - core[a373ad73a504971]::panicking::panic
[INFO] [stdout]   12:     0x625b1e7ee119 - core[a373ad73a504971]::option::unwrap_failed
[INFO] [stdout]   13:     0x625b1e59d887 - eval[62272f73cf50c8a9]::attr_val_conv_date::{closure#0}
[INFO] [stdout]   14:     0x625b1e5b1593 - <tokio[6ff57f27658eef28]::runtime::scheduler::current_thread::Context>::enter::<core[a373ad73a504971]::task::poll::Poll<()>, <tokio[6ff57f27658eef28]::runtime::scheduler::current_thread::CoreGuard>::block_on<core[a373ad73a504971]::pin::Pin<&mut core[a373ad73a504971]::pin::Pin<&mut dyn core[a373ad73a504971]::future::future::Future<Output = ()>>>>::{closure#0}::{closure#0}>
[INFO] [stdout]   15:     0x625b1e5b3dfc - <tokio[6ff57f27658eef28]::runtime::context::scoped::Scoped<tokio[6ff57f27658eef28]::runtime::scheduler::Context>>::set::<<tokio[6ff57f27658eef28]::runtime::scheduler::current_thread::CoreGuard>::enter<<tokio[6ff57f27658eef28]::runtime::scheduler::current_thread::CoreGuard>::block_on<core[a373ad73a504971]::pin::Pin<&mut core[a373ad73a504971]::pin::Pin<&mut dyn core[a373ad73a504971]::future::future::Future<Output = ()>>>>::{closure#0}, core[a373ad73a504971]::option::Option<()>>::{closure#0}, (alloc[2e1b2a31b91974c5]::boxed::Box<tokio[6ff57f27658eef28]::runtime::scheduler::current_thread::Core>, core[a373ad73a504971]::option::Option<()>)>
[INFO] [stdout]   16:     0x625b1e5b1737 - <tokio[6ff57f27658eef28]::runtime::scheduler::current_thread::CoreGuard>::block_on::<core[a373ad73a504971]::pin::Pin<&mut core[a373ad73a504971]::pin::Pin<&mut dyn core[a373ad73a504971]::future::future::Future<Output = ()>>>>
[INFO] [stdout]   17:     0x625b1e5b4d86 - tokio[6ff57f27658eef28]::runtime::context::runtime::enter_runtime::<<tokio[6ff57f27658eef28]::runtime::scheduler::current_thread::CurrentThread>::block_on<core[a373ad73a504971]::pin::Pin<&mut dyn core[a373ad73a504971]::future::future::Future<Output = ()>>>::{closure#0}, ()>
[INFO] [stdout]   18:     0x625b1e5b2bb5 - <tokio[6ff57f27658eef28]::runtime::runtime::Runtime>::block_on::<core[a373ad73a504971]::pin::Pin<&mut dyn core[a373ad73a504971]::future::future::Future<Output = ()>>>
[INFO] [stdout]   19:     0x625b1e5a8f4e - <eval[62272f73cf50c8a9]::attr_val_conv_date::{closure#0} as core[a373ad73a504971]::ops::function::FnOnce<()>>::call_once
[INFO] [stdout]   20:     0x625b1e5b509b - test[aada8e7e76ba119b]::__rust_begin_short_backtrace::<core[a373ad73a504971]::result::Result<(), alloc[2e1b2a31b91974c5]::string::String>, fn() -> core[a373ad73a504971]::result::Result<(), alloc[2e1b2a31b91974c5]::string::String>>
[INFO] [stdout]   21:     0x625b1e5c2275 - test[aada8e7e76ba119b]::run_test::{closure#0}
[INFO] [stdout]   22:     0x625b1e5bbb64 - std[617be2ca0a6fd877]::sys::backtrace::__rust_begin_short_backtrace::<test[aada8e7e76ba119b]::run_test::{closure#1}, ()>
[INFO] [stdout]   23:     0x625b1e5c5302 - <std[617be2ca0a6fd877]::thread::lifecycle::spawn_unchecked<test[aada8e7e76ba119b]::run_test::{closure#1}, ()>::{closure#1} as core[a373ad73a504971]::ops::function::FnOnce<()>>::call_once::{shim:vtable#0}
[INFO] [stdout]   24:     0x625b1e7d607f - <std[617be2ca0a6fd877]::sys::thread::unix::Thread>::new::thread_start
[INFO] [stdout]   25:     0x70796985bdfa - <unknown>
[INFO] [stdout]   26:     0x7079698ef3d4 - clone
[INFO] [stdout]   27:                0x0 - <unknown>
[INFO] [stdout] 
[INFO] [stdout] ---- spec_chars stdout ----
[INFO] [stdout] 
[INFO] [stdout] thread 'spec_chars' (3027) panicked at tests/eval.rs:158:34:
[INFO] [stdout] called `Option::unwrap()` on a `None` value
[INFO] [stdout] stack backtrace:
[INFO] [stdout]    0:     0x625b1e7d6f31 - <<std[617be2ca0a6fd877]::sys::backtrace::BacktraceLock>::print::DisplayBacktrace as core[a373ad73a504971]::fmt::Display>::fmt
[INFO] [stdout]    1:     0x625b1e7edc3a - core[a373ad73a504971]::fmt::write
[INFO] [stdout]    2:     0x625b1e7db8ec - <alloc[2e1b2a31b91974c5]::vec::Vec<u8> as core[a373ad73a504971]::io::write::Write>::write_fmt
[INFO] [stdout]    3:     0x625b1e7b1f36 - std[617be2ca0a6fd877]::panicking::default_hook::{closure#0}
[INFO] [stdout]    4:     0x625b1e7ceaa9 - std[617be2ca0a6fd877]::panicking::default_hook
[INFO] [stdout]    5:     0x625b1e5c1c50 - test[aada8e7e76ba119b]::test_main_inner::{closure#0}
[INFO] [stdout]    6:     0x625b1e7cedd2 - std[617be2ca0a6fd877]::panicking::panic_with_hook
[INFO] [stdout]    7:     0x625b1e7b2014 - std[617be2ca0a6fd877]::panicking::panic_handler::{closure#0}
[INFO] [stdout]    8:     0x625b1e7aaa89 - std[617be2ca0a6fd877]::sys::backtrace::__rust_end_short_backtrace::<std[617be2ca0a6fd877]::panicking::panic_handler::{closure#0}, !>
[INFO] [stdout]    9:     0x625b1e7b2ddd - __rustc[ea4f61d10b84890b]::rust_begin_unwind
[INFO] [stdout]   10:     0x625b1e7ee39c - core[a373ad73a504971]::panicking::panic_fmt
[INFO] [stdout]   11:     0x625b1e7ee362 - core[a373ad73a504971]::panicking::panic
[INFO] [stdout]   12:     0x625b1e7ee119 - core[a373ad73a504971]::option::unwrap_failed
[INFO] [stdout]   13:     0x625b1e594895 - eval[62272f73cf50c8a9]::spec_chars::{closure#0}
[INFO] [stdout]   14:     0x625b1e5b1593 - <tokio[6ff57f27658eef28]::runtime::scheduler::current_thread::Context>::enter::<core[a373ad73a504971]::task::poll::Poll<()>, <tokio[6ff57f27658eef28]::runtime::scheduler::current_thread::CoreGuard>::block_on<core[a373ad73a504971]::pin::Pin<&mut core[a373ad73a504971]::pin::Pin<&mut dyn core[a373ad73a504971]::future::future::Future<Output = ()>>>>::{closure#0}::{closure#0}>
[INFO] [stdout]   15:     0x625b1e5b3dfc - <tokio[6ff57f27658eef28]::runtime::context::scoped::Scoped<tokio[6ff57f27658eef28]::runtime::scheduler::Context>>::set::<<tokio[6ff57f27658eef28]::runtime::scheduler::current_thread::CoreGuard>::enter<<tokio[6ff57f27658eef28]::runtime::scheduler::current_thread::CoreGuard>::block_on<core[a373ad73a504971]::pin::Pin<&mut core[a373ad73a504971]::pin::Pin<&mut dyn core[a373ad73a504971]::future::future::Future<Output = ()>>>>::{closure#0}, core[a373ad73a504971]::option::Option<()>>::{closure#0}, (alloc[2e1b2a31b91974c5]::boxed::Box<tokio[6ff57f27658eef28]::runtime::scheduler::current_thread::Core>, core[a373ad73a504971]::option::Option<()>)>
[INFO] [stdout]   16:     0x625b1e5b1737 - <tokio[6ff57f27658eef28]::runtime::scheduler::current_thread::CoreGuard>::block_on::<core[a373ad73a504971]::pin::Pin<&mut core[a373ad73a504971]::pin::Pin<&mut dyn core[a373ad73a504971]::future::future::Future<Output = ()>>>>
[INFO] [stdout]   17:     0x625b1e5b4d86 - tokio[6ff57f27658eef28]::runtime::context::runtime::enter_runtime::<<tokio[6ff57f27658eef28]::runtime::scheduler::current_thread::CurrentThread>::block_on<core[a373ad73a504971]::pin::Pin<&mut dyn core[a373ad73a504971]::future::future::Future<Output = ()>>>::{closure#0}, ()>
[INFO] [stdout]   18:     0x625b1e5b2bb5 - <tokio[6ff57f27658eef28]::runtime::runtime::Runtime>::block_on::<core[a373ad73a504971]::pin::Pin<&mut dyn core[a373ad73a504971]::future::future::Future<Output = ()>>>
[INFO] [stdout]   19:     0x625b1e5a865e - <eval[62272f73cf50c8a9]::spec_chars::{closure#0} as core[a373ad73a504971]::ops::function::FnOnce<()>>::call_once
[INFO] [stdout]   20:     0x625b1e5b509b - test[aada8e7e76ba119b]::__rust_begin_short_backtrace::<core[a373ad73a504971]::result::Result<(), alloc[2e1b2a31b91974c5]::string::String>, fn() -> core[a373ad73a504971]::result::Result<(), alloc[2e1b2a31b91974c5]::string::String>>
[INFO] [stdout]   21:     0x625b1e5c2275 - test[aada8e7e76ba119b]::run_test::{closure#0}
[INFO] [stdout]   22:     0x625b1e5bbb64 - std[617be2ca0a6fd877]::sys::backtrace::__rust_begin_short_backtrace::<test[aada8e7e76ba119b]::run_test::{closure#1}, ()>
[INFO] [stdout]   23:     0x625b1e5c5302 - <std[617be2ca0a6fd877]::thread::lifecycle::spawn_unchecked<test[aada8e7e76ba119b]::run_test::{closure#1}, ()>::{closure#1} as core[a373ad73a504971]::ops::function::FnOnce<()>>::call_once::{shim:vtable#0}
[INFO] [stdout]   24:     0x625b1e7d607f - <std[617be2ca0a6fd877]::sys::thread::unix::Thread>::new::thread_start
[INFO] [stdout]   25:     0x70796985bdfa - <unknown>
[INFO] [stdout]   26:     0x7079698ef3d4 - clone
[INFO] [stdout]   27:                0x0 - <unknown>
[INFO] [stdout] 
[INFO] [stdout] ---- matched_eval_rule_percentage_opts stdout ----
[INFO] [stdout] 
[INFO] [stdout] thread 'matched_eval_rule_percentage_opts' (3024) panicked at tests/eval.rs:110:34:
[INFO] [stdout] called `Option::unwrap()` on a `None` value
[INFO] [stdout] stack backtrace:
[INFO] [stdout]    0:     0x625b1e7d6f31 - <<std[617be2ca0a6fd877]::sys::backtrace::BacktraceLock>::print::DisplayBacktrace as core[a373ad73a504971]::fmt::Display>::fmt
[INFO] [stdout]    1:     0x625b1e7edc3a - core[a373ad73a504971]::fmt::write
[INFO] [stdout]    2:     0x625b1e7db8ec - <alloc[2e1b2a31b91974c5]::vec::Vec<u8> as core[a373ad73a504971]::io::write::Write>::write_fmt
[INFO] [stdout]    3:     0x625b1e7b1f36 - std[617be2ca0a6fd877]::panicking::default_hook::{closure#0}
[INFO] [stdout]    4:     0x625b1e7ceaa9 - std[617be2ca0a6fd877]::panicking::default_hook
[INFO] [stdout]    5:     0x625b1e5c1c50 - test[aada8e7e76ba119b]::test_main_inner::{closure#0}
[INFO] [stdout]    6:     0x625b1e7cedd2 - std[617be2ca0a6fd877]::panicking::panic_with_hook
[INFO] [stdout]    7:     0x625b1e7b2014 - std[617be2ca0a6fd877]::panicking::panic_handler::{closure#0}
[INFO] [stdout]    8:     0x625b1e7aaa89 - std[617be2ca0a6fd877]::sys::backtrace::__rust_end_short_backtrace::<std[617be2ca0a6fd877]::panicking::panic_handler::{closure#0}, !>
[INFO] [stdout]    9:     0x625b1e7b2ddd - __rustc[ea4f61d10b84890b]::rust_begin_unwind
[INFO] [stdout]   10:     0x625b1e7ee39c - core[a373ad73a504971]::panicking::panic_fmt
[INFO] [stdout]   11:     0x625b1e7ee362 - core[a373ad73a504971]::panicking::panic
[INFO] [stdout]   12:     0x625b1e7ee119 - core[a373ad73a504971]::option::unwrap_failed
[INFO] [stdout]   13:     0x625b1e5a00b0 - eval[62272f73cf50c8a9]::matched_eval_rule_percentage_opts::{closure#0}
[INFO] [stdout]   14:     0x625b1e5b1593 - <tokio[6ff57f27658eef28]::runtime::scheduler::current_thread::Context>::enter::<core[a373ad73a504971]::task::poll::Poll<()>, <tokio[6ff57f27658eef28]::runtime::scheduler::current_thread::CoreGuard>::block_on<core[a373ad73a504971]::pin::Pin<&mut core[a373ad73a504971]::pin::Pin<&mut dyn core[a373ad73a504971]::future::future::Future<Output = ()>>>>::{closure#0}::{closure#0}>
[INFO] [stdout]   15:     0x625b1e5b3dfc - <tokio[6ff57f27658eef28]::runtime::context::scoped::Scoped<tokio[6ff57f27658eef28]::runtime::scheduler::Context>>::set::<<tokio[6ff57f27658eef28]::runtime::scheduler::current_thread::CoreGuard>::enter<<tokio[6ff57f27658eef28]::runtime::scheduler::current_thread::CoreGuard>::block_on<core[a373ad73a504971]::pin::Pin<&mut core[a373ad73a504971]::pin::Pin<&mut dyn core[a373ad73a504971]::future::future::Future<Output = ()>>>>::{closure#0}, core[a373ad73a504971]::option::Option<()>>::{closure#0}, (alloc[2e1b2a31b91974c5]::boxed::Box<tokio[6ff57f27658eef28]::runtime::scheduler::current_thread::Core>, core[a373ad73a504971]::option::Option<()>)>
[INFO] [stdout]   16:     0x625b1e5b1737 - <tokio[6ff57f27658eef28]::runtime::scheduler::current_thread::CoreGuard>::block_on::<core[a373ad73a504971]::pin::Pin<&mut core[a373ad73a504971]::pin::Pin<&mut dyn core[a373ad73a504971]::future::future::Future<Output = ()>>>>
[INFO] [stdout]   17:     0x625b1e5b4d86 - tokio[6ff57f27658eef28]::runtime::context::runtime::enter_runtime::<<tokio[6ff57f27658eef28]::runtime::scheduler::current_thread::CurrentThread>::block_on<core[a373ad73a504971]::pin::Pin<&mut dyn core[a373ad73a504971]::future::future::Future<Output = ()>>>::{closure#0}, ()>
[INFO] [stdout]   18:     0x625b1e5b2bb5 - <tokio[6ff57f27658eef28]::runtime::runtime::Runtime>::block_on::<core[a373ad73a504971]::pin::Pin<&mut dyn core[a373ad73a504971]::future::future::Future<Output = ()>>>
[INFO] [stdout]   19:     0x625b1e5a944e - <eval[62272f73cf50c8a9]::matched_eval_rule_percentage_opts::{closure#0} as core[a373ad73a504971]::ops::function::FnOnce<()>>::call_once
[INFO] [stdout]   20:     0x625b1e5b509b - test[aada8e7e76ba119b]::__rust_begin_short_backtrace::<core[a373ad73a504971]::result::Result<(), alloc[2e1b2a31b91974c5]::string::String>, fn() -> core[a373ad73a504971]::result::Result<(), alloc[2e1b2a31b91974c5]::string::String>>
[INFO] [stdout]   21:     0x625b1e5c2275 - test[aada8e7e76ba119b]::run_test::{closure#0}
[INFO] [stdout]   22:     0x625b1e5bbb64 - std[617be2ca0a6fd877]::sys::backtrace::__rust_begin_short_backtrace::<test[aada8e7e76ba119b]::run_test::{closure#1}, ()>
[INFO] [stdout]   23:     0x625b1e5c5302 - <std[617be2ca0a6fd877]::thread::lifecycle::spawn_unchecked<test[aada8e7e76ba119b]::run_test::{closure#1}, ()>::{closure#1} as core[a373ad73a504971]::ops::function::FnOnce<()>>::call_once::{shim:vtable#0}
[INFO] [stdout]   24:     0x625b1e7d607f - <std[617be2ca0a6fd877]::sys::thread::unix::Thread>::new::thread_start
[INFO] [stdout]   25:     0x70796985bdfa - <unknown>
[INFO] [stdout]   26:     0x7079698ef3d4 - clone
[INFO] [stdout]   27:                0x0 - <unknown>
[INFO] [stdout] 
[INFO] [stdout] ---- attr_val_conv_str stdout ----
[INFO] [stdout] 
[INFO] [stdout] thread 'attr_val_conv_str' (3020) panicked at tests/eval.rs:274:34:
[INFO] [stdout] called `Option::unwrap()` on a `None` value
[INFO] [stdout] stack backtrace:
[INFO] [stdout]    0:     0x625b1e7d6f31 - <<std[617be2ca0a6fd877]::sys::backtrace::BacktraceLock>::print::DisplayBacktrace as core[a373ad73a504971]::fmt::Display>::fmt
[INFO] [stdout]    1:     0x625b1e7edc3a - core[a373ad73a504971]::fmt::write
[INFO] [stdout]    2:     0x625b1e7db8ec - <alloc[2e1b2a31b91974c5]::vec::Vec<u8> as core[a373ad73a504971]::io::write::Write>::write_fmt
[INFO] [stdout]    3:     0x625b1e7b1f36 - std[617be2ca0a6fd877]::panicking::default_hook::{closure#0}
[INFO] [stdout]    4:     0x625b1e7ceaa9 - std[617be2ca0a6fd877]::panicking::default_hook
[INFO] [stdout]    5:     0x625b1e5c1c50 - test[aada8e7e76ba119b]::test_main_inner::{closure#0}
[INFO] [stdout]    6:     0x625b1e7cedd2 - std[617be2ca0a6fd877]::panicking::panic_with_hook
[INFO] [stdout]    7:     0x625b1e7b2014 - std[617be2ca0a6fd877]::panicking::panic_handler::{closure#0}
[INFO] [stdout]    8:     0x625b1e7aaa89 - std[617be2ca0a6fd877]::sys::backtrace::__rust_end_short_backtrace::<std[617be2ca0a6fd877]::panicking::panic_handler::{closure#0}, !>
[INFO] [stdout]    9:     0x625b1e7b2ddd - __rustc[ea4f61d10b84890b]::rust_begin_unwind
[INFO] [stdout]   10:     0x625b1e7ee39c - core[a373ad73a504971]::panicking::panic_fmt
[INFO] [stdout]   11:     0x625b1e7ee362 - core[a373ad73a504971]::panicking::panic
[INFO] [stdout]   12:     0x625b1e7ee119 - core[a373ad73a504971]::option::unwrap_failed
[INFO] [stdout]   13:     0x625b1e59a54e - eval[62272f73cf50c8a9]::attr_val_conv_str::{closure#0}
[INFO] [stdout]   14:     0x625b1e5b1593 - <tokio[6ff57f27658eef28]::runtime::scheduler::current_thread::Context>::enter::<core[a373ad73a504971]::task::poll::Poll<()>, <tokio[6ff57f27658eef28]::runtime::scheduler::current_thread::CoreGuard>::block_on<core[a373ad73a504971]::pin::Pin<&mut core[a373ad73a504971]::pin::Pin<&mut dyn core[a373ad73a504971]::future::future::Future<Output = ()>>>>::{closure#0}::{closure#0}>
[INFO] [stdout]   15:     0x625b1e5b3dfc - <tokio[6ff57f27658eef28]::runtime::context::scoped::Scoped<tokio[6ff57f27658eef28]::runtime::scheduler::Context>>::set::<<tokio[6ff57f27658eef28]::runtime::scheduler::current_thread::CoreGuard>::enter<<tokio[6ff57f27658eef28]::runtime::scheduler::current_thread::CoreGuard>::block_on<core[a373ad73a504971]::pin::Pin<&mut core[a373ad73a504971]::pin::Pin<&mut dyn core[a373ad73a504971]::future::future::Future<Output = ()>>>>::{closure#0}, core[a373ad73a504971]::option::Option<()>>::{closure#0}, (alloc[2e1b2a31b91974c5]::boxed::Box<tokio[6ff57f27658eef28]::runtime::scheduler::current_thread::Core>, core[a373ad73a504971]::option::Option<()>)>
[INFO] [stdout]   16:     0x625b1e5b1737 - <tokio[6ff57f27658eef28]::runtime::scheduler::current_thread::CoreGuard>::block_on::<core[a373ad73a504971]::pin::Pin<&mut core[a373ad73a504971]::pin::Pin<&mut dyn core[a373ad73a504971]::future::future::Future<Output = ()>>>>
[INFO] [stdout]   17:     0x625b1e5b4d86 - tokio[6ff57f27658eef28]::runtime::context::runtime::enter_runtime::<<tokio[6ff57f27658eef28]::runtime::scheduler::current_thread::CurrentThread>::block_on<core[a373ad73a504971]::pin::Pin<&mut dyn core[a373ad73a504971]::future::future::Future<Output = ()>>>::{closure#0}, ()>
[INFO] [stdout]   18:     0x625b1e5b2bb5 - <tokio[6ff57f27658eef28]::runtime::runtime::Runtime>::block_on::<core[a373ad73a504971]::pin::Pin<&mut dyn core[a373ad73a504971]::future::future::Future<Output = ()>>>
[INFO] [stdout]   19:     0x625b1e5a8bae - <eval[62272f73cf50c8a9]::attr_val_conv_str::{closure#0} as core[a373ad73a504971]::ops::function::FnOnce<()>>::call_once
[INFO] [stdout]   20:     0x625b1e5b509b - test[aada8e7e76ba119b]::__rust_begin_short_backtrace::<core[a373ad73a504971]::result::Result<(), alloc[2e1b2a31b91974c5]::string::String>, fn() -> core[a373ad73a504971]::result::Result<(), alloc[2e1b2a31b91974c5]::string::String>>
[INFO] [stdout]   21:     0x625b1e5c2275 - test[aada8e7e76ba119b]::run_test::{closure#0}
[INFO] [stdout]   22:     0x625b1e5bbb64 - std[617be2ca0a6fd877]::sys::backtrace::__rust_begin_short_backtrace::<test[aada8e7e76ba119b]::run_test::{closure#1}, ()>
[INFO] [stdout]   23:     0x625b1e5c5302 - <std[617be2ca0a6fd877]::thread::lifecycle::spawn_unchecked<test[aada8e7e76ba119b]::run_test::{closure#1}, ()>::{closure#1} as core[a373ad73a504971]::ops::function::FnOnce<()>>::call_once::{shim:vtable#0}
[INFO] [stdout]   24:     0x625b1e7d607f - <std[617be2ca0a6fd877]::sys::thread::unix::Thread>::new::thread_start
[INFO] [stdout]   25:     0x70796985bdfa - <unknown>
[INFO] [stdout]   26:     0x7079698ef3d4 - clone
[INFO] [stdout]   27:                0x0 - <unknown>
[INFO] [stdout] 
[INFO] [stdout] 
[INFO] [stdout] failures:
[INFO] [stdout]     attr_val_conv_date
[INFO] [stdout]     attr_val_conv_num
[INFO] [stdout]     attr_val_conv_str
[INFO] [stdout]     attr_val_conv_str_vec
[INFO] [stdout]     matched_eval_rule_percentage_opts
[INFO] [stdout]     prerequisite_flag_overrides
[INFO] [stdout]     segment_overrides
[INFO] [stdout]     spec_chars
[INFO] [stdout] 
[INFO] [stdout] test result: FAILED. 3 passed; 8 failed; 0 ignored; 0 measured; 0 filtered out; finished in 0.16s
[INFO] [stdout] 
[INFO] [stderr] error: test failed, to rerun pass `--test eval`
[INFO] running `Command { std: "docker" "inspect" "6e6d2ef6bae2671ae681e94eacd5f06a92ac7b95572bf83a90339d6ccb3174ac", kill_on_drop: false }`
[INFO] running `Command { std: "docker" "rm" "-f" "6e6d2ef6bae2671ae681e94eacd5f06a92ac7b95572bf83a90339d6ccb3174ac", kill_on_drop: false }`
[INFO] [stdout] 6e6d2ef6bae2671ae681e94eacd5f06a92ac7b95572bf83a90339d6ccb3174ac
