[INFO] fetching crate config_parser2 0.1.7...
[INFO] testing config_parser2-0.1.7 against 1.100.0-beta.1+cargoflags=--release for beta-release-1.100-2
[INFO] extracting crate config_parser2 0.1.7 into /workspace/builds/worker-4-tc2/source
[INFO] started tweaking crates.io crate config_parser2 0.1.7
[INFO] removed 0 missing tests
[INFO] finished tweaking crates.io crate config_parser2 0.1.7
[INFO] tweaked toml for crates.io crate config_parser2 0.1.7 written to /workspace/builds/worker-4-tc2/source/Cargo.toml
[INFO] validating manifest of crates.io crate config_parser2 0.1.7 on toolchain 1.100.0-beta.1
[INFO] running `Command { std: CARGO_HOME="/workspace/cargo-home" RUSTUP_HOME="/workspace/rustup-home" "/workspace/cargo-home/bin/cargo" "+1.100.0-beta.1" "metadata" "--manifest-path" "Cargo.toml" "--no-deps", kill_on_drop: false }`
[INFO] crate crates.io crate config_parser2 0.1.7 already has a lockfile, it will not be regenerated
[INFO] running `Command { std: CARGO_HOME="/workspace/cargo-home" RUSTUP_HOME="/workspace/rustup-home" "/workspace/cargo-home/bin/cargo" "+1.100.0-beta.1" "fetch" "--manifest-path" "Cargo.toml", kill_on_drop: false }`
[INFO] running `Command { std: "docker" "create" "-v" "/var/lib/crater-agent-workspace/builds/worker-4-tc2/source:/opt/rustwide/workdir:ro,Z" "-v" "/var/lib/crater-agent-workspace/builds/worker-4-tc2/target:/opt/rustwide/target:rw,Z" "-v" "/var/lib/crater-agent-workspace/cargo-home:/opt/rustwide/cargo-home:ro,Z" "-v" "/var/lib/crater-agent-workspace/rustup-home:/opt/rustwide/rustup-home:ro,Z" "-m" "1610612736" "--network" "none" "ghcr.io/rust-lang/crates-build-env/linux@sha256:77db811e55d90add9212f6832c23229e3de5f1c1f9905e8cb07319ea15df73ac" "sleep" "infinity", kill_on_drop: false }`
[INFO] [stdout] 82c7555db545a80e847a79a11a912cf5b18ec1c610e7d561edb4c2107c9634ad
[INFO] running `Command { std: "docker" "start" "82c7555db545a80e847a79a11a912cf5b18ec1c610e7d561edb4c2107c9634ad", kill_on_drop: false }`
[INFO] running `Command { std: "docker" "inspect" "82c7555db545a80e847a79a11a912cf5b18ec1c610e7d561edb4c2107c9634ad", kill_on_drop: false }`
[INFO] running `Command { std: "docker" "exec" "-e" "SOURCE_DIR=/opt/rustwide/workdir" "-e" "CARGO_HOME=/opt/rustwide/cargo-home" "-e" "RUSTUP_HOME=/opt/rustwide/rustup-home" "-e" "CARGO_TARGET_DIR=/opt/rustwide/target" "-w" "/opt/rustwide/workdir" "--user" "0:0" "82c7555db545a80e847a79a11a912cf5b18ec1c610e7d561edb4c2107c9634ad" "/opt/rustwide/cargo-home/bin/cargo" "+1.100.0-beta.1" "metadata" "--no-deps" "--format-version=1", kill_on_drop: false }`
[INFO] running `Command { std: "docker" "inspect" "82c7555db545a80e847a79a11a912cf5b18ec1c610e7d561edb4c2107c9634ad", kill_on_drop: false }`
[INFO] running `Command { std: "docker" "exec" "-e" "SOURCE_DIR=/opt/rustwide/workdir" "-e" "CARGO_HOME=/opt/rustwide/cargo-home" "-e" "RUSTUP_HOME=/opt/rustwide/rustup-home" "-e" "CARGO_TARGET_DIR=/opt/rustwide/target" "-e" "CARGO_INCREMENTAL=0" "-e" "RUST_BACKTRACE=full" "-e" "RUSTFLAGS=--cap-lints=warn" "-e" "RUSTDOCFLAGS=--cap-lints=warn" "-w" "/opt/rustwide/workdir" "--user" "0:0" "82c7555db545a80e847a79a11a912cf5b18ec1c610e7d561edb4c2107c9634ad" "/opt/rustwide/cargo-home/bin/cargo" "+1.100.0-beta.1" "build" "--frozen" "--message-format=json" "--release", kill_on_drop: false }`
[INFO] [stderr]    Compiling proc-macro2 v1.0.88
[INFO] [stderr]    Compiling serde_core v1.0.228
[INFO] [stderr]    Compiling winnow v1.0.0
[INFO] [stderr]    Compiling toml_writer v1.1.0+spec-1.1.0
[INFO] [stderr]    Compiling anyhow v1.0.102
[INFO] [stderr]    Compiling toml_parser v1.1.0+spec-1.1.0
[INFO] [stderr]    Compiling quote v1.0.37
[INFO] [stderr]    Compiling syn v2.0.82
[INFO] [stderr]    Compiling serde_derive v1.0.228
[INFO] [stderr]    Compiling config_parser_derive v0.1.3
[INFO] [stderr]    Compiling serde_spanned v1.1.0
[INFO] [stderr]    Compiling toml_datetime v1.1.0+spec-1.1.0
[INFO] [stderr]    Compiling toml v1.1.0+spec-1.1.0
[INFO] [stderr]    Compiling serde v1.0.228
[INFO] [stderr]    Compiling config_parser2 v0.1.7 (/opt/rustwide/workdir)
[INFO] [stderr]     Finished `release` profile [optimized] target(s) in 12.79s
[INFO] running `Command { std: "docker" "inspect" "82c7555db545a80e847a79a11a912cf5b18ec1c610e7d561edb4c2107c9634ad", kill_on_drop: false }`
[INFO] running `Command { std: "docker" "exec" "-e" "SOURCE_DIR=/opt/rustwide/workdir" "-e" "CARGO_HOME=/opt/rustwide/cargo-home" "-e" "RUSTUP_HOME=/opt/rustwide/rustup-home" "-e" "CARGO_TARGET_DIR=/opt/rustwide/target" "-e" "CARGO_INCREMENTAL=0" "-e" "RUST_BACKTRACE=full" "-e" "RUSTFLAGS=--cap-lints=warn" "-e" "RUSTDOCFLAGS=--cap-lints=warn" "-w" "/opt/rustwide/workdir" "--user" "0:0" "82c7555db545a80e847a79a11a912cf5b18ec1c610e7d561edb4c2107c9634ad" "/opt/rustwide/cargo-home/bin/cargo" "+1.100.0-beta.1" "test" "--frozen" "--no-run" "--message-format=json" "--release", kill_on_drop: false }`
[INFO] [stderr]    Compiling config_parser2 v0.1.7 (/opt/rustwide/workdir)
[INFO] [stderr]     Finished `release` profile [optimized] target(s) in 1.10s
[INFO] running `Command { std: "docker" "inspect" "82c7555db545a80e847a79a11a912cf5b18ec1c610e7d561edb4c2107c9634ad", kill_on_drop: false }`
[INFO] running `Command { std: "docker" "exec" "-e" "SOURCE_DIR=/opt/rustwide/workdir" "-e" "CARGO_HOME=/opt/rustwide/cargo-home" "-e" "RUSTUP_HOME=/opt/rustwide/rustup-home" "-e" "CARGO_TARGET_DIR=/opt/rustwide/target" "-e" "CARGO_INCREMENTAL=0" "-e" "RUST_BACKTRACE=full" "-e" "RUSTFLAGS=--cap-lints=warn" "-e" "RUSTDOCFLAGS=--cap-lints=warn" "-w" "/opt/rustwide/workdir" "--user" "0:0" "82c7555db545a80e847a79a11a912cf5b18ec1c610e7d561edb4c2107c9634ad" "/opt/rustwide/cargo-home/bin/cargo" "+1.100.0-beta.1" "test" "--frozen" "--release", kill_on_drop: false }`
[INFO] [stderr]     Finished `release` profile [optimized] target(s) in 0.06s
[INFO] [stderr]      Running unittests src/lib.rs (/opt/rustwide/target/release/build/config_parser2/881ecd79524ad44f/out/config_parser2-881ecd79524ad44f)
[INFO] [stdout] 
[INFO] [stdout] running 0 tests
[INFO] [stdout] 
[INFO] [stdout] test result: ok. 0 passed; 0 failed; 0 ignored; 0 measured; 0 filtered out; finished in 0.00s
[INFO] [stdout] 
[INFO] [stderr]      Running tests/test.rs (/opt/rustwide/target/release/build/config_parser2/789f10a7208b019b/out/test-789f10a7208b019b)
[INFO] [stdout] 
[INFO] [stdout] running 6 tests
[INFO] [stdout] test tests::option_test_none_to_none ... FAILED
[INFO] [stdout] test tests::simple_test ... FAILED
[INFO] [stdout] test tests::option_test_some_to_some ... FAILED
[INFO] [stdout] test tests::complex_test ... FAILED
[INFO] [stdout] test tests::option_test_some_to_none ... FAILED
[INFO] [stdout] test tests::option_test_none_to_some ... FAILED
[INFO] [stderr] error: test failed, to rerun pass `--test test`
[INFO] [stdout] 
[INFO] [stdout] failures:
[INFO] [stdout] 
[INFO] [stdout] ---- tests::option_test_none_to_none stdout ----
[INFO] [stdout] 
[INFO] [stdout] thread 'tests::option_test_none_to_none' (480) panicked at tests/test.rs:41:46:
[INFO] [stdout] called `Result::unwrap()` on an `Err` value: Error { message: "string values must be quoted, expected literal string", input: Some(""), keys: [], span: Some(0..0) }
[INFO] [stdout] stack backtrace:
[INFO] [stdout]    0:     0x58b5abeab611 - <<std[617be2ca0a6fd877]::sys::backtrace::BacktraceLock>::print::DisplayBacktrace as core[a373ad73a504971]::fmt::Display>::fmt
[INFO] [stdout]    1:     0x58b5abec0e8a - core[a373ad73a504971]::fmt::write
[INFO] [stdout]    2:     0x58b5abeafd2c - <alloc[2e1b2a31b91974c5]::vec::Vec<u8> as core[a373ad73a504971]::io::write::Write>::write_fmt
[INFO] [stdout]    3:     0x58b5abe874f6 - std[617be2ca0a6fd877]::panicking::default_hook::{closure#0}
[INFO] [stdout]    4:     0x58b5abea3c89 - std[617be2ca0a6fd877]::panicking::default_hook
[INFO] [stdout]    5:     0x58b5abe21a60 - test[aada8e7e76ba119b]::test_main_inner::{closure#0}
[INFO] [stdout]    6:     0x58b5abea3e42 - std[617be2ca0a6fd877]::panicking::panic_with_hook
[INFO] [stdout]    7:     0x58b5abe875a2 - std[617be2ca0a6fd877]::panicking::panic_handler::{closure#0}
[INFO] [stdout]    8:     0x58b5abe7fd29 - std[617be2ca0a6fd877]::sys::backtrace::__rust_end_short_backtrace::<std[617be2ca0a6fd877]::panicking::panic_handler::{closure#0}, !>
[INFO] [stdout]    9:     0x58b5abe882bd - __rustc[ea4f61d10b84890b]::rust_begin_unwind
[INFO] [stdout]   10:     0x58b5abec15fc - core[a373ad73a504971]::panicking::panic_fmt
[INFO] [stdout]   11:     0x58b5abec13d2 - core[a373ad73a504971]::result::unwrap_failed
[INFO] [stdout]   12:     0x58b5abe12200 - <test[1be89d98fb81c1a8]::tests::option_test_none_to_none::{closure#0} as core[a373ad73a504971]::ops::function::FnOnce<()>>::call_once
[INFO] [stdout]   13:     0x58b5abe14eab - test[aada8e7e76ba119b]::__rust_begin_short_backtrace::<core[a373ad73a504971]::result::Result<(), alloc[2e1b2a31b91974c5]::string::String>, fn() -> core[a373ad73a504971]::result::Result<(), alloc[2e1b2a31b91974c5]::string::String>>
[INFO] [stdout]   14:     0x58b5abe22085 - test[aada8e7e76ba119b]::run_test::{closure#0}
[INFO] [stdout]   15:     0x58b5abe1b974 - std[617be2ca0a6fd877]::sys::backtrace::__rust_begin_short_backtrace::<test[aada8e7e76ba119b]::run_test::{closure#1}, ()>
[INFO] [stdout]   16:     0x58b5abe25112 - <std[617be2ca0a6fd877]::thread::lifecycle::spawn_unchecked<test[aada8e7e76ba119b]::run_test::{closure#1}, ()>::{closure#1} as core[a373ad73a504971]::ops::function::FnOnce<()>>::call_once::{shim:vtable#0}
[INFO] [stdout]   17:     0x58b5abeaae6f - <std[617be2ca0a6fd877]::sys::thread::unix::Thread>::new::thread_start
[INFO] [stdout]   18:     0x746d36d0fdfa - <unknown>
[INFO] [stdout]   19:     0x746d36da33d4 - clone
[INFO] [stdout]   20:                0x0 - <unknown>
[INFO] [stdout] 
[INFO] [stdout] ---- tests::simple_test stdout ----
[INFO] [stdout] 
[INFO] [stdout] thread 'tests::simple_test' (484) panicked at tests/test.rs:117:66:
[INFO] [stdout] called `Result::unwrap()` on an `Err` value: Error { message: "unexpected content, expected nothing", input: Some("a = ['b', 'c', 'd']"), keys: [], span: Some(1..1) }
[INFO] [stdout] stack backtrace:
[INFO] [stdout]    0:     0x58b5abeab611 - <<std[617be2ca0a6fd877]::sys::backtrace::BacktraceLock>::print::DisplayBacktrace as core[a373ad73a504971]::fmt::Display>::fmt
[INFO] [stdout]    1:     0x58b5abec0e8a - core[a373ad73a504971]::fmt::write
[INFO] [stdout]    2:     0x58b5abeafd2c - <alloc[2e1b2a31b91974c5]::vec::Vec<u8> as core[a373ad73a504971]::io::write::Write>::write_fmt
[INFO] [stdout]    3:     0x58b5abe874f6 - std[617be2ca0a6fd877]::panicking::default_hook::{closure#0}
[INFO] [stdout]    4:     0x58b5abea3c89 - std[617be2ca0a6fd877]::panicking::default_hook
[INFO] [stdout]    5:     0x58b5abe21a60 - test[aada8e7e76ba119b]::test_main_inner::{closure#0}
[INFO] [stdout]    6:     0x58b5abea3e42 - std[617be2ca0a6fd877]::panicking::panic_with_hook
[INFO] [stdout]    7:     0x58b5abe875a2 - std[617be2ca0a6fd877]::panicking::panic_handler::{closure#0}
[INFO] [stdout]    8:     0x58b5abe7fd29 - std[617be2ca0a6fd877]::sys::backtrace::__rust_end_short_backtrace::<std[617be2ca0a6fd877]::panicking::panic_handler::{closure#0}, !>
[INFO] [stdout]    9:     0x58b5abe882bd - __rustc[ea4f61d10b84890b]::rust_begin_unwind
[INFO] [stdout]   10:     0x58b5abec15fc - core[a373ad73a504971]::panicking::panic_fmt
[INFO] [stdout]   11:     0x58b5abec13d2 - core[a373ad73a504971]::result::unwrap_failed
[INFO] [stdout]   12:     0x58b5abe1161b - <test[1be89d98fb81c1a8]::tests::simple_test::{closure#0} as core[a373ad73a504971]::ops::function::FnOnce<()>>::call_once
[INFO] [stdout]   13:     0x58b5abe14eab - test[aada8e7e76ba119b]::__rust_begin_short_backtrace::<core[a373ad73a504971]::result::Result<(), alloc[2e1b2a31b91974c5]::string::String>, fn() -> core[a373ad73a504971]::result::Result<(), alloc[2e1b2a31b91974c5]::string::String>>
[INFO] [stdout]   14:     0x58b5abe22085 - test[aada8e7e76ba119b]::run_test::{closure#0}
[INFO] [stdout]   15:     0x58b5abe1b974 - std[617be2ca0a6fd877]::sys::backtrace::__rust_begin_short_backtrace::<test[aada8e7e76ba119b]::run_test::{closure#1}, ()>
[INFO] [stdout]   16:     0x58b5abe25112 - <std[617be2ca0a6fd877]::thread::lifecycle::spawn_unchecked<test[aada8e7e76ba119b]::run_test::{closure#1}, ()>::{closure#1} as core[a373ad73a504971]::ops::function::FnOnce<()>>::call_once::{shim:vtable#0}
[INFO] [stdout]   17:     0x58b5abeaae6f - <std[617be2ca0a6fd877]::sys::thread::unix::Thread>::new::thread_start
[INFO] [stdout]   18:     0x746d36d0fdfa - <unknown>
[INFO] [stdout]   19:     0x746d36da33d4 - clone
[INFO] [stdout]   20:                0x0 - <unknown>
[INFO] [stdout] 
[INFO] [stdout] ---- tests::option_test_some_to_some stdout ----
[INFO] [stdout] 
[INFO] [stdout] thread 'tests::option_test_some_to_some' (483) panicked at tests/test.rs:103:10:
[INFO] [stdout] called `Result::unwrap()` on an `Err` value: Error { message: "unexpected content, expected nothing", input: Some("\n[d1]\nb1 = 'd1.b1_new'\nb2 = 'd1.b2_new'\n"), keys: [], span: Some(0..0) }
[INFO] [stdout] stack backtrace:
[INFO] [stdout]    0:     0x58b5abeab611 - <<std[617be2ca0a6fd877]::sys::backtrace::BacktraceLock>::print::DisplayBacktrace as core[a373ad73a504971]::fmt::Display>::fmt
[INFO] [stdout]    1:     0x58b5abec0e8a - core[a373ad73a504971]::fmt::write
[INFO] [stdout]    2:     0x58b5abeafd2c - <alloc[2e1b2a31b91974c5]::vec::Vec<u8> as core[a373ad73a504971]::io::write::Write>::write_fmt
[INFO] [stdout]    3:     0x58b5abe874f6 - std[617be2ca0a6fd877]::panicking::default_hook::{closure#0}
[INFO] [stdout]    4:     0x58b5abea3c89 - std[617be2ca0a6fd877]::panicking::default_hook
[INFO] [stdout]    5:     0x58b5abe21a60 - test[aada8e7e76ba119b]::test_main_inner::{closure#0}
[INFO] [stdout]    6:     0x58b5abea3e42 - std[617be2ca0a6fd877]::panicking::panic_with_hook
[INFO] [stdout]    7:     0x58b5abe875a2 - std[617be2ca0a6fd877]::panicking::panic_handler::{closure#0}
[INFO] [stdout]    8:     0x58b5abe7fd29 - std[617be2ca0a6fd877]::sys::backtrace::__rust_end_short_backtrace::<std[617be2ca0a6fd877]::panicking::panic_handler::{closure#0}, !>
[INFO] [stdout]    9:     0x58b5abe882bd - __rustc[ea4f61d10b84890b]::rust_begin_unwind
[INFO] [stdout]   10:     0x58b5abec15fc - core[a373ad73a504971]::panicking::panic_fmt
[INFO] [stdout]   11:     0x58b5abec13d2 - core[a373ad73a504971]::result::unwrap_failed
[INFO] [stdout]   12:     0x58b5abe12db7 - <test[1be89d98fb81c1a8]::tests::option_test_some_to_some::{closure#0} as core[a373ad73a504971]::ops::function::FnOnce<()>>::call_once
[INFO] [stdout]   13:     0x58b5abe14eab - test[aada8e7e76ba119b]::__rust_begin_short_backtrace::<core[a373ad73a504971]::result::Result<(), alloc[2e1b2a31b91974c5]::string::String>, fn() -> core[a373ad73a504971]::result::Result<(), alloc[2e1b2a31b91974c5]::string::String>>
[INFO] [stdout]   14:     0x58b5abe22085 - test[aada8e7e76ba119b]::run_test::{closure#0}
[INFO] [stdout]   15:     0x58b5abe1b974 - std[617be2ca0a6fd877]::sys::backtrace::__rust_begin_short_backtrace::<test[aada8e7e76ba119b]::run_test::{closure#1}, ()>
[INFO] [stdout]   16:     0x58b5abe25112 - <std[617be2ca0a6fd877]::thread::lifecycle::spawn_unchecked<test[aada8e7e76ba119b]::run_test::{closure#1}, ()>::{closure#1} as core[a373ad73a504971]::ops::function::FnOnce<()>>::call_once::{shim:vtable#0}
[INFO] [stdout]   17:     0x58b5abeaae6f - <std[617be2ca0a6fd877]::sys::thread::unix::Thread>::new::thread_start
[INFO] [stdout]   18:     0x746d36d0fdfa - <unknown>
[INFO] [stdout]   19:     0x746d36da33d4 - clone
[INFO] [stdout]   20:                0x0 - <unknown>
[INFO] [stdout] 
[INFO] [stdout] ---- tests::complex_test stdout ----
[INFO] [stdout] 
[INFO] [stdout] thread 'tests::complex_test' (479) panicked at tests/test.rs:162:10:
[INFO] [stdout] called `Result::unwrap()` on an `Err` value: Error { message: "unexpected content, expected nothing", input: Some("\na1 = 'a1_new'\na2 = 150\n\n[[a4]]\nb2 = 'a4.b2'\n\n[[a4]]\nb1 = 'a4.b1'\n\n[a5.c1]\nb1 = 'a5.c1.b1_new'\nb2 = 'a5.c1.b2_new'\n\n[a5]\nc2 = false\nc3 = true\n"), keys: [], span: Some(0..0) }
[INFO] [stdout] stack backtrace:
[INFO] [stdout]    0:     0x58b5abeab611 - <<std[617be2ca0a6fd877]::sys::backtrace::BacktraceLock>::print::DisplayBacktrace as core[a373ad73a504971]::fmt::Display>::fmt
[INFO] [stdout]    1:     0x58b5abec0e8a - core[a373ad73a504971]::fmt::write
[INFO] [stdout]    2:     0x58b5abeafd2c - <alloc[2e1b2a31b91974c5]::vec::Vec<u8> as core[a373ad73a504971]::io::write::Write>::write_fmt
[INFO] [stdout]    3:     0x58b5abe874f6 - std[617be2ca0a6fd877]::panicking::default_hook::{closure#0}
[INFO] [stdout]    4:     0x58b5abea3c89 - std[617be2ca0a6fd877]::panicking::default_hook
[INFO] [stdout]    5:     0x58b5abe21a60 - test[aada8e7e76ba119b]::test_main_inner::{closure#0}
[INFO] [stdout]    6:     0x58b5abea3e42 - std[617be2ca0a6fd877]::panicking::panic_with_hook
[INFO] [stdout]    7:     0x58b5abe875a2 - std[617be2ca0a6fd877]::panicking::panic_handler::{closure#0}
[INFO] [stdout]    8:     0x58b5abe7fd29 - std[617be2ca0a6fd877]::sys::backtrace::__rust_end_short_backtrace::<std[617be2ca0a6fd877]::panicking::panic_handler::{closure#0}, !>
[INFO] [stdout]    9:     0x58b5abe882bd - __rustc[ea4f61d10b84890b]::rust_begin_unwind
[INFO] [stdout]   10:     0x58b5abec15fc - core[a373ad73a504971]::panicking::panic_fmt
[INFO] [stdout]   11:     0x58b5abec13d2 - core[a373ad73a504971]::result::unwrap_failed
[INFO] [stdout]   12:     0x58b5abe11e83 - <test[1be89d98fb81c1a8]::tests::complex_test::{closure#0} as core[a373ad73a504971]::ops::function::FnOnce<()>>::call_once
[INFO] [stdout]   13:     0x58b5abe14eab - test[aada8e7e76ba119b]::__rust_begin_short_backtrace::<core[a373ad73a504971]::result::Result<(), alloc[2e1b2a31b91974c5]::string::String>, fn() -> core[a373ad73a504971]::result::Result<(), alloc[2e1b2a31b91974c5]::string::String>>
[INFO] [stdout]   14:     0x58b5abe22085 - test[aada8e7e76ba119b]::run_test::{closure#0}
[INFO] [stdout]   15:     0x58b5abe1b974 - std[617be2ca0a6fd877]::sys::backtrace::__rust_begin_short_backtrace::<test[aada8e7e76ba119b]::run_test::{closure#1}, ()>
[INFO] [stdout]   16:     0x58b5abe25112 - <std[617be2ca0a6fd877]::thread::lifecycle::spawn_unchecked<test[aada8e7e76ba119b]::run_test::{closure#1}, ()>::{closure#1} as core[a373ad73a504971]::ops::function::FnOnce<()>>::call_once::{shim:vtable#0}
[INFO] [stdout]   17:     0x58b5abeaae6f - <std[617be2ca0a6fd877]::sys::thread::unix::Thread>::new::thread_start
[INFO] [stdout]   18:     0x746d36d0fdfa - <unknown>
[INFO] [stdout]   19:     0x746d36da33d4 - clone
[INFO] [stdout]   20:                0x0 - <unknown>
[INFO] [stdout] 
[INFO] [stdout] ---- tests::option_test_some_to_none stdout ----
[INFO] [stdout] 
[INFO] [stdout] thread 'tests::option_test_some_to_none' (482) panicked at tests/test.rs:77:46:
[INFO] [stdout] called `Result::unwrap()` on an `Err` value: Error { message: "string values must be quoted, expected literal string", input: Some(""), keys: [], span: Some(0..0) }
[INFO] [stdout] stack backtrace:
[INFO] [stdout]    0:     0x58b5abeab611 - <<std[617be2ca0a6fd877]::sys::backtrace::BacktraceLock>::print::DisplayBacktrace as core[a373ad73a504971]::fmt::Display>::fmt
[INFO] [stdout]    1:     0x58b5abec0e8a - core[a373ad73a504971]::fmt::write
[INFO] [stdout]    2:     0x58b5abeafd2c - <alloc[2e1b2a31b91974c5]::vec::Vec<u8> as core[a373ad73a504971]::io::write::Write>::write_fmt
[INFO] [stdout]    3:     0x58b5abe874f6 - std[617be2ca0a6fd877]::panicking::default_hook::{closure#0}
[INFO] [stdout]    4:     0x58b5abea3c89 - std[617be2ca0a6fd877]::panicking::default_hook
[INFO] [stdout]    5:     0x58b5abe21a60 - test[aada8e7e76ba119b]::test_main_inner::{closure#0}
[INFO] [stdout]    6:     0x58b5abea3e42 - std[617be2ca0a6fd877]::panicking::panic_with_hook
[INFO] [stdout]    7:     0x58b5abe875a2 - std[617be2ca0a6fd877]::panicking::panic_handler::{closure#0}
[INFO] [stdout]    8:     0x58b5abe7fd29 - std[617be2ca0a6fd877]::sys::backtrace::__rust_end_short_backtrace::<std[617be2ca0a6fd877]::panicking::panic_handler::{closure#0}, !>
[INFO] [stdout]    9:     0x58b5abe882bd - __rustc[ea4f61d10b84890b]::rust_begin_unwind
[INFO] [stdout]   10:     0x58b5abec15fc - core[a373ad73a504971]::panicking::panic_fmt
[INFO] [stdout]   11:     0x58b5abec13d2 - core[a373ad73a504971]::result::unwrap_failed
[INFO] [stdout]   12:     0x58b5abe1295e - <test[1be89d98fb81c1a8]::tests::option_test_some_to_none::{closure#0} as core[a373ad73a504971]::ops::function::FnOnce<()>>::call_once
[INFO] [stdout]   13:     0x58b5abe14eab - test[aada8e7e76ba119b]::__rust_begin_short_backtrace::<core[a373ad73a504971]::result::Result<(), alloc[2e1b2a31b91974c5]::string::String>, fn() -> core[a373ad73a504971]::result::Result<(), alloc[2e1b2a31b91974c5]::string::String>>
[INFO] [stdout]   14:     0x58b5abe22085 - test[aada8e7e76ba119b]::run_test::{closure#0}
[INFO] [stdout]   15:     0x58b5abe1b974 - std[617be2ca0a6fd877]::sys::backtrace::__rust_begin_short_backtrace::<test[aada8e7e76ba119b]::run_test::{closure#1}, ()>
[INFO] [stdout]   16:     0x58b5abe25112 - <std[617be2ca0a6fd877]::thread::lifecycle::spawn_unchecked<test[aada8e7e76ba119b]::run_test::{closure#1}, ()>::{closure#1} as core[a373ad73a504971]::ops::function::FnOnce<()>>::call_once::{shim:vtable#0}
[INFO] [stdout]   17:     0x58b5abeaae6f - <std[617be2ca0a6fd877]::sys::thread::unix::Thread>::new::thread_start
[INFO] [stdout]   18:     0x746d36d0fdfa - <unknown>
[INFO] [stdout]   19:     0x746d36da33d4 - clone
[INFO] [stdout]   20:                0x0 - <unknown>
[INFO] [stdout] 
[INFO] [stdout] ---- tests::option_test_none_to_some stdout ----
[INFO] [stdout] 
[INFO] [stdout] thread 'tests::option_test_none_to_some' (481) panicked at tests/test.rs:57:10:
[INFO] [stdout] called `Result::unwrap()` on an `Err` value: Error { message: "unexpected content, expected nothing", input: Some("\n[d1]\nb1 = 'd1.b1'\nb2 = 'd1.b2'\n"), keys: [], span: Some(0..0) }
[INFO] [stdout] stack backtrace:
[INFO] [stdout]    0:     0x58b5abeab611 - <<std[617be2ca0a6fd877]::sys::backtrace::BacktraceLock>::print::DisplayBacktrace as core[a373ad73a504971]::fmt::Display>::fmt
[INFO] [stdout]    1:     0x58b5abec0e8a - core[a373ad73a504971]::fmt::write
[INFO] [stdout]    2:     0x58b5abeafd2c - <alloc[2e1b2a31b91974c5]::vec::Vec<u8> as core[a373ad73a504971]::io::write::Write>::write_fmt
[INFO] [stdout]    3:     0x58b5abe874f6 - std[617be2ca0a6fd877]::panicking::default_hook::{closure#0}
[INFO] [stdout]    4:     0x58b5abea3c89 - std[617be2ca0a6fd877]::panicking::default_hook
[INFO] [stdout]    5:     0x58b5abe21a60 - test[aada8e7e76ba119b]::test_main_inner::{closure#0}
[INFO] [stdout]    6:     0x58b5abea3e42 - std[617be2ca0a6fd877]::panicking::panic_with_hook
[INFO] [stdout]    7:     0x58b5abe875a2 - std[617be2ca0a6fd877]::panicking::panic_handler::{closure#0}
[INFO] [stdout]    8:     0x58b5abe7fd29 - std[617be2ca0a6fd877]::sys::backtrace::__rust_end_short_backtrace::<std[617be2ca0a6fd877]::panicking::panic_handler::{closure#0}, !>
[INFO] [stdout]    9:     0x58b5abe882bd - __rustc[ea4f61d10b84890b]::rust_begin_unwind
[INFO] [stdout]   10:     0x58b5abec15fc - core[a373ad73a504971]::panicking::panic_fmt
[INFO] [stdout]   11:     0x58b5abec13d2 - core[a373ad73a504971]::result::unwrap_failed
[INFO] [stdout]   12:     0x58b5abe12569 - <test[1be89d98fb81c1a8]::tests::option_test_none_to_some::{closure#0} as core[a373ad73a504971]::ops::function::FnOnce<()>>::call_once
[INFO] [stdout]   13:     0x58b5abe14eab - test[aada8e7e76ba119b]::__rust_begin_short_backtrace::<core[a373ad73a504971]::result::Result<(), alloc[2e1b2a31b91974c5]::string::String>, fn() -> core[a373ad73a504971]::result::Result<(), alloc[2e1b2a31b91974c5]::string::String>>
[INFO] [stdout]   14:     0x58b5abe22085 - test[aada8e7e76ba119b]::run_test::{closure#0}
[INFO] [stdout]   15:     0x58b5abe1b974 - std[617be2ca0a6fd877]::sys::backtrace::__rust_begin_short_backtrace::<test[aada8e7e76ba119b]::run_test::{closure#1}, ()>
[INFO] [stdout]   16:     0x58b5abe25112 - <std[617be2ca0a6fd877]::thread::lifecycle::spawn_unchecked<test[aada8e7e76ba119b]::run_test::{closure#1}, ()>::{closure#1} as core[a373ad73a504971]::ops::function::FnOnce<()>>::call_once::{shim:vtable#0}
[INFO] [stdout]   17:     0x58b5abeaae6f - <std[617be2ca0a6fd877]::sys::thread::unix::Thread>::new::thread_start
[INFO] [stdout]   18:     0x746d36d0fdfa - <unknown>
[INFO] [stdout]   19:     0x746d36da33d4 - clone
[INFO] [stdout]   20:                0x0 - <unknown>
[INFO] [stdout] 
[INFO] [stdout] 
[INFO] [stdout] failures:
[INFO] [stdout]     tests::complex_test
[INFO] [stdout]     tests::option_test_none_to_none
[INFO] [stdout]     tests::option_test_none_to_some
[INFO] [stdout]     tests::option_test_some_to_none
[INFO] [stdout]     tests::option_test_some_to_some
[INFO] [stdout]     tests::simple_test
[INFO] [stdout] 
[INFO] [stdout] test result: FAILED. 0 passed; 6 failed; 0 ignored; 0 measured; 0 filtered out; finished in 0.00s
[INFO] [stdout] 
[INFO] running `Command { std: "docker" "inspect" "82c7555db545a80e847a79a11a912cf5b18ec1c610e7d561edb4c2107c9634ad", kill_on_drop: false }`
[INFO] running `Command { std: "docker" "rm" "-f" "82c7555db545a80e847a79a11a912cf5b18ec1c610e7d561edb4c2107c9634ad", kill_on_drop: false }`
[INFO] [stdout] 82c7555db545a80e847a79a11a912cf5b18ec1c610e7d561edb4c2107c9634ad
