[INFO] fetching crate confetti-derive 0.1.1...
[INFO] testing confetti-derive-0.1.1 against 1.99.0-beta.8+cargoflags=--release for beta-release-1.100-2
[INFO] extracting crate confetti-derive 0.1.1 into /workspace/builds/worker-6-tc1/source
[INFO] started tweaking crates.io crate confetti-derive 0.1.1
[INFO] finished tweaking crates.io crate confetti-derive 0.1.1
[INFO] tweaked toml for crates.io crate confetti-derive 0.1.1 written to /workspace/builds/worker-6-tc1/source/Cargo.toml
[INFO] validating manifest of crates.io crate confetti-derive 0.1.1 on toolchain 1.99.0-beta.8
[INFO] running `Command { std: CARGO_HOME="/workspace/cargo-home" RUSTUP_HOME="/workspace/rustup-home" "/workspace/cargo-home/bin/cargo" "+1.99.0-beta.8" "metadata" "--manifest-path" "Cargo.toml" "--no-deps", kill_on_drop: false }`
[INFO] crate crates.io crate confetti-derive 0.1.1 already has a lockfile, it will not be regenerated
[INFO] running `Command { std: CARGO_HOME="/workspace/cargo-home" RUSTUP_HOME="/workspace/rustup-home" "/workspace/cargo-home/bin/cargo" "+1.99.0-beta.8" "fetch" "--manifest-path" "Cargo.toml", kill_on_drop: false }`
[INFO] running `Command { std: "docker" "create" "-v" "/var/lib/crater-agent-workspace/builds/worker-6-tc1/source:/opt/rustwide/workdir:ro,Z" "-v" "/var/lib/crater-agent-workspace/builds/worker-6-tc1/target:/opt/rustwide/target:rw,Z" "-v" "/var/lib/crater-agent-workspace/cargo-home:/opt/rustwide/cargo-home:ro,Z" "-v" "/var/lib/crater-agent-workspace/rustup-home:/opt/rustwide/rustup-home:ro,Z" "-m" "1610612736" "--network" "none" "ghcr.io/rust-lang/crates-build-env/linux@sha256:77db811e55d90add9212f6832c23229e3de5f1c1f9905e8cb07319ea15df73ac" "sleep" "infinity", kill_on_drop: false }`
[INFO] [stdout] 2ae7222e12f1392d86958c4b3f58997c27de62bb44bf44e922efc60e8bb2f5bd
[INFO] running `Command { std: "docker" "start" "2ae7222e12f1392d86958c4b3f58997c27de62bb44bf44e922efc60e8bb2f5bd", kill_on_drop: false }`
[INFO] running `Command { std: "docker" "inspect" "2ae7222e12f1392d86958c4b3f58997c27de62bb44bf44e922efc60e8bb2f5bd", kill_on_drop: false }`
[INFO] running `Command { std: "docker" "exec" "-e" "SOURCE_DIR=/opt/rustwide/workdir" "-e" "CARGO_HOME=/opt/rustwide/cargo-home" "-e" "RUSTUP_HOME=/opt/rustwide/rustup-home" "-e" "CARGO_TARGET_DIR=/opt/rustwide/target" "-w" "/opt/rustwide/workdir" "--user" "0:0" "2ae7222e12f1392d86958c4b3f58997c27de62bb44bf44e922efc60e8bb2f5bd" "/opt/rustwide/cargo-home/bin/cargo" "+1.99.0-beta.8" "metadata" "--no-deps" "--format-version=1", kill_on_drop: false }`
[INFO] running `Command { std: "docker" "inspect" "2ae7222e12f1392d86958c4b3f58997c27de62bb44bf44e922efc60e8bb2f5bd", kill_on_drop: false }`
[INFO] running `Command { std: "docker" "exec" "-e" "SOURCE_DIR=/opt/rustwide/workdir" "-e" "CARGO_HOME=/opt/rustwide/cargo-home" "-e" "RUSTUP_HOME=/opt/rustwide/rustup-home" "-e" "CARGO_TARGET_DIR=/opt/rustwide/target" "-e" "CARGO_INCREMENTAL=0" "-e" "RUST_BACKTRACE=full" "-e" "RUSTFLAGS=--cap-lints=warn" "-e" "RUSTDOCFLAGS=--cap-lints=warn" "-w" "/opt/rustwide/workdir" "--user" "0:0" "2ae7222e12f1392d86958c4b3f58997c27de62bb44bf44e922efc60e8bb2f5bd" "/opt/rustwide/cargo-home/bin/cargo" "+1.99.0-beta.8" "build" "--frozen" "--message-format=json" "--release", kill_on_drop: false }`
[INFO] [stderr]    Compiling proc-macro2 v1.0.95
[INFO] [stderr]    Compiling unicode-ident v1.0.18
[INFO] [stderr]    Compiling syn v1.0.109
[INFO] [stderr]    Compiling quote v1.0.40
[INFO] [stderr]    Compiling confetti-derive v0.1.1 (/opt/rustwide/workdir)
[INFO] [stderr]     Finished `release` profile [optimized] target(s) in 10.44s
[INFO] running `Command { std: "docker" "inspect" "2ae7222e12f1392d86958c4b3f58997c27de62bb44bf44e922efc60e8bb2f5bd", kill_on_drop: false }`
[INFO] running `Command { std: "docker" "exec" "-e" "SOURCE_DIR=/opt/rustwide/workdir" "-e" "CARGO_HOME=/opt/rustwide/cargo-home" "-e" "RUSTUP_HOME=/opt/rustwide/rustup-home" "-e" "CARGO_TARGET_DIR=/opt/rustwide/target" "-e" "CARGO_INCREMENTAL=0" "-e" "RUST_BACKTRACE=full" "-e" "RUSTFLAGS=--cap-lints=warn" "-e" "RUSTDOCFLAGS=--cap-lints=warn" "-w" "/opt/rustwide/workdir" "--user" "0:0" "2ae7222e12f1392d86958c4b3f58997c27de62bb44bf44e922efc60e8bb2f5bd" "/opt/rustwide/cargo-home/bin/cargo" "+1.99.0-beta.8" "test" "--frozen" "--no-run" "--message-format=json" "--release", kill_on_drop: false }`
[INFO] [stderr]    Compiling confetti-derive v0.1.1 (/opt/rustwide/workdir)
[INFO] [stderr]     Finished `release` profile [optimized] target(s) in 0.65s
[INFO] running `Command { std: "docker" "inspect" "2ae7222e12f1392d86958c4b3f58997c27de62bb44bf44e922efc60e8bb2f5bd", kill_on_drop: false }`
[INFO] running `Command { std: "docker" "exec" "-e" "SOURCE_DIR=/opt/rustwide/workdir" "-e" "CARGO_HOME=/opt/rustwide/cargo-home" "-e" "RUSTUP_HOME=/opt/rustwide/rustup-home" "-e" "CARGO_TARGET_DIR=/opt/rustwide/target" "-e" "CARGO_INCREMENTAL=0" "-e" "RUST_BACKTRACE=full" "-e" "RUSTFLAGS=--cap-lints=warn" "-e" "RUSTDOCFLAGS=--cap-lints=warn" "-w" "/opt/rustwide/workdir" "--user" "0:0" "2ae7222e12f1392d86958c4b3f58997c27de62bb44bf44e922efc60e8bb2f5bd" "/opt/rustwide/cargo-home/bin/cargo" "+1.99.0-beta.8" "test" "--frozen" "--release", kill_on_drop: false }`
[INFO] [stderr]     Finished `release` profile [optimized] target(s) in 0.01s
[INFO] [stderr]      Running unittests src/lib.rs (/opt/rustwide/target/release/deps/confetti_derive-e8e673e3499e7e22)
[INFO] [stdout] 
[INFO] [stdout] running 0 tests
[INFO] [stdout] 
[INFO] [stdout] test result: ok. 0 passed; 0 failed; 0 ignored; 0 measured; 0 filtered out; finished in 0.00s
[INFO] [stdout] 
[INFO] [stderr]    Doc-tests confetti_derive
[INFO] [stdout] 
[INFO] [stdout] running 1 test
[INFO] [stdout] test src/lib.rs - derive_conf_map (line 14) ... FAILED
[INFO] [stdout] 
[INFO] [stdout] failures:
[INFO] [stdout] 
[INFO] [stdout] ---- src/lib.rs - derive_conf_map (line 14) stdout ----
[INFO] [stdout] error[E0432]: unresolved import `confetti_rs`
[INFO] [stdout]   --> src/lib.rs:15:5
[INFO] [stdout]    |
[INFO] [stdout] 15 | use confetti_rs::ConfMap;
[INFO] [stdout]    |     ^^^^^^^^^^^ use of unresolved module or unlinked crate `confetti_rs`
[INFO] [stdout]    |
[INFO] [stdout]    = help: if you wanted to use a crate named `confetti_rs`, use `cargo add confetti_rs` to add it to your `Cargo.toml`
[INFO] [stdout] 
[INFO] [stdout] error: cannot find attribute `conf_map` in this scope
[INFO] [stdout]   --> src/lib.rs:21:7
[INFO] [stdout]    |
[INFO] [stdout] 21 |     #[conf_map(name = "max-connections")]
[INFO] [stdout]    |       ^^^^^^^^
[INFO] [stdout]    |
[INFO] [stdout]    = note: `conf_map` is an attribute that can be used by the derive macro `ConfMap`, you might be missing a `derive` attribute
[INFO] [stdout] 
[INFO] [stdout] error: aborting due to 2 previous errors
[INFO] [stdout] 
[INFO] [stdout] For more information about this error, try `rustc --explain E0432`.
[INFO] [stdout] Couldn't compile the test.
[INFO] [stdout] 
[INFO] [stdout] failures:
[INFO] [stdout]     src/lib.rs - derive_conf_map (line 14)
[INFO] [stdout] 
[INFO] [stdout] test result: FAILED. 0 passed; 1 failed; 0 ignored; 0 measured; 0 filtered out; finished in 0.13s
[INFO] [stdout] 
[INFO] [stderr] error: doctest failed, to rerun pass `--doc`
[INFO] running `Command { std: "docker" "inspect" "2ae7222e12f1392d86958c4b3f58997c27de62bb44bf44e922efc60e8bb2f5bd", kill_on_drop: false }`
[INFO] running `Command { std: "docker" "rm" "-f" "2ae7222e12f1392d86958c4b3f58997c27de62bb44bf44e922efc60e8bb2f5bd", kill_on_drop: false }`
[INFO] [stdout] 2ae7222e12f1392d86958c4b3f58997c27de62bb44bf44e922efc60e8bb2f5bd
