[INFO] fetching crate confers-macros 0.6.0-rc.10...
[INFO] testing confers-macros-0.6.0-rc.10 against 1.99.0-beta.8+cargoflags=--release for beta-release-1.100-2
[INFO] extracting crate confers-macros 0.6.0-rc.10 into /workspace/builds/worker-6-tc1/source
[INFO] started tweaking crates.io crate confers-macros 0.6.0-rc.10
[INFO] removed 0 missing tests
[INFO] finished tweaking crates.io crate confers-macros 0.6.0-rc.10
[INFO] tweaked toml for crates.io crate confers-macros 0.6.0-rc.10 written to /workspace/builds/worker-6-tc1/source/Cargo.toml
[INFO] validating manifest of crates.io crate confers-macros 0.6.0-rc.10 on toolchain 1.99.0-beta.8
[INFO] running `Command { std: CARGO_HOME="/workspace/cargo-home" RUSTUP_HOME="/workspace/rustup-home" "/workspace/cargo-home/bin/cargo" "+1.99.0-beta.8" "metadata" "--manifest-path" "Cargo.toml" "--no-deps", kill_on_drop: false }`
[INFO] crate crates.io crate confers-macros 0.6.0-rc.10 already has a lockfile, it will not be regenerated
[INFO] running `Command { std: CARGO_HOME="/workspace/cargo-home" RUSTUP_HOME="/workspace/rustup-home" "/workspace/cargo-home/bin/cargo" "+1.99.0-beta.8" "fetch" "--manifest-path" "Cargo.toml", kill_on_drop: false }`
[INFO] [stderr] warning: Cargo.toml: only one of `license` or `license-file` is necessary
[INFO] [stderr] `license` should be used if the package license can be expressed with a standard SPDX expression.
[INFO] [stderr] `license-file` should be used if the package uses a non-standard license.
[INFO] [stderr] See https://doc.rust-lang.org/cargo/reference/manifest.html#the-license-and-license-file-fields for more information.
[INFO] [stderr] warning: `confers-macros` (manifest) generated 1 warning
[INFO] [stderr]     Updating crates.io index
[INFO] [stderr]  Downloading crates ...
[INFO] [stderr]   Downloaded trybuild v1.0.122
[INFO] [stderr]   Downloaded target-tuple v1.0.2
[INFO] [stderr]   Downloaded toml v1.1.8+spec-1.1.0
[INFO] [stderr]   Downloaded serde_spanned v1.1.2
[INFO] [stderr]   Downloaded toml_writer v1.1.3+spec-1.1.0
[INFO] [stderr]   Downloaded toml_datetime v1.1.2+spec-1.1.0
[INFO] [stderr]   Downloaded toml_parser v1.1.5+spec-1.1.0
[INFO] [stderr]   Downloaded serde_json v1.0.152
[INFO] running `Command { std: "docker" "create" "-v" "/var/lib/crater-agent-workspace/builds/worker-6-tc1/source:/opt/rustwide/workdir:ro,Z" "-v" "/var/lib/crater-agent-workspace/builds/worker-6-tc1/target:/opt/rustwide/target:rw,Z" "-v" "/var/lib/crater-agent-workspace/cargo-home:/opt/rustwide/cargo-home:ro,Z" "-v" "/var/lib/crater-agent-workspace/rustup-home:/opt/rustwide/rustup-home:ro,Z" "-m" "1610612736" "--network" "none" "ghcr.io/rust-lang/crates-build-env/linux@sha256:77db811e55d90add9212f6832c23229e3de5f1c1f9905e8cb07319ea15df73ac" "sleep" "infinity", kill_on_drop: false }`
[INFO] [stdout] 09714ab84bcefa6bc074950d2a14a255a422bc695e908597b839c4b8e99efccd
[INFO] running `Command { std: "docker" "start" "09714ab84bcefa6bc074950d2a14a255a422bc695e908597b839c4b8e99efccd", kill_on_drop: false }`
[INFO] running `Command { std: "docker" "inspect" "09714ab84bcefa6bc074950d2a14a255a422bc695e908597b839c4b8e99efccd", kill_on_drop: false }`
[INFO] running `Command { std: "docker" "exec" "-e" "SOURCE_DIR=/opt/rustwide/workdir" "-e" "CARGO_HOME=/opt/rustwide/cargo-home" "-e" "RUSTUP_HOME=/opt/rustwide/rustup-home" "-e" "CARGO_TARGET_DIR=/opt/rustwide/target" "-w" "/opt/rustwide/workdir" "--user" "0:0" "09714ab84bcefa6bc074950d2a14a255a422bc695e908597b839c4b8e99efccd" "/opt/rustwide/cargo-home/bin/cargo" "+1.99.0-beta.8" "metadata" "--no-deps" "--format-version=1", kill_on_drop: false }`
[INFO] running `Command { std: "docker" "inspect" "09714ab84bcefa6bc074950d2a14a255a422bc695e908597b839c4b8e99efccd", kill_on_drop: false }`
[INFO] running `Command { std: "docker" "exec" "-e" "SOURCE_DIR=/opt/rustwide/workdir" "-e" "CARGO_HOME=/opt/rustwide/cargo-home" "-e" "RUSTUP_HOME=/opt/rustwide/rustup-home" "-e" "CARGO_TARGET_DIR=/opt/rustwide/target" "-e" "CARGO_INCREMENTAL=0" "-e" "RUST_BACKTRACE=full" "-e" "RUSTFLAGS=--cap-lints=warn" "-e" "RUSTDOCFLAGS=--cap-lints=warn" "-w" "/opt/rustwide/workdir" "--user" "0:0" "09714ab84bcefa6bc074950d2a14a255a422bc695e908597b839c4b8e99efccd" "/opt/rustwide/cargo-home/bin/cargo" "+1.99.0-beta.8" "build" "--frozen" "--message-format=json" "--release", kill_on_drop: false }`
[INFO] [stderr] warning: Cargo.toml: only one of `license` or `license-file` is necessary
[INFO] [stderr] `license` should be used if the package license can be expressed with a standard SPDX expression.
[INFO] [stderr] `license-file` should be used if the package uses a non-standard license.
[INFO] [stderr] See https://doc.rust-lang.org/cargo/reference/manifest.html#the-license-and-license-file-fields for more information.
[INFO] [stderr] warning: `confers-macros` (manifest) generated 1 warning
[INFO] [stderr]    Compiling syn v3.0.7
[INFO] [stderr]    Compiling darling_core v0.24.1
[INFO] [stderr]    Compiling darling_macro v0.24.1
[INFO] [stderr]    Compiling darling v0.24.1
[INFO] [stderr]    Compiling confers-macros v0.6.0-rc.10 (/opt/rustwide/workdir)
[INFO] [stderr]     Finished `release` profile [optimized] target(s) in 21.13s
[INFO] running `Command { std: "docker" "inspect" "09714ab84bcefa6bc074950d2a14a255a422bc695e908597b839c4b8e99efccd", kill_on_drop: false }`
[INFO] running `Command { std: "docker" "exec" "-e" "SOURCE_DIR=/opt/rustwide/workdir" "-e" "CARGO_HOME=/opt/rustwide/cargo-home" "-e" "RUSTUP_HOME=/opt/rustwide/rustup-home" "-e" "CARGO_TARGET_DIR=/opt/rustwide/target" "-e" "CARGO_INCREMENTAL=0" "-e" "RUST_BACKTRACE=full" "-e" "RUSTFLAGS=--cap-lints=warn" "-e" "RUSTDOCFLAGS=--cap-lints=warn" "-w" "/opt/rustwide/workdir" "--user" "0:0" "09714ab84bcefa6bc074950d2a14a255a422bc695e908597b839c4b8e99efccd" "/opt/rustwide/cargo-home/bin/cargo" "+1.99.0-beta.8" "test" "--frozen" "--no-run" "--message-format=json" "--release", kill_on_drop: false }`
[INFO] [stderr] warning: Cargo.toml: only one of `license` or `license-file` is necessary
[INFO] [stderr] `license` should be used if the package license can be expressed with a standard SPDX expression.
[INFO] [stderr] `license-file` should be used if the package uses a non-standard license.
[INFO] [stderr] See https://doc.rust-lang.org/cargo/reference/manifest.html#the-license-and-license-file-fields for more information.
[INFO] [stderr] warning: `confers-macros` (manifest) generated 1 warning
[INFO] [stderr]    Compiling serde_core v1.0.229
[INFO] [stderr]    Compiling zmij v1.0.23
[INFO] [stderr]    Compiling target-tuple v1.0.2
[INFO] [stderr]    Compiling serde v1.0.229
[INFO] [stderr]    Compiling serde_json v1.0.152
[INFO] [stderr]    Compiling proc-macro2 v1.0.107
[INFO] [stderr]    Compiling unicode-ident v1.0.26
[INFO] [stderr]    Compiling serde_derive v1.0.229
[INFO] [stderr]    Compiling quote v1.0.47
[INFO] [stderr]    Compiling winnow v1.0.4
[INFO] [stderr]    Compiling memchr v2.8.3
[INFO] [stderr]    Compiling toml_parser v1.1.5+spec-1.1.0
[INFO] [stderr]    Compiling toml_writer v1.1.3+spec-1.1.0
[INFO] [stderr]    Compiling ident_case v1.0.1
[INFO] [stderr]    Compiling syn v3.0.7
[INFO] [stderr]    Compiling strsim v0.11.1
[INFO] [stderr]    Compiling glob v0.3.4
[INFO] [stderr]    Compiling confers-macros v0.6.0-rc.10 (/opt/rustwide/workdir)
[INFO] [stderr]    Compiling termcolor v1.4.1
[INFO] [stderr]    Compiling toml_datetime v1.1.2+spec-1.1.0
[INFO] [stderr]    Compiling serde_spanned v1.1.2
[INFO] [stderr]    Compiling toml v1.1.8+spec-1.1.0
[INFO] [stderr]    Compiling trybuild v1.0.122
[INFO] [stderr]    Compiling darling_core v0.24.1
[INFO] [stderr]    Compiling darling v0.24.1
[INFO] [stderr]     Finished `release` profile [optimized] target(s) in 2m 01s
[INFO] running `Command { std: "docker" "inspect" "09714ab84bcefa6bc074950d2a14a255a422bc695e908597b839c4b8e99efccd", kill_on_drop: false }`
[INFO] running `Command { std: "docker" "exec" "-e" "SOURCE_DIR=/opt/rustwide/workdir" "-e" "CARGO_HOME=/opt/rustwide/cargo-home" "-e" "RUSTUP_HOME=/opt/rustwide/rustup-home" "-e" "CARGO_TARGET_DIR=/opt/rustwide/target" "-e" "CARGO_INCREMENTAL=0" "-e" "RUST_BACKTRACE=full" "-e" "RUSTFLAGS=--cap-lints=warn" "-e" "RUSTDOCFLAGS=--cap-lints=warn" "-w" "/opt/rustwide/workdir" "--user" "0:0" "09714ab84bcefa6bc074950d2a14a255a422bc695e908597b839c4b8e99efccd" "/opt/rustwide/cargo-home/bin/cargo" "+1.99.0-beta.8" "test" "--frozen" "--release", kill_on_drop: false }`
[INFO] [stderr] warning: Cargo.toml: only one of `license` or `license-file` is necessary
[INFO] [stderr] `license` should be used if the package license can be expressed with a standard SPDX expression.
[INFO] [stderr] `license-file` should be used if the package uses a non-standard license.
[INFO] [stderr] See https://doc.rust-lang.org/cargo/reference/manifest.html#the-license-and-license-file-fields for more information.
[INFO] [stderr] warning: `confers-macros` (manifest) generated 1 warning
[INFO] [stderr]     Finished `release` profile [optimized] target(s) in 0.13s
[INFO] [stderr]      Running unittests src/lib.rs (/opt/rustwide/target/release/deps/confers_macros-2705e579fce00780)
[INFO] [stdout] 
[INFO] [stdout] running 15 tests
[INFO] [stdout] test parse::tests::test_parse_field_attrs_collects_errors ... ok
[INFO] [stdout] test parse::tests::test_serde_rename_non_string_and_bare_path_ignored ... ok
[INFO] [stdout] test codegen::validate::tests::test_validate_helper_attr_generates_manual_helper ... ok
[INFO] [stdout] test parse::tests::test_is_option_type ... ok
[INFO] [stdout] test codegen::validate::tests::test_plain_validate_flag_stays_a_noop ... ok
[INFO] [stdout] test parse::tests::test_is_vec_type ... ok
[INFO] [stdout] test parse::tests::test_parse_field_attrs_tuple_struct_yields_nothing ... ok
[INFO] [stdout] test parse::tests::test_serde_rename_capture ... ok
[INFO] [stdout] test parse::tests::test_type_predicates_reject_non_path_types ... ok
[INFO] [stdout] test parse::tests::test_validate_env_prefix_length_and_control_chars ... ok
[INFO] [stdout] test parse::tests::test_validate_app_name_length_and_empty ... ok
[INFO] [stdout] test parse::tests::test_validate_sensitive_requires_secret_type ... ok
[INFO] [stdout] test parse::tests::test_validate_version_zero_rejected ... ok
[INFO] [stdout] test parse::tests::test_validate_env_prefix_empty_rejected ... ok
[INFO] [stderr]      Running tests/compile_fail.rs (/opt/rustwide/target/release/deps/compile_fail-07d9b5f39b1d0681)
[INFO] [stdout] test parse::tests::test_serde_rename_skips_non_rename_metas_and_non_serde_attrs ... ok
[INFO] [stdout] 
[INFO] [stdout] test result: ok. 15 passed; 0 failed; 0 ignored; 0 measured; 0 filtered out; finished in 0.16s
[INFO] [stdout] 
[INFO] [stdout] 
[INFO] [stdout] running 1 test
[INFO] [stderr] warning: /opt/rustwide/workdir/Cargo.toml: only one of `license` or `license-file` is necessary
[INFO] [stderr] `license` should be used if the package license can be expressed with a standard SPDX expression.
[INFO] [stderr] `license-file` should be used if the package uses a non-standard license.
[INFO] [stderr] See https://doc.rust-lang.org/cargo/reference/manifest.html#the-license-and-license-file-fields for more information.
[INFO] [stderr] warning: `confers-macros` (manifest) generated 1 warning
[INFO] [stderr]    Compiling proc-macro2 v1.0.107
[INFO] [stderr]    Compiling quote v1.0.47
[INFO] [stderr]    Compiling unicode-ident v1.0.26
[INFO] [stderr]    Compiling strsim v0.11.1
[INFO] [stderr]    Compiling ident_case v1.0.1
[INFO] [stderr]     Checking syn v3.0.7
[INFO] [stderr]     Checking darling_core v0.24.1
[INFO] [stderr]    Compiling darling_macro v0.24.1
[INFO] [stderr]    Compiling darling v0.24.1
[INFO] [stderr]    Compiling confers-macros v0.6.0-rc.10 (/opt/rustwide/workdir)
[INFO] [stderr]     Checking confers-macros-tests v0.0.0 (/opt/rustwide/target/tests/trybuild/confers-macros)
[INFO] [stderr]     Finished `dev` profile [unoptimized + debuginfo] target(s) in 22.42s
[INFO] [stderr] 
[INFO] [stderr] 
[INFO] [stderr] test tests/compile_fail/encrypt_rot13.rs ... mismatch
[INFO] [stderr] 
[INFO] [stderr] EXPECTED:
[INFO] [stderr] ┈┈┈┈┈┈┈┈┈┈┈┈┈┈┈┈┈┈┈┈┈┈┈┈┈┈┈┈┈┈┈┈┈┈┈┈┈┈┈┈┈┈┈┈┈┈┈┈┈┈┈┈┈┈┈┈┈┈┈┈
[INFO] [stdout] test ci_compile_fail ... FAILED
[INFO] [stderr] error: unsupported encryption algorithm 'rot13'
[INFO] [stdout] 
[INFO] [stderr]        supported algorithms: "xchacha20", "aes256-gcm"
[INFO] [stdout] failures:
[INFO] [stderr]   --> tests/compile_fail/encrypt_rot13.rs:10:5
[INFO] [stdout] 
[INFO] [stderr]    |
[INFO] [stdout] ---- ci_compile_fail stdout ----
[INFO] [stderr] 10 |     secret: String,
[INFO] [stdout] 
[INFO] [stderr]    |     ^^^^^^
[INFO] [stdout] thread 'ci_compile_fail' (986) panicked at /opt/rustwide/cargo-home/registry/src/index.crates.io-1949cf8c6b5b557f/trybuild-1.0.122/src/run.rs:103:13:
[INFO] [stderr] ┈┈┈┈┈┈┈┈┈┈┈┈┈┈┈┈┈┈┈┈┈┈┈┈┈┈┈┈┈┈┈┈┈┈┈┈┈┈┈┈┈┈┈┈┈┈┈┈┈┈┈┈┈┈┈┈┈┈┈┈
[INFO] [stdout] 5 of 5 tests failed
[INFO] [stderr] 
[INFO] [stdout] stack backtrace:
[INFO] [stderr] ACTUAL OUTPUT:
[INFO] [stdout]    0:     0x616d8ca95cc1 - <<std[70759c8f55707aa4]::sys::backtrace::BacktraceLock>::print::DisplayBacktrace as core[df12db4294e9bfd3]::fmt::Display>::fmt
[INFO] [stderr] ┈┈┈┈┈┈┈┈┈┈┈┈┈┈┈┈┈┈┈┈┈┈┈┈┈┈┈┈┈┈┈┈┈┈┈┈┈┈┈┈┈┈┈┈┈┈┈┈┈┈┈┈┈┈┈┈┈┈┈┈
[INFO] [stdout]    1:     0x616d8caac34a - core[df12db4294e9bfd3]::fmt::write
[INFO] [stderr] error[E0432]: unresolved import `confers`
[INFO] [stdout]    2:     0x616d8ca9a78c - <alloc[2182bb758b4b3781]::vec::Vec<u8> as core[df12db4294e9bfd3]::io::write::Write>::write_fmt
[INFO] [stderr]  --> tests/compile_fail/encrypt_rot13.rs:5:5
[INFO] [stdout]    3:     0x616d8ca6f1a6 - std[70759c8f55707aa4]::panicking::default_hook::{closure#0}
[INFO] [stderr]   |
[INFO] [stdout]    4:     0x616d8ca8d339 - std[70759c8f55707aa4]::panicking::default_hook
[INFO] [stderr] 5 | use confers::Config;
[INFO] [stdout]    5:     0x616d8ca26610 - test[9d35eded1c95d3be]::test_main_inner::<test[9d35eded1c95d3be]::test_main_static::{closure#0}>::{closure#0}
[INFO] [stderr]   |     ^^^^^^^ use of unresolved module or unlinked crate `confers`
[INFO] [stdout]    6:     0x616d8ca8d4f2 - std[70759c8f55707aa4]::panicking::panic_with_hook
[INFO] [stderr]   |
[INFO] [stdout]    7:     0x616d8ca6f252 - std[70759c8f55707aa4]::panicking::panic_handler::{closure#0}
[INFO] [stderr]   = help: if you wanted to use a crate named `confers`, use `cargo add confers` to add it to your `Cargo.toml`
[INFO] [stdout]    8:     0x616d8ca67b19 - std[70759c8f55707aa4]::sys::backtrace::__rust_end_short_backtrace::<std[70759c8f55707aa4]::panicking::panic_handler::{closure#0}, !>
[INFO] [stderr] 
[INFO] [stdout]    9:     0x616d8ca6fe4d - __rustc[8fa7c3cbc660c2b3]::rust_begin_unwind
[INFO] [stderr] error: cannot find attribute `config` in this scope
[INFO] [stdout]   10:     0x616d8caacabc - core[df12db4294e9bfd3]::panicking::panic_fmt
[INFO] [stderr]  --> tests/compile_fail/encrypt_rot13.rs:9:7
[INFO] [stdout]   11:     0x616d8c979c9b - <trybuild[21e41cccdeb30ebe]::Runner>::run
[INFO] [stderr]   |
[INFO] [stdout]   12:     0x616d8c97d090 - <trybuild[21e41cccdeb30ebe]::TestCases as core[df12db4294e9bfd3]::ops::drop::Drop>::drop
[INFO] [stderr] 9 |     #[config(encrypt = "rot13")]
[INFO] [stdout]   13:     0x616d8c973bf8 - compile_fail[f1a1970302a78e2d]::ci_compile_fail
[INFO] [stderr]   |       ^^^^^^
[INFO] [stdout]   14:     0x616d8c973df9 - <compile_fail[f1a1970302a78e2d]::ci_compile_fail::{closure#0} as core[df12db4294e9bfd3]::ops::function::FnOnce<()>>::call_once
[INFO] [stderr]   |
[INFO] [stdout]   15:     0x616d8ca198fb - test[9d35eded1c95d3be]::__rust_begin_short_backtrace::<core[df12db4294e9bfd3]::result::Result<(), alloc[2182bb758b4b3781]::string::String>, fn() -> core[df12db4294e9bfd3]::result::Result<(), alloc[2182bb758b4b3781]::string::String>>
[INFO] [stderr]   = note: `config` is an attribute that can be used by the derive macros `Config`, `ConfigClap`, `ConfigMigration`, `ConfigModules` and `ConfigSchema`, you might be missing a `derive` attribute
[INFO] [stdout]   16:     0x616d8ca26f65 - test[9d35eded1c95d3be]::run_test::{closure#0}
[INFO] [stderr] ┈┈┈┈┈┈┈┈┈┈┈┈┈┈┈┈┈┈┈┈┈┈┈┈┈┈┈┈┈┈┈┈┈┈┈┈┈┈┈┈┈┈┈┈┈┈┈┈┈┈┈┈┈┈┈┈┈┈┈┈
[INFO] [stdout]   17:     0x616d8ca20824 - std[70759c8f55707aa4]::sys::backtrace::__rust_begin_short_backtrace::<test[9d35eded1c95d3be]::run_test::{closure#1}, ()>
[INFO] [stderr] note: If the actual output is the correct output you can bless it by rerunning
[INFO] [stdout]   18:     0x616d8ca2a0c2 - <std[70759c8f55707aa4]::thread::lifecycle::spawn_unchecked<test[9d35eded1c95d3be]::run_test::{closure#1}, ()>::{closure#1} as core[df12db4294e9bfd3]::ops::function::FnOnce<()>>::call_once::{shim:vtable#0}
[INFO] [stderr]       your test with the environment variable TRYBUILD=overwrite
[INFO] [stdout]   19:     0x616d8ca94f79 - <std[70759c8f55707aa4]::sys::thread::unix::Thread>::new::thread_start
[INFO] [stderr] 
[INFO] [stdout]   20:     0x7db261bdadfa - <unknown>
[INFO] [stderr] test tests/compile_fail/env_prefix_illegal_chars.rs ... mismatch
[INFO] [stdout]   21:     0x7db261c6e3d4 - clone
[INFO] [stderr] 
[INFO] [stdout]   22:                0x0 - <unknown>
[INFO] [stderr] EXPECTED:
[INFO] [stdout] 
[INFO] [stderr] ┈┈┈┈┈┈┈┈┈┈┈┈┈┈┈┈┈┈┈┈┈┈┈┈┈┈┈┈┈┈┈┈┈┈┈┈┈┈┈┈┈┈┈┈┈┈┈┈┈┈┈┈┈┈┈┈┈┈┈┈
[INFO] [stdout] 
[INFO] [stderr] error: env_prefix must only contain alphanumeric characters and underscores
[INFO] [stdout] failures:
[INFO] [stderr]  --> tests/compile_fail/env_prefix_illegal_chars.rs:9:8
[INFO] [stdout]     ci_compile_fail
[INFO] [stderr]   |
[INFO] [stdout] 
[INFO] [stderr] 9 | struct Doc {
[INFO] [stdout] test result: FAILED. 0 passed; 1 failed; 0 ignored; 0 measured; 0 filtered out; finished in 28.66s
[INFO] [stderr]   |        ^^^
[INFO] [stdout] 
[INFO] [stderr] ┈┈┈┈┈┈┈┈┈┈┈┈┈┈┈┈┈┈┈┈┈┈┈┈┈┈┈┈┈┈┈┈┈┈┈┈┈┈┈┈┈┈┈┈┈┈┈┈┈┈┈┈┈┈┈┈┈┈┈┈
[INFO] [stderr] 
[INFO] [stderr] ACTUAL OUTPUT:
[INFO] [stderr] ┈┈┈┈┈┈┈┈┈┈┈┈┈┈┈┈┈┈┈┈┈┈┈┈┈┈┈┈┈┈┈┈┈┈┈┈┈┈┈┈┈┈┈┈┈┈┈┈┈┈┈┈┈┈┈┈┈┈┈┈
[INFO] [stderr] error[E0432]: unresolved import `confers`
[INFO] [stderr]  --> tests/compile_fail/env_prefix_illegal_chars.rs:5:5
[INFO] [stderr]   |
[INFO] [stderr] 5 | use confers::Config;
[INFO] [stderr]   |     ^^^^^^^ use of unresolved module or unlinked crate `confers`
[INFO] [stderr]   |
[INFO] [stderr]   = help: if you wanted to use a crate named `confers`, use `cargo add confers` to add it to your `Cargo.toml`
[INFO] [stderr] 
[INFO] [stderr] error: cannot find attribute `config` in this scope
[INFO] [stderr]   --> tests/compile_fail/env_prefix_illegal_chars.rs:8:3
[INFO] [stderr]    |
[INFO] [stderr]  8 | #[config(env_prefix = "bad-prefix")]
[INFO] [stderr]    |   ^^^^^^
[INFO] [stderr]    |
[INFO] [stderr] help: `config` is an attribute that can be used by the derive macros `Config`, `ConfigClap`, `ConfigMigration`, `ConfigModules` and `ConfigSchema`, you might be missing a `derive` attribute
[INFO] [stderr]    |
[INFO] [stderr]  9 + #[derive(Config, ConfigClap, ConfigMigration, ConfigModules, ConfigSchema)]
[INFO] [stderr] 10 | struct Doc {
[INFO] [stderr]    |
[INFO] [stderr] ┈┈┈┈┈┈┈┈┈┈┈┈┈┈┈┈┈┈┈┈┈┈┈┈┈┈┈┈┈┈┈┈┈┈┈┈┈┈┈┈┈┈┈┈┈┈┈┈┈┈┈┈┈┈┈┈┈┈┈┈
[INFO] [stderr] note: If the actual output is the correct output you can bless it by rerunning
[INFO] [stderr]       your test with the environment variable TRYBUILD=overwrite
[INFO] [stderr] 
[INFO] [stderr] test tests/compile_fail/merge_strategy_bogus.rs ... mismatch
[INFO] [stderr] 
[INFO] [stderr] EXPECTED:
[INFO] [stderr] ┈┈┈┈┈┈┈┈┈┈┈┈┈┈┈┈┈┈┈┈┈┈┈┈┈┈┈┈┈┈┈┈┈┈┈┈┈┈┈┈┈┈┈┈┈┈┈┈┈┈┈┈┈┈┈┈┈┈┈┈
[INFO] [stderr] error: invalid merge strategy 'bogus'
[INFO] [stderr]        valid strategies: replace, join, append, prepend, join_append
[INFO] [stderr]   --> tests/compile_fail/merge_strategy_bogus.rs:10:5
[INFO] [stderr]    |
[INFO] [stderr] 10 |     tags: Vec<String>,
[INFO] [stderr]    |     ^^^^
[INFO] [stderr] ┈┈┈┈┈┈┈┈┈┈┈┈┈┈┈┈┈┈┈┈┈┈┈┈┈┈┈┈┈┈┈┈┈┈┈┈┈┈┈┈┈┈┈┈┈┈┈┈┈┈┈┈┈┈┈┈┈┈┈┈
[INFO] [stderr] 
[INFO] [stderr] ACTUAL OUTPUT:
[INFO] [stderr] ┈┈┈┈┈┈┈┈┈┈┈┈┈┈┈┈┈┈┈┈┈┈┈┈┈┈┈┈┈┈┈┈┈┈┈┈┈┈┈┈┈┈┈┈┈┈┈┈┈┈┈┈┈┈┈┈┈┈┈┈
[INFO] [stderr] error[E0432]: unresolved import `confers`
[INFO] [stderr]  --> tests/compile_fail/merge_strategy_bogus.rs:5:5
[INFO] [stderr]   |
[INFO] [stderr] 5 | use confers::Config;
[INFO] [stderr]   |     ^^^^^^^ use of unresolved module or unlinked crate `confers`
[INFO] [stderr]   |
[INFO] [stderr]   = help: if you wanted to use a crate named `confers`, use `cargo add confers` to add it to your `Cargo.toml`
[INFO] [stderr] 
[INFO] [stderr] error: cannot find attribute `config` in this scope
[INFO] [stderr]  --> tests/compile_fail/merge_strategy_bogus.rs:9:7
[INFO] [stderr]   |
[INFO] [stderr] 9 |     #[config(merge_strategy = "bogus")]
[INFO] [stderr]   |       ^^^^^^
[INFO] [stderr]   |
[INFO] [stderr]   = note: `config` is an attribute that can be used by the derive macros `Config`, `ConfigClap`, `ConfigMigration`, `ConfigModules` and `ConfigSchema`, you might be missing a `derive` attribute
[INFO] [stderr] ┈┈┈┈┈┈┈┈┈┈┈┈┈┈┈┈┈┈┈┈┈┈┈┈┈┈┈┈┈┈┈┈┈┈┈┈┈┈┈┈┈┈┈┈┈┈┈┈┈┈┈┈┈┈┈┈┈┈┈┈
[INFO] [stderr] note: If the actual output is the correct output you can bless it by rerunning
[INFO] [stderr]       your test with the environment variable TRYBUILD=overwrite
[INFO] [stderr] 
[INFO] [stderr] test tests/compile_fail/rename_all_bad_style.rs ... mismatch
[INFO] [stderr] 
[INFO] [stderr] EXPECTED:
[INFO] [stderr] ┈┈┈┈┈┈┈┈┈┈┈┈┈┈┈┈┈┈┈┈┈┈┈┈┈┈┈┈┈┈┈┈┈┈┈┈┈┈┈┈┈┈┈┈┈┈┈┈┈┈┈┈┈┈┈┈┈┈┈┈
[INFO] [stderr] error: unsupported rename_all style 'PascalCase'
[INFO] [stderr]        supported styles: "camelCase", "snake_case", "kebab-case"
[INFO] [stderr]  --> tests/compile_fail/rename_all_bad_style.rs:9:8
[INFO] [stderr]   |
[INFO] [stderr] 9 | struct Doc {
[INFO] [stderr]   |        ^^^
[INFO] [stderr] ┈┈┈┈┈┈┈┈┈┈┈┈┈┈┈┈┈┈┈┈┈┈┈┈┈┈┈┈┈┈┈┈┈┈┈┈┈┈┈┈┈┈┈┈┈┈┈┈┈┈┈┈┈┈┈┈┈┈┈┈
[INFO] [stderr] 
[INFO] [stderr] ACTUAL OUTPUT:
[INFO] [stderr] ┈┈┈┈┈┈┈┈┈┈┈┈┈┈┈┈┈┈┈┈┈┈┈┈┈┈┈┈┈┈┈┈┈┈┈┈┈┈┈┈┈┈┈┈┈┈┈┈┈┈┈┈┈┈┈┈┈┈┈┈
[INFO] [stderr] error[E0432]: unresolved import `confers`
[INFO] [stderr]  --> tests/compile_fail/rename_all_bad_style.rs:5:5
[INFO] [stderr]   |
[INFO] [stderr] 5 | use confers::Config;
[INFO] [stderr]   |     ^^^^^^^ use of unresolved module or unlinked crate `confers`
[INFO] [stderr]   |
[INFO] [stderr]   = help: if you wanted to use a crate named `confers`, use `cargo add confers` to add it to your `Cargo.toml`
[INFO] [stderr] 
[INFO] [stderr] error: cannot find attribute `config` in this scope
[INFO] [stderr]   --> tests/compile_fail/rename_all_bad_style.rs:8:3
[INFO] [stderr]    |
[INFO] [stderr]  8 | #[config(rename_all = "PascalCase")]
[INFO] [stderr]    |   ^^^^^^
[INFO] [stderr]    |
[INFO] [stderr] help: `config` is an attribute that can be used by the derive macros `Config`, `ConfigClap`, `ConfigMigration`, `ConfigModules` and `ConfigSchema`, you might be missing a `derive` attribute
[INFO] [stderr]    |
[INFO] [stderr]  9 + #[derive(Config, ConfigClap, ConfigMigration, ConfigModules, ConfigSchema)]
[INFO] [stderr] 10 | struct Doc {
[INFO] [stderr]    |
[INFO] [stderr] ┈┈┈┈┈┈┈┈┈┈┈┈┈┈┈┈┈┈┈┈┈┈┈┈┈┈┈┈┈┈┈┈┈┈┈┈┈┈┈┈┈┈┈┈┈┈┈┈┈┈┈┈┈┈┈┈┈┈┈┈
[INFO] [stderr] note: If the actual output is the correct output you can bless it by rerunning
[INFO] [stderr]       your test with the environment variable TRYBUILD=overwrite
[INFO] [stderr] 
[INFO] [stderr] test tests/compile_fail/t035_aes256_gcm_not_implemented.rs ... mismatch
[INFO] [stderr] 
[INFO] [stderr] EXPECTED:
[INFO] [stderr] ┈┈┈┈┈┈┈┈┈┈┈┈┈┈┈┈┈┈┈┈┈┈┈┈┈┈┈┈┈┈┈┈┈┈┈┈┈┈┈┈┈┈┈┈┈┈┈┈┈┈┈┈┈┈┈┈┈┈┈┈
[INFO] [stderr] error: encrypt = "aes256-gcm" is not implemented; use "xchacha20"
[INFO] [stderr]  --> tests/compile_fail/t035_aes256_gcm_not_implemented.rs:3:10
[INFO] [stderr]   |
[INFO] [stderr] 3 | #[derive(Config)]
[INFO] [stderr]   |          ^^^^^^
[INFO] [stderr]   |
[INFO] [stderr]   = note: this error originates in the derive macro `Config` (in Nightly builds, run with -Z macro-backtrace for more info)
[INFO] [stderr] ┈┈┈┈┈┈┈┈┈┈┈┈┈┈┈┈┈┈┈┈┈┈┈┈┈┈┈┈┈┈┈┈┈┈┈┈┈┈┈┈┈┈┈┈┈┈┈┈┈┈┈┈┈┈┈┈┈┈┈┈
[INFO] [stderr] 
[INFO] [stderr] ACTUAL OUTPUT:
[INFO] [stderr] ┈┈┈┈┈┈┈┈┈┈┈┈┈┈┈┈┈┈┈┈┈┈┈┈┈┈┈┈┈┈┈┈┈┈┈┈┈┈┈┈┈┈┈┈┈┈┈┈┈┈┈┈┈┈┈┈┈┈┈┈
[INFO] [stderr] error[E0432]: unresolved import `confers`
[INFO] [stderr]  --> tests/compile_fail/t035_aes256_gcm_not_implemented.rs:1:5
[INFO] [stderr]   |
[INFO] [stderr] 1 | use confers::Config;
[INFO] [stderr]   |     ^^^^^^^ use of unresolved module or unlinked crate `confers`
[INFO] [stderr]   |
[INFO] [stderr]   = help: if you wanted to use a crate named `confers`, use `cargo add confers` to add it to your `Cargo.toml`
[INFO] [stderr] 
[INFO] [stderr] error: cannot find attribute `config` in this scope
[INFO] [stderr]  --> tests/compile_fail/t035_aes256_gcm_not_implemented.rs:5:7
[INFO] [stderr]   |
[INFO] [stderr] 5 |     #[config(encrypt = "aes256-gcm")]
[INFO] [stderr]   |       ^^^^^^
[INFO] [stderr]   |
[INFO] [stderr]   = note: `config` is an attribute that can be used by the derive macros `Config`, `ConfigClap`, `ConfigMigration`, `ConfigModules` and `ConfigSchema`, you might be missing a `derive` attribute
[INFO] [stderr] ┈┈┈┈┈┈┈┈┈┈┈┈┈┈┈┈┈┈┈┈┈┈┈┈┈┈┈┈┈┈┈┈┈┈┈┈┈┈┈┈┈┈┈┈┈┈┈┈┈┈┈┈┈┈┈┈┈┈┈┈
[INFO] [stderr] note: If the actual output is the correct output you can bless it by rerunning
[INFO] [stderr]       your test with the environment variable TRYBUILD=overwrite
[INFO] [stderr] 
[INFO] [stderr] 
[INFO] [stderr] 
[INFO] [stderr] error: test failed, to rerun pass `--test compile_fail`
[INFO] running `Command { std: "docker" "inspect" "09714ab84bcefa6bc074950d2a14a255a422bc695e908597b839c4b8e99efccd", kill_on_drop: false }`
[INFO] running `Command { std: "docker" "rm" "-f" "09714ab84bcefa6bc074950d2a14a255a422bc695e908597b839c4b8e99efccd", kill_on_drop: false }`
[INFO] [stdout] 09714ab84bcefa6bc074950d2a14a255a422bc695e908597b839c4b8e99efccd
