[INFO] fetching crate conferencier-derive 0.0.2...
[INFO] testing conferencier-derive-0.0.2 against 1.99.0-beta.8+cargoflags=--release for beta-release-1.100-2
[INFO] extracting crate conferencier-derive 0.0.2 into /workspace/builds/worker-4-tc1/source
[INFO] started tweaking crates.io crate conferencier-derive 0.0.2
[INFO] removed 0 missing tests
[INFO] finished tweaking crates.io crate conferencier-derive 0.0.2
[INFO] tweaked toml for crates.io crate conferencier-derive 0.0.2 written to /workspace/builds/worker-4-tc1/source/Cargo.toml
[INFO] validating manifest of crates.io crate conferencier-derive 0.0.2 on toolchain 1.99.0-beta.8
[INFO] running `Command { std: CARGO_HOME="/workspace/cargo-home" RUSTUP_HOME="/workspace/rustup-home" "/workspace/cargo-home/bin/cargo" "+1.99.0-beta.8" "metadata" "--manifest-path" "Cargo.toml" "--no-deps", kill_on_drop: false }`
[INFO] crate crates.io crate conferencier-derive 0.0.2 already has a lockfile, it will not be regenerated
[INFO] running `Command { std: CARGO_HOME="/workspace/cargo-home" RUSTUP_HOME="/workspace/rustup-home" "/workspace/cargo-home/bin/cargo" "+1.99.0-beta.8" "fetch" "--manifest-path" "Cargo.toml", kill_on_drop: false }`
[INFO] [stderr]     Updating crates.io index
[INFO] [stderr]  Downloading crates ...
[INFO] [stderr]   Downloaded target-triple v0.1.4
[INFO] [stderr]   Downloaded toml v0.9.7
[INFO] [stderr]   Downloaded serde_spanned v1.0.2
[INFO] [stderr]   Downloaded toml_writer v1.0.3
[INFO] [stderr]   Downloaded trybuild v1.0.111
[INFO] [stderr]   Downloaded conferencier v0.0.1
[INFO] running `Command { std: "docker" "create" "-v" "/var/lib/crater-agent-workspace/builds/worker-4-tc1/source:/opt/rustwide/workdir:ro,Z" "-v" "/var/lib/crater-agent-workspace/builds/worker-4-tc1/target:/opt/rustwide/target:rw,Z" "-v" "/var/lib/crater-agent-workspace/cargo-home:/opt/rustwide/cargo-home:ro,Z" "-v" "/var/lib/crater-agent-workspace/rustup-home:/opt/rustwide/rustup-home:ro,Z" "-m" "1610612736" "--network" "none" "ghcr.io/rust-lang/crates-build-env/linux@sha256:77db811e55d90add9212f6832c23229e3de5f1c1f9905e8cb07319ea15df73ac" "sleep" "infinity", kill_on_drop: false }`
[INFO] [stdout] 74ce2843a1438797083d944ff2a1845d22f0ed254156f3988c686c1ad1c9964e
[INFO] running `Command { std: "docker" "start" "74ce2843a1438797083d944ff2a1845d22f0ed254156f3988c686c1ad1c9964e", kill_on_drop: false }`
[INFO] running `Command { std: "docker" "inspect" "74ce2843a1438797083d944ff2a1845d22f0ed254156f3988c686c1ad1c9964e", kill_on_drop: false }`
[INFO] running `Command { std: "docker" "exec" "-e" "SOURCE_DIR=/opt/rustwide/workdir" "-e" "CARGO_HOME=/opt/rustwide/cargo-home" "-e" "RUSTUP_HOME=/opt/rustwide/rustup-home" "-e" "CARGO_TARGET_DIR=/opt/rustwide/target" "-w" "/opt/rustwide/workdir" "--user" "0:0" "74ce2843a1438797083d944ff2a1845d22f0ed254156f3988c686c1ad1c9964e" "/opt/rustwide/cargo-home/bin/cargo" "+1.99.0-beta.8" "metadata" "--no-deps" "--format-version=1", kill_on_drop: false }`
[INFO] running `Command { std: "docker" "inspect" "74ce2843a1438797083d944ff2a1845d22f0ed254156f3988c686c1ad1c9964e", kill_on_drop: false }`
[INFO] running `Command { std: "docker" "exec" "-e" "SOURCE_DIR=/opt/rustwide/workdir" "-e" "CARGO_HOME=/opt/rustwide/cargo-home" "-e" "RUSTUP_HOME=/opt/rustwide/rustup-home" "-e" "CARGO_TARGET_DIR=/opt/rustwide/target" "-e" "CARGO_INCREMENTAL=0" "-e" "RUST_BACKTRACE=full" "-e" "RUSTFLAGS=--cap-lints=warn" "-e" "RUSTDOCFLAGS=--cap-lints=warn" "-w" "/opt/rustwide/workdir" "--user" "0:0" "74ce2843a1438797083d944ff2a1845d22f0ed254156f3988c686c1ad1c9964e" "/opt/rustwide/cargo-home/bin/cargo" "+1.99.0-beta.8" "build" "--frozen" "--message-format=json" "--release", kill_on_drop: false }`
[INFO] [stderr]    Compiling serde_core v1.0.228
[INFO] [stderr]    Compiling toml_datetime v0.6.3
[INFO] [stderr]    Compiling winnow v0.7.13
[INFO] [stderr]    Compiling toml_writer v1.0.3
[INFO] [stderr]    Compiling indexmap v2.11.4
[INFO] [stderr]    Compiling quote v1.0.41
[INFO] [stderr]    Compiling syn v2.0.106
[INFO] [stderr]    Compiling toml_edit v0.20.2
[INFO] [stderr]    Compiling toml_parser v1.0.3
[INFO] [stderr]    Compiling proc-macro-crate v2.0.2
[INFO] [stderr]    Compiling toml_datetime v0.7.2
[INFO] [stderr]    Compiling serde_spanned v1.0.2
[INFO] [stderr]    Compiling toml v0.9.7
[INFO] [stderr]    Compiling conferencier-derive v0.0.2 (/opt/rustwide/workdir)
[INFO] [stderr]     Finished `release` profile [optimized] target(s) in 13.85s
[INFO] running `Command { std: "docker" "inspect" "74ce2843a1438797083d944ff2a1845d22f0ed254156f3988c686c1ad1c9964e", kill_on_drop: false }`
[INFO] running `Command { std: "docker" "exec" "-e" "SOURCE_DIR=/opt/rustwide/workdir" "-e" "CARGO_HOME=/opt/rustwide/cargo-home" "-e" "RUSTUP_HOME=/opt/rustwide/rustup-home" "-e" "CARGO_TARGET_DIR=/opt/rustwide/target" "-e" "CARGO_INCREMENTAL=0" "-e" "RUST_BACKTRACE=full" "-e" "RUSTFLAGS=--cap-lints=warn" "-e" "RUSTDOCFLAGS=--cap-lints=warn" "-w" "/opt/rustwide/workdir" "--user" "0:0" "74ce2843a1438797083d944ff2a1845d22f0ed254156f3988c686c1ad1c9964e" "/opt/rustwide/cargo-home/bin/cargo" "+1.99.0-beta.8" "test" "--frozen" "--no-run" "--message-format=json" "--release", kill_on_drop: false }`
[INFO] [stderr]    Compiling syn v2.0.106
[INFO] [stderr]    Compiling serde_core v1.0.228
[INFO] [stderr]    Compiling target-triple v0.1.4
[INFO] [stderr]    Compiling proc-macro2 v1.0.101
[INFO] [stderr]    Compiling toml_parser v1.0.3
[INFO] [stderr]    Compiling serde_json v1.0.145
[INFO] [stderr]    Compiling toml_writer v1.0.3
[INFO] [stderr]    Compiling toml_datetime v0.7.2
[INFO] [stderr]    Compiling serde_spanned v1.0.2
[INFO] [stderr]    Compiling memchr v2.7.6
[INFO] [stderr]    Compiling indexmap v2.11.4
[INFO] [stderr]    Compiling quote v1.0.41
[INFO] [stderr]    Compiling winnow v0.5.40
[INFO] [stderr]    Compiling termcolor v1.4.1
[INFO] [stderr]    Compiling glob v0.3.3
[INFO] [stderr]    Compiling toml_datetime v0.6.3
[INFO] [stderr]    Compiling toml v0.9.7
[INFO] [stderr]    Compiling toml_edit v0.20.2
[INFO] [stderr]    Compiling proc-macro-crate v2.0.2
[INFO] [stderr]    Compiling serde_derive v1.0.228
[INFO] [stderr]    Compiling tokio-macros v2.5.0
[INFO] [stderr]    Compiling thiserror-impl v1.0.69
[INFO] [stderr]    Compiling async-trait v0.1.89
[INFO] [stderr]    Compiling conferencier-derive v0.0.2 (/opt/rustwide/workdir)
[INFO] [stderr]    Compiling tokio v1.47.1
[INFO] [stderr]    Compiling thiserror v1.0.69
[INFO] [stderr]    Compiling serde v1.0.228
[INFO] [stderr]    Compiling trybuild v1.0.111
[INFO] [stderr]    Compiling conferencier v0.0.1
[INFO] [stderr]     Finished `release` profile [optimized] target(s) in 52.76s
[INFO] running `Command { std: "docker" "inspect" "74ce2843a1438797083d944ff2a1845d22f0ed254156f3988c686c1ad1c9964e", kill_on_drop: false }`
[INFO] running `Command { std: "docker" "exec" "-e" "SOURCE_DIR=/opt/rustwide/workdir" "-e" "CARGO_HOME=/opt/rustwide/cargo-home" "-e" "RUSTUP_HOME=/opt/rustwide/rustup-home" "-e" "CARGO_TARGET_DIR=/opt/rustwide/target" "-e" "CARGO_INCREMENTAL=0" "-e" "RUST_BACKTRACE=full" "-e" "RUSTFLAGS=--cap-lints=warn" "-e" "RUSTDOCFLAGS=--cap-lints=warn" "-w" "/opt/rustwide/workdir" "--user" "0:0" "74ce2843a1438797083d944ff2a1845d22f0ed254156f3988c686c1ad1c9964e" "/opt/rustwide/cargo-home/bin/cargo" "+1.99.0-beta.8" "test" "--frozen" "--release", kill_on_drop: false }`
[INFO] [stderr]     Finished `release` profile [optimized] target(s) in 0.09s
[INFO] [stderr]      Running unittests src/lib.rs (/opt/rustwide/target/release/deps/conferencier_derive-541f08a7f19e65ee)
[INFO] [stdout] 
[INFO] [stdout] running 0 tests
[INFO] [stdout] 
[INFO] [stdout] test result: ok. 0 passed; 0 failed; 0 ignored; 0 measured; 0 filtered out; finished in 0.00s
[INFO] [stdout] 
[INFO] [stderr]      Running tests/trybuild.rs (/opt/rustwide/target/release/deps/trybuild-0f535908aedea183)
[INFO] [stdout] 
[INFO] [stdout] running 1 test
[INFO] [stderr]    Compiling proc-macro2 v1.0.101
[INFO] [stderr]    Compiling quote v1.0.41
[INFO] [stderr]    Compiling unicode-ident v1.0.19
[INFO] [stderr]    Compiling serde_core v1.0.228
[INFO] [stderr]    Compiling hashbrown v0.16.0
[INFO] [stderr]    Compiling equivalent v1.0.2
[INFO] [stderr]    Compiling thiserror v1.0.69
[INFO] [stderr]    Compiling winnow v0.7.13
[INFO] [stderr]    Compiling toml_datetime v0.6.3
[INFO] [stderr]    Compiling serde v1.0.228
[INFO] [stderr]    Compiling winnow v0.5.40
[INFO] [stderr]    Compiling toml_writer v1.0.3
[INFO] [stderr]    Compiling pin-project-lite v0.2.16
[INFO] [stderr]    Compiling indexmap v2.11.4
[INFO] [stderr]    Compiling syn v2.0.106
[INFO] [stderr]    Compiling toml_parser v1.0.3
[INFO] [stderr]    Compiling toml_edit v0.20.2
[INFO] [stderr]    Compiling toml_datetime v0.7.2
[INFO] [stderr]    Compiling serde_spanned v1.0.2
[INFO] [stderr]    Compiling toml v0.9.7
[INFO] [stderr]    Compiling proc-macro-crate v2.0.2
[INFO] [stderr]    Compiling tokio-macros v2.5.0
[INFO] [stderr]    Compiling thiserror-impl v1.0.69
[INFO] [stderr]    Compiling serde_derive v1.0.228
[INFO] [stderr]    Compiling async-trait v0.1.89
[INFO] [stderr]    Compiling conferencier-derive v0.0.2 (/opt/rustwide/workdir)
[INFO] [stderr]    Compiling tokio v1.47.1
[INFO] [stderr]    Compiling conferencier v0.0.1
[INFO] [stderr]    Compiling conferencier-derive-tests v0.0.0 (/opt/rustwide/target/tests/trybuild/conferencier-derive)
[INFO] [stderr]     Finished `dev` profile [unoptimized + debuginfo] target(s) in 33.61s
[INFO] [stderr] 
[INFO] [stderr] 
[INFO] [stderr] test tests/trybuild/pass_basic.rs [should pass] ... error
[INFO] [stderr] ┈┈┈┈┈┈┈┈┈┈┈┈┈┈┈┈┈┈┈┈┈┈┈┈┈┈┈┈┈┈┈┈┈┈┈┈┈┈┈┈┈┈┈┈┈┈┈┈┈┈┈┈┈┈┈┈┈┈┈┈
[INFO] [stderr] error[E0599]: no variant, associated function, or constant named `value_parse_owned` found for enum `ConferError` in the current scope
[INFO] [stderr]  --> tests/trybuild/pass_basic.rs:1:10
[INFO] [stderr]   |
[INFO] [stderr] 1 | #[derive(conferencier_derive::ConferModule)]
[INFO] [stderr]   |          ^^^^^^^^^^^^^^^^^^^^^^^^^^^^^^^^^ variant, associated function, or constant not found in `ConferError`
[INFO] [stderr]   |
[INFO] [stderr] note: if you're trying to build a new `ConferError` consider using one of the following associated functions:
[INFO] [stderr]       ConferError::missing_key
[INFO] [stderr]       ConferError::type_mismatch
[INFO] [stderr]       ConferError::value_parse
[INFO] [stderr]  --> $CARGO/conferencier-$VERSION/src/error.rs
[INFO] [stderr]   |
[INFO] [stderr]   |       pub fn missing_key(section: impl Into<String>, key: impl Into<String>) -> Self {
[INFO] [stderr]   |       ^^^^^^^^^^^^^^^^^^^^^^^^^^^^^^^^^^^^^^^^^^^^^^^^^^^^^^^^^^^^^^^^^^^^^^^^^^^^^^
[INFO] [stderr] ...
[INFO] [stderr]   | /     pub fn type_mismatch(
[INFO] [stderr]   | |         section: impl Into<String>,
[INFO] [stderr]   | |         key: impl Into<String>,
[INFO] [stderr]   | |         expected: &'static str,
[INFO] [stderr]   | |         found: &'static str,
[INFO] [stderr]   | |     ) -> Self {
[INFO] [stderr]   | |_____________^
[INFO] [stderr] ...
[INFO] [stderr]   | /     pub fn value_parse(
[INFO] [stderr]   | |         section: impl Into<String>,
[INFO] [stderr]   | |         key: impl Into<String>,
[INFO] [stderr]   | |         message: impl Into<String>,
[INFO] [stderr]   | |     ) -> Self {
[INFO] [stderr]   | |_____________^
[INFO] [stderr]   = note: this error originates in the derive macro `conferencier_derive::ConferModule` (in Nightly builds, run with -Z macro-backtrace for more info)
[INFO] [stderr] ┈┈┈┈┈┈┈┈┈┈┈┈┈┈┈┈┈┈┈┈┈┈┈┈┈┈┈┈┈┈┈┈┈┈┈┈┈┈┈┈┈┈┈┈┈┈┈┈┈┈┈┈┈┈┈┈┈┈┈┈
[INFO] [stderr] 
[INFO] [stderr] test tests/trybuild/fail_duplicate_keys.rs [should fail to compile] ... ok
[INFO] [stderr] test tests/trybuild/fail_unsupported_type.rs [should fail to compile] ... ok
[INFO] [stderr] test tests/trybuild/fail_conflicting_attrs.rs [should fail to compile] ... ok
[INFO] [stdout] test trybuild_suite ... FAILED
[INFO] [stderr] 
[INFO] [stdout] 
[INFO] [stderr] 
[INFO] [stdout] failures:
[INFO] [stdout] 
[INFO] [stdout] ---- trybuild_suite stdout ----
[INFO] [stdout] 
[INFO] [stdout] thread 'trybuild_suite' (1122) panicked at /opt/rustwide/cargo-home/registry/src/index.crates.io-1949cf8c6b5b557f/trybuild-1.0.111/src/run.rs:102:13:
[INFO] [stdout] 1 of 4 tests failed
[INFO] [stdout] stack backtrace:
[INFO] [stdout]    0:     0x56f02b443891 - <<std[70759c8f55707aa4]::sys::backtrace::BacktraceLock>::print::DisplayBacktrace as core[df12db4294e9bfd3]::fmt::Display>::fmt
[INFO] [stdout]    1:     0x56f02b459f1a - core[df12db4294e9bfd3]::fmt::write
[INFO] [stdout]    2:     0x56f02b44835c - <alloc[2182bb758b4b3781]::vec::Vec<u8> as core[df12db4294e9bfd3]::io::write::Write>::write_fmt
[INFO] [stdout]    3:     0x56f02b41cd76 - std[70759c8f55707aa4]::panicking::default_hook::{closure#0}
[INFO] [stdout]    4:     0x56f02b43af09 - std[70759c8f55707aa4]::panicking::default_hook
[INFO] [stdout]    5:     0x56f02b3d41e0 - test[9d35eded1c95d3be]::test_main_inner::<test[9d35eded1c95d3be]::test_main_static::{closure#0}>::{closure#0}
[INFO] [stdout]    6:     0x56f02b43b0c2 - std[70759c8f55707aa4]::panicking::panic_with_hook
[INFO] [stdout]    7:     0x56f02b41ce22 - std[70759c8f55707aa4]::panicking::panic_handler::{closure#0}
[INFO] [stdout]    8:     0x56f02b4156e9 - std[70759c8f55707aa4]::sys::backtrace::__rust_end_short_backtrace::<std[70759c8f55707aa4]::panicking::panic_handler::{closure#0}, !>
[INFO] [stdout]    9:     0x56f02b41da1d - __rustc[8fa7c3cbc660c2b3]::rust_begin_unwind
[INFO] [stdout]   10:     0x56f02b45a68c - core[df12db4294e9bfd3]::panicking::panic_fmt
[INFO] [stdout]   11:     0x56f02b325a6b - <trybuild[9e3a6514ce62cb5e]::Runner>::run
[INFO] [stdout]   12:     0x56f02b328ca0 - <trybuild[9e3a6514ce62cb5e]::TestCases as core[df12db4294e9bfd3]::ops::drop::Drop>::drop
[INFO] [stdout]   13:     0x56f02b31f474 - trybuild[19391585044cd954]::trybuild_suite
[INFO] [stdout]   14:     0x56f02b31f669 - <trybuild[19391585044cd954]::trybuild_suite::{closure#0} as core[df12db4294e9bfd3]::ops::function::FnOnce<()>>::call_once
[INFO] [stdout]   15:     0x56f02b3c74cb - test[9d35eded1c95d3be]::__rust_begin_short_backtrace::<core[df12db4294e9bfd3]::result::Result<(), alloc[2182bb758b4b3781]::string::String>, fn() -> core[df12db4294e9bfd3]::result::Result<(), alloc[2182bb758b4b3781]::string::String>>
[INFO] [stdout]   16:     0x56f02b3d4b35 - test[9d35eded1c95d3be]::run_test::{closure#0}
[INFO] [stdout]   17:     0x56f02b3ce3f4 - std[70759c8f55707aa4]::sys::backtrace::__rust_begin_short_backtrace::<test[9d35eded1c95d3be]::run_test::{closure#1}, ()>
[INFO] [stdout]   18:     0x56f02b3d7c92 - <std[70759c8f55707aa4]::thread::lifecycle::spawn_unchecked<test[9d35eded1c95d3be]::run_test::{closure#1}, ()>::{closure#1} as core[df12db4294e9bfd3]::ops::function::FnOnce<()>>::call_once::{shim:vtable#0}
[INFO] [stdout]   19:     0x56f02b442b49 - <std[70759c8f55707aa4]::sys::thread::unix::Thread>::new::thread_start
[INFO] [stdout]   20:     0x7cb26343cdfa - <unknown>
[INFO] [stdout]   21:     0x7cb2634d03d4 - clone
[INFO] [stdout]   22:                0x0 - <unknown>
[INFO] [stdout] 
[INFO] [stdout] 
[INFO] [stdout] failures:
[INFO] [stderr] error: test failed, to rerun pass `--test trybuild`
[INFO] [stdout]     trybuild_suite
[INFO] [stdout] 
[INFO] [stdout] test result: FAILED. 0 passed; 1 failed; 0 ignored; 0 measured; 0 filtered out; finished in 34.63s
[INFO] [stdout] 
[INFO] running `Command { std: "docker" "inspect" "74ce2843a1438797083d944ff2a1845d22f0ed254156f3988c686c1ad1c9964e", kill_on_drop: false }`
[INFO] running `Command { std: "docker" "rm" "-f" "74ce2843a1438797083d944ff2a1845d22f0ed254156f3988c686c1ad1c9964e", kill_on_drop: false }`
[INFO] [stdout] 74ce2843a1438797083d944ff2a1845d22f0ed254156f3988c686c1ad1c9964e
