[INFO] fetching crate conduyt 1.0.0...
[INFO] testing conduyt-1.0.0 against 1.99.0-beta.8+cargoflags=--release for beta-release-1.100-2
[INFO] extracting crate conduyt 1.0.0 into /workspace/builds/worker-5-tc1/source
[INFO] started tweaking crates.io crate conduyt 1.0.0
[INFO] removed 0 missing tests
[INFO] finished tweaking crates.io crate conduyt 1.0.0
[INFO] tweaked toml for crates.io crate conduyt 1.0.0 written to /workspace/builds/worker-5-tc1/source/Cargo.toml
[INFO] validating manifest of crates.io crate conduyt 1.0.0 on toolchain 1.99.0-beta.8
[INFO] running `Command { std: CARGO_HOME="/workspace/cargo-home" RUSTUP_HOME="/workspace/rustup-home" "/workspace/cargo-home/bin/cargo" "+1.99.0-beta.8" "metadata" "--manifest-path" "Cargo.toml" "--no-deps", kill_on_drop: false }`
[INFO] crate crates.io crate conduyt 1.0.0 already has a lockfile, it will not be regenerated
[INFO] running `Command { std: CARGO_HOME="/workspace/cargo-home" RUSTUP_HOME="/workspace/rustup-home" "/workspace/cargo-home/bin/cargo" "+1.99.0-beta.8" "fetch" "--manifest-path" "Cargo.toml", kill_on_drop: false }`
[INFO] running `Command { std: "docker" "create" "-v" "/var/lib/crater-agent-workspace/builds/worker-5-tc1/source:/opt/rustwide/workdir:ro,Z" "-v" "/var/lib/crater-agent-workspace/builds/worker-5-tc1/target:/opt/rustwide/target:rw,Z" "-v" "/var/lib/crater-agent-workspace/cargo-home:/opt/rustwide/cargo-home:ro,Z" "-v" "/var/lib/crater-agent-workspace/rustup-home:/opt/rustwide/rustup-home:ro,Z" "-m" "1610612736" "--network" "none" "ghcr.io/rust-lang/crates-build-env/linux@sha256:77db811e55d90add9212f6832c23229e3de5f1c1f9905e8cb07319ea15df73ac" "sleep" "infinity", kill_on_drop: false }`
[INFO] [stdout] 16e4070ef777117e23fabaee571b81cc2efd603a1af64e0ce4a00cf925d35664
[INFO] running `Command { std: "docker" "start" "16e4070ef777117e23fabaee571b81cc2efd603a1af64e0ce4a00cf925d35664", kill_on_drop: false }`
[INFO] running `Command { std: "docker" "inspect" "16e4070ef777117e23fabaee571b81cc2efd603a1af64e0ce4a00cf925d35664", kill_on_drop: false }`
[INFO] running `Command { std: "docker" "exec" "-e" "SOURCE_DIR=/opt/rustwide/workdir" "-e" "CARGO_HOME=/opt/rustwide/cargo-home" "-e" "RUSTUP_HOME=/opt/rustwide/rustup-home" "-e" "CARGO_TARGET_DIR=/opt/rustwide/target" "-w" "/opt/rustwide/workdir" "--user" "0:0" "16e4070ef777117e23fabaee571b81cc2efd603a1af64e0ce4a00cf925d35664" "/opt/rustwide/cargo-home/bin/cargo" "+1.99.0-beta.8" "metadata" "--no-deps" "--format-version=1", kill_on_drop: false }`
[INFO] running `Command { std: "docker" "inspect" "16e4070ef777117e23fabaee571b81cc2efd603a1af64e0ce4a00cf925d35664", kill_on_drop: false }`
[INFO] running `Command { std: "docker" "exec" "-e" "SOURCE_DIR=/opt/rustwide/workdir" "-e" "CARGO_HOME=/opt/rustwide/cargo-home" "-e" "RUSTUP_HOME=/opt/rustwide/rustup-home" "-e" "CARGO_TARGET_DIR=/opt/rustwide/target" "-e" "CARGO_INCREMENTAL=0" "-e" "RUST_BACKTRACE=full" "-e" "RUSTFLAGS=--cap-lints=warn" "-e" "RUSTDOCFLAGS=--cap-lints=warn" "-w" "/opt/rustwide/workdir" "--user" "0:0" "16e4070ef777117e23fabaee571b81cc2efd603a1af64e0ce4a00cf925d35664" "/opt/rustwide/cargo-home/bin/cargo" "+1.99.0-beta.8" "build" "--frozen" "--message-format=json" "--release", kill_on_drop: false }`
[INFO] [stderr]    Compiling conduyt v1.0.0 (/opt/rustwide/workdir)
[INFO] [stderr]     Finished `release` profile [optimized] target(s) in 0.37s
[INFO] running `Command { std: "docker" "inspect" "16e4070ef777117e23fabaee571b81cc2efd603a1af64e0ce4a00cf925d35664", kill_on_drop: false }`
[INFO] running `Command { std: "docker" "exec" "-e" "SOURCE_DIR=/opt/rustwide/workdir" "-e" "CARGO_HOME=/opt/rustwide/cargo-home" "-e" "RUSTUP_HOME=/opt/rustwide/rustup-home" "-e" "CARGO_TARGET_DIR=/opt/rustwide/target" "-e" "CARGO_INCREMENTAL=0" "-e" "RUST_BACKTRACE=full" "-e" "RUSTFLAGS=--cap-lints=warn" "-e" "RUSTDOCFLAGS=--cap-lints=warn" "-w" "/opt/rustwide/workdir" "--user" "0:0" "16e4070ef777117e23fabaee571b81cc2efd603a1af64e0ce4a00cf925d35664" "/opt/rustwide/cargo-home/bin/cargo" "+1.99.0-beta.8" "test" "--frozen" "--no-run" "--message-format=json" "--release", kill_on_drop: false }`
[INFO] [stderr]    Compiling proc-macro2 v1.0.106
[INFO] [stderr]    Compiling quote v1.0.45
[INFO] [stderr]    Compiling memchr v2.8.0
[INFO] [stderr]    Compiling serde_json v1.0.149
[INFO] [stderr]    Compiling syn v2.0.117
[INFO] [stderr]    Compiling serde_derive v1.0.228
[INFO] [stderr]    Compiling serde v1.0.228
[INFO] [stderr]    Compiling conduyt v1.0.0 (/opt/rustwide/workdir)
[INFO] [stderr]     Finished `release` profile [optimized] target(s) in 9.32s
[INFO] running `Command { std: "docker" "inspect" "16e4070ef777117e23fabaee571b81cc2efd603a1af64e0ce4a00cf925d35664", kill_on_drop: false }`
[INFO] running `Command { std: "docker" "exec" "-e" "SOURCE_DIR=/opt/rustwide/workdir" "-e" "CARGO_HOME=/opt/rustwide/cargo-home" "-e" "RUSTUP_HOME=/opt/rustwide/rustup-home" "-e" "CARGO_TARGET_DIR=/opt/rustwide/target" "-e" "CARGO_INCREMENTAL=0" "-e" "RUST_BACKTRACE=full" "-e" "RUSTFLAGS=--cap-lints=warn" "-e" "RUSTDOCFLAGS=--cap-lints=warn" "-w" "/opt/rustwide/workdir" "--user" "0:0" "16e4070ef777117e23fabaee571b81cc2efd603a1af64e0ce4a00cf925d35664" "/opt/rustwide/cargo-home/bin/cargo" "+1.99.0-beta.8" "test" "--frozen" "--release", kill_on_drop: false }`
[INFO] [stderr]     Finished `release` profile [optimized] target(s) in 0.03s
[INFO] [stderr]      Running unittests src/lib.rs (/opt/rustwide/target/release/deps/conduyt-fb1abbe95d919a9e)
[INFO] [stdout] 
[INFO] [stdout] running 18 tests
[INFO] [stdout] test cobs::tests::roundtrip_mixed ... ok
[INFO] [stdout] test cobs::tests::decode_error_zero ... ok
[INFO] [stdout] test cobs::tests::roundtrip_zero ... ok
[INFO] [stdout] test cobs::tests::no_zeros_in_output ... ok
[INFO] [stdout] test cobs::tests::roundtrip_empty ... ok
[INFO] [stdout] test crc8::tests::empty_is_zero ... ok
[INFO] [stdout] test wire::tests::find_packet_incomplete_returns_none ... ok
[INFO] [stdout] test cobs::tests::decode_error_empty ... ok
[INFO] [stdout] test wire::tests::find_packet_with_leading_garbage ... ok
[INFO] [stdout] test wire::tests::pin_write_roundtrip ... ok
[INFO] [stdout] test wire::tests::ping_roundtrip ... ok
[INFO] [stdout] test wire::tests::reject_bad_magic ... ok
[INFO] [stdout] test wire::tests::reject_crc_mismatch ... ok
[INFO] [stdout] test wire::tests::find_packet_no_magic_returns_none ... ok
[INFO] [stdout] test wire::tests::reject_incomplete ... ok
[INFO] [stdout] test crc8::tests::known_values ... ok
[INFO] [stdout] test crc8::tests::linear_table ... ok
[INFO] [stdout] test wire::tests::find_packet_at_start ... ok
[INFO] [stdout] 
[INFO] [stdout] test result: ok. 18 passed; 0 failed; 0 ignored; 0 measured; 0 filtered out; finished in 0.09s
[INFO] [stdout] 
[INFO] [stderr]      Running tests/conformance.rs (/opt/rustwide/target/release/deps/conformance-d0aa7e15a2a47508)
[INFO] [stdout] 
[INFO] [stdout] running 1 test
[INFO] [stdout] test conformance_wire_roundtrip ... FAILED
[INFO] [stdout] 
[INFO] [stdout] failures:
[INFO] [stdout] 
[INFO] [stdout] ---- conformance_wire_roundtrip stdout ----
[INFO] [stdout] 
[INFO] [stdout] thread 'conformance_wire_roundtrip' (474) panicked at tests/conformance.rs:22:29:
[INFO] [stdout] conformance vectors not found at "../../conformance/vectors/wire_vectors.json"
[INFO] [stdout] stack backtrace:
[INFO] [stdout]    0:     0x5b48ae55e0d1 - <<std[70759c8f55707aa4]::sys::backtrace::BacktraceLock>::print::DisplayBacktrace as core[df12db4294e9bfd3]::fmt::Display>::fmt
[INFO] [stdout]    1:     0x5b48ae572aea - core[df12db4294e9bfd3]::fmt::write
[INFO] [stdout]    2:     0x5b48ae56256c - <alloc[2182bb758b4b3781]::vec::Vec<u8> as core[df12db4294e9bfd3]::io::write::Write>::write_fmt
[INFO] [stdout]    3:     0x5b48ae53a356 - std[70759c8f55707aa4]::panicking::default_hook::{closure#0}
[INFO] [stdout]    4:     0x5b48ae5564c9 - std[70759c8f55707aa4]::panicking::default_hook
[INFO] [stdout]    5:     0x5b48ae4f1af0 - test[9d35eded1c95d3be]::test_main_inner::<test[9d35eded1c95d3be]::test_main_static::{closure#0}>::{closure#0}
[INFO] [stdout]    6:     0x5b48ae556682 - std[70759c8f55707aa4]::panicking::panic_with_hook
[INFO] [stdout]    7:     0x5b48ae53a402 - std[70759c8f55707aa4]::panicking::panic_handler::{closure#0}
[INFO] [stdout]    8:     0x5b48ae532ff9 - std[70759c8f55707aa4]::sys::backtrace::__rust_end_short_backtrace::<std[70759c8f55707aa4]::panicking::panic_handler::{closure#0}, !>
[INFO] [stdout]    9:     0x5b48ae53affd - __rustc[8fa7c3cbc660c2b3]::rust_begin_unwind
[INFO] [stdout]   10:     0x5b48ae57321c - core[df12db4294e9bfd3]::panicking::panic_fmt
[INFO] [stdout]   11:     0x5b48ae4dee3f - conformance[87e5dbdadfd432b3]::load_vectors::{closure#0}
[INFO] [stdout]   12:     0x5b48ae4df9d0 - <conformance[87e5dbdadfd432b3]::conformance_wire_roundtrip::{closure#0} as core[df12db4294e9bfd3]::ops::function::FnOnce<()>>::call_once
[INFO] [stdout]   13:     0x5b48ae4e4ddb - test[9d35eded1c95d3be]::__rust_begin_short_backtrace::<core[df12db4294e9bfd3]::result::Result<(), alloc[2182bb758b4b3781]::string::String>, fn() -> core[df12db4294e9bfd3]::result::Result<(), alloc[2182bb758b4b3781]::string::String>>
[INFO] [stdout]   14:     0x5b48ae4f2445 - test[9d35eded1c95d3be]::run_test::{closure#0}
[INFO] [stdout]   15:     0x5b48ae4ebd04 - std[70759c8f55707aa4]::sys::backtrace::__rust_begin_short_backtrace::<test[9d35eded1c95d3be]::run_test::{closure#1}, ()>
[INFO] [stdout]   16:     0x5b48ae4f55a2 - <std[70759c8f55707aa4]::thread::lifecycle::spawn_unchecked<test[9d35eded1c95d3be]::run_test::{closure#1}, ()>::{closure#1} as core[df12db4294e9bfd3]::ops::function::FnOnce<()>>::call_once::{shim:vtable#0}
[INFO] [stdout]   17:     0x5b48ae55d639 - <std[70759c8f55707aa4]::sys::thread::unix::Thread>::new::thread_start
[INFO] [stdout]   18:     0x74214e808dfa - <unknown>
[INFO] [stdout]   19:     0x74214e89c3d4 - clone
[INFO] [stdout]   20:                0x0 - <unknown>
[INFO] [stdout] 
[INFO] [stdout] 
[INFO] [stdout] failures:
[INFO] [stdout]     conformance_wire_roundtrip
[INFO] [stdout] 
[INFO] [stdout] test result: FAILED. 0 passed; 1 failed; 0 ignored; 0 measured; 0 filtered out; finished in 0.00s
[INFO] [stdout] 
[INFO] [stderr] error: test failed, to rerun pass `--test conformance`
[INFO] running `Command { std: "docker" "inspect" "16e4070ef777117e23fabaee571b81cc2efd603a1af64e0ce4a00cf925d35664", kill_on_drop: false }`
[INFO] running `Command { std: "docker" "rm" "-f" "16e4070ef777117e23fabaee571b81cc2efd603a1af64e0ce4a00cf925d35664", kill_on_drop: false }`
[INFO] [stdout] 16e4070ef777117e23fabaee571b81cc2efd603a1af64e0ce4a00cf925d35664
