[INFO] fetching crate condrun 0.1.0...
[INFO] testing condrun-0.1.0 against 1.100.0-beta.1+cargoflags=--release for beta-release-1.100-2
[INFO] extracting crate condrun 0.1.0 into /workspace/builds/worker-7-tc2/source
[INFO] removed /workspace/builds/worker-7-tc2/source/rust-toolchain.toml
[INFO] started tweaking crates.io crate condrun 0.1.0
[INFO] removed 0 missing tests
[INFO] finished tweaking crates.io crate condrun 0.1.0
[INFO] tweaked toml for crates.io crate condrun 0.1.0 written to /workspace/builds/worker-7-tc2/source/Cargo.toml
[INFO] validating manifest of crates.io crate condrun 0.1.0 on toolchain 1.100.0-beta.1
[INFO] running `Command { std: CARGO_HOME="/workspace/cargo-home" RUSTUP_HOME="/workspace/rustup-home" "/workspace/cargo-home/bin/cargo" "+1.100.0-beta.1" "metadata" "--manifest-path" "Cargo.toml" "--no-deps", kill_on_drop: false }`
[INFO] crate crates.io crate condrun 0.1.0 already has a lockfile, it will not be regenerated
[INFO] running `Command { std: CARGO_HOME="/workspace/cargo-home" RUSTUP_HOME="/workspace/rustup-home" "/workspace/cargo-home/bin/cargo" "+1.100.0-beta.1" "fetch" "--manifest-path" "Cargo.toml", kill_on_drop: false }`
[INFO] [stderr]     Blocking waiting for file lock on package cache
[INFO] [stderr]     Blocking waiting for file lock on package cache
[INFO] running `Command { std: "docker" "create" "-v" "/var/lib/crater-agent-workspace/builds/worker-7-tc2/source:/opt/rustwide/workdir:ro,Z" "-v" "/var/lib/crater-agent-workspace/builds/worker-7-tc2/target:/opt/rustwide/target:rw,Z" "-v" "/var/lib/crater-agent-workspace/cargo-home:/opt/rustwide/cargo-home:ro,Z" "-v" "/var/lib/crater-agent-workspace/rustup-home:/opt/rustwide/rustup-home:ro,Z" "-m" "1610612736" "--network" "none" "ghcr.io/rust-lang/crates-build-env/linux@sha256:77db811e55d90add9212f6832c23229e3de5f1c1f9905e8cb07319ea15df73ac" "sleep" "infinity", kill_on_drop: false }`
[INFO] [stdout] 9835df5d42d640b79fe66af030173ddd5f948909622f4c583b7e662d4d41b7b6
[INFO] running `Command { std: "docker" "start" "9835df5d42d640b79fe66af030173ddd5f948909622f4c583b7e662d4d41b7b6", kill_on_drop: false }`
[INFO] running `Command { std: "docker" "inspect" "9835df5d42d640b79fe66af030173ddd5f948909622f4c583b7e662d4d41b7b6", kill_on_drop: false }`
[INFO] running `Command { std: "docker" "exec" "-e" "SOURCE_DIR=/opt/rustwide/workdir" "-e" "CARGO_HOME=/opt/rustwide/cargo-home" "-e" "RUSTUP_HOME=/opt/rustwide/rustup-home" "-e" "CARGO_TARGET_DIR=/opt/rustwide/target" "-w" "/opt/rustwide/workdir" "--user" "0:0" "9835df5d42d640b79fe66af030173ddd5f948909622f4c583b7e662d4d41b7b6" "/opt/rustwide/cargo-home/bin/cargo" "+1.100.0-beta.1" "metadata" "--no-deps" "--format-version=1", kill_on_drop: false }`
[INFO] running `Command { std: "docker" "inspect" "9835df5d42d640b79fe66af030173ddd5f948909622f4c583b7e662d4d41b7b6", kill_on_drop: false }`
[INFO] running `Command { std: "docker" "exec" "-e" "SOURCE_DIR=/opt/rustwide/workdir" "-e" "CARGO_HOME=/opt/rustwide/cargo-home" "-e" "RUSTUP_HOME=/opt/rustwide/rustup-home" "-e" "CARGO_TARGET_DIR=/opt/rustwide/target" "-e" "CARGO_INCREMENTAL=0" "-e" "RUST_BACKTRACE=full" "-e" "RUSTFLAGS=--cap-lints=warn" "-e" "RUSTDOCFLAGS=--cap-lints=warn" "-w" "/opt/rustwide/workdir" "--user" "0:0" "9835df5d42d640b79fe66af030173ddd5f948909622f4c583b7e662d4d41b7b6" "/opt/rustwide/cargo-home/bin/cargo" "+1.100.0-beta.1" "build" "--frozen" "--message-format=json" "--release", kill_on_drop: false }`
[INFO] [stderr]    Compiling proc-macro2 v1.0.106
[INFO] [stderr]    Compiling quote v1.0.45
[INFO] [stderr]    Compiling libc v0.2.186
[INFO] [stderr]    Compiling serde_core v1.0.228
[INFO] [stderr]    Compiling futures-sink v0.3.32
[INFO] [stderr]    Compiling futures-core v0.3.32
[INFO] [stderr]    Compiling memchr v2.8.0
[INFO] [stderr]    Compiling slab v0.4.12
[INFO] [stderr]    Compiling regex-syntax v0.8.10
[INFO] [stderr]    Compiling futures-task v0.3.32
[INFO] [stderr]    Compiling serde v1.0.228
[INFO] [stderr]    Compiling futures-io v0.3.32
[INFO] [stderr]    Compiling zmij v1.0.21
[INFO] [stderr]    Compiling cfg_aliases v0.2.1
[INFO] [stderr]    Compiling anyhow v1.0.102
[INFO] [stderr]    Compiling thiserror v2.0.18
[INFO] [stderr]    Compiling nix v0.29.0
[INFO] [stderr]    Compiling futures-channel v0.3.32
[INFO] [stderr]    Compiling equivalent v1.0.2
[INFO] [stderr]    Compiling serde_json v1.0.149
[INFO] [stderr]    Compiling log v0.4.29
[INFO] [stderr]    Compiling hashbrown v0.17.0
[INFO] [stderr]    Compiling clap_builder v4.6.0
[INFO] [stderr]    Compiling thread_local v1.1.9
[INFO] [stderr]    Compiling smallvec v1.15.1
[INFO] [stderr]    Compiling bitflags v2.11.1
[INFO] [stderr]    Compiling unsafe-libyaml v0.2.11
[INFO] [stderr]    Compiling bytes v1.11.1
[INFO] [stderr]    Compiling tracing-log v0.2.0
[INFO] [stderr]    Compiling syn v2.0.117
[INFO] [stderr]    Compiling indexmap v2.14.0
[INFO] [stderr]    Compiling regex-automata v0.4.14
[INFO] [stderr]    Compiling errno v0.3.14
[INFO] [stderr]    Compiling mio v1.2.0
[INFO] [stderr]    Compiling signal-hook-registry v1.4.8
[INFO] [stderr]    Compiling matchers v0.2.0
[INFO] [stderr]    Compiling futures-macro v0.3.32
[INFO] [stderr]    Compiling serde_derive v1.0.228
[INFO] [stderr]    Compiling tracing-attributes v0.1.31
[INFO] [stderr]    Compiling thiserror-impl v2.0.18
[INFO] [stderr]    Compiling tokio-macros v2.7.0
[INFO] [stderr]    Compiling clap_derive v4.6.1
[INFO] [stderr]    Compiling async-trait v0.1.89
[INFO] [stderr]    Compiling tokio v1.52.2
[INFO] [stderr]    Compiling tracing v0.1.44
[INFO] [stderr]    Compiling futures-util v0.3.32
[INFO] [stderr]    Compiling tracing-subscriber v0.3.23
[INFO] [stderr]    Compiling clap v4.6.1
[INFO] [stderr]    Compiling serde_yaml v0.9.34+deprecated
[INFO] [stderr]    Compiling futures-executor v0.3.32
[INFO] [stderr]    Compiling futures v0.3.32
[INFO] [stderr]    Compiling condrun v0.1.0 (/opt/rustwide/workdir)
[INFO] [stderr] warning: unused dependency `futures`
[INFO] [stderr]   --> Cargo.toml:15:15
[INFO] [stderr]    |
[INFO] [stderr] 15 | [dependencies.futures]
[INFO] [stderr]    |               ^^^^^^^^
[INFO] [stderr]    |
[INFO] [stderr]    = note: `cargo::unused_dependencies` is set to `warn` by default
[INFO] [stderr] help: consider removing the dependency on `futures`
[INFO] [stderr] warning: unused dependency `serde_json`
[INFO] [stderr]   --> Cargo.toml:26:15
[INFO] [stderr]    |
[INFO] [stderr] 26 | [dependencies.serde_json]
[INFO] [stderr]    |               ^^^^^^^^^^^
[INFO] [stderr]    |
[INFO] [stderr] help: consider removing the dependency on `serde_json`
[INFO] [stderr] warning: unused dependency `serde_yaml`
[INFO] [stderr]   --> Cargo.toml:29:15
[INFO] [stderr]    |
[INFO] [stderr] 29 | [dependencies.serde_yaml]
[INFO] [stderr]    |               ^^^^^^^^^^^
[INFO] [stderr]    |
[INFO] [stderr] help: consider removing the dependency on `serde_yaml`
[INFO] [stderr] warning: unused dependency `thiserror`
[INFO] [stderr]   --> Cargo.toml:32:15
[INFO] [stderr]    |
[INFO] [stderr] 32 | [dependencies.thiserror]
[INFO] [stderr]    |               ^^^^^^^^^^
[INFO] [stderr]    |
[INFO] [stderr] help: consider removing the dependency on `thiserror`
[INFO] [stderr] warning: `condrun` (manifest) generated 4 warnings
[INFO] [stderr]     Finished `release` profile [optimized] target(s) in 53.43s
[INFO] [stderr] warning: the following packages contain code that will be rejected by a future version of Rust: nix v0.29.0
[INFO] [stderr] note: to see what the problems were, use the option `--future-incompat-report`, or run `cargo report future-incompatibilities --id 7`
[INFO] running `Command { std: "docker" "inspect" "9835df5d42d640b79fe66af030173ddd5f948909622f4c583b7e662d4d41b7b6", kill_on_drop: false }`
[INFO] running `Command { std: "docker" "exec" "-e" "SOURCE_DIR=/opt/rustwide/workdir" "-e" "CARGO_HOME=/opt/rustwide/cargo-home" "-e" "RUSTUP_HOME=/opt/rustwide/rustup-home" "-e" "CARGO_TARGET_DIR=/opt/rustwide/target" "-e" "CARGO_INCREMENTAL=0" "-e" "RUST_BACKTRACE=full" "-e" "RUSTFLAGS=--cap-lints=warn" "-e" "RUSTDOCFLAGS=--cap-lints=warn" "-w" "/opt/rustwide/workdir" "--user" "0:0" "9835df5d42d640b79fe66af030173ddd5f948909622f4c583b7e662d4d41b7b6" "/opt/rustwide/cargo-home/bin/cargo" "+1.100.0-beta.1" "test" "--frozen" "--no-run" "--message-format=json" "--release", kill_on_drop: false }`
[INFO] [stderr]    Compiling regex-syntax v0.8.10
[INFO] [stderr]    Compiling futures-core v0.3.32
[INFO] [stderr]    Compiling autocfg v1.5.0
[INFO] [stderr]    Compiling aho-corasick v1.1.4
[INFO] [stderr]    Compiling bitflags v2.11.1
[INFO] [stderr]    Compiling tokio v1.52.2
[INFO] [stderr]    Compiling rustix v1.1.4
[INFO] [stderr]    Compiling predicates-core v1.0.10
[INFO] [stderr]    Compiling getrandom v0.4.2
[INFO] [stderr]    Compiling normalize-line-endings v0.3.0
[INFO] [stderr]    Compiling termtree v0.5.1
[INFO] [stderr]    Compiling difflib v0.4.0
[INFO] [stderr]    Compiling linux-raw-sys v0.12.1
[INFO] [stderr]    Compiling assert_cmd v2.2.1
[INFO] [stderr]    Compiling wait-timeout v0.2.1
[INFO] [stderr]    Compiling diff v0.1.13
[INFO] [stderr]    Compiling futures-channel v0.3.32
[INFO] [stderr]    Compiling yansi v1.0.1
[INFO] [stderr]    Compiling fastrand v2.4.1
[INFO] [stderr]    Compiling predicates-tree v1.0.13
[INFO] [stderr]    Compiling futures-util v0.3.32
[INFO] [stderr]    Compiling nix v0.29.0
[INFO] [stderr]    Compiling num-traits v0.2.19
[INFO] [stderr]    Compiling pretty_assertions v1.4.1
[INFO] [stderr]    Compiling float-cmp v0.10.0
[INFO] [stderr]    Compiling tempfile v3.27.0
[INFO] [stderr]    Compiling regex-automata v0.4.14
[INFO] [stderr]    Compiling tokio-stream v0.1.18
[INFO] [stderr]    Compiling tokio-test v0.4.5
[INFO] [stderr]    Compiling futures-executor v0.3.32
[INFO] [stderr]    Compiling futures v0.3.32
[INFO] [stderr]    Compiling matchers v0.2.0
[INFO] [stderr]    Compiling regex v1.12.3
[INFO] [stderr]    Compiling bstr v1.12.1
[INFO] [stderr]    Compiling tracing-subscriber v0.3.23
[INFO] [stderr]    Compiling predicates v3.1.4
[INFO] [stderr]    Compiling condrun v0.1.0 (/opt/rustwide/workdir)
[INFO] [stderr] warning: unused dependency `futures`
[INFO] [stderr]   --> Cargo.toml:15:15
[INFO] [stderr]    |
[INFO] [stderr] 15 | [dependencies.futures]
[INFO] [stderr]    |               ^^^^^^^^
[INFO] [stderr]    |
[INFO] [stderr]    = note: `cargo::unused_dependencies` is set to `warn` by default
[INFO] [stderr] help: consider removing the dependency on `futures`
[INFO] [stderr] warning: unused dependency `serde_json`
[INFO] [stderr]   --> Cargo.toml:26:15
[INFO] [stderr]    |
[INFO] [stderr] 26 | [dependencies.serde_json]
[INFO] [stderr]    |               ^^^^^^^^^^^
[INFO] [stderr]    |
[INFO] [stderr] help: consider removing the dependency on `serde_json`
[INFO] [stderr] warning: unused dependency `serde_yaml`
[INFO] [stderr]   --> Cargo.toml:29:15
[INFO] [stderr]    |
[INFO] [stderr] 29 | [dependencies.serde_yaml]
[INFO] [stderr]    |               ^^^^^^^^^^^
[INFO] [stderr]    |
[INFO] [stderr] help: consider removing the dependency on `serde_yaml`
[INFO] [stderr] warning: unused dependency `thiserror`
[INFO] [stderr]   --> Cargo.toml:32:15
[INFO] [stderr]    |
[INFO] [stderr] 32 | [dependencies.thiserror]
[INFO] [stderr]    |               ^^^^^^^^^^
[INFO] [stderr]    |
[INFO] [stderr] help: consider removing the dependency on `thiserror`
[INFO] [stderr] warning: `condrun` (manifest) generated 4 warnings
[INFO] [stderr]     Finished `release` profile [optimized] target(s) in 1m 09s
[INFO] [stderr] warning: the following packages contain code that will be rejected by a future version of Rust: nix v0.29.0
[INFO] [stderr] note: to see what the problems were, use the option `--future-incompat-report`, or run `cargo report future-incompatibilities --id 7`
[INFO] running `Command { std: "docker" "inspect" "9835df5d42d640b79fe66af030173ddd5f948909622f4c583b7e662d4d41b7b6", kill_on_drop: false }`
[INFO] running `Command { std: "docker" "exec" "-e" "SOURCE_DIR=/opt/rustwide/workdir" "-e" "CARGO_HOME=/opt/rustwide/cargo-home" "-e" "RUSTUP_HOME=/opt/rustwide/rustup-home" "-e" "CARGO_TARGET_DIR=/opt/rustwide/target" "-e" "CARGO_INCREMENTAL=0" "-e" "RUST_BACKTRACE=full" "-e" "RUSTFLAGS=--cap-lints=warn" "-e" "RUSTDOCFLAGS=--cap-lints=warn" "-w" "/opt/rustwide/workdir" "--user" "0:0" "9835df5d42d640b79fe66af030173ddd5f948909622f4c583b7e662d4d41b7b6" "/opt/rustwide/cargo-home/bin/cargo" "+1.100.0-beta.1" "test" "--frozen" "--release", kill_on_drop: false }`
[INFO] [stderr] warning: unused dependency `futures`
[INFO] [stderr]   --> Cargo.toml:15:15
[INFO] [stderr]    |
[INFO] [stderr] 15 | [dependencies.futures]
[INFO] [stderr]    |               ^^^^^^^^
[INFO] [stderr]    |
[INFO] [stderr]    = note: `cargo::unused_dependencies` is set to `warn` by default
[INFO] [stderr] help: consider removing the dependency on `futures`
[INFO] [stderr] warning: unused dependency `serde_json`
[INFO] [stderr]   --> Cargo.toml:26:15
[INFO] [stderr]    |
[INFO] [stderr] 26 | [dependencies.serde_json]
[INFO] [stderr]    |               ^^^^^^^^^^^
[INFO] [stderr]    |
[INFO] [stderr] help: consider removing the dependency on `serde_json`
[INFO] [stderr] warning: unused dependency `serde_yaml`
[INFO] [stderr]   --> Cargo.toml:29:15
[INFO] [stderr]    |
[INFO] [stderr] 29 | [dependencies.serde_yaml]
[INFO] [stderr]    |               ^^^^^^^^^^^
[INFO] [stderr]    |
[INFO] [stderr] help: consider removing the dependency on `serde_yaml`
[INFO] [stderr] warning: unused dependency `thiserror`
[INFO] [stderr]   --> Cargo.toml:32:15
[INFO] [stderr]    |
[INFO] [stderr] 32 | [dependencies.thiserror]
[INFO] [stderr]    |               ^^^^^^^^^^
[INFO] [stderr]    |
[INFO] [stderr] help: consider removing the dependency on `thiserror`
[INFO] [stderr] warning: `condrun` (manifest) generated 4 warnings
[INFO] [stderr]     Finished `release` profile [optimized] target(s) in 0.14s
[INFO] [stderr] warning: the following packages contain code that will be rejected by a future version of Rust: nix v0.29.0
[INFO] [stderr] note: to see what the problems were, use the option `--future-incompat-report`, or run `cargo report future-incompatibilities --id 7`
[INFO] [stderr]      Running unittests src/lib.rs (/opt/rustwide/target/release/build/condrun/5f0b4ec246ad0e4e/out/condrun-5f0b4ec246ad0e4e)
[INFO] [stdout] 
[INFO] [stdout] running 77 tests
[INFO] [stdout] test cli::tests::cli_run_with_predicates_parses ... ok
[INFO] [stdout] test cli::tests::cli_grace_2m ... ok
[INFO] [stdout] test cli::tests::cli_check_parses ... ok
[INFO] [stdout] test cli::tests::cli_no_subcommand_errors ... ok
[INFO] [stdout] test cli::tests::cli_inner_command_flags_after_dashdash ... ok
[INFO] [stdout] test cli::tests::cli_grace_45s ... ok
[INFO] [stdout] test cli::tests::parse_duration_rejects_no_number ... ok
[INFO] [stdout] test cli::tests::parse_duration_seconds_default ... ok
[INFO] [stdout] test cli::tests::parse_duration_zero ... ok
[INFO] [stdout] test cli::tests::parse_duration_minutes ... ok
[INFO] [stdout] test cli::tests::cli_unknown_flag_errors ... ok
[INFO] [stdout] test predicate::metered::tests::reject_low_data_fail ... ok
[INFO] [stdout] test cli::tests::parse_duration_hours ... ok
[INFO] [stdout] test cli::tests::parse_duration_seconds_suffix ... ok
[INFO] [stdout] test predicate::metered::tests::reject_low_data_name ... ok
[INFO] [stdout] test predicate::tests::and_empty ... ok
[INFO] [stdout] test cli::tests::parse_duration_rejects_empty ... ok
[INFO] [stdout] test predicate::metered::tests::reject_expensive_pass ... ok
[INFO] [stdout] test cli::tests::parse_duration_rejects_bad_unit ... ok
[INFO] [stdout] test predicate::metered::tests::and_fails_when_one_fails ... ok
[INFO] [stdout] test predicate::metered::tests::both_pass_via_and ... ok
[INFO] [stdout] test predicate::metered::tests::reject_low_data_pass ... ok
[INFO] [stdout] test predicate::tests::or_empty ... ok
[INFO] [stdout] test predicate::tests::or_short_circuits ... ok
[INFO] [stdout] test predicate::metered::tests::reject_expensive_fail ... ok
[INFO] [stdout] test predicate::tests::and_all_pass ... ok
[INFO] [stdout] test predicate::metered::tests::reject_expensive_name ... ok
[INFO] [stdout] test predicate::tests::and_short_circuits ... ok
[INFO] [stdout] test predicate::tests::or_all_fail ... ok
[INFO] [stdout] test cli::tests::cli_no_kill_on_change_flag ... ok
[INFO] [stdout] test process::fake::tests::signal_records_kind ... ok
[INFO] [stdout] test process::fake::tests::spawn_records_multiple_in_order ... ok
[INFO] [stdout] test process::fake::tests::send_sync_compile ... ok
[INFO] [stdout] test process::fake::tests::pid_returns_synthetic_value ... ok
[INFO] [stdout] test process::fake::tests::spawn_records_command_spec ... ok
[INFO] [stdout] test process::fake::tests::enqueued_handle_used_by_spawn ... ok
[INFO] [stdout] test signal::fake::tests::inject_terminate_then_next_returns_terminate ... ok
[INFO] [stdout] test signal::fake::tests::next_blocks_until_inject ... ok
[INFO] [stdout] test process::fake::tests::wait_resolves_with_configured_exit_code_after_delay ... ok
[INFO] [stdout] test process::fake::tests::terminate_marks_terminated_and_resolves_wait_when_graceful ... ok
[INFO] [stdout] test signal::fake::tests::inject_then_next_returns_injected_kind ... ok
[INFO] [stdout] test process::fake::tests::terminate_escalates_to_kill_when_grace_exceeded ... ok
[INFO] [stdout] test signal::fake::tests::next_returns_in_fifo_order ... ok
[INFO] [stdout] test signal::fake::tests::send_sync_compile ... ok
[INFO] [stdout] test process::fake::tests::wait_resolves_with_nonzero_exit_code ... ok
[INFO] [stdout] test state::fake::tests::flags_are_independent ... ok
[INFO] [stdout] test supervisor::tests::debounce_resets_then_retrips ... ok
[INFO] [stdout] test state::fake::tests::set_expensive_round_trips ... ok
[INFO] [stdout] test state::fake::tests::set_low_data_round_trips ... ok
[INFO] [stdout] test process::tokio::tests::exit_code_propagation ... ok
[INFO] [stdout] test supervisor::tests::child_exits_naturally_during_watch ... ok
[INFO] [stdout] test process::tokio::tests::child_in_new_session ... ok
[INFO] [stdout] test supervisor::tests::debounce_resets_on_recovery ... ok
[INFO] [stdout] test supervisor::tests::debounce_zero_immediate_kill ... ok
[INFO] [stdout] test supervisor::tests::no_kill_on_change ... ok
[INFO] [stdout] test supervisor::tests::poll_interval_respected ... ok
[INFO] [stdout] test state::fake::tests::clone_shares_state ... ok
[INFO] [stdout] test supervisor::tests::debounce_waits_full_duration ... ok
[INFO] [stdout] test supervisor::tests::scenario_3_preflight_fail_silent ... ok
[INFO] [stdout] test supervisor::tests::second_signal_escalates_to_terminate ... ok
[INFO] [stdout] test process::tokio::tests::nonexistent_command ... ok
[INFO] [stdout] test supervisor::tests::scenario_5_kill_on_change ... ok
[INFO] [stdout] test supervisor::tests::scenario_1_happy_path ... ok
[INFO] [stdout] test supervisor::tests::preflight_fail_log_message ... ok
[INFO] [stdout] test state::fake::tests::send_sync_compile ... ok
[INFO] [stdout] test supervisor::tests::signal_during_preflight ... ok
[INFO] [stdout] test supervisor::tests::scenario_2_child_nonzero ... ok
[INFO] [stdout] test supervisor::tests::sigquit_and_sighup_forwarded ... ok
[INFO] [stdout] test supervisor::tests::scenario_4_preflight_fail_strict ... ok
[INFO] [stdout] test supervisor::tests::scenario_6_sigterm_ignored_then_sigkill ... ok
[INFO] [stdout] test supervisor::tests::sigint_forwarded_to_child ... ok
[INFO] [stdout] test supervisor::tests::sigterm_forwarded_to_child ... ok
[INFO] [stdout] hello
[INFO] [stdout] test process::tokio::tests::spawn_echo ... ok
[INFO] [stdout] test supervisor::tests::signal_no_escalation ... ok
[INFO] [stdout] test process::tokio::tests::terminate_kills_child ... ok
[INFO] [stdout] got-int
[INFO] [stdout] test process::tokio::tests::signal_forwarding_no_escalation ... ok
[INFO] [stdout] test process::tokio::tests::sigkill_after_grace ... ok
[INFO] [stderr]      Running unittests src/main.rs (/opt/rustwide/target/release/build/condrun/7261b912f2aed2db/out/condrun-7261b912f2aed2db)
[INFO] [stdout] 
[INFO] [stdout] test result: ok. 77 passed; 0 failed; 0 ignored; 0 measured; 0 filtered out; finished in 1.18s
[INFO] [stdout] 
[INFO] [stdout] 
[INFO] [stderr]      Running tests/cli.rs (/opt/rustwide/target/release/build/condrun/9d831ee30bb3429a/out/cli-9d831ee30bb3429a)
[INFO] [stdout] running 0 tests
[INFO] [stdout] 
[INFO] [stdout] test result: ok. 0 passed; 0 failed; 0 ignored; 0 measured; 0 filtered out; finished in 0.00s
[INFO] [stdout] 
[INFO] [stdout] 
[INFO] [stdout] running 13 tests
[INFO] [stdout] test and_composition_low_data_fails ... FAILED
[INFO] [stdout] test check_pass ... FAILED
[INFO] [stdout] test scenario_1_pass_run_exit_0 ... FAILED
[INFO] [stdout] test invalid_flag_exits_4 ... ok
[INFO] [stdout] test scenario_5_kill_on_change ... FAILED
[INFO] [stdout] test scenario_3_preflight_fail_silent ... FAILED
[INFO] [stdout] test scenario_2_child_fail_exit_2 ... FAILED
[INFO] [stdout] test scenario_7_debounce_flicker ... FAILED
[INFO] [stdout] test nonexistent_fixture_exits_4 ... ok
[INFO] [stdout] test scenario_4_preflight_fail_strict ... FAILED
[INFO] [stdout] test check_fail ... FAILED
[INFO] [stdout] test check_explain_output ... FAILED
[INFO] [stdout] test scenario_6_sigkill_after_grace ... FAILED
[INFO] [stdout] 
[INFO] [stdout] failures:
[INFO] [stdout] 
[INFO] [stdout] ---- and_composition_low_data_fails stdout ----
[INFO] [stdout] 
[INFO] [stdout] thread 'and_composition_low_data_fails' (1894) panicked at /rustc/e3feeb59cd1bdd011a2bfcc0747b55125d9b8527/library/core/src/ops/function.rs:250:5:
[INFO] [stdout] Unexpected return code, failed var == 1
[INFO] [stdout] └── var: 4
[INFO] [stdout] 
[INFO] [stdout] command=`"/opt/rustwide/target/release/condrun" "--reject-expensive" "--reject-low-data" "--strict" "--state-source" "file:/tmp/.tmpH5qEkV" "run" "--" "echo" "x"`
[INFO] [stdout] code=4
[INFO] [stdout] stdout=""
[INFO] [stdout] stderr=```
[INFO] [stdout] error: unexpected argument \'--state-source\' found
[INFO] [stdout] 
[INFO] [stdout] Usage: condrun --reject-expensive --reject-low-data --strict <COMMAND>
[INFO] [stdout] 
[INFO] [stdout] For more information, try \'--help\'.
[INFO] [stdout] ```
[INFO] [stdout] 
[INFO] [stdout] 
[INFO] [stdout] stack backtrace:
[INFO] [stdout]    0:     0x5d2660248696 - <unknown>
[INFO] [stdout]    1:     0x5d26601f7a1a - <unknown>
[INFO] [stdout]    2:     0x5d266024fd5c - <unknown>
[INFO] [stdout]    3:     0x5d2660225392 - <unknown>
[INFO] [stdout]    4:     0x5d2660240ed1 - <unknown>
[INFO] [stdout]    5:     0x5d26602410b2 - <unknown>
[INFO] [stdout]    6:     0x5d2660225442 - <unknown>
[INFO] [stdout]    7:     0x5d266021e199 - <unknown>
[INFO] [stdout]    8:     0x5d266022605d - <unknown>
[INFO] [stdout]    9:     0x5d26601f810c - <unknown>
[INFO] [stdout]   10:     0x5d26601ee914 - <unknown>
[INFO] [stdout]   11:     0x5d26601f3eb7 - <unknown>
[INFO] [stdout]   12:     0x5d2660252b4b - <unknown>
[INFO] [stdout]   13:     0x5d26602609f4 - <unknown>
[INFO] [stdout]   14:     0x5d266025a124 - <unknown>
[INFO] [stdout]   15:     0x5d26602647b2 - <unknown>
[INFO] [stdout]   16:     0x5d2660247e44 - <unknown>
[INFO] [stdout]   17:     0x7481bd69ddfa - <unknown>
[INFO] [stdout]   18:     0x7481bd7313d4 - clone
[INFO] [stdout]   19:                0x0 - <unknown>
[INFO] [stdout] 
[INFO] [stdout] ---- check_pass stdout ----
[INFO] [stdout] 
[INFO] [stdout] thread 'check_pass' (1897) panicked at /rustc/e3feeb59cd1bdd011a2bfcc0747b55125d9b8527/library/core/src/ops/function.rs:250:5:
[INFO] [stdout] Unexpected failure.
[INFO] [stdout] code=4
[INFO] [stdout] stderr=``````
[INFO] [stdout] error: unexpected argument \'--state-source\' found
[INFO] [stdout] 
[INFO] [stdout] Usage: condrun --reject-expensive <COMMAND>
[INFO] [stdout] 
[INFO] [stdout] For more information, try \'--help\'.
[INFO] [stdout] ```
[INFO] [stdout] ```
[INFO] [stdout] command=`"/opt/rustwide/target/release/condrun" "--reject-expensive" "--state-source" "file:/tmp/.tmpHaHxhU" "check"`
[INFO] [stdout] code=4
[INFO] [stdout] stdout=""
[INFO] [stdout] stderr=```
[INFO] [stdout] error: unexpected argument \'--state-source\' found
[INFO] [stdout] 
[INFO] [stdout] Usage: condrun --reject-expensive <COMMAND>
[INFO] [stdout] 
[INFO] [stdout] For more information, try \'--help\'.
[INFO] [stdout] ```
[INFO] [stdout] 
[INFO] [stdout] 
[INFO] [stdout] stack backtrace:
[INFO] [stdout]    0:     0x5d2660248696 - <unknown>
[INFO] [stdout]    1:     0x5d26601f7a1a - <unknown>
[INFO] [stdout]    2:     0x5d266024fd5c - <unknown>
[INFO] [stdout]    3:     0x5d2660225392 - <unknown>
[INFO] [stdout]    4:     0x5d2660240ed1 - <unknown>
[INFO] [stdout]    5:     0x5d26602410b2 - <unknown>
[INFO] [stdout]    6:     0x5d2660225442 - <unknown>
[INFO] [stdout]    7:     0x5d266021e199 - <unknown>
[INFO] [stdout]    8:     0x5d266022605d - <unknown>
[INFO] [stdout]    9:     0x5d26601f810c - <unknown>
[INFO] [stdout]   10:     0x5d26601e5ee4 - <unknown>
[INFO] [stdout]   11:     0x5d26601f22b4 - <unknown>
[INFO] [stdout]   12:     0x5d2660252b4b - <unknown>
[INFO] [stdout]   13:     0x5d26602609f4 - <unknown>
[INFO] [stdout]   14:     0x5d266025a124 - <unknown>
[INFO] [stdout]   15:     0x5d26602647b2 - <unknown>
[INFO] [stdout]   16:     0x5d2660247e44 - <unknown>
[INFO] [stdout]   17:     0x7481bd69ddfa - <unknown>
[INFO] [stdout]   18:     0x7481bd7313d4 - clone
[INFO] [stdout]   19:                0x0 - <unknown>
[INFO] [stdout] 
[INFO] [stdout] ---- scenario_1_pass_run_exit_0 stdout ----
[INFO] [stdout] 
[INFO] [stdout] thread 'scenario_1_pass_run_exit_0' (1900) panicked at /rustc/e3feeb59cd1bdd011a2bfcc0747b55125d9b8527/library/core/src/ops/function.rs:250:5:
[INFO] [stdout] Unexpected failure.
[INFO] [stdout] code=4
[INFO] [stdout] stderr=``````
[INFO] [stdout] error: unexpected argument \'--state-source\' found
[INFO] [stdout] 
[INFO] [stdout] Usage: condrun --reject-expensive <COMMAND>
[INFO] [stdout] 
[INFO] [stdout] For more information, try \'--help\'.
[INFO] [stdout] ```
[INFO] [stdout] ```
[INFO] [stdout] command=`"/opt/rustwide/target/release/condrun" "--reject-expensive" "--state-source" "file:/tmp/.tmpNbjJPu" "run" "--" "echo" "done"`
[INFO] [stdout] code=4
[INFO] [stdout] stdout=""
[INFO] [stdout] stderr=```
[INFO] [stdout] error: unexpected argument \'--state-source\' found
[INFO] [stdout] 
[INFO] [stdout] Usage: condrun --reject-expensive <COMMAND>
[INFO] [stdout] 
[INFO] [stdout] For more information, try \'--help\'.
[INFO] [stdout] ```
[INFO] [stdout] 
[INFO] [stdout] 
[INFO] [stdout] stack backtrace:
[INFO] [stdout]    0:     0x5d2660248696 - <unknown>
[INFO] [stdout]    1:     0x5d26601f7a1a - <unknown>
[INFO] [stdout]    2:     0x5d266024fd5c - <unknown>
[INFO] [stdout]    3:     0x5d2660225392 - <unknown>
[INFO] [stdout]    4:     0x5d2660240ed1 - <unknown>
[INFO] [stdout]    5:     0x5d26602410b2 - <unknown>
[INFO] [stdout]    6:     0x5d2660225442 - <unknown>
[INFO] [stdout]    7:     0x5d266021e199 - <unknown>
[INFO] [stdout]    8:     0x5d266022605d - <unknown>
[INFO] [stdout]    9:     0x5d26601f810c - <unknown>
[INFO] [stdout]   10:     0x5d26601e5ee4 - <unknown>
[INFO] [stdout]   11:     0x5d26601f30e2 - <unknown>
[INFO] [stdout]   12:     0x5d2660252b4b - <unknown>
[INFO] [stdout]   13:     0x5d26602609f4 - <unknown>
[INFO] [stdout]   14:     0x5d266025a124 - <unknown>
[INFO] [stdout]   15:     0x5d26602647b2 - <unknown>
[INFO] [stdout]   16:     0x5d2660247e44 - <unknown>
[INFO] [stdout]   17:     0x7481bd69ddfa - <unknown>
[INFO] [stdout]   18:     0x7481bd7313d4 - clone
[INFO] [stdout]   19:                0x0 - <unknown>
[INFO] [stdout] 
[INFO] [stdout] ---- scenario_5_kill_on_change stdout ----
[INFO] [stdout] 
[INFO] [stdout] thread 'scenario_5_kill_on_change' (1904) panicked at /rustc/e3feeb59cd1bdd011a2bfcc0747b55125d9b8527/library/core/src/ops/function.rs:250:5:
[INFO] [stdout] Unexpected return code, failed var == 3
[INFO] [stdout] └── var: 4
[INFO] [stdout] 
[INFO] [stdout] command=`"/opt/rustwide/target/release/condrun" "--reject-expensive" "--poll" "1s" "--state-source" "file:/tmp/.tmpvenHSU" "run" "--" "sleep" "60"`
[INFO] [stdout] code=4
[INFO] [stdout] stdout=""
[INFO] [stdout] stderr=```
[INFO] [stdout] error: unexpected argument \'--state-source\' found
[INFO] [stdout] 
[INFO] [stdout] Usage: condrun --reject-expensive --poll <POLL> <COMMAND>
[INFO] [stdout] 
[INFO] [stdout] For more information, try \'--help\'.
[INFO] [stdout] ```
[INFO] [stdout] 
[INFO] [stdout] 
[INFO] [stdout] stack backtrace:
[INFO] [stdout]    0:     0x5d2660248696 - <unknown>
[INFO] [stdout]    1:     0x5d26601f7a1a - <unknown>
[INFO] [stdout]    2:     0x5d266024fd5c - <unknown>
[INFO] [stdout]    3:     0x5d2660225392 - <unknown>
[INFO] [stdout]    4:     0x5d2660240ed1 - <unknown>
[INFO] [stdout]    5:     0x5d26602410b2 - <unknown>
[INFO] [stdout]    6:     0x5d2660225442 - <unknown>
[INFO] [stdout]    7:     0x5d266021e199 - <unknown>
[INFO] [stdout]    8:     0x5d266022605d - <unknown>
[INFO] [stdout]    9:     0x5d26601f810c - <unknown>
[INFO] [stdout]   10:     0x5d26601ee914 - <unknown>
[INFO] [stdout]   11:     0x5d26601f2d81 - <unknown>
[INFO] [stdout]   12:     0x5d2660252b4b - <unknown>
[INFO] [stdout]   13:     0x5d26602609f4 - <unknown>
[INFO] [stdout]   14:     0x5d266025a124 - <unknown>
[INFO] [stdout]   15:     0x5d26602647b2 - <unknown>
[INFO] [stdout]   16:     0x5d2660247e44 - <unknown>
[INFO] [stdout]   17:     0x7481bd69ddfa - <unknown>
[INFO] [stdout]   18:     0x7481bd7313d4 - clone
[INFO] [stdout]   19:                0x0 - <unknown>
[INFO] [stdout] 
[INFO] [stdout] ---- scenario_3_preflight_fail_silent stdout ----
[INFO] [stdout] 
[INFO] [stdout] thread 'scenario_3_preflight_fail_silent' (1902) panicked at /rustc/e3feeb59cd1bdd011a2bfcc0747b55125d9b8527/library/core/src/ops/function.rs:250:5:
[INFO] [stdout] Unexpected return code, failed var == 0
[INFO] [stdout] └── var: 4
[INFO] [stdout] 
[INFO] [stdout] command=`"/opt/rustwide/target/release/condrun" "--reject-expensive" "--state-source" "file:/tmp/.tmpymplZp" "run" "--" "echo" "should-not-run"`
[INFO] [stdout] code=4
[INFO] [stdout] stdout=""
[INFO] [stdout] stderr=```
[INFO] [stdout] error: unexpected argument \'--state-source\' found
[INFO] [stdout] 
[INFO] [stdout] Usage: condrun --reject-expensive <COMMAND>
[INFO] [stdout] 
[INFO] [stdout] For more information, try \'--help\'.
[INFO] [stdout] ```
[INFO] [stdout] 
[INFO] [stdout] 
[INFO] [stdout] stack backtrace:
[INFO] [stdout]    0:     0x5d2660248696 - <unknown>
[INFO] [stdout]    1:     0x5d26601f7a1a - <unknown>
[INFO] [stdout]    2:     0x5d266024fd5c - <unknown>
[INFO] [stdout]    3:     0x5d2660225392 - <unknown>
[INFO] [stdout]    4:     0x5d2660240ed1 - <unknown>
[INFO] [stdout]    5:     0x5d26602410b2 - <unknown>
[INFO] [stdout]    6:     0x5d2660225442 - <unknown>
[INFO] [stdout]    7:     0x5d266021e199 - <unknown>
[INFO] [stdout]    8:     0x5d266022605d - <unknown>
[INFO] [stdout]    9:     0x5d26601f810c - <unknown>
[INFO] [stdout]   10:     0x5d26601ee914 - <unknown>
[INFO] [stdout]   11:     0x5d26601f46f4 - <unknown>
[INFO] [stdout]   12:     0x5d2660252b4b - <unknown>
[INFO] [stdout]   13:     0x5d26602609f4 - <unknown>
[INFO] [stdout]   14:     0x5d266025a124 - <unknown>
[INFO] [stdout]   15:     0x5d26602647b2 - <unknown>
[INFO] [stdout]   16:     0x5d2660247e44 - <unknown>
[INFO] [stdout]   17:     0x7481bd69ddfa - <unknown>
[INFO] [stdout]   18:     0x7481bd7313d4 - clone
[INFO] [stdout]   19:                0x0 - <unknown>
[INFO] [stdout] 
[INFO] [stdout] ---- scenario_2_child_fail_exit_2 stdout ----
[INFO] [stdout] 
[INFO] [stdout] thread 'scenario_2_child_fail_exit_2' (1901) panicked at /rustc/e3feeb59cd1bdd011a2bfcc0747b55125d9b8527/library/core/src/ops/function.rs:250:5:
[INFO] [stdout] Unexpected return code, failed var == 2
[INFO] [stdout] └── var: 4
[INFO] [stdout] 
[INFO] [stdout] command=`"/opt/rustwide/target/release/condrun" "--reject-expensive" "--state-source" "file:/tmp/.tmpC9Kcro" "run" "--" "sh" "-c" "exit 7"`
[INFO] [stdout] code=4
[INFO] [stdout] stdout=""
[INFO] [stdout] stderr=```
[INFO] [stdout] error: unexpected argument \'--state-source\' found
[INFO] [stdout] 
[INFO] [stdout] Usage: condrun --reject-expensive <COMMAND>
[INFO] [stdout] 
[INFO] [stdout] For more information, try \'--help\'.
[INFO] [stdout] ```
[INFO] [stdout] 
[INFO] [stdout] 
[INFO] [stdout] stack backtrace:
[INFO] [stdout]    0:     0x5d2660248696 - <unknown>
[INFO] [stdout]    1:     0x5d26601f7a1a - <unknown>
[INFO] [stdout]    2:     0x5d266024fd5c - <unknown>
[INFO] [stdout]    3:     0x5d2660225392 - <unknown>
[INFO] [stdout]    4:     0x5d2660240ed1 - <unknown>
[INFO] [stdout]    5:     0x5d26602410b2 - <unknown>
[INFO] [stdout]    6:     0x5d2660225442 - <unknown>
[INFO] [stdout]    7:     0x5d266021e199 - <unknown>
[INFO] [stdout]    8:     0x5d266022605d - <unknown>
[INFO] [stdout]    9:     0x5d26601f810c - <unknown>
[INFO] [stdout]   10:     0x5d26601ee914 - <unknown>
[INFO] [stdout]   11:     0x5d26601f3a33 - <unknown>
[INFO] [stdout]   12:     0x5d2660252b4b - <unknown>
[INFO] [stdout]   13:     0x5d26602609f4 - <unknown>
[INFO] [stdout]   14:     0x5d266025a124 - <unknown>
[INFO] [stdout]   15:     0x5d26602647b2 - <unknown>
[INFO] [stdout]   16:     0x5d2660247e44 - <unknown>
[INFO] [stdout]   17:     0x7481bd69ddfa - <unknown>
[INFO] [stdout]   18:     0x7481bd7313d4 - clone
[INFO] [stdout]   19:                0x0 - <unknown>
[INFO] [stdout] 
[INFO] [stdout] ---- scenario_7_debounce_flicker stdout ----
[INFO] [stdout] 
[INFO] [stdout] thread 'scenario_7_debounce_flicker' (1906) panicked at /rustc/e3feeb59cd1bdd011a2bfcc0747b55125d9b8527/library/core/src/ops/function.rs:250:5:
[INFO] [stdout] Unexpected failure.
[INFO] [stdout] code=4
[INFO] [stdout] stderr=``````
[INFO] [stdout] error: unexpected argument \'--state-source\' found
[INFO] [stdout] 
[INFO] [stdout] Usage: condrun --reject-expensive --debounce <DEBOUNCE> --poll <POLL> <COMMAND>
[INFO] [stdout] 
[INFO] [stdout] For more information, try \'--help\'.
[INFO] [stdout] ```
[INFO] [stdout] ```
[INFO] [stdout] command=`"/opt/rustwide/target/release/condrun" "--reject-expensive" "--debounce" "5s" "--poll" "1s" "--state-source" "file:/tmp/.tmp8ejgP0" "run" "--" "sleep" "10"`
[INFO] [stdout] code=4
[INFO] [stdout] stdout=""
[INFO] [stdout] stderr=```
[INFO] [stdout] error: unexpected argument \'--state-source\' found
[INFO] [stdout] 
[INFO] [stdout] Usage: condrun --reject-expensive --debounce <DEBOUNCE> --poll <POLL> <COMMAND>
[INFO] [stdout] 
[INFO] [stdout] For more information, try \'--help\'.
[INFO] [stdout] ```
[INFO] [stdout] 
[INFO] [stdout] 
[INFO] [stdout] stack backtrace:
[INFO] [stdout]    0:     0x5d2660248696 - <unknown>
[INFO] [stdout]    1:     0x5d26601f7a1a - <unknown>
[INFO] [stdout]    2:     0x5d266024fd5c - <unknown>
[INFO] [stdout]    3:     0x5d2660225392 - <unknown>
[INFO] [stdout]    4:     0x5d2660240ed1 - <unknown>
[INFO] [stdout]    5:     0x5d26602410b2 - <unknown>
[INFO] [stdout]    6:     0x5d2660225442 - <unknown>
[INFO] [stdout]    7:     0x5d266021e199 - <unknown>
[INFO] [stdout]    8:     0x5d266022605d - <unknown>
[INFO] [stdout]    9:     0x5d26601f810c - <unknown>
[INFO] [stdout]   10:     0x5d26601e5ee4 - <unknown>
[INFO] [stdout]   11:     0x5d26601f36e1 - <unknown>
[INFO] [stdout]   12:     0x5d2660252b4b - <unknown>
[INFO] [stdout]   13:     0x5d26602609f4 - <unknown>
[INFO] [stdout]   14:     0x5d266025a124 - <unknown>
[INFO] [stdout]   15:     0x5d26602647b2 - <unknown>
[INFO] [stdout]   16:     0x5d2660247e44 - <unknown>
[INFO] [stdout]   17:     0x7481bd69ddfa - <unknown>
[INFO] [stdout]   18:     0x7481bd7313d4 - clone
[INFO] [stdout]   19:                0x0 - <unknown>
[INFO] [stdout] 
[INFO] [stdout] ---- scenario_4_preflight_fail_strict stdout ----
[INFO] [stdout] 
[INFO] [stdout] thread 'scenario_4_preflight_fail_strict' (1903) panicked at /rustc/e3feeb59cd1bdd011a2bfcc0747b55125d9b8527/library/core/src/ops/function.rs:250:5:
[INFO] [stdout] Unexpected return code, failed var == 1
[INFO] [stdout] └── var: 4
[INFO] [stdout] 
[INFO] [stdout] command=`"/opt/rustwide/target/release/condrun" "--strict" "--reject-expensive" "--state-source" "file:/tmp/.tmplFnqhg" "run" "--" "echo" "no"`
[INFO] [stdout] code=4
[INFO] [stdout] stdout=""
[INFO] [stdout] stderr=```
[INFO] [stdout] error: unexpected argument \'--state-source\' found
[INFO] [stdout] 
[INFO] [stdout] Usage: condrun --strict --reject-expensive <COMMAND>
[INFO] [stdout] 
[INFO] [stdout] For more information, try \'--help\'.
[INFO] [stdout] ```
[INFO] [stdout] 
[INFO] [stdout] 
[INFO] [stdout] stack backtrace:
[INFO] [stdout]    0:     0x5d2660248696 - <unknown>
[INFO] [stdout]    1:     0x5d26601f7a1a - <unknown>
[INFO] [stdout]    2:     0x5d266024fd5c - <unknown>
[INFO] [stdout]    3:     0x5d2660225392 - <unknown>
[INFO] [stdout]    4:     0x5d2660240ed1 - <unknown>
[INFO] [stdout]    5:     0x5d26602410b2 - <unknown>
[INFO] [stdout]    6:     0x5d2660225442 - <unknown>
[INFO] [stdout]    7:     0x5d266021e199 - <unknown>
[INFO] [stdout]    8:     0x5d266022605d - <unknown>
[INFO] [stdout]    9:     0x5d26601f810c - <unknown>
[INFO] [stdout]   10:     0x5d26601ee914 - <unknown>
[INFO] [stdout]   11:     0x5d26601f4aa3 - <unknown>
[INFO] [stdout]   12:     0x5d2660252b4b - <unknown>
[INFO] [stdout]   13:     0x5d26602609f4 - <unknown>
[INFO] [stdout]   14:     0x5d266025a124 - <unknown>
[INFO] [stdout]   15:     0x5d26602647b2 - <unknown>
[INFO] [stdout]   16:     0x5d2660247e44 - <unknown>
[INFO] [stdout]   17:     0x7481bd69ddfa - <unknown>
[INFO] [stdout]   18:     0x7481bd7313d4 - clone
[INFO] [stdout]   19:                0x0 - <unknown>
[INFO] [stdout] 
[INFO] [stdout] ---- check_fail stdout ----
[INFO] [stdout] 
[INFO] [stdout] thread 'check_fail' (1896) panicked at /rustc/e3feeb59cd1bdd011a2bfcc0747b55125d9b8527/library/core/src/ops/function.rs:250:5:
[INFO] [stdout] Unexpected return code, failed var == 1
[INFO] [stdout] └── var: 4
[INFO] [stdout] 
[INFO] [stdout] command=`"/opt/rustwide/target/release/condrun" "--reject-expensive" "--state-source" "file:/tmp/.tmpt1pgPa" "check"`
[INFO] [stdout] code=4
[INFO] [stdout] stdout=""
[INFO] [stdout] stderr=```
[INFO] [stdout] error: unexpected argument \'--state-source\' found
[INFO] [stdout] 
[INFO] [stdout] Usage: condrun --reject-expensive <COMMAND>
[INFO] [stdout] 
[INFO] [stdout] For more information, try \'--help\'.
[INFO] [stdout] ```
[INFO] [stdout] 
[INFO] [stdout] 
[INFO] [stdout] stack backtrace:
[INFO] [stdout]    0:     0x5d2660248696 - <unknown>
[INFO] [stdout]    1:     0x5d26601f7a1a - <unknown>
[INFO] [stdout]    2:     0x5d266024fd5c - <unknown>
[INFO] [stdout]    3:     0x5d2660225392 - <unknown>
[INFO] [stdout]    4:     0x5d2660240ed1 - <unknown>
[INFO] [stdout]    5:     0x5d26602410b2 - <unknown>
[INFO] [stdout]    6:     0x5d2660225442 - <unknown>
[INFO] [stdout]    7:     0x5d266021e199 - <unknown>
[INFO] [stdout]    8:     0x5d266022605d - <unknown>
[INFO] [stdout]    9:     0x5d26601f810c - <unknown>
[INFO] [stdout]   10:     0x5d26601ee914 - <unknown>
[INFO] [stdout]   11:     0x5d26601f1f9c - <unknown>
[INFO] [stdout]   12:     0x5d2660252b4b - <unknown>
[INFO] [stdout]   13:     0x5d26602609f4 - <unknown>
[INFO] [stdout]   14:     0x5d266025a124 - <unknown>
[INFO] [stdout]   15:     0x5d26602647b2 - <unknown>
[INFO] [stdout]   16:     0x5d2660247e44 - <unknown>
[INFO] [stdout]   17:     0x7481bd69ddfa - <unknown>
[INFO] [stdout]   18:     0x7481bd7313d4 - clone
[INFO] [stdout]   19:                0x0 - <unknown>
[INFO] [stdout] 
[INFO] [stdout] ---- check_explain_output stdout ----
[INFO] [stdout] 
[INFO] [stdout] thread 'check_explain_output' (1895) panicked at /rustc/e3feeb59cd1bdd011a2bfcc0747b55125d9b8527/library/core/src/ops/function.rs:250:5:
[INFO] [stdout] Unexpected return code, failed var == 1
[INFO] [stdout] └── var: 4
[INFO] [stdout] 
[INFO] [stdout] command=`"/opt/rustwide/target/release/condrun" "--reject-expensive" "--state-source" "file:/tmp/.tmpV8WesM" "check" "--explain"`
[INFO] [stdout] code=4
[INFO] [stdout] stdout=""
[INFO] [stdout] stderr=```
[INFO] [stdout] error: unexpected argument \'--state-source\' found
[INFO] [stdout] 
[INFO] [stdout] Usage: condrun --reject-expensive <COMMAND>
[INFO] [stdout] 
[INFO] [stdout] For more information, try \'--help\'.
[INFO] [stdout] ```
[INFO] [stdout] 
[INFO] [stdout] 
[INFO] [stdout] stack backtrace:
[INFO] [stdout]    0:     0x5d2660248696 - <unknown>
[INFO] [stdout]    1:     0x5d26601f7a1a - <unknown>
[INFO] [stdout]    2:     0x5d266024fd5c - <unknown>
[INFO] [stdout]    3:     0x5d2660225392 - <unknown>
[INFO] [stdout]    4:     0x5d2660240ed1 - <unknown>
[INFO] [stdout]    5:     0x5d26602410b2 - <unknown>
[INFO] [stdout]    6:     0x5d2660225442 - <unknown>
[INFO] [stdout]    7:     0x5d266021e199 - <unknown>
[INFO] [stdout]    8:     0x5d266022605d - <unknown>
[INFO] [stdout]    9:     0x5d26601f810c - <unknown>
[INFO] [stdout]   10:     0x5d26601ee914 - <unknown>
[INFO] [stdout]   11:     0x5d26601f274d - <unknown>
[INFO] [stdout]   12:     0x5d2660252b4b - <unknown>
[INFO] [stdout]   13:     0x5d26602609f4 - <unknown>
[INFO] [stdout]   14:     0x5d266025a124 - <unknown>
[INFO] [stdout]   15:     0x5d26602647b2 - <unknown>
[INFO] [stdout]   16:     0x5d2660247e44 - <unknown>
[INFO] [stdout]   17:     0x7481bd69ddfa - <unknown>
[INFO] [stdout]   18:     0x7481bd7313d4 - clone
[INFO] [stdout]   19:                0x0 - <unknown>
[INFO] [stdout] 
[INFO] [stdout] ---- scenario_6_sigkill_after_grace stdout ----
[INFO] [stdout] 
[INFO] [stdout] thread 'scenario_6_sigkill_after_grace' (1905) panicked at /rustc/e3feeb59cd1bdd011a2bfcc0747b55125d9b8527/library/core/src/ops/function.rs:250:5:
[INFO] [stdout] Unexpected return code, failed var == 3
[INFO] [stdout] └── var: 4
[INFO] [stdout] 
[INFO] [stdout] command=`"/opt/rustwide/target/release/condrun" "--reject-expensive" "--poll" "1s" "--grace" "1s" "--state-source" "file:/tmp/.tmphxXNMG" "run" "--" "sh" "-c" "trap '' TERM; sleep 999"`
[INFO] [stdout] code=4
[INFO] [stdout] stdout=""
[INFO] [stdout] stderr=```
[INFO] [stdout] error: unexpected argument \'--state-source\' found
[INFO] [stdout] 
[INFO] [stdout] Usage: condrun --reject-expensive --poll <POLL> --grace <GRACE> <COMMAND>
[INFO] [stdout] 
[INFO] [stdout] For more information, try \'--help\'.
[INFO] [stdout] ```
[INFO] [stdout] 
[INFO] [stdout] 
[INFO] [stdout] stack backtrace:
[INFO] [stdout]    0:     0x5d2660248696 - <unknown>
[INFO] [stdout]    1:     0x5d26601f7a1a - <unknown>
[INFO] [stdout]    2:     0x5d266024fd5c - <unknown>
[INFO] [stdout]    3:     0x5d2660225392 - <unknown>
[INFO] [stdout]    4:     0x5d2660240ed1 - <unknown>
[INFO] [stdout]    5:     0x5d26602410b2 - <unknown>
[INFO] [stdout]    6:     0x5d2660225442 - <unknown>
[INFO] [stdout]    7:     0x5d266021e199 - <unknown>
[INFO] [stdout]    8:     0x5d266022605d - <unknown>
[INFO] [stdout]    9:     0x5d26601f810c - <unknown>
[INFO] [stdout]   10:     0x5d26601ee914 - <unknown>
[INFO] [stdout]   11:     0x5d26601f42f6 - <unknown>
[INFO] [stdout]   12:     0x5d2660252b4b - <unknown>
[INFO] [stdout]   13:     0x5d26602609f4 - <unknown>
[INFO] [stdout]   14:     0x5d266025a124 - <unknown>
[INFO] [stdout]   15:     0x5d26602647b2 - <unknown>
[INFO] [stdout]   16:     0x5d2660247e44 - <unknown>
[INFO] [stdout]   17:     0x7481bd69ddfa - <unknown>
[INFO] [stdout]   18:     0x7481bd7313d4 - clone
[INFO] [stdout]   19:                0x0 - <unknown>
[INFO] [stdout] 
[INFO] [stdout] 
[INFO] [stdout] failures:
[INFO] [stdout]     and_composition_low_data_fails
[INFO] [stdout]     check_explain_output
[INFO] [stdout]     check_fail
[INFO] [stdout]     check_pass
[INFO] [stdout]     scenario_1_pass_run_exit_0
[INFO] [stdout]     scenario_2_child_fail_exit_2
[INFO] [stdout]     scenario_3_preflight_fail_silent
[INFO] [stdout]     scenario_4_preflight_fail_strict
[INFO] [stdout]     scenario_5_kill_on_change
[INFO] [stdout]     scenario_6_sigkill_after_grace
[INFO] [stdout]     scenario_7_debounce_flicker
[INFO] [stdout] 
[INFO] [stdout] test result: FAILED. 2 passed; 11 failed; 0 ignored; 0 measured; 0 filtered out; finished in 0.05s
[INFO] [stdout] 
[INFO] [stderr] error: test failed, to rerun pass `--test cli`
[INFO] running `Command { std: "docker" "inspect" "9835df5d42d640b79fe66af030173ddd5f948909622f4c583b7e662d4d41b7b6", kill_on_drop: false }`
[INFO] running `Command { std: "docker" "rm" "-f" "9835df5d42d640b79fe66af030173ddd5f948909622f4c583b7e662d4d41b7b6", kill_on_drop: false }`
[INFO] [stdout] 9835df5d42d640b79fe66af030173ddd5f948909622f4c583b7e662d4d41b7b6
