[INFO] fetching crate concurrent-biproxy 0.1.0...
[INFO] testing concurrent-biproxy-0.1.0 against 1.100.0-beta.1+cargoflags=--release for beta-release-1.100-2
[INFO] extracting crate concurrent-biproxy 0.1.0 into /workspace/builds/worker-1-tc2/source
[INFO] started tweaking crates.io crate concurrent-biproxy 0.1.0
[INFO] finished tweaking crates.io crate concurrent-biproxy 0.1.0
[INFO] tweaked toml for crates.io crate concurrent-biproxy 0.1.0 written to /workspace/builds/worker-1-tc2/source/Cargo.toml
[INFO] validating manifest of crates.io crate concurrent-biproxy 0.1.0 on toolchain 1.100.0-beta.1
[INFO] running `Command { std: CARGO_HOME="/workspace/cargo-home" RUSTUP_HOME="/workspace/rustup-home" "/workspace/cargo-home/bin/cargo" "+1.100.0-beta.1" "metadata" "--manifest-path" "Cargo.toml" "--no-deps", kill_on_drop: false }`
[INFO] running `Command { std: CARGO_HOME="/workspace/cargo-home" RUSTUP_HOME="/workspace/rustup-home" "/workspace/cargo-home/bin/cargo" "+1.100.0-beta.1" "generate-lockfile" "--manifest-path" "Cargo.toml", kill_on_drop: false }`
[INFO] [stderr]     Updating crates.io index
[INFO] [stderr]      Locking 60 packages to highest compatible versions
[INFO] [stderr]       Adding thiserror v1.0.69 (available: v2.0.21)
[INFO] running `Command { std: CARGO_HOME="/workspace/cargo-home" RUSTUP_HOME="/workspace/rustup-home" "/workspace/cargo-home/bin/cargo" "+1.100.0-beta.1" "fetch" "--manifest-path" "Cargo.toml", kill_on_drop: false }`
[INFO] running `Command { std: "docker" "create" "-v" "/var/lib/crater-agent-workspace/builds/worker-1-tc2/source:/opt/rustwide/workdir:ro,Z" "-v" "/var/lib/crater-agent-workspace/builds/worker-1-tc2/target:/opt/rustwide/target:rw,Z" "-v" "/var/lib/crater-agent-workspace/cargo-home:/opt/rustwide/cargo-home:ro,Z" "-v" "/var/lib/crater-agent-workspace/rustup-home:/opt/rustwide/rustup-home:ro,Z" "-m" "1610612736" "--network" "none" "ghcr.io/rust-lang/crates-build-env/linux@sha256:77db811e55d90add9212f6832c23229e3de5f1c1f9905e8cb07319ea15df73ac" "sleep" "infinity", kill_on_drop: false }`
[INFO] [stdout] 7f14e81799070af8613e3519a8f99aac95e06e9c4df41ac101d27893d06e6ba7
[INFO] running `Command { std: "docker" "start" "7f14e81799070af8613e3519a8f99aac95e06e9c4df41ac101d27893d06e6ba7", kill_on_drop: false }`
[INFO] running `Command { std: "docker" "inspect" "7f14e81799070af8613e3519a8f99aac95e06e9c4df41ac101d27893d06e6ba7", kill_on_drop: false }`
[INFO] running `Command { std: "docker" "exec" "-e" "SOURCE_DIR=/opt/rustwide/workdir" "-e" "CARGO_HOME=/opt/rustwide/cargo-home" "-e" "RUSTUP_HOME=/opt/rustwide/rustup-home" "-e" "CARGO_TARGET_DIR=/opt/rustwide/target" "-w" "/opt/rustwide/workdir" "--user" "0:0" "7f14e81799070af8613e3519a8f99aac95e06e9c4df41ac101d27893d06e6ba7" "/opt/rustwide/cargo-home/bin/cargo" "+1.100.0-beta.1" "metadata" "--no-deps" "--format-version=1", kill_on_drop: false }`
[INFO] running `Command { std: "docker" "inspect" "7f14e81799070af8613e3519a8f99aac95e06e9c4df41ac101d27893d06e6ba7", kill_on_drop: false }`
[INFO] running `Command { std: "docker" "exec" "-e" "SOURCE_DIR=/opt/rustwide/workdir" "-e" "CARGO_HOME=/opt/rustwide/cargo-home" "-e" "RUSTUP_HOME=/opt/rustwide/rustup-home" "-e" "CARGO_TARGET_DIR=/opt/rustwide/target" "-e" "CARGO_INCREMENTAL=0" "-e" "RUST_BACKTRACE=full" "-e" "RUSTFLAGS=--cap-lints=warn" "-e" "RUSTDOCFLAGS=--cap-lints=warn" "-w" "/opt/rustwide/workdir" "--user" "0:0" "7f14e81799070af8613e3519a8f99aac95e06e9c4df41ac101d27893d06e6ba7" "/opt/rustwide/cargo-home/bin/cargo" "+1.100.0-beta.1" "build" "--frozen" "--message-format=json" "--release", kill_on_drop: false }`
[INFO] [stderr]    Compiling syn v3.0.9
[INFO] [stderr]    Compiling futures-sink v0.3.34
[INFO] [stderr]    Compiling futures-core v0.3.34
[INFO] [stderr]    Compiling smallvec v1.16.3
[INFO] [stderr]    Compiling syn v2.0.119
[INFO] [stderr]    Compiling time-macros v0.2.32
[INFO] [stderr]    Compiling getrandom v0.4.3
[INFO] [stderr]    Compiling futures-channel v0.3.34
[INFO] [stderr]    Compiling rand v0.10.3
[INFO] [stderr]    Compiling parking_lot_core v0.9.12
[INFO] [stderr]    Compiling parking_lot v0.12.5
[INFO] [stderr]    Compiling time v0.3.55
[INFO] [stderr]    Compiling thiserror-impl v1.0.69
[INFO] [stderr]    Compiling thiserror v1.0.69
[INFO] [stderr]    Compiling logs v0.7.1
[INFO] [stderr]    Compiling futures-macro v0.3.34
[INFO] [stderr]    Compiling serde_derive v1.0.229
[INFO] [stderr]    Compiling tokio-macros v2.7.2
[INFO] [stderr]    Compiling async-trait v0.1.92
[INFO] [stderr]    Compiling tokio v1.53.3
[INFO] [stderr]    Compiling futures-util v0.3.34
[INFO] [stderr]    Compiling serde v1.0.229
[INFO] [stderr]    Compiling futures-executor v0.3.34
[INFO] [stderr]    Compiling futures v0.3.34
[INFO] [stderr]    Compiling concurrent-biproxy v0.1.0 (/opt/rustwide/workdir)
[INFO] [stderr] warning: unused dependency `futures`
[INFO] [stderr]  --> Cargo.toml:7:15
[INFO] [stderr]   |
[INFO] [stderr] 7 | [dependencies.futures]
[INFO] [stderr]   |               ^^^^^^^^
[INFO] [stderr]   |
[INFO] [stderr]   = note: `cargo::unused_dependencies` is set to `warn` by default
[INFO] [stderr] help: consider removing the dependency on `futures`
[INFO] [stderr] warning: unused dependency `lazy_static`
[INFO] [stderr]   --> Cargo.toml:10:15
[INFO] [stderr]    |
[INFO] [stderr] 10 | [dependencies.lazy_static]
[INFO] [stderr]    |               ^^^^^^^^^^^^
[INFO] [stderr]    |
[INFO] [stderr] help: consider removing the dependency on `lazy_static`
[INFO] [stderr] warning: unused dependency `rand`
[INFO] [stderr]   --> Cargo.toml:16:15
[INFO] [stderr]    |
[INFO] [stderr] 16 | [dependencies.rand]
[INFO] [stderr]    |               ^^^^^
[INFO] [stderr]    |
[INFO] [stderr] help: consider removing the dependency on `rand`
[INFO] [stderr] warning: unused dependency `serde`
[INFO] [stderr]   --> Cargo.toml:19:15
[INFO] [stderr]    |
[INFO] [stderr] 19 | [dependencies.serde]
[INFO] [stderr]    |               ^^^^^^
[INFO] [stderr]    |
[INFO] [stderr] help: consider removing the dependency on `serde`
[INFO] [stderr] warning: unused dependency `serde_json`
[INFO] [stderr]   --> Cargo.toml:23:15
[INFO] [stderr]    |
[INFO] [stderr] 23 | [dependencies.serde_json]
[INFO] [stderr]    |               ^^^^^^^^^^^
[INFO] [stderr]    |
[INFO] [stderr] help: consider removing the dependency on `serde_json`
[INFO] [stderr] warning: `concurrent-biproxy` (manifest) generated 5 warnings
[INFO] [stderr]     Finished `release` profile [optimized] target(s) in 23.32s
[INFO] running `Command { std: "docker" "inspect" "7f14e81799070af8613e3519a8f99aac95e06e9c4df41ac101d27893d06e6ba7", kill_on_drop: false }`
[INFO] running `Command { std: "docker" "exec" "-e" "SOURCE_DIR=/opt/rustwide/workdir" "-e" "CARGO_HOME=/opt/rustwide/cargo-home" "-e" "RUSTUP_HOME=/opt/rustwide/rustup-home" "-e" "CARGO_TARGET_DIR=/opt/rustwide/target" "-e" "CARGO_INCREMENTAL=0" "-e" "RUST_BACKTRACE=full" "-e" "RUSTFLAGS=--cap-lints=warn" "-e" "RUSTDOCFLAGS=--cap-lints=warn" "-w" "/opt/rustwide/workdir" "--user" "0:0" "7f14e81799070af8613e3519a8f99aac95e06e9c4df41ac101d27893d06e6ba7" "/opt/rustwide/cargo-home/bin/cargo" "+1.100.0-beta.1" "test" "--frozen" "--no-run" "--message-format=json" "--release", kill_on_drop: false }`
[INFO] [stderr]    Compiling concurrent-biproxy v0.1.0 (/opt/rustwide/workdir)
[INFO] [stdout] warning: struct `DefaultProcessor` is never constructed
[INFO] [stdout]   --> tests/test.rs:74:8
[INFO] [stdout]    |
[INFO] [stdout] 74 | struct DefaultProcessor;
[INFO] [stdout]    |        ^^^^^^^^^^^^^^^^
[INFO] [stdout]    |
[INFO] [stdout]    = note: `#[warn(dead_code)]` (part of `#[warn(unused)]`) on by default
[INFO] [stdout] 
[INFO] [stdout] 
[INFO] [stderr] warning: unused dependency `futures`
[INFO] [stderr]  --> Cargo.toml:7:15
[INFO] [stderr]   |
[INFO] [stderr] 7 | [dependencies.futures]
[INFO] [stderr]   |               ^^^^^^^^
[INFO] [stderr]   |
[INFO] [stderr]   = note: `cargo::unused_dependencies` is set to `warn` by default
[INFO] [stderr] help: consider removing the dependency on `futures`
[INFO] [stderr] warning: unused dependency `lazy_static`
[INFO] [stderr]   --> Cargo.toml:10:15
[INFO] [stderr]    |
[INFO] [stderr] 10 | [dependencies.lazy_static]
[INFO] [stderr]    |               ^^^^^^^^^^^^
[INFO] [stderr]    |
[INFO] [stderr] help: consider removing the dependency on `lazy_static`
[INFO] [stderr] warning: unused dependency `rand`
[INFO] [stderr]   --> Cargo.toml:16:15
[INFO] [stderr]    |
[INFO] [stderr] 16 | [dependencies.rand]
[INFO] [stderr]    |               ^^^^^
[INFO] [stderr]    |
[INFO] [stderr] help: consider removing the dependency on `rand`
[INFO] [stderr] help: to still use for development builds, move to `dev-dependencies`
[INFO] [stderr] warning: unused dependency `serde`
[INFO] [stderr]   --> Cargo.toml:19:15
[INFO] [stderr]    |
[INFO] [stderr] 19 | [dependencies.serde]
[INFO] [stderr]    |               ^^^^^^
[INFO] [stderr]    |
[INFO] [stderr] help: consider removing the dependency on `serde`
[INFO] [stderr] warning: unused dependency `serde_json`
[INFO] [stderr]   --> Cargo.toml:23:15
[INFO] [stderr]    |
[INFO] [stderr] 23 | [dependencies.serde_json]
[INFO] [stderr]    |               ^^^^^^^^^^^
[INFO] [stderr]    |
[INFO] [stderr] help: consider removing the dependency on `serde_json`
[INFO] [stderr] warning: `concurrent-biproxy` (manifest) generated 5 warnings
[INFO] [stderr]     Finished `release` profile [optimized] target(s) in 3.49s
[INFO] running `Command { std: "docker" "inspect" "7f14e81799070af8613e3519a8f99aac95e06e9c4df41ac101d27893d06e6ba7", kill_on_drop: false }`
[INFO] running `Command { std: "docker" "exec" "-e" "SOURCE_DIR=/opt/rustwide/workdir" "-e" "CARGO_HOME=/opt/rustwide/cargo-home" "-e" "RUSTUP_HOME=/opt/rustwide/rustup-home" "-e" "CARGO_TARGET_DIR=/opt/rustwide/target" "-e" "CARGO_INCREMENTAL=0" "-e" "RUST_BACKTRACE=full" "-e" "RUSTFLAGS=--cap-lints=warn" "-e" "RUSTDOCFLAGS=--cap-lints=warn" "-w" "/opt/rustwide/workdir" "--user" "0:0" "7f14e81799070af8613e3519a8f99aac95e06e9c4df41ac101d27893d06e6ba7" "/opt/rustwide/cargo-home/bin/cargo" "+1.100.0-beta.1" "test" "--frozen" "--release", kill_on_drop: false }`
[INFO] [stderr] warning: struct `DefaultProcessor` is never constructed
[INFO] [stderr]   --> tests/test.rs:74:8
[INFO] [stderr]    |
[INFO] [stderr] 74 | struct DefaultProcessor;
[INFO] [stderr]    |        ^^^^^^^^^^^^^^^^
[INFO] [stderr]    |
[INFO] [stderr]    = note: `#[warn(dead_code)]` (part of `#[warn(unused)]`) on by default
[INFO] [stderr] 
[INFO] [stderr] warning: `concurrent-biproxy` (test "test") generated 1 warning
[INFO] [stderr] warning: unused dependency `futures`
[INFO] [stderr]  --> Cargo.toml:7:15
[INFO] [stderr]   |
[INFO] [stderr] 7 | [dependencies.futures]
[INFO] [stderr]   |               ^^^^^^^^
[INFO] [stderr]   |
[INFO] [stderr]   = note: `cargo::unused_dependencies` is set to `warn` by default
[INFO] [stderr] help: consider removing the dependency on `futures`
[INFO] [stderr] warning: unused dependency `lazy_static`
[INFO] [stderr]   --> Cargo.toml:10:15
[INFO] [stderr]    |
[INFO] [stderr] 10 | [dependencies.lazy_static]
[INFO] [stderr]    |               ^^^^^^^^^^^^
[INFO] [stderr]    |
[INFO] [stderr] help: consider removing the dependency on `lazy_static`
[INFO] [stderr] warning: unused dependency `rand`
[INFO] [stderr]   --> Cargo.toml:16:15
[INFO] [stderr]    |
[INFO] [stderr] 16 | [dependencies.rand]
[INFO] [stderr]    |               ^^^^^
[INFO] [stderr]    |
[INFO] [stderr] help: consider removing the dependency on `rand`
[INFO] [stderr] help: to still use for development builds, move to `dev-dependencies`
[INFO] [stderr] warning: unused dependency `serde`
[INFO] [stderr]   --> Cargo.toml:19:15
[INFO] [stderr]    |
[INFO] [stderr] 19 | [dependencies.serde]
[INFO] [stderr]    |               ^^^^^^
[INFO] [stderr]    |
[INFO] [stderr] help: consider removing the dependency on `serde`
[INFO] [stderr] warning: unused dependency `serde_json`
[INFO] [stderr]   --> Cargo.toml:23:15
[INFO] [stderr]    |
[INFO] [stderr] 23 | [dependencies.serde_json]
[INFO] [stderr]    |               ^^^^^^^^^^^
[INFO] [stderr]    |
[INFO] [stderr] help: consider removing the dependency on `serde_json`
[INFO] [stderr] warning: `concurrent-biproxy` (manifest) generated 5 warnings
[INFO] [stderr]     Finished `release` profile [optimized] target(s) in 0.07s
[INFO] [stderr]      Running unittests src/lib.rs (/opt/rustwide/target/release/build/concurrent-biproxy/b449fff2bfce3b74/out/concurrent_biproxy-b449fff2bfce3b74)
[INFO] [stdout] 
[INFO] [stdout] running 0 tests
[INFO] [stdout] 
[INFO] [stdout] test result: ok. 0 passed; 0 failed; 0 ignored; 0 measured; 0 filtered out; finished in 0.00s
[INFO] [stdout] 
[INFO] [stderr]      Running tests/test.rs (/opt/rustwide/target/release/build/concurrent-biproxy/9941534fda1cd620/out/test-9941534fda1cd620)
[INFO] [stdout] 
[INFO] [stdout] running 4 tests
[INFO] [stdout] test tset_c2c ... ok
[INFO] [stdout] test test_bench_send ... FAILED
[INFO] [stdout] test test_async_send ... FAILED
[INFO] [stdout] test test_sync_send ... FAILED
[INFO] [stderr] error: test failed, to rerun pass `--test test`
[INFO] [stdout] 
[INFO] [stdout] failures:
[INFO] [stdout] 
[INFO] [stdout] ---- test_bench_send stdout ----
[INFO] [stdout] 
[INFO] [stdout] thread 'test_bench_send' (630) panicked at tests/test.rs:179:76:
[INFO] [stdout] called `Result::unwrap()` on an `Err` value: Os { code: 98, kind: AddrInUse, message: "Address already in use" }
[INFO] [stdout] stack backtrace:
[INFO] [stdout]    0:     0x613a081e1d51 - <<std[617be2ca0a6fd877]::sys::backtrace::BacktraceLock>::print::DisplayBacktrace as core[a373ad73a504971]::fmt::Display>::fmt
[INFO] [stdout]    1:     0x613a081f6eda - core[a373ad73a504971]::fmt::write
[INFO] [stdout]    2:     0x613a081e66dc - <alloc[2e1b2a31b91974c5]::vec::Vec<u8> as core[a373ad73a504971]::io::write::Write>::write_fmt
[INFO] [stdout]    3:     0x613a081bd606 - std[617be2ca0a6fd877]::panicking::default_hook::{closure#0}
[INFO] [stdout]    4:     0x613a081d9e39 - std[617be2ca0a6fd877]::panicking::default_hook
[INFO] [stdout]    5:     0x613a0814d530 - test[aada8e7e76ba119b]::test_main_inner::{closure#0}
[INFO] [stdout]    6:     0x613a081da162 - std[617be2ca0a6fd877]::panicking::panic_with_hook
[INFO] [stdout]    7:     0x613a081bd6b2 - std[617be2ca0a6fd877]::panicking::panic_handler::{closure#0}
[INFO] [stdout]    8:     0x613a081b6319 - std[617be2ca0a6fd877]::sys::backtrace::__rust_end_short_backtrace::<std[617be2ca0a6fd877]::panicking::panic_handler::{closure#0}, !>
[INFO] [stdout]    9:     0x613a081be4ad - __rustc[ea4f61d10b84890b]::rust_begin_unwind
[INFO] [stdout]   10:     0x613a081f763c - core[a373ad73a504971]::panicking::panic_fmt
[INFO] [stdout]   11:     0x613a081f7412 - core[a373ad73a504971]::result::unwrap_failed
[INFO] [stdout]   12:     0x613a08121c66 - test[10be544c25bdbee5]::init_proxy::{closure#0}::{closure#0}
[INFO] [stdout]   13:     0x613a0811c25c - <tokio[c55f38a69e4f3e4a]::runtime::task::harness::Harness<test[10be544c25bdbee5]::init_proxy::{closure#0}::{closure#0}, alloc[2e1b2a31b91974c5]::sync::Arc<tokio[c55f38a69e4f3e4a]::runtime::scheduler::current_thread::Handle>>>::poll
[INFO] [stdout]   14:     0x613a0819adfc - <tokio[c55f38a69e4f3e4a]::runtime::scheduler::current_thread::Context>::run_task
[INFO] [stdout]   15:     0x613a0813e693 - <std[617be2ca0a6fd877]::thread::local::LocalKey<tokio[c55f38a69e4f3e4a]::runtime::context::Context>>::with::<tokio[c55f38a69e4f3e4a]::runtime::context::set_scheduler<(alloc[2e1b2a31b91974c5]::boxed::Box<tokio[c55f38a69e4f3e4a]::runtime::scheduler::current_thread::Core>, core[a373ad73a504971]::option::Option<core[a373ad73a504971]::result::Result<(), concurrent_biproxy[11ef62b035a65f67]::Error>>), <tokio[c55f38a69e4f3e4a]::runtime::scheduler::current_thread::CoreGuard>::enter<<tokio[c55f38a69e4f3e4a]::runtime::scheduler::current_thread::CoreGuard>::block_on<core[a373ad73a504971]::pin::Pin<&mut core[a373ad73a504971]::pin::Pin<&mut dyn core[a373ad73a504971]::future::future::Future<Output = core[a373ad73a504971]::result::Result<(), concurrent_biproxy[11ef62b035a65f67]::Error>>>>>::{closure#0}, core[a373ad73a504971]::option::Option<core[a373ad73a504971]::result::Result<(), concurrent_biproxy[11ef62b035a65f67]::Error>>>::{closure#0}>::{closure#0}, (alloc[2e1b2a31b91974c5]::boxed::Box<tokio[c55f38a69e4f3e4a]::runtime::scheduler::current_thread::Core>, core[a373ad73a504971]::option::Option<core[a373ad73a504971]::result::Result<(), concurrent_biproxy[11ef62b035a65f67]::Error>>)>
[INFO] [stdout]   16:     0x613a0813b21f - <tokio[c55f38a69e4f3e4a]::runtime::scheduler::current_thread::CoreGuard>::block_on::<core[a373ad73a504971]::pin::Pin<&mut core[a373ad73a504971]::pin::Pin<&mut dyn core[a373ad73a504971]::future::future::Future<Output = core[a373ad73a504971]::result::Result<(), concurrent_biproxy[11ef62b035a65f67]::Error>>>>>
[INFO] [stdout]   17:     0x613a08138c5d - tokio[c55f38a69e4f3e4a]::runtime::context::runtime::enter_runtime::<<tokio[c55f38a69e4f3e4a]::runtime::scheduler::current_thread::CurrentThread>::block_on<core[a373ad73a504971]::pin::Pin<&mut dyn core[a373ad73a504971]::future::future::Future<Output = core[a373ad73a504971]::result::Result<(), concurrent_biproxy[11ef62b035a65f67]::Error>>>>::{closure#0}, core[a373ad73a504971]::result::Result<(), concurrent_biproxy[11ef62b035a65f67]::Error>>
[INFO] [stdout]   18:     0x613a08137a27 - <tokio[c55f38a69e4f3e4a]::runtime::runtime::Runtime>::block_on::<core[a373ad73a504971]::pin::Pin<&mut dyn core[a373ad73a504971]::future::future::Future<Output = core[a373ad73a504971]::result::Result<(), concurrent_biproxy[11ef62b035a65f67]::Error>>>>
[INFO] [stdout]   19:     0x613a0812f6d2 - <test[10be544c25bdbee5]::test_bench_send::{closure#0} as core[a373ad73a504971]::ops::function::FnOnce<()>>::call_once
[INFO] [stdout]   20:     0x613a0814097b - test[aada8e7e76ba119b]::__rust_begin_short_backtrace::<core[a373ad73a504971]::result::Result<(), alloc[2e1b2a31b91974c5]::string::String>, fn() -> core[a373ad73a504971]::result::Result<(), alloc[2e1b2a31b91974c5]::string::String>>
[INFO] [stdout]   21:     0x613a0814db55 - test[aada8e7e76ba119b]::run_test::{closure#0}
[INFO] [stdout]   22:     0x613a08147444 - std[617be2ca0a6fd877]::sys::backtrace::__rust_begin_short_backtrace::<test[aada8e7e76ba119b]::run_test::{closure#1}, ()>
[INFO] [stdout]   23:     0x613a08150be2 - <std[617be2ca0a6fd877]::thread::lifecycle::spawn_unchecked<test[aada8e7e76ba119b]::run_test::{closure#1}, ()>::{closure#1} as core[a373ad73a504971]::ops::function::FnOnce<()>>::call_once::{shim:vtable#0}
[INFO] [stdout]   24:     0x613a081e122f - <std[617be2ca0a6fd877]::sys::thread::unix::Thread>::new::thread_start
[INFO] [stdout]   25:     0x76a22ef93dfa - <unknown>
[INFO] [stdout]   26:     0x76a22f0273d4 - clone
[INFO] [stdout]   27:                0x0 - <unknown>
[INFO] [stdout] client[user1] receive bytes: 26
[INFO] [stdout] 
[INFO] [stdout] thread 'test_bench_send' (630) panicked at tests/test.rs:127:21:
[INFO] [stdout] assertion `left == right` failed: client_id:user1 compare packet's target: user2
[INFO] [stdout]   left: "user1"
[INFO] [stdout]  right: "user2"
[INFO] [stdout] stack backtrace:
[INFO] [stdout]    0:     0x613a081e1d51 - <<std[617be2ca0a6fd877]::sys::backtrace::BacktraceLock>::print::DisplayBacktrace as core[a373ad73a504971]::fmt::Display>::fmt
[INFO] [stdout]    1:     0x613a081f6eda - core[a373ad73a504971]::fmt::write
[INFO] [stdout]    2:     0x613a081e66dc - <alloc[2e1b2a31b91974c5]::vec::Vec<u8> as core[a373ad73a504971]::io::write::Write>::write_fmt
[INFO] [stdout]    3:     0x613a081bd606 - std[617be2ca0a6fd877]::panicking::default_hook::{closure#0}
[INFO] [stdout]    4:     0x613a081d9e39 - std[617be2ca0a6fd877]::panicking::default_hook
[INFO] [stdout]    5:     0x613a0814d530 - test[aada8e7e76ba119b]::test_main_inner::{closure#0}
[INFO] [stdout]    6:     0x613a081da162 - std[617be2ca0a6fd877]::panicking::panic_with_hook
[INFO] [stdout]    7:     0x613a081bd6b2 - std[617be2ca0a6fd877]::panicking::panic_handler::{closure#0}
[INFO] [stdout]    8:     0x613a081b6319 - std[617be2ca0a6fd877]::sys::backtrace::__rust_end_short_backtrace::<std[617be2ca0a6fd877]::panicking::panic_handler::{closure#0}, !>
[INFO] [stdout]    9:     0x613a081be4ad - __rustc[ea4f61d10b84890b]::rust_begin_unwind
[INFO] [stdout]   10:     0x613a081f763c - core[a373ad73a504971]::panicking::panic_fmt
[INFO] [stdout]   11:     0x613a081f75b3 - core[a373ad73a504971]::panicking::assert_failed_inner
[INFO] [stdout]   12:     0x613a0813ea85 - core[a373ad73a504971]::panicking::assert_failed::<alloc[2e1b2a31b91974c5]::string::String, alloc[2e1b2a31b91974c5]::string::String>
[INFO] [stdout]   13:     0x613a0812480f - <test[10be544c25bdbee5]::Client>::event_loop::{closure#0}
[INFO] [stdout]   14:     0x613a08125b07 - <tokio[c55f38a69e4f3e4a]::runtime::task::core::Core<<test[10be544c25bdbee5]::Client>::event_loop::{closure#0}, alloc[2e1b2a31b91974c5]::sync::Arc<tokio[c55f38a69e4f3e4a]::runtime::scheduler::multi_thread::handle::Handle>>>::poll
[INFO] [stdout]   15:     0x613a0811d77f - <tokio[c55f38a69e4f3e4a]::runtime::task::harness::Harness<<test[10be544c25bdbee5]::Client>::event_loop::{closure#0}, alloc[2e1b2a31b91974c5]::sync::Arc<tokio[c55f38a69e4f3e4a]::runtime::scheduler::current_thread::Handle>>>::poll
[INFO] [stdout]   16:     0x613a0819adfc - <tokio[c55f38a69e4f3e4a]::runtime::scheduler::current_thread::Context>::run_task
[INFO] [stdout]   17:     0x613a0813e693 - <std[617be2ca0a6fd877]::thread::local::LocalKey<tokio[c55f38a69e4f3e4a]::runtime::context::Context>>::with::<tokio[c55f38a69e4f3e4a]::runtime::context::set_scheduler<(alloc[2e1b2a31b91974c5]::boxed::Box<tokio[c55f38a69e4f3e4a]::runtime::scheduler::current_thread::Core>, core[a373ad73a504971]::option::Option<core[a373ad73a504971]::result::Result<(), concurrent_biproxy[11ef62b035a65f67]::Error>>), <tokio[c55f38a69e4f3e4a]::runtime::scheduler::current_thread::CoreGuard>::enter<<tokio[c55f38a69e4f3e4a]::runtime::scheduler::current_thread::CoreGuard>::block_on<core[a373ad73a504971]::pin::Pin<&mut core[a373ad73a504971]::pin::Pin<&mut dyn core[a373ad73a504971]::future::future::Future<Output = core[a373ad73a504971]::result::Result<(), concurrent_biproxy[11ef62b035a65f67]::Error>>>>>::{closure#0}, core[a373ad73a504971]::option::Option<core[a373ad73a504971]::result::Result<(), concurrent_biproxy[11ef62b035a65f67]::Error>>>::{closure#0}>::{closure#0}, (alloc[2e1b2a31b91974c5]::boxed::Box<tokio[c55f38a69e4f3e4a]::runtime::scheduler::current_thread::Core>, core[a373ad73a504971]::option::Option<core[a373ad73a504971]::result::Result<(), concurrent_biproxy[11ef62b035a65f67]::Error>>)>
[INFO] [stdout]   18:     0x613a0813b21f - <tokio[c55f38a69e4f3e4a]::runtime::scheduler::current_thread::CoreGuard>::block_on::<core[a373ad73a504971]::pin::Pin<&mut core[a373ad73a504971]::pin::Pin<&mut dyn core[a373ad73a504971]::future::future::Future<Output = core[a373ad73a504971]::result::Result<(), concurrent_biproxy[11ef62b035a65f67]::Error>>>>>
[INFO] [stdout]   19:     0x613a08138c5d - tokio[c55f38a69e4f3e4a]::runtime::context::runtime::enter_runtime::<<tokio[c55f38a69e4f3e4a]::runtime::scheduler::current_thread::CurrentThread>::block_on<core[a373ad73a504971]::pin::Pin<&mut dyn core[a373ad73a504971]::future::future::Future<Output = core[a373ad73a504971]::result::Result<(), concurrent_biproxy[11ef62b035a65f67]::Error>>>>::{closure#0}, core[a373ad73a504971]::result::Result<(), concurrent_biproxy[11ef62b035a65f67]::Error>>
[INFO] [stdout]   20:     0x613a08137a27 - <tokio[c55f38a69e4f3e4a]::runtime::runtime::Runtime>::block_on::<core[a373ad73a504971]::pin::Pin<&mut dyn core[a373ad73a504971]::future::future::Future<Output = core[a373ad73a504971]::result::Result<(), concurrent_biproxy[11ef62b035a65f67]::Error>>>>
[INFO] [stdout]   21:     0x613a0812f6d2 - <test[10be544c25bdbee5]::test_bench_send::{closure#0} as core[a373ad73a504971]::ops::function::FnOnce<()>>::call_once
[INFO] [stdout]   22:     0x613a0814097b - test[aada8e7e76ba119b]::__rust_begin_short_backtrace::<core[a373ad73a504971]::result::Result<(), alloc[2e1b2a31b91974c5]::string::String>, fn() -> core[a373ad73a504971]::result::Result<(), alloc[2e1b2a31b91974c5]::string::String>>
[INFO] [stdout]   23:     0x613a0814db55 - test[aada8e7e76ba119b]::run_test::{closure#0}
[INFO] [stdout]   24:     0x613a08147444 - std[617be2ca0a6fd877]::sys::backtrace::__rust_begin_short_backtrace::<test[aada8e7e76ba119b]::run_test::{closure#1}, ()>
[INFO] [stdout]   25:     0x613a08150be2 - <std[617be2ca0a6fd877]::thread::lifecycle::spawn_unchecked<test[aada8e7e76ba119b]::run_test::{closure#1}, ()>::{closure#1} as core[a373ad73a504971]::ops::function::FnOnce<()>>::call_once::{shim:vtable#0}
[INFO] [stdout]   26:     0x613a081e122f - <std[617be2ca0a6fd877]::sys::thread::unix::Thread>::new::thread_start
[INFO] [stdout]   27:     0x76a22ef93dfa - <unknown>
[INFO] [stdout]   28:     0x76a22f0273d4 - clone
[INFO] [stdout]   29:                0x0 - <unknown>
[INFO] [stdout] 
[INFO] [stdout] thread 'test_bench_send' (630) panicked at tests/test.rs:95:14:
[INFO] [stdout] called `Result::unwrap()` on an `Err` value: Os { code: 111, kind: ConnectionRefused, message: "Connection refused" }
[INFO] [stdout] stack backtrace:
[INFO] [stdout]    0:     0x613a081e1d51 - <<std[617be2ca0a6fd877]::sys::backtrace::BacktraceLock>::print::DisplayBacktrace as core[a373ad73a504971]::fmt::Display>::fmt
[INFO] [stdout]    1:     0x613a081f6eda - core[a373ad73a504971]::fmt::write
[INFO] [stdout]    2:     0x613a081e66dc - <alloc[2e1b2a31b91974c5]::vec::Vec<u8> as core[a373ad73a504971]::io::write::Write>::write_fmt
[INFO] [stdout]    3:     0x613a081bd606 - std[617be2ca0a6fd877]::panicking::default_hook::{closure#0}
[INFO] [stdout]    4:     0x613a081d9e39 - std[617be2ca0a6fd877]::panicking::default_hook
[INFO] [stdout]    5:     0x613a0814d530 - test[aada8e7e76ba119b]::test_main_inner::{closure#0}
[INFO] [stdout]    6:     0x613a081da162 - std[617be2ca0a6fd877]::panicking::panic_with_hook
[INFO] [stdout]    7:     0x613a081bd6b2 - std[617be2ca0a6fd877]::panicking::panic_handler::{closure#0}
[INFO] [stdout]    8:     0x613a081b6319 - std[617be2ca0a6fd877]::sys::backtrace::__rust_end_short_backtrace::<std[617be2ca0a6fd877]::panicking::panic_handler::{closure#0}, !>
[INFO] [stdout]    9:     0x613a081be4ad - __rustc[ea4f61d10b84890b]::rust_begin_unwind
[INFO] [stdout]   10:     0x613a081f763c - core[a373ad73a504971]::panicking::panic_fmt
[INFO] [stdout]   11:     0x613a081f7412 - core[a373ad73a504971]::result::unwrap_failed
[INFO] [stdout]   12:     0x613a0812cb28 - <test[10be544c25bdbee5]::Client>::new::{closure#0}
[INFO] [stdout]   13:     0x613a0812b164 - test[10be544c25bdbee5]::test_bench_send::{closure#0}
[INFO] [stdout]   14:     0x613a0813ac75 - <tokio[c55f38a69e4f3e4a]::runtime::scheduler::current_thread::Context>::enter::<core[a373ad73a504971]::task::poll::Poll<core[a373ad73a504971]::result::Result<(), concurrent_biproxy[11ef62b035a65f67]::Error>>, <tokio[c55f38a69e4f3e4a]::runtime::scheduler::current_thread::CoreGuard>::block_on<core[a373ad73a504971]::pin::Pin<&mut core[a373ad73a504971]::pin::Pin<&mut dyn core[a373ad73a504971]::future::future::Future<Output = core[a373ad73a504971]::result::Result<(), concurrent_biproxy[11ef62b035a65f67]::Error>>>>>::{closure#0}::{closure#0}>
[INFO] [stdout]   15:     0x613a0813e631 - <std[617be2ca0a6fd877]::thread::local::LocalKey<tokio[c55f38a69e4f3e4a]::runtime::context::Context>>::with::<tokio[c55f38a69e4f3e4a]::runtime::context::set_scheduler<(alloc[2e1b2a31b91974c5]::boxed::Box<tokio[c55f38a69e4f3e4a]::runtime::scheduler::current_thread::Core>, core[a373ad73a504971]::option::Option<core[a373ad73a504971]::result::Result<(), concurrent_biproxy[11ef62b035a65f67]::Error>>), <tokio[c55f38a69e4f3e4a]::runtime::scheduler::current_thread::CoreGuard>::enter<<tokio[c55f38a69e4f3e4a]::runtime::scheduler::current_thread::CoreGuard>::block_on<core[a373ad73a504971]::pin::Pin<&mut core[a373ad73a504971]::pin::Pin<&mut dyn core[a373ad73a504971]::future::future::Future<Output = core[a373ad73a504971]::result::Result<(), concurrent_biproxy[11ef62b035a65f67]::Error>>>>>::{closure#0}, core[a373ad73a504971]::option::Option<core[a373ad73a504971]::result::Result<(), concurrent_biproxy[11ef62b035a65f67]::Error>>>::{closure#0}>::{closure#0}, (alloc[2e1b2a31b91974c5]::boxed::Box<tokio[c55f38a69e4f3e4a]::runtime::scheduler::current_thread::Core>, core[a373ad73a504971]::option::Option<core[a373ad73a504971]::result::Result<(), concurrent_biproxy[11ef62b035a65f67]::Error>>)>
[INFO] [stdout]   16:     0x613a0813b21f - <tokio[c55f38a69e4f3e4a]::runtime::scheduler::current_thread::CoreGuard>::block_on::<core[a373ad73a504971]::pin::Pin<&mut core[a373ad73a504971]::pin::Pin<&mut dyn core[a373ad73a504971]::future::future::Future<Output = core[a373ad73a504971]::result::Result<(), concurrent_biproxy[11ef62b035a65f67]::Error>>>>>
[INFO] [stdout]   17:     0x613a08138c5d - tokio[c55f38a69e4f3e4a]::runtime::context::runtime::enter_runtime::<<tokio[c55f38a69e4f3e4a]::runtime::scheduler::current_thread::CurrentThread>::block_on<core[a373ad73a504971]::pin::Pin<&mut dyn core[a373ad73a504971]::future::future::Future<Output = core[a373ad73a504971]::result::Result<(), concurrent_biproxy[11ef62b035a65f67]::Error>>>>::{closure#0}, core[a373ad73a504971]::result::Result<(), concurrent_biproxy[11ef62b035a65f67]::Error>>
[INFO] [stdout]   18:     0x613a08137a27 - <tokio[c55f38a69e4f3e4a]::runtime::runtime::Runtime>::block_on::<core[a373ad73a504971]::pin::Pin<&mut dyn core[a373ad73a504971]::future::future::Future<Output = core[a373ad73a504971]::result::Result<(), concurrent_biproxy[11ef62b035a65f67]::Error>>>>
[INFO] [stdout]   19:     0x613a0812f6d2 - <test[10be544c25bdbee5]::test_bench_send::{closure#0} as core[a373ad73a504971]::ops::function::FnOnce<()>>::call_once
[INFO] [stdout]   20:     0x613a0814097b - test[aada8e7e76ba119b]::__rust_begin_short_backtrace::<core[a373ad73a504971]::result::Result<(), alloc[2e1b2a31b91974c5]::string::String>, fn() -> core[a373ad73a504971]::result::Result<(), alloc[2e1b2a31b91974c5]::string::String>>
[INFO] [stdout]   21:     0x613a0814db55 - test[aada8e7e76ba119b]::run_test::{closure#0}
[INFO] [stdout]   22:     0x613a08147444 - std[617be2ca0a6fd877]::sys::backtrace::__rust_begin_short_backtrace::<test[aada8e7e76ba119b]::run_test::{closure#1}, ()>
[INFO] [stdout]   23:     0x613a08150be2 - <std[617be2ca0a6fd877]::thread::lifecycle::spawn_unchecked<test[aada8e7e76ba119b]::run_test::{closure#1}, ()>::{closure#1} as core[a373ad73a504971]::ops::function::FnOnce<()>>::call_once::{shim:vtable#0}
[INFO] [stdout]   24:     0x613a081e122f - <std[617be2ca0a6fd877]::sys::thread::unix::Thread>::new::thread_start
[INFO] [stdout]   25:     0x76a22ef93dfa - <unknown>
[INFO] [stdout]   26:     0x76a22f0273d4 - clone
[INFO] [stdout]   27:                0x0 - <unknown>
[INFO] [stdout] 
[INFO] [stdout] ---- test_async_send stdout ----
[INFO] [stdout] 
[INFO] [stdout] thread 'test_async_send' (629) panicked at tests/test.rs:179:76:
[INFO] [stdout] called `Result::unwrap()` on an `Err` value: Os { code: 98, kind: AddrInUse, message: "Address already in use" }
[INFO] [stdout] stack backtrace:
[INFO] [stdout]    0:     0x613a081e1d51 - <<std[617be2ca0a6fd877]::sys::backtrace::BacktraceLock>::print::DisplayBacktrace as core[a373ad73a504971]::fmt::Display>::fmt
[INFO] [stdout]    1:     0x613a081f6eda - core[a373ad73a504971]::fmt::write
[INFO] [stdout]    2:     0x613a081e66dc - <alloc[2e1b2a31b91974c5]::vec::Vec<u8> as core[a373ad73a504971]::io::write::Write>::write_fmt
[INFO] [stdout]    3:     0x613a081bd606 - std[617be2ca0a6fd877]::panicking::default_hook::{closure#0}
[INFO] [stdout]    4:     0x613a081d9e39 - std[617be2ca0a6fd877]::panicking::default_hook
[INFO] [stdout]    5:     0x613a0814d530 - test[aada8e7e76ba119b]::test_main_inner::{closure#0}
[INFO] [stdout]    6:     0x613a081da162 - std[617be2ca0a6fd877]::panicking::panic_with_hook
[INFO] [stdout]    7:     0x613a081bd6b2 - std[617be2ca0a6fd877]::panicking::panic_handler::{closure#0}
[INFO] [stdout]    8:     0x613a081b6319 - std[617be2ca0a6fd877]::sys::backtrace::__rust_end_short_backtrace::<std[617be2ca0a6fd877]::panicking::panic_handler::{closure#0}, !>
[INFO] [stdout]    9:     0x613a081be4ad - __rustc[ea4f61d10b84890b]::rust_begin_unwind
[INFO] [stdout]   10:     0x613a081f763c - core[a373ad73a504971]::panicking::panic_fmt
[INFO] [stdout]   11:     0x613a081f7412 - core[a373ad73a504971]::result::unwrap_failed
[INFO] [stdout]   12:     0x613a08121c66 - test[10be544c25bdbee5]::init_proxy::{closure#0}::{closure#0}
[INFO] [stdout]   13:     0x613a0811c25c - <tokio[c55f38a69e4f3e4a]::runtime::task::harness::Harness<test[10be544c25bdbee5]::init_proxy::{closure#0}::{closure#0}, alloc[2e1b2a31b91974c5]::sync::Arc<tokio[c55f38a69e4f3e4a]::runtime::scheduler::current_thread::Handle>>>::poll
[INFO] [stdout]   14:     0x613a0819adfc - <tokio[c55f38a69e4f3e4a]::runtime::scheduler::current_thread::Context>::run_task
[INFO] [stdout]   15:     0x613a0813e693 - <std[617be2ca0a6fd877]::thread::local::LocalKey<tokio[c55f38a69e4f3e4a]::runtime::context::Context>>::with::<tokio[c55f38a69e4f3e4a]::runtime::context::set_scheduler<(alloc[2e1b2a31b91974c5]::boxed::Box<tokio[c55f38a69e4f3e4a]::runtime::scheduler::current_thread::Core>, core[a373ad73a504971]::option::Option<core[a373ad73a504971]::result::Result<(), concurrent_biproxy[11ef62b035a65f67]::Error>>), <tokio[c55f38a69e4f3e4a]::runtime::scheduler::current_thread::CoreGuard>::enter<<tokio[c55f38a69e4f3e4a]::runtime::scheduler::current_thread::CoreGuard>::block_on<core[a373ad73a504971]::pin::Pin<&mut core[a373ad73a504971]::pin::Pin<&mut dyn core[a373ad73a504971]::future::future::Future<Output = core[a373ad73a504971]::result::Result<(), concurrent_biproxy[11ef62b035a65f67]::Error>>>>>::{closure#0}, core[a373ad73a504971]::option::Option<core[a373ad73a504971]::result::Result<(), concurrent_biproxy[11ef62b035a65f67]::Error>>>::{closure#0}>::{closure#0}, (alloc[2e1b2a31b91974c5]::boxed::Box<tokio[c55f38a69e4f3e4a]::runtime::scheduler::current_thread::Core>, core[a373ad73a504971]::option::Option<core[a373ad73a504971]::result::Result<(), concurrent_biproxy[11ef62b035a65f67]::Error>>)>
[INFO] [stdout]   16:     0x613a0813b21f - <tokio[c55f38a69e4f3e4a]::runtime::scheduler::current_thread::CoreGuard>::block_on::<core[a373ad73a504971]::pin::Pin<&mut core[a373ad73a504971]::pin::Pin<&mut dyn core[a373ad73a504971]::future::future::Future<Output = core[a373ad73a504971]::result::Result<(), concurrent_biproxy[11ef62b035a65f67]::Error>>>>>
[INFO] [stdout]   17:     0x613a08138c5d - tokio[c55f38a69e4f3e4a]::runtime::context::runtime::enter_runtime::<<tokio[c55f38a69e4f3e4a]::runtime::scheduler::current_thread::CurrentThread>::block_on<core[a373ad73a504971]::pin::Pin<&mut dyn core[a373ad73a504971]::future::future::Future<Output = core[a373ad73a504971]::result::Result<(), concurrent_biproxy[11ef62b035a65f67]::Error>>>>::{closure#0}, core[a373ad73a504971]::result::Result<(), concurrent_biproxy[11ef62b035a65f67]::Error>>
[INFO] [stdout]   18:     0x613a08137a27 - <tokio[c55f38a69e4f3e4a]::runtime::runtime::Runtime>::block_on::<core[a373ad73a504971]::pin::Pin<&mut dyn core[a373ad73a504971]::future::future::Future<Output = core[a373ad73a504971]::result::Result<(), concurrent_biproxy[11ef62b035a65f67]::Error>>>>
[INFO] [stdout]   19:     0x613a0812f562 - <test[10be544c25bdbee5]::test_async_send::{closure#0} as core[a373ad73a504971]::ops::function::FnOnce<()>>::call_once
[INFO] [stdout]   20:     0x613a0814097b - test[aada8e7e76ba119b]::__rust_begin_short_backtrace::<core[a373ad73a504971]::result::Result<(), alloc[2e1b2a31b91974c5]::string::String>, fn() -> core[a373ad73a504971]::result::Result<(), alloc[2e1b2a31b91974c5]::string::String>>
[INFO] [stdout]   21:     0x613a0814db55 - test[aada8e7e76ba119b]::run_test::{closure#0}
[INFO] [stdout]   22:     0x613a08147444 - std[617be2ca0a6fd877]::sys::backtrace::__rust_begin_short_backtrace::<test[aada8e7e76ba119b]::run_test::{closure#1}, ()>
[INFO] [stdout]   23:     0x613a08150be2 - <std[617be2ca0a6fd877]::thread::lifecycle::spawn_unchecked<test[aada8e7e76ba119b]::run_test::{closure#1}, ()>::{closure#1} as core[a373ad73a504971]::ops::function::FnOnce<()>>::call_once::{shim:vtable#0}
[INFO] [stdout]   24:     0x613a081e122f - <std[617be2ca0a6fd877]::sys::thread::unix::Thread>::new::thread_start
[INFO] [stdout]   25:     0x76a22ef93dfa - <unknown>
[INFO] [stdout]   26:     0x76a22f0273d4 - clone
[INFO] [stdout]   27:                0x0 - <unknown>
[INFO] [stdout] client[user1] receive bytes: 26
[INFO] [stdout] 
[INFO] [stdout] thread 'test_async_send' (629) panicked at tests/test.rs:141:17:
[INFO] [stdout] connection reset by peer
[INFO] [stdout] stack backtrace:
[INFO] [stdout]    0:     0x613a081e1d51 - <<std[617be2ca0a6fd877]::sys::backtrace::BacktraceLock>::print::DisplayBacktrace as core[a373ad73a504971]::fmt::Display>::fmt
[INFO] [stdout]    1:     0x613a081f6eda - core[a373ad73a504971]::fmt::write
[INFO] [stdout]    2:     0x613a081e66dc - <alloc[2e1b2a31b91974c5]::vec::Vec<u8> as core[a373ad73a504971]::io::write::Write>::write_fmt
[INFO] [stdout]    3:     0x613a081bd606 - std[617be2ca0a6fd877]::panicking::default_hook::{closure#0}
[INFO] [stdout]    4:     0x613a081d9e39 - std[617be2ca0a6fd877]::panicking::default_hook
[INFO] [stdout]    5:     0x613a0814d530 - test[aada8e7e76ba119b]::test_main_inner::{closure#0}
[INFO] [stdout]    6:     0x613a081da162 - std[617be2ca0a6fd877]::panicking::panic_with_hook
[INFO] [stdout]    7:     0x613a081bd6e4 - std[617be2ca0a6fd877]::panicking::panic_handler::{closure#0}
[INFO] [stdout]    8:     0x613a081b6319 - std[617be2ca0a6fd877]::sys::backtrace::__rust_end_short_backtrace::<std[617be2ca0a6fd877]::panicking::panic_handler::{closure#0}, !>
[INFO] [stdout]    9:     0x613a081be4ad - __rustc[ea4f61d10b84890b]::rust_begin_unwind
[INFO] [stdout]   10:     0x613a081f763c - core[a373ad73a504971]::panicking::panic_fmt
[INFO] [stdout]   11:     0x613a0813cafe - <core[a373ad73a504971]::future::poll_fn::PollFn<<test[10be544c25bdbee5]::Client>::event_loop::{closure#0}::{closure#0}> as core[a373ad73a504971]::future::future::Future>::poll
[INFO] [stdout]   12:     0x613a081244c0 - <test[10be544c25bdbee5]::Client>::event_loop::{closure#0}
[INFO] [stdout]   13:     0x613a08125b07 - <tokio[c55f38a69e4f3e4a]::runtime::task::core::Core<<test[10be544c25bdbee5]::Client>::event_loop::{closure#0}, alloc[2e1b2a31b91974c5]::sync::Arc<tokio[c55f38a69e4f3e4a]::runtime::scheduler::multi_thread::handle::Handle>>>::poll
[INFO] [stdout]   14:     0x613a0811d77f - <tokio[c55f38a69e4f3e4a]::runtime::task::harness::Harness<<test[10be544c25bdbee5]::Client>::event_loop::{closure#0}, alloc[2e1b2a31b91974c5]::sync::Arc<tokio[c55f38a69e4f3e4a]::runtime::scheduler::current_thread::Handle>>>::poll
[INFO] [stdout]   15:     0x613a0819adfc - <tokio[c55f38a69e4f3e4a]::runtime::scheduler::current_thread::Context>::run_task
[INFO] [stdout]   16:     0x613a0813e693 - <std[617be2ca0a6fd877]::thread::local::LocalKey<tokio[c55f38a69e4f3e4a]::runtime::context::Context>>::with::<tokio[c55f38a69e4f3e4a]::runtime::context::set_scheduler<(alloc[2e1b2a31b91974c5]::boxed::Box<tokio[c55f38a69e4f3e4a]::runtime::scheduler::current_thread::Core>, core[a373ad73a504971]::option::Option<core[a373ad73a504971]::result::Result<(), concurrent_biproxy[11ef62b035a65f67]::Error>>), <tokio[c55f38a69e4f3e4a]::runtime::scheduler::current_thread::CoreGuard>::enter<<tokio[c55f38a69e4f3e4a]::runtime::scheduler::current_thread::CoreGuard>::block_on<core[a373ad73a504971]::pin::Pin<&mut core[a373ad73a504971]::pin::Pin<&mut dyn core[a373ad73a504971]::future::future::Future<Output = core[a373ad73a504971]::result::Result<(), concurrent_biproxy[11ef62b035a65f67]::Error>>>>>::{closure#0}, core[a373ad73a504971]::option::Option<core[a373ad73a504971]::result::Result<(), concurrent_biproxy[11ef62b035a65f67]::Error>>>::{closure#0}>::{closure#0}, (alloc[2e1b2a31b91974c5]::boxed::Box<tokio[c55f38a69e4f3e4a]::runtime::scheduler::current_thread::Core>, core[a373ad73a504971]::option::Option<core[a373ad73a504971]::result::Result<(), concurrent_biproxy[11ef62b035a65f67]::Error>>)>
[INFO] [stdout]   17:     0x613a0813b21f - <tokio[c55f38a69e4f3e4a]::runtime::scheduler::current_thread::CoreGuard>::block_on::<core[a373ad73a504971]::pin::Pin<&mut core[a373ad73a504971]::pin::Pin<&mut dyn core[a373ad73a504971]::future::future::Future<Output = core[a373ad73a504971]::result::Result<(), concurrent_biproxy[11ef62b035a65f67]::Error>>>>>
[INFO] [stdout]   18:     0x613a08138c5d - tokio[c55f38a69e4f3e4a]::runtime::context::runtime::enter_runtime::<<tokio[c55f38a69e4f3e4a]::runtime::scheduler::current_thread::CurrentThread>::block_on<core[a373ad73a504971]::pin::Pin<&mut dyn core[a373ad73a504971]::future::future::Future<Output = core[a373ad73a504971]::result::Result<(), concurrent_biproxy[11ef62b035a65f67]::Error>>>>::{closure#0}, core[a373ad73a504971]::result::Result<(), concurrent_biproxy[11ef62b035a65f67]::Error>>
[INFO] [stdout]   19:     0x613a08137a27 - <tokio[c55f38a69e4f3e4a]::runtime::runtime::Runtime>::block_on::<core[a373ad73a504971]::pin::Pin<&mut dyn core[a373ad73a504971]::future::future::Future<Output = core[a373ad73a504971]::result::Result<(), concurrent_biproxy[11ef62b035a65f67]::Error>>>>
[INFO] [stdout]   20:     0x613a0812f562 - <test[10be544c25bdbee5]::test_async_send::{closure#0} as core[a373ad73a504971]::ops::function::FnOnce<()>>::call_once
[INFO] [stdout]   21:     0x613a0814097b - test[aada8e7e76ba119b]::__rust_begin_short_backtrace::<core[a373ad73a504971]::result::Result<(), alloc[2e1b2a31b91974c5]::string::String>, fn() -> core[a373ad73a504971]::result::Result<(), alloc[2e1b2a31b91974c5]::string::String>>
[INFO] [stdout]   22:     0x613a0814db55 - test[aada8e7e76ba119b]::run_test::{closure#0}
[INFO] [stdout]   23:     0x613a08147444 - std[617be2ca0a6fd877]::sys::backtrace::__rust_begin_short_backtrace::<test[aada8e7e76ba119b]::run_test::{closure#1}, ()>
[INFO] [stdout]   24:     0x613a08150be2 - <std[617be2ca0a6fd877]::thread::lifecycle::spawn_unchecked<test[aada8e7e76ba119b]::run_test::{closure#1}, ()>::{closure#1} as core[a373ad73a504971]::ops::function::FnOnce<()>>::call_once::{shim:vtable#0}
[INFO] [stdout]   25:     0x613a081e122f - <std[617be2ca0a6fd877]::sys::thread::unix::Thread>::new::thread_start
[INFO] [stdout]   26:     0x76a22ef93dfa - <unknown>
[INFO] [stdout]   27:     0x76a22f0273d4 - clone
[INFO] [stdout]   28:                0x0 - <unknown>
[INFO] [stdout] 
[INFO] [stdout] thread 'test_async_send' (629) panicked at tests/test.rs:266:55:
[INFO] [stdout] called `Result::unwrap()` on an `Err` value: Disconnect
[INFO] [stdout] stack backtrace:
[INFO] [stdout]    0:     0x613a081e1d51 - <<std[617be2ca0a6fd877]::sys::backtrace::BacktraceLock>::print::DisplayBacktrace as core[a373ad73a504971]::fmt::Display>::fmt
[INFO] [stdout]    1:     0x613a081f6eda - core[a373ad73a504971]::fmt::write
[INFO] [stdout]    2:     0x613a081e66dc - <alloc[2e1b2a31b91974c5]::vec::Vec<u8> as core[a373ad73a504971]::io::write::Write>::write_fmt
[INFO] [stdout]    3:     0x613a081bd606 - std[617be2ca0a6fd877]::panicking::default_hook::{closure#0}
[INFO] [stdout]    4:     0x613a081d9e39 - std[617be2ca0a6fd877]::panicking::default_hook
[INFO] [stdout]    5:     0x613a0814d530 - test[aada8e7e76ba119b]::test_main_inner::{closure#0}
[INFO] [stdout]    6:     0x613a081da162 - std[617be2ca0a6fd877]::panicking::panic_with_hook
[INFO] [stdout]    7:     0x613a081bd6b2 - std[617be2ca0a6fd877]::panicking::panic_handler::{closure#0}
[INFO] [stdout]    8:     0x613a081b6319 - std[617be2ca0a6fd877]::sys::backtrace::__rust_end_short_backtrace::<std[617be2ca0a6fd877]::panicking::panic_handler::{closure#0}, !>
[INFO] [stdout]    9:     0x613a081be4ad - __rustc[ea4f61d10b84890b]::rust_begin_unwind
[INFO] [stdout]   10:     0x613a081f763c - core[a373ad73a504971]::panicking::panic_fmt
[INFO] [stdout]   11:     0x613a081f7412 - core[a373ad73a504971]::result::unwrap_failed
[INFO] [stdout]   12:     0x613a0812ad94 - test[10be544c25bdbee5]::test_async_send::{closure#0}
[INFO] [stdout]   13:     0x613a0813ac75 - <tokio[c55f38a69e4f3e4a]::runtime::scheduler::current_thread::Context>::enter::<core[a373ad73a504971]::task::poll::Poll<core[a373ad73a504971]::result::Result<(), concurrent_biproxy[11ef62b035a65f67]::Error>>, <tokio[c55f38a69e4f3e4a]::runtime::scheduler::current_thread::CoreGuard>::block_on<core[a373ad73a504971]::pin::Pin<&mut core[a373ad73a504971]::pin::Pin<&mut dyn core[a373ad73a504971]::future::future::Future<Output = core[a373ad73a504971]::result::Result<(), concurrent_biproxy[11ef62b035a65f67]::Error>>>>>::{closure#0}::{closure#0}>
[INFO] [stdout]   14:     0x613a0813e631 - <std[617be2ca0a6fd877]::thread::local::LocalKey<tokio[c55f38a69e4f3e4a]::runtime::context::Context>>::with::<tokio[c55f38a69e4f3e4a]::runtime::context::set_scheduler<(alloc[2e1b2a31b91974c5]::boxed::Box<tokio[c55f38a69e4f3e4a]::runtime::scheduler::current_thread::Core>, core[a373ad73a504971]::option::Option<core[a373ad73a504971]::result::Result<(), concurrent_biproxy[11ef62b035a65f67]::Error>>), <tokio[c55f38a69e4f3e4a]::runtime::scheduler::current_thread::CoreGuard>::enter<<tokio[c55f38a69e4f3e4a]::runtime::scheduler::current_thread::CoreGuard>::block_on<core[a373ad73a504971]::pin::Pin<&mut core[a373ad73a504971]::pin::Pin<&mut dyn core[a373ad73a504971]::future::future::Future<Output = core[a373ad73a504971]::result::Result<(), concurrent_biproxy[11ef62b035a65f67]::Error>>>>>::{closure#0}, core[a373ad73a504971]::option::Option<core[a373ad73a504971]::result::Result<(), concurrent_biproxy[11ef62b035a65f67]::Error>>>::{closure#0}>::{closure#0}, (alloc[2e1b2a31b91974c5]::boxed::Box<tokio[c55f38a69e4f3e4a]::runtime::scheduler::current_thread::Core>, core[a373ad73a504971]::option::Option<core[a373ad73a504971]::result::Result<(), concurrent_biproxy[11ef62b035a65f67]::Error>>)>
[INFO] [stdout]   15:     0x613a0813b21f - <tokio[c55f38a69e4f3e4a]::runtime::scheduler::current_thread::CoreGuard>::block_on::<core[a373ad73a504971]::pin::Pin<&mut core[a373ad73a504971]::pin::Pin<&mut dyn core[a373ad73a504971]::future::future::Future<Output = core[a373ad73a504971]::result::Result<(), concurrent_biproxy[11ef62b035a65f67]::Error>>>>>
[INFO] [stdout]   16:     0x613a08138c5d - tokio[c55f38a69e4f3e4a]::runtime::context::runtime::enter_runtime::<<tokio[c55f38a69e4f3e4a]::runtime::scheduler::current_thread::CurrentThread>::block_on<core[a373ad73a504971]::pin::Pin<&mut dyn core[a373ad73a504971]::future::future::Future<Output = core[a373ad73a504971]::result::Result<(), concurrent_biproxy[11ef62b035a65f67]::Error>>>>::{closure#0}, core[a373ad73a504971]::result::Result<(), concurrent_biproxy[11ef62b035a65f67]::Error>>
[INFO] [stdout]   17:     0x613a08137a27 - <tokio[c55f38a69e4f3e4a]::runtime::runtime::Runtime>::block_on::<core[a373ad73a504971]::pin::Pin<&mut dyn core[a373ad73a504971]::future::future::Future<Output = core[a373ad73a504971]::result::Result<(), concurrent_biproxy[11ef62b035a65f67]::Error>>>>
[INFO] [stdout]   18:     0x613a0812f562 - <test[10be544c25bdbee5]::test_async_send::{closure#0} as core[a373ad73a504971]::ops::function::FnOnce<()>>::call_once
[INFO] [stdout]   19:     0x613a0814097b - test[aada8e7e76ba119b]::__rust_begin_short_backtrace::<core[a373ad73a504971]::result::Result<(), alloc[2e1b2a31b91974c5]::string::String>, fn() -> core[a373ad73a504971]::result::Result<(), alloc[2e1b2a31b91974c5]::string::String>>
[INFO] [stdout]   20:     0x613a0814db55 - test[aada8e7e76ba119b]::run_test::{closure#0}
[INFO] [stdout]   21:     0x613a08147444 - std[617be2ca0a6fd877]::sys::backtrace::__rust_begin_short_backtrace::<test[aada8e7e76ba119b]::run_test::{closure#1}, ()>
[INFO] [stdout]   22:     0x613a08150be2 - <std[617be2ca0a6fd877]::thread::lifecycle::spawn_unchecked<test[aada8e7e76ba119b]::run_test::{closure#1}, ()>::{closure#1} as core[a373ad73a504971]::ops::function::FnOnce<()>>::call_once::{shim:vtable#0}
[INFO] [stdout]   23:     0x613a081e122f - <std[617be2ca0a6fd877]::sys::thread::unix::Thread>::new::thread_start
[INFO] [stdout]   24:     0x76a22ef93dfa - <unknown>
[INFO] [stdout]   25:     0x76a22f0273d4 - clone
[INFO] [stdout]   26:                0x0 - <unknown>
[INFO] [stdout] 
[INFO] [stdout] ---- test_sync_send stdout ----
[INFO] [stdout] 
[INFO] [stdout] thread 'test_sync_send' (631) panicked at tests/test.rs:179:76:
[INFO] [stdout] called `Result::unwrap()` on an `Err` value: Os { code: 98, kind: AddrInUse, message: "Address already in use" }
[INFO] [stdout] stack backtrace:
[INFO] [stdout]    0:     0x613a081e1d51 - <<std[617be2ca0a6fd877]::sys::backtrace::BacktraceLock>::print::DisplayBacktrace as core[a373ad73a504971]::fmt::Display>::fmt
[INFO] [stdout]    1:     0x613a081f6eda - core[a373ad73a504971]::fmt::write
[INFO] [stdout]    2:     0x613a081e66dc - <alloc[2e1b2a31b91974c5]::vec::Vec<u8> as core[a373ad73a504971]::io::write::Write>::write_fmt
[INFO] [stdout]    3:     0x613a081bd606 - std[617be2ca0a6fd877]::panicking::default_hook::{closure#0}
[INFO] [stdout]    4:     0x613a081d9e39 - std[617be2ca0a6fd877]::panicking::default_hook
[INFO] [stdout]    5:     0x613a0814d530 - test[aada8e7e76ba119b]::test_main_inner::{closure#0}
[INFO] [stdout]    6:     0x613a081da162 - std[617be2ca0a6fd877]::panicking::panic_with_hook
[INFO] [stdout]    7:     0x613a081bd6b2 - std[617be2ca0a6fd877]::panicking::panic_handler::{closure#0}
[INFO] [stdout]    8:     0x613a081b6319 - std[617be2ca0a6fd877]::sys::backtrace::__rust_end_short_backtrace::<std[617be2ca0a6fd877]::panicking::panic_handler::{closure#0}, !>
[INFO] [stdout]    9:     0x613a081be4ad - __rustc[ea4f61d10b84890b]::rust_begin_unwind
[INFO] [stdout]   10:     0x613a081f763c - core[a373ad73a504971]::panicking::panic_fmt
[INFO] [stdout]   11:     0x613a081f7412 - core[a373ad73a504971]::result::unwrap_failed
[INFO] [stdout]   12:     0x613a08121c66 - test[10be544c25bdbee5]::init_proxy::{closure#0}::{closure#0}
[INFO] [stdout]   13:     0x613a0811c25c - <tokio[c55f38a69e4f3e4a]::runtime::task::harness::Harness<test[10be544c25bdbee5]::init_proxy::{closure#0}::{closure#0}, alloc[2e1b2a31b91974c5]::sync::Arc<tokio[c55f38a69e4f3e4a]::runtime::scheduler::current_thread::Handle>>>::poll
[INFO] [stdout]   14:     0x613a0819adfc - <tokio[c55f38a69e4f3e4a]::runtime::scheduler::current_thread::Context>::run_task
[INFO] [stdout]   15:     0x613a0813e693 - <std[617be2ca0a6fd877]::thread::local::LocalKey<tokio[c55f38a69e4f3e4a]::runtime::context::Context>>::with::<tokio[c55f38a69e4f3e4a]::runtime::context::set_scheduler<(alloc[2e1b2a31b91974c5]::boxed::Box<tokio[c55f38a69e4f3e4a]::runtime::scheduler::current_thread::Core>, core[a373ad73a504971]::option::Option<core[a373ad73a504971]::result::Result<(), concurrent_biproxy[11ef62b035a65f67]::Error>>), <tokio[c55f38a69e4f3e4a]::runtime::scheduler::current_thread::CoreGuard>::enter<<tokio[c55f38a69e4f3e4a]::runtime::scheduler::current_thread::CoreGuard>::block_on<core[a373ad73a504971]::pin::Pin<&mut core[a373ad73a504971]::pin::Pin<&mut dyn core[a373ad73a504971]::future::future::Future<Output = core[a373ad73a504971]::result::Result<(), concurrent_biproxy[11ef62b035a65f67]::Error>>>>>::{closure#0}, core[a373ad73a504971]::option::Option<core[a373ad73a504971]::result::Result<(), concurrent_biproxy[11ef62b035a65f67]::Error>>>::{closure#0}>::{closure#0}, (alloc[2e1b2a31b91974c5]::boxed::Box<tokio[c55f38a69e4f3e4a]::runtime::scheduler::current_thread::Core>, core[a373ad73a504971]::option::Option<core[a373ad73a504971]::result::Result<(), concurrent_biproxy[11ef62b035a65f67]::Error>>)>
[INFO] [stdout]   16:     0x613a0813b21f - <tokio[c55f38a69e4f3e4a]::runtime::scheduler::current_thread::CoreGuard>::block_on::<core[a373ad73a504971]::pin::Pin<&mut core[a373ad73a504971]::pin::Pin<&mut dyn core[a373ad73a504971]::future::future::Future<Output = core[a373ad73a504971]::result::Result<(), concurrent_biproxy[11ef62b035a65f67]::Error>>>>>
[INFO] [stdout]   17:     0x613a08138c5d - tokio[c55f38a69e4f3e4a]::runtime::context::runtime::enter_runtime::<<tokio[c55f38a69e4f3e4a]::runtime::scheduler::current_thread::CurrentThread>::block_on<core[a373ad73a504971]::pin::Pin<&mut dyn core[a373ad73a504971]::future::future::Future<Output = core[a373ad73a504971]::result::Result<(), concurrent_biproxy[11ef62b035a65f67]::Error>>>>::{closure#0}, core[a373ad73a504971]::result::Result<(), concurrent_biproxy[11ef62b035a65f67]::Error>>
[INFO] [stdout]   18:     0x613a08137a27 - <tokio[c55f38a69e4f3e4a]::runtime::runtime::Runtime>::block_on::<core[a373ad73a504971]::pin::Pin<&mut dyn core[a373ad73a504971]::future::future::Future<Output = core[a373ad73a504971]::result::Result<(), concurrent_biproxy[11ef62b035a65f67]::Error>>>>
[INFO] [stdout]   19:     0x613a0812f3f2 - <test[10be544c25bdbee5]::test_sync_send::{closure#0} as core[a373ad73a504971]::ops::function::FnOnce<()>>::call_once
[INFO] [stdout]   20:     0x613a0814097b - test[aada8e7e76ba119b]::__rust_begin_short_backtrace::<core[a373ad73a504971]::result::Result<(), alloc[2e1b2a31b91974c5]::string::String>, fn() -> core[a373ad73a504971]::result::Result<(), alloc[2e1b2a31b91974c5]::string::String>>
[INFO] [stdout]   21:     0x613a0814db55 - test[aada8e7e76ba119b]::run_test::{closure#0}
[INFO] [stdout]   22:     0x613a08147444 - std[617be2ca0a6fd877]::sys::backtrace::__rust_begin_short_backtrace::<test[aada8e7e76ba119b]::run_test::{closure#1}, ()>
[INFO] [stdout]   23:     0x613a08150be2 - <std[617be2ca0a6fd877]::thread::lifecycle::spawn_unchecked<test[aada8e7e76ba119b]::run_test::{closure#1}, ()>::{closure#1} as core[a373ad73a504971]::ops::function::FnOnce<()>>::call_once::{shim:vtable#0}
[INFO] [stdout]   24:     0x613a081e122f - <std[617be2ca0a6fd877]::sys::thread::unix::Thread>::new::thread_start
[INFO] [stdout]   25:     0x76a22ef93dfa - <unknown>
[INFO] [stdout]   26:     0x76a22f0273d4 - clone
[INFO] [stdout]   27:                0x0 - <unknown>
[INFO] [stdout] 
[INFO] [stdout] thread 'test_sync_send' (631) panicked at tests/test.rs:141:17:
[INFO] [stdout] connection reset by peer
[INFO] [stdout] stack backtrace:
[INFO] [stdout]    0:     0x613a081e1d51 - <<std[617be2ca0a6fd877]::sys::backtrace::BacktraceLock>::print::DisplayBacktrace as core[a373ad73a504971]::fmt::Display>::fmt
[INFO] [stdout]    1:     0x613a081f6eda - core[a373ad73a504971]::fmt::write
[INFO] [stdout]    2:     0x613a081e66dc - <alloc[2e1b2a31b91974c5]::vec::Vec<u8> as core[a373ad73a504971]::io::write::Write>::write_fmt
[INFO] [stdout]    3:     0x613a081bd606 - std[617be2ca0a6fd877]::panicking::default_hook::{closure#0}
[INFO] [stdout]    4:     0x613a081d9e39 - std[617be2ca0a6fd877]::panicking::default_hook
[INFO] [stdout]    5:     0x613a0814d530 - test[aada8e7e76ba119b]::test_main_inner::{closure#0}
[INFO] [stdout]    6:     0x613a081da162 - std[617be2ca0a6fd877]::panicking::panic_with_hook
[INFO] [stdout]    7:     0x613a081bd6e4 - std[617be2ca0a6fd877]::panicking::panic_handler::{closure#0}
[INFO] [stdout]    8:     0x613a081b6319 - std[617be2ca0a6fd877]::sys::backtrace::__rust_end_short_backtrace::<std[617be2ca0a6fd877]::panicking::panic_handler::{closure#0}, !>
[INFO] [stdout]    9:     0x613a081be4ad - __rustc[ea4f61d10b84890b]::rust_begin_unwind
[INFO] [stdout]   10:     0x613a081f763c - core[a373ad73a504971]::panicking::panic_fmt
[INFO] [stdout]   11:     0x613a0813cafe - <core[a373ad73a504971]::future::poll_fn::PollFn<<test[10be544c25bdbee5]::Client>::event_loop::{closure#0}::{closure#0}> as core[a373ad73a504971]::future::future::Future>::poll
[INFO] [stdout]   12:     0x613a081244c0 - <test[10be544c25bdbee5]::Client>::event_loop::{closure#0}
[INFO] [stdout]   13:     0x613a08125b07 - <tokio[c55f38a69e4f3e4a]::runtime::task::core::Core<<test[10be544c25bdbee5]::Client>::event_loop::{closure#0}, alloc[2e1b2a31b91974c5]::sync::Arc<tokio[c55f38a69e4f3e4a]::runtime::scheduler::multi_thread::handle::Handle>>>::poll
[INFO] [stdout]   14:     0x613a0811d77f - <tokio[c55f38a69e4f3e4a]::runtime::task::harness::Harness<<test[10be544c25bdbee5]::Client>::event_loop::{closure#0}, alloc[2e1b2a31b91974c5]::sync::Arc<tokio[c55f38a69e4f3e4a]::runtime::scheduler::current_thread::Handle>>>::poll
[INFO] [stdout]   15:     0x613a0819adfc - <tokio[c55f38a69e4f3e4a]::runtime::scheduler::current_thread::Context>::run_task
[INFO] [stdout]   16:     0x613a0813e693 - <std[617be2ca0a6fd877]::thread::local::LocalKey<tokio[c55f38a69e4f3e4a]::runtime::context::Context>>::with::<tokio[c55f38a69e4f3e4a]::runtime::context::set_scheduler<(alloc[2e1b2a31b91974c5]::boxed::Box<tokio[c55f38a69e4f3e4a]::runtime::scheduler::current_thread::Core>, core[a373ad73a504971]::option::Option<core[a373ad73a504971]::result::Result<(), concurrent_biproxy[11ef62b035a65f67]::Error>>), <tokio[c55f38a69e4f3e4a]::runtime::scheduler::current_thread::CoreGuard>::enter<<tokio[c55f38a69e4f3e4a]::runtime::scheduler::current_thread::CoreGuard>::block_on<core[a373ad73a504971]::pin::Pin<&mut core[a373ad73a504971]::pin::Pin<&mut dyn core[a373ad73a504971]::future::future::Future<Output = core[a373ad73a504971]::result::Result<(), concurrent_biproxy[11ef62b035a65f67]::Error>>>>>::{closure#0}, core[a373ad73a504971]::option::Option<core[a373ad73a504971]::result::Result<(), concurrent_biproxy[11ef62b035a65f67]::Error>>>::{closure#0}>::{closure#0}, (alloc[2e1b2a31b91974c5]::boxed::Box<tokio[c55f38a69e4f3e4a]::runtime::scheduler::current_thread::Core>, core[a373ad73a504971]::option::Option<core[a373ad73a504971]::result::Result<(), concurrent_biproxy[11ef62b035a65f67]::Error>>)>
[INFO] [stdout]   17:     0x613a0813b21f - <tokio[c55f38a69e4f3e4a]::runtime::scheduler::current_thread::CoreGuard>::block_on::<core[a373ad73a504971]::pin::Pin<&mut core[a373ad73a504971]::pin::Pin<&mut dyn core[a373ad73a504971]::future::future::Future<Output = core[a373ad73a504971]::result::Result<(), concurrent_biproxy[11ef62b035a65f67]::Error>>>>>
[INFO] [stdout]   18:     0x613a08138c5d - tokio[c55f38a69e4f3e4a]::runtime::context::runtime::enter_runtime::<<tokio[c55f38a69e4f3e4a]::runtime::scheduler::current_thread::CurrentThread>::block_on<core[a373ad73a504971]::pin::Pin<&mut dyn core[a373ad73a504971]::future::future::Future<Output = core[a373ad73a504971]::result::Result<(), concurrent_biproxy[11ef62b035a65f67]::Error>>>>::{closure#0}, core[a373ad73a504971]::result::Result<(), concurrent_biproxy[11ef62b035a65f67]::Error>>
[INFO] [stdout]   19:     0x613a08137a27 - <tokio[c55f38a69e4f3e4a]::runtime::runtime::Runtime>::block_on::<core[a373ad73a504971]::pin::Pin<&mut dyn core[a373ad73a504971]::future::future::Future<Output = core[a373ad73a504971]::result::Result<(), concurrent_biproxy[11ef62b035a65f67]::Error>>>>
[INFO] [stdout]   20:     0x613a0812f3f2 - <test[10be544c25bdbee5]::test_sync_send::{closure#0} as core[a373ad73a504971]::ops::function::FnOnce<()>>::call_once
[INFO] [stdout]   21:     0x613a0814097b - test[aada8e7e76ba119b]::__rust_begin_short_backtrace::<core[a373ad73a504971]::result::Result<(), alloc[2e1b2a31b91974c5]::string::String>, fn() -> core[a373ad73a504971]::result::Result<(), alloc[2e1b2a31b91974c5]::string::String>>
[INFO] [stdout]   22:     0x613a0814db55 - test[aada8e7e76ba119b]::run_test::{closure#0}
[INFO] [stdout]   23:     0x613a08147444 - std[617be2ca0a6fd877]::sys::backtrace::__rust_begin_short_backtrace::<test[aada8e7e76ba119b]::run_test::{closure#1}, ()>
[INFO] [stdout]   24:     0x613a08150be2 - <std[617be2ca0a6fd877]::thread::lifecycle::spawn_unchecked<test[aada8e7e76ba119b]::run_test::{closure#1}, ()>::{closure#1} as core[a373ad73a504971]::ops::function::FnOnce<()>>::call_once::{shim:vtable#0}
[INFO] [stdout]   25:     0x613a081e122f - <std[617be2ca0a6fd877]::sys::thread::unix::Thread>::new::thread_start
[INFO] [stdout]   26:     0x76a22ef93dfa - <unknown>
[INFO] [stdout]   27:     0x76a22f0273d4 - clone
[INFO] [stdout]   28:                0x0 - <unknown>
[INFO] [stdout] 
[INFO] [stdout] thread 'test_sync_send' (631) panicked at tests/test.rs:248:50:
[INFO] [stdout] called `Result::unwrap()` on an `Err` value: Disconnect
[INFO] [stdout] stack backtrace:
[INFO] [stdout]    0:     0x613a081e1d51 - <<std[617be2ca0a6fd877]::sys::backtrace::BacktraceLock>::print::DisplayBacktrace as core[a373ad73a504971]::fmt::Display>::fmt
[INFO] [stdout]    1:     0x613a081f6eda - core[a373ad73a504971]::fmt::write
[INFO] [stdout]    2:     0x613a081e66dc - <alloc[2e1b2a31b91974c5]::vec::Vec<u8> as core[a373ad73a504971]::io::write::Write>::write_fmt
[INFO] [stdout]    3:     0x613a081bd606 - std[617be2ca0a6fd877]::panicking::default_hook::{closure#0}
[INFO] [stdout]    4:     0x613a081d9e39 - std[617be2ca0a6fd877]::panicking::default_hook
[INFO] [stdout]    5:     0x613a0814d530 - test[aada8e7e76ba119b]::test_main_inner::{closure#0}
[INFO] [stdout]    6:     0x613a081da162 - std[617be2ca0a6fd877]::panicking::panic_with_hook
[INFO] [stdout]    7:     0x613a081bd6b2 - std[617be2ca0a6fd877]::panicking::panic_handler::{closure#0}
[INFO] [stdout]    8:     0x613a081b6319 - std[617be2ca0a6fd877]::sys::backtrace::__rust_end_short_backtrace::<std[617be2ca0a6fd877]::panicking::panic_handler::{closure#0}, !>
[INFO] [stdout]    9:     0x613a081be4ad - __rustc[ea4f61d10b84890b]::rust_begin_unwind
[INFO] [stdout]   10:     0x613a081f763c - core[a373ad73a504971]::panicking::panic_fmt
[INFO] [stdout]   11:     0x613a081f7412 - core[a373ad73a504971]::result::unwrap_failed
[INFO] [stdout]   12:     0x613a08129e02 - test[10be544c25bdbee5]::test_sync_send::{closure#0}
[INFO] [stdout]   13:     0x613a0813ac75 - <tokio[c55f38a69e4f3e4a]::runtime::scheduler::current_thread::Context>::enter::<core[a373ad73a504971]::task::poll::Poll<core[a373ad73a504971]::result::Result<(), concurrent_biproxy[11ef62b035a65f67]::Error>>, <tokio[c55f38a69e4f3e4a]::runtime::scheduler::current_thread::CoreGuard>::block_on<core[a373ad73a504971]::pin::Pin<&mut core[a373ad73a504971]::pin::Pin<&mut dyn core[a373ad73a504971]::future::future::Future<Output = core[a373ad73a504971]::result::Result<(), concurrent_biproxy[11ef62b035a65f67]::Error>>>>>::{closure#0}::{closure#0}>
[INFO] [stdout]   14:     0x613a0813e631 - <std[617be2ca0a6fd877]::thread::local::LocalKey<tokio[c55f38a69e4f3e4a]::runtime::context::Context>>::with::<tokio[c55f38a69e4f3e4a]::runtime::context::set_scheduler<(alloc[2e1b2a31b91974c5]::boxed::Box<tokio[c55f38a69e4f3e4a]::runtime::scheduler::current_thread::Core>, core[a373ad73a504971]::option::Option<core[a373ad73a504971]::result::Result<(), concurrent_biproxy[11ef62b035a65f67]::Error>>), <tokio[c55f38a69e4f3e4a]::runtime::scheduler::current_thread::CoreGuard>::enter<<tokio[c55f38a69e4f3e4a]::runtime::scheduler::current_thread::CoreGuard>::block_on<core[a373ad73a504971]::pin::Pin<&mut core[a373ad73a504971]::pin::Pin<&mut dyn core[a373ad73a504971]::future::future::Future<Output = core[a373ad73a504971]::result::Result<(), concurrent_biproxy[11ef62b035a65f67]::Error>>>>>::{closure#0}, core[a373ad73a504971]::option::Option<core[a373ad73a504971]::result::Result<(), concurrent_biproxy[11ef62b035a65f67]::Error>>>::{closure#0}>::{closure#0}, (alloc[2e1b2a31b91974c5]::boxed::Box<tokio[c55f38a69e4f3e4a]::runtime::scheduler::current_thread::Core>, core[a373ad73a504971]::option::Option<core[a373ad73a504971]::result::Result<(), concurrent_biproxy[11ef62b035a65f67]::Error>>)>
[INFO] [stdout]   15:     0x613a0813b21f - <tokio[c55f38a69e4f3e4a]::runtime::scheduler::current_thread::CoreGuard>::block_on::<core[a373ad73a504971]::pin::Pin<&mut core[a373ad73a504971]::pin::Pin<&mut dyn core[a373ad73a504971]::future::future::Future<Output = core[a373ad73a504971]::result::Result<(), concurrent_biproxy[11ef62b035a65f67]::Error>>>>>
[INFO] [stdout]   16:     0x613a08138c5d - tokio[c55f38a69e4f3e4a]::runtime::context::runtime::enter_runtime::<<tokio[c55f38a69e4f3e4a]::runtime::scheduler::current_thread::CurrentThread>::block_on<core[a373ad73a504971]::pin::Pin<&mut dyn core[a373ad73a504971]::future::future::Future<Output = core[a373ad73a504971]::result::Result<(), concurrent_biproxy[11ef62b035a65f67]::Error>>>>::{closure#0}, core[a373ad73a504971]::result::Result<(), concurrent_biproxy[11ef62b035a65f67]::Error>>
[INFO] [stdout]   17:     0x613a08137a27 - <tokio[c55f38a69e4f3e4a]::runtime::runtime::Runtime>::block_on::<core[a373ad73a504971]::pin::Pin<&mut dyn core[a373ad73a504971]::future::future::Future<Output = core[a373ad73a504971]::result::Result<(), concurrent_biproxy[11ef62b035a65f67]::Error>>>>
[INFO] [stdout]   18:     0x613a0812f3f2 - <test[10be544c25bdbee5]::test_sync_send::{closure#0} as core[a373ad73a504971]::ops::function::FnOnce<()>>::call_once
[INFO] [stdout]   19:     0x613a0814097b - test[aada8e7e76ba119b]::__rust_begin_short_backtrace::<core[a373ad73a504971]::result::Result<(), alloc[2e1b2a31b91974c5]::string::String>, fn() -> core[a373ad73a504971]::result::Result<(), alloc[2e1b2a31b91974c5]::string::String>>
[INFO] [stdout]   20:     0x613a0814db55 - test[aada8e7e76ba119b]::run_test::{closure#0}
[INFO] [stdout]   21:     0x613a08147444 - std[617be2ca0a6fd877]::sys::backtrace::__rust_begin_short_backtrace::<test[aada8e7e76ba119b]::run_test::{closure#1}, ()>
[INFO] [stdout]   22:     0x613a08150be2 - <std[617be2ca0a6fd877]::thread::lifecycle::spawn_unchecked<test[aada8e7e76ba119b]::run_test::{closure#1}, ()>::{closure#1} as core[a373ad73a504971]::ops::function::FnOnce<()>>::call_once::{shim:vtable#0}
[INFO] [stdout]   23:     0x613a081e122f - <std[617be2ca0a6fd877]::sys::thread::unix::Thread>::new::thread_start
[INFO] [stdout]   24:     0x76a22ef93dfa - <unknown>
[INFO] [stdout]   25:     0x76a22f0273d4 - clone
[INFO] [stdout]   26:                0x0 - <unknown>
[INFO] [stdout] 
[INFO] [stdout] 
[INFO] [stdout] failures:
[INFO] [stdout]     test_async_send
[INFO] [stdout]     test_bench_send
[INFO] [stdout]     test_sync_send
[INFO] [stdout] 
[INFO] [stdout] test result: FAILED. 1 passed; 3 failed; 0 ignored; 0 measured; 0 filtered out; finished in 0.22s
[INFO] [stdout] 
[INFO] running `Command { std: "docker" "inspect" "7f14e81799070af8613e3519a8f99aac95e06e9c4df41ac101d27893d06e6ba7", kill_on_drop: false }`
[INFO] running `Command { std: "docker" "rm" "-f" "7f14e81799070af8613e3519a8f99aac95e06e9c4df41ac101d27893d06e6ba7", kill_on_drop: false }`
[INFO] [stdout] 7f14e81799070af8613e3519a8f99aac95e06e9c4df41ac101d27893d06e6ba7
