[INFO] fetching crate concuring 0.1.0...
[INFO] testing concuring-0.1.0 against 1.99.0-beta.8+cargoflags=--release for beta-release-1.100-2
[INFO] extracting crate concuring 0.1.0 into /workspace/builds/worker-6-tc1/source
[INFO] started tweaking crates.io crate concuring 0.1.0
[INFO] removed 0 missing tests
[INFO] finished tweaking crates.io crate concuring 0.1.0
[INFO] tweaked toml for crates.io crate concuring 0.1.0 written to /workspace/builds/worker-6-tc1/source/Cargo.toml
[INFO] validating manifest of crates.io crate concuring 0.1.0 on toolchain 1.99.0-beta.8
[INFO] running `Command { std: CARGO_HOME="/workspace/cargo-home" RUSTUP_HOME="/workspace/rustup-home" "/workspace/cargo-home/bin/cargo" "+1.99.0-beta.8" "metadata" "--manifest-path" "Cargo.toml" "--no-deps", kill_on_drop: false }`
[INFO] crate crates.io crate concuring 0.1.0 already has a lockfile, it will not be regenerated
[INFO] running `Command { std: CARGO_HOME="/workspace/cargo-home" RUSTUP_HOME="/workspace/rustup-home" "/workspace/cargo-home/bin/cargo" "+1.99.0-beta.8" "fetch" "--manifest-path" "Cargo.toml", kill_on_drop: false }`
[INFO] [stderr]     Updating crates.io index
[INFO] [stderr]  Downloading crates ...
[INFO] [stderr]   Downloaded tokio-rustls v0.26.3
[INFO] [stderr]   Downloaded cookie v0.14.4
[INFO] [stderr]   Downloaded const_fn v0.4.11
[INFO] [stderr]   Downloaded rustls-webpki v0.103.6
[INFO] [stderr]   Downloaded hkdf v0.10.0
[INFO] [stderr]   Downloaded polyval v0.4.5
[INFO] [stderr]   Downloaded ghash v0.3.1
[INFO] [stderr]   Downloaded universal-hash v0.4.0
[INFO] [stderr]   Downloaded cpuid-bool v0.2.0
[INFO] [stderr]   Downloaded aead v0.3.2
[INFO] [stderr]   Downloaded bitmaps v3.2.1
[INFO] [stderr]   Downloaded array-init v2.1.0
[INFO] [stderr]   Downloaded heapless v0.9.1
[INFO] [stderr]   Downloaded aes-gcm v0.8.0
[INFO] [stderr]   Downloaded async-std v1.13.1
[INFO] [stderr]   Downloaded openssl-src v300.5.2+3.5.2
[INFO] running `Command { std: "docker" "create" "-v" "/var/lib/crater-agent-workspace/builds/worker-6-tc1/source:/opt/rustwide/workdir:ro,Z" "-v" "/var/lib/crater-agent-workspace/builds/worker-6-tc1/target:/opt/rustwide/target:rw,Z" "-v" "/var/lib/crater-agent-workspace/cargo-home:/opt/rustwide/cargo-home:ro,Z" "-v" "/var/lib/crater-agent-workspace/rustup-home:/opt/rustwide/rustup-home:ro,Z" "-m" "1610612736" "--network" "none" "ghcr.io/rust-lang/crates-build-env/linux@sha256:77db811e55d90add9212f6832c23229e3de5f1c1f9905e8cb07319ea15df73ac" "sleep" "infinity", kill_on_drop: false }`
[INFO] [stdout] cf498778d6257f0127b7f0cd26543cc8ff648fd0fda570c76a8072b3b11cbff7
[INFO] running `Command { std: "docker" "start" "cf498778d6257f0127b7f0cd26543cc8ff648fd0fda570c76a8072b3b11cbff7", kill_on_drop: false }`
[INFO] running `Command { std: "docker" "inspect" "cf498778d6257f0127b7f0cd26543cc8ff648fd0fda570c76a8072b3b11cbff7", kill_on_drop: false }`
[INFO] running `Command { std: "docker" "exec" "-e" "SOURCE_DIR=/opt/rustwide/workdir" "-e" "CARGO_HOME=/opt/rustwide/cargo-home" "-e" "RUSTUP_HOME=/opt/rustwide/rustup-home" "-e" "CARGO_TARGET_DIR=/opt/rustwide/target" "-w" "/opt/rustwide/workdir" "--user" "0:0" "cf498778d6257f0127b7f0cd26543cc8ff648fd0fda570c76a8072b3b11cbff7" "/opt/rustwide/cargo-home/bin/cargo" "+1.99.0-beta.8" "metadata" "--no-deps" "--format-version=1", kill_on_drop: false }`
[INFO] running `Command { std: "docker" "inspect" "cf498778d6257f0127b7f0cd26543cc8ff648fd0fda570c76a8072b3b11cbff7", kill_on_drop: false }`
[INFO] running `Command { std: "docker" "exec" "-e" "SOURCE_DIR=/opt/rustwide/workdir" "-e" "CARGO_HOME=/opt/rustwide/cargo-home" "-e" "RUSTUP_HOME=/opt/rustwide/rustup-home" "-e" "CARGO_TARGET_DIR=/opt/rustwide/target" "-e" "CARGO_INCREMENTAL=0" "-e" "RUST_BACKTRACE=full" "-e" "RUSTFLAGS=--cap-lints=warn" "-e" "RUSTDOCFLAGS=--cap-lints=warn" "-w" "/opt/rustwide/workdir" "--user" "0:0" "cf498778d6257f0127b7f0cd26543cc8ff648fd0fda570c76a8072b3b11cbff7" "/opt/rustwide/cargo-home/bin/cargo" "+1.99.0-beta.8" "build" "--frozen" "--message-format=json" "--release", kill_on_drop: false }`
[INFO] [stderr]    Compiling unicode-ident v1.0.19
[INFO] [stderr]    Compiling cfg-if v1.0.3
[INFO] [stderr]    Compiling regex-syntax v0.8.6
[INFO] [stderr]    Compiling libc v0.2.175
[INFO] [stderr]    Compiling log v0.4.28
[INFO] [stderr]    Compiling nu-ansi-term v0.50.1
[INFO] [stderr]    Compiling tracing-core v0.1.34
[INFO] [stderr]    Compiling owo-colors v4.2.2
[INFO] [stderr]    Compiling object v0.36.7
[INFO] [stderr]    Compiling serde_core v1.0.225
[INFO] [stderr]    Compiling eyre v0.6.12
[INFO] [stderr]    Compiling color-spantrace v0.3.0
[INFO] [stderr]    Compiling memchr v2.7.5
[INFO] [stderr]    Compiling serde v1.0.225
[INFO] [stderr]    Compiling gimli v0.31.1
[INFO] [stderr]    Compiling miniz_oxide v0.8.9
[INFO] [stderr]    Compiling thread_local v1.1.9
[INFO] [stderr]    Compiling proc-macro2 v1.0.101
[INFO] [stderr]    Compiling indenter v0.3.4
[INFO] [stderr]    Compiling rustc-demangle v0.1.26
[INFO] [stderr]    Compiling heapless v0.9.1
[INFO] [stderr]    Compiling io-uring v0.7.10
[INFO] [stderr]    Compiling percent-encoding v2.3.2
[INFO] [stderr]    Compiling byteorder v1.5.0
[INFO] [stderr]    Compiling bitflags v2.9.4
[INFO] [stderr]    Compiling form_urlencoded v1.2.2
[INFO] [stderr]    Compiling hash32 v0.3.1
[INFO] [stderr]    Compiling quote v1.0.40
[INFO] [stderr]    Compiling tracing-log v0.2.0
[INFO] [stderr]    Compiling bitmaps v3.2.1
[INFO] [stderr]    Compiling array-init v2.1.0
[INFO] [stderr]    Compiling syn v2.0.106
[INFO] [stderr]    Compiling socket2 v0.6.0
[INFO] [stderr]    Compiling regex-automata v0.4.11
[INFO] [stderr]    Compiling addr2line v0.24.2
[INFO] [stderr]    Compiling matchers v0.2.0
[INFO] [stderr]    Compiling backtrace v0.3.75
[INFO] [stderr]    Compiling synstructure v0.13.2
[INFO] [stderr]    Compiling zerofrom-derive v0.1.6
[INFO] [stderr]    Compiling yoke-derive v0.8.0
[INFO] [stderr]    Compiling zerovec-derive v0.11.1
[INFO] [stderr]    Compiling displaydoc v0.2.5
[INFO] [stderr]    Compiling tracing-attributes v0.1.30
[INFO] [stderr]    Compiling serde_derive v1.0.225
[INFO] [stderr]    Compiling zerofrom v0.1.6
[INFO] [stderr]    Compiling yoke v0.8.0
[INFO] [stderr]    Compiling zerovec v0.11.4
[INFO] [stderr]    Compiling zerotrie v0.2.2
[INFO] [stderr]    Compiling tracing v0.1.41
[INFO] [stderr]    Compiling tracing-subscriber v0.3.20
[INFO] [stderr]    Compiling tinystr v0.8.1
[INFO] [stderr]    Compiling potential_utf v0.1.3
[INFO] [stderr]    Compiling icu_collections v2.0.0
[INFO] [stderr]    Compiling icu_locale_core v2.0.0
[INFO] [stderr]    Compiling tracing-error v0.2.1
[INFO] [stderr]    Compiling color-eyre v0.6.5
[INFO] [stderr]    Compiling icu_provider v2.0.0
[INFO] [stderr]    Compiling icu_normalizer v2.0.0
[INFO] [stderr]    Compiling icu_properties v2.0.1
[INFO] [stderr]    Compiling idna_adapter v1.2.1
[INFO] [stderr]    Compiling idna v1.1.0
[INFO] [stderr]    Compiling url v2.5.7
[INFO] [stderr]    Compiling concuring v0.1.0 (/opt/rustwide/workdir)
[INFO] [stdout] warning: trailing semicolon in macro used in expression position
[INFO] [stdout]    --> src/concuring.rs:218:56
[INFO] [stdout]     |
[INFO] [stdout] 218 |             heapless::index_map::Entry::Occupied(_) => bail!("duplicate flow_id: {}", flow_id),
[INFO] [stdout]     |                                                        ^^^^^^^^^^^^^^^^^^^^^^^^^^^^^^^^^^^^^^^
[INFO] [stdout]     |
[INFO] [stdout]     = warning: this was previously accepted by the compiler but is being phased out; it will become a hard error in a future release!
[INFO] [stdout]     = note: for more information, see issue #79813 <https://github.com/rust-lang/rust/issues/79813>
[INFO] [stdout]     = note: `#[warn(semicolon_in_expressions_from_non_local_macros)]` (part of `#[warn(future_incompatible)]`) on by default
[INFO] [stdout]     = note: this warning originates in the macro `bail` (in Nightly builds, run with -Z macro-backtrace for more info)
[INFO] [stdout] 
[INFO] [stdout] 
[INFO] [stdout] warning: trailing semicolon in macro used in expression position
[INFO] [stdout]    --> src/concuring.rs:610:38
[INFO] [stdout]     |
[INFO] [stdout] 610 |         httparse::Status::Partial => bail!("incomplete HTTP response"),
[INFO] [stdout]     |                                      ^^^^^^^^^^^^^^^^^^^^^^^^^^^^^^^^^
[INFO] [stdout]     |
[INFO] [stdout]     = warning: this was previously accepted by the compiler but is being phased out; it will become a hard error in a future release!
[INFO] [stdout]     = note: for more information, see issue #79813 <https://github.com/rust-lang/rust/issues/79813>
[INFO] [stdout]     = note: this warning originates in the macro `bail` (in Nightly builds, run with -Z macro-backtrace for more info)
[INFO] [stdout] 
[INFO] [stdout] 
[INFO] [stdout] warning: trailing semicolon in macro used in expression position
[INFO] [stdout]    --> src/concuring.rs:218:56
[INFO] [stdout]     |
[INFO] [stdout] 218 |             heapless::index_map::Entry::Occupied(_) => bail!("duplicate flow_id: {}", flow_id),
[INFO] [stdout]     |                                                        ^^^^^^^^^^^^^^^^^^^^^^^^^^^^^^^^^^^^^^^
[INFO] [stdout]     |
[INFO] [stdout]     = warning: this was previously accepted by the compiler but is being phased out; it will become a hard error in a future release!
[INFO] [stdout]     = note: for more information, see issue #79813 <https://github.com/rust-lang/rust/issues/79813>
[INFO] [stdout]     = note: `#[warn(semicolon_in_expressions_from_non_local_macros)]` (part of `#[warn(future_incompatible)]`) on by default
[INFO] [stdout]     = note: this warning originates in the macro `bail` (in Nightly builds, run with -Z macro-backtrace for more info)
[INFO] [stdout] 
[INFO] [stdout] 
[INFO] [stdout] warning: trailing semicolon in macro used in expression position
[INFO] [stdout]    --> src/concuring.rs:610:38
[INFO] [stdout]     |
[INFO] [stdout] 610 |         httparse::Status::Partial => bail!("incomplete HTTP response"),
[INFO] [stdout]     |                                      ^^^^^^^^^^^^^^^^^^^^^^^^^^^^^^^^^
[INFO] [stdout]     |
[INFO] [stdout]     = warning: this was previously accepted by the compiler but is being phased out; it will become a hard error in a future release!
[INFO] [stdout]     = note: for more information, see issue #79813 <https://github.com/rust-lang/rust/issues/79813>
[INFO] [stdout]     = note: this warning originates in the macro `bail` (in Nightly builds, run with -Z macro-backtrace for more info)
[INFO] [stdout] 
[INFO] [stdout] 
[INFO] [stderr]     Finished `release` profile [optimized] target(s) in 49.54s
[INFO] running `Command { std: "docker" "inspect" "cf498778d6257f0127b7f0cd26543cc8ff648fd0fda570c76a8072b3b11cbff7", kill_on_drop: false }`
[INFO] running `Command { std: "docker" "exec" "-e" "SOURCE_DIR=/opt/rustwide/workdir" "-e" "CARGO_HOME=/opt/rustwide/cargo-home" "-e" "RUSTUP_HOME=/opt/rustwide/rustup-home" "-e" "CARGO_TARGET_DIR=/opt/rustwide/target" "-e" "CARGO_INCREMENTAL=0" "-e" "RUST_BACKTRACE=full" "-e" "RUSTFLAGS=--cap-lints=warn" "-e" "RUSTDOCFLAGS=--cap-lints=warn" "-w" "/opt/rustwide/workdir" "--user" "0:0" "cf498778d6257f0127b7f0cd26543cc8ff648fd0fda570c76a8072b3b11cbff7" "/opt/rustwide/cargo-home/bin/cargo" "+1.99.0-beta.8" "test" "--frozen" "--no-run" "--message-format=json" "--release", kill_on_drop: false }`
[INFO] [stderr]    Compiling bitflags v2.9.4
[INFO] [stderr]    Compiling generic-array v0.14.7
[INFO] [stderr]    Compiling value-bag v1.11.1
[INFO] [stderr]    Compiling rustix v1.1.2
[INFO] [stderr]    Compiling futures-lite v2.6.1
[INFO] [stderr]    Compiling socket2 v0.6.0
[INFO] [stderr]    Compiling find-msvc-tools v0.1.2
[INFO] [stderr]    Compiling linux-raw-sys v0.11.0
[INFO] [stderr]    Compiling concurrent-queue v2.5.0
[INFO] [stderr]    Compiling async-io v2.6.0
[INFO] [stderr]    Compiling mio v1.0.4
[INFO] [stderr]    Compiling zerocopy v0.8.27
[INFO] [stderr]    Compiling serde v1.0.225
[INFO] [stderr]    Compiling icu_normalizer v2.0.0
[INFO] [stderr]    Compiling standback v0.2.17
[INFO] [stderr]    Compiling getrandom v0.2.16
[INFO] [stderr]    Compiling syn v1.0.109
[INFO] [stderr]    Compiling cc v1.2.38
[INFO] [stderr]    Compiling getrandom v0.1.16
[INFO] [stderr]    Compiling log v0.4.28
[INFO] [stderr]    Compiling event-listener v5.4.1
[INFO] [stderr]    Compiling tokio v1.47.1
[INFO] [stderr]    Compiling cipher v0.2.5
[INFO] [stderr]    Compiling universal-hash v0.4.0
[INFO] [stderr]    Compiling event-listener-strategy v0.5.4
[INFO] [stderr]    Compiling async-channel v2.5.0
[INFO] [stderr]    Compiling async-lock v3.4.1
[INFO] [stderr]    Compiling digest v0.9.0
[INFO] [stderr]    Compiling tracing-log v0.2.0
[INFO] [stderr]    Compiling openssl-src v300.5.2+3.5.2
[INFO] [stderr]    Compiling openssl v0.10.73
[INFO] [stderr]    Compiling event-listener v2.5.3
[INFO] [stderr]    Compiling idna_adapter v1.2.1
[INFO] [stderr]    Compiling const_fn v0.4.11
[INFO] [stderr]    Compiling cpuid-bool v0.2.0
[INFO] [stderr]    Compiling hashbrown v0.16.0
[INFO] [stderr]    Compiling idna v1.1.0
[INFO] [stderr]    Compiling futures-util v0.3.31
[INFO] [stderr]    Compiling tracing-subscriber v0.3.20
[INFO] [stderr]    Compiling polyval v0.4.5
[INFO] [stderr]    Compiling aes-soft v0.6.4
[INFO] [stderr]    Compiling crypto-mac v0.10.0
[INFO] [stderr]    Compiling rand_core v0.6.4
[INFO] [stderr]    Compiling time v0.2.27
[INFO] [stderr]    Compiling openssl-macros v0.1.1
[INFO] [stderr]    Compiling io-lifetimes v1.0.11
[INFO] [stderr]    Compiling rand_core v0.5.1
[INFO] [stderr]    Compiling openssl-sys v0.9.109
[INFO] [stderr]    Compiling url v2.5.7
[INFO] [stderr]    Compiling aes v0.6.0
[INFO] [stderr]    Compiling blocking v1.6.2
[INFO] [stderr]    Compiling async-executor v1.13.3
[INFO] [stderr]    Compiling hmac v0.10.1
[INFO] [stderr]    Compiling ghash v0.3.1
[INFO] [stderr]    Compiling object v0.36.7
[INFO] [stderr]    Compiling time-macros-impl v0.1.2
[INFO] [stderr]    Compiling ctr v0.6.0
[INFO] [stderr]    Compiling block-buffer v0.9.0
[INFO] [stderr]    Compiling aead v0.3.2
[INFO] [stderr]    Compiling indexmap v2.11.4
[INFO] [stderr]    Compiling polling v2.8.0
[INFO] [stderr]    Compiling time-macros v0.1.1
[INFO] [stderr]    Compiling cookie v0.14.4
[INFO] [stderr]    Compiling thiserror-impl v1.0.69
[INFO] [stderr]    Compiling serde_json v1.0.145
[INFO] [stderr]    Compiling anyhow v1.0.99
[INFO] [stderr]    Compiling waker-fn v1.2.0
[INFO] [stderr]    Compiling fastrand v1.9.0
[INFO] [stderr]    Compiling rustix v0.37.28
[INFO] [stderr]    Compiling futures-lite v1.13.0
[INFO] [stderr]    Compiling sha2 v0.9.9
[INFO] [stderr]    Compiling aes-gcm v0.8.0
[INFO] [stderr]    Compiling hkdf v0.10.0
[INFO] [stderr]    Compiling serde_urlencoded v0.7.1
[INFO] [stderr]    Compiling tracing-error v0.2.1
[INFO] [stderr]    Compiling color-spantrace v0.3.0
[INFO] [stderr]    Compiling ppv-lite86 v0.2.21
[INFO] [stderr]    Compiling async-channel v1.9.0
[INFO] [stderr]    Compiling kv-log-macro v1.0.7
[INFO] [stderr]    Compiling async-io v1.13.0
[INFO] [stderr]    Compiling signal-hook-registry v1.4.6
[INFO] [stderr]    Compiling linux-raw-sys v0.3.8
[INFO] [stderr]    Compiling thiserror v1.0.69
[INFO] [stderr]    Compiling getrandom v0.3.3
[INFO] [stderr]    Compiling http-types v2.12.0
[INFO] [stderr]    Compiling rand_chacha v0.3.1
[INFO] [stderr]    Compiling rand_chacha v0.2.2
[INFO] [stderr]    Compiling serde_qs v0.8.5
[INFO] [stderr]    Compiling rand v0.8.5
[INFO] [stderr]    Compiling rand v0.7.3
[INFO] [stderr]    Compiling io-uring v0.7.10
[INFO] [stderr]    Compiling async-lock v2.8.0
[INFO] [stderr]    Compiling socket2 v0.4.10
[INFO] [stderr]    Compiling pin-project-internal v1.1.10
[INFO] [stderr]    Compiling infer v0.2.3
[INFO] [stderr]    Compiling spin v0.9.8
[INFO] [stderr]    Compiling async-fs v2.2.0
[INFO] [stderr]    Compiling async-dup v1.2.4
[INFO] [stderr]    Compiling pin-project v1.1.10
[INFO] [stderr]    Compiling nanorand v0.7.0
[INFO] [stderr]    Compiling encoding_rs v0.8.35
[INFO] [stderr]    Compiling flume v0.11.1
[INFO] [stderr]    Compiling tokio-util v0.7.16
[INFO] [stderr]    Compiling backtrace v0.3.75
[INFO] [stderr]    Compiling tower v0.5.2
[INFO] [stderr]    Compiling polling v3.11.0
[INFO] [stderr]    Compiling tempfile v3.22.0
[INFO] [stderr]    Compiling h2 v0.4.12
[INFO] [stderr]    Compiling tower-http v0.6.6
[INFO] [stderr]    Compiling color-eyre v0.6.5
[INFO] [stderr]    Compiling async-global-executor v2.4.1
[INFO] [stderr]    Compiling async-signal v0.2.13
[INFO] [stderr]    Compiling async-net v2.0.0
[INFO] [stderr]    Compiling async-std v1.13.1
[INFO] [stderr]    Compiling async-process v2.5.0
[INFO] [stderr]    Compiling concuring v0.1.0 (/opt/rustwide/workdir)
[INFO] [stdout] warning: trailing semicolon in macro used in expression position
[INFO] [stdout]    --> src/concuring.rs:218:56
[INFO] [stdout]     |
[INFO] [stdout] 218 |             heapless::index_map::Entry::Occupied(_) => bail!("duplicate flow_id: {}", flow_id),
[INFO] [stdout]     |                                                        ^^^^^^^^^^^^^^^^^^^^^^^^^^^^^^^^^^^^^^^
[INFO] [stdout]     |
[INFO] [stdout]     = warning: this was previously accepted by the compiler but is being phased out; it will become a hard error in a future release!
[INFO] [stdout]     = note: for more information, see issue #79813 <https://github.com/rust-lang/rust/issues/79813>
[INFO] [stdout]     = note: `#[warn(semicolon_in_expressions_from_non_local_macros)]` (part of `#[warn(future_incompatible)]`) on by default
[INFO] [stdout]     = note: this warning originates in the macro `bail` (in Nightly builds, run with -Z macro-backtrace for more info)
[INFO] [stdout] 
[INFO] [stdout] 
[INFO] [stdout] warning: trailing semicolon in macro used in expression position
[INFO] [stdout]    --> src/concuring.rs:610:38
[INFO] [stdout]     |
[INFO] [stdout] 610 |         httparse::Status::Partial => bail!("incomplete HTTP response"),
[INFO] [stdout]     |                                      ^^^^^^^^^^^^^^^^^^^^^^^^^^^^^^^^^
[INFO] [stdout]     |
[INFO] [stdout]     = warning: this was previously accepted by the compiler but is being phased out; it will become a hard error in a future release!
[INFO] [stdout]     = note: for more information, see issue #79813 <https://github.com/rust-lang/rust/issues/79813>
[INFO] [stdout]     = note: this warning originates in the macro `bail` (in Nightly builds, run with -Z macro-backtrace for more info)
[INFO] [stdout] 
[INFO] [stdout] 
[INFO] [stderr]    Compiling smol v2.0.2
[INFO] [stdout] warning: trailing semicolon in macro used in expression position
[INFO] [stdout]    --> src/concuring.rs:218:56
[INFO] [stdout]     |
[INFO] [stdout] 218 |             heapless::index_map::Entry::Occupied(_) => bail!("duplicate flow_id: {}", flow_id),
[INFO] [stdout]     |                                                        ^^^^^^^^^^^^^^^^^^^^^^^^^^^^^^^^^^^^^^^
[INFO] [stdout]     |
[INFO] [stdout]     = warning: this was previously accepted by the compiler but is being phased out; it will become a hard error in a future release!
[INFO] [stdout]     = note: for more information, see issue #79813 <https://github.com/rust-lang/rust/issues/79813>
[INFO] [stdout]     = note: `#[warn(semicolon_in_expressions_from_non_local_macros)]` (part of `#[warn(future_incompatible)]`) on by default
[INFO] [stdout]     = note: this warning originates in the macro `bail` (in Nightly builds, run with -Z macro-backtrace for more info)
[INFO] [stdout] 
[INFO] [stdout] 
[INFO] [stdout] warning: trailing semicolon in macro used in expression position
[INFO] [stdout]    --> src/concuring.rs:610:38
[INFO] [stdout]     |
[INFO] [stdout] 610 |         httparse::Status::Partial => bail!("incomplete HTTP response"),
[INFO] [stdout]     |                                      ^^^^^^^^^^^^^^^^^^^^^^^^^^^^^^^^^
[INFO] [stdout]     |
[INFO] [stdout]     = warning: this was previously accepted by the compiler but is being phased out; it will become a hard error in a future release!
[INFO] [stdout]     = note: for more information, see issue #79813 <https://github.com/rust-lang/rust/issues/79813>
[INFO] [stdout]     = note: this warning originates in the macro `bail` (in Nightly builds, run with -Z macro-backtrace for more info)
[INFO] [stdout] 
[INFO] [stdout] 
[INFO] [stderr]    Compiling hyper v1.7.0
[INFO] [stderr]    Compiling async-h1 v2.3.4
[INFO] [stderr]    Compiling hyper-util v0.1.17
[INFO] [stderr]    Compiling native-tls v0.2.14
[INFO] [stderr]    Compiling tokio-native-tls v0.3.1
[INFO] [stderr]    Compiling hyper-tls v0.6.0
[INFO] [stderr]    Compiling reqwest v0.12.23
[INFO] [stdout] warning: trailing semicolon in macro used in expression position
[INFO] [stdout]    --> src/concuring.rs:218:56
[INFO] [stdout]     |
[INFO] [stdout] 218 |             heapless::index_map::Entry::Occupied(_) => bail!("duplicate flow_id: {}", flow_id),
[INFO] [stdout]     |                                                        ^^^^^^^^^^^^^^^^^^^^^^^^^^^^^^^^^^^^^^^
[INFO] [stdout]     |
[INFO] [stdout]     = warning: this was previously accepted by the compiler but is being phased out; it will become a hard error in a future release!
[INFO] [stdout]     = note: for more information, see issue #79813 <https://github.com/rust-lang/rust/issues/79813>
[INFO] [stdout]     = note: `#[warn(semicolon_in_expressions_from_non_local_macros)]` (part of `#[warn(future_incompatible)]`) on by default
[INFO] [stdout]     = note: this warning originates in the macro `bail` (in Nightly builds, run with -Z macro-backtrace for more info)
[INFO] [stdout] 
[INFO] [stdout] 
[INFO] [stdout] warning: trailing semicolon in macro used in expression position
[INFO] [stdout]    --> src/concuring.rs:610:38
[INFO] [stdout]     |
[INFO] [stdout] 610 |         httparse::Status::Partial => bail!("incomplete HTTP response"),
[INFO] [stdout]     |                                      ^^^^^^^^^^^^^^^^^^^^^^^^^^^^^^^^^
[INFO] [stdout]     |
[INFO] [stdout]     = warning: this was previously accepted by the compiler but is being phased out; it will become a hard error in a future release!
[INFO] [stdout]     = note: for more information, see issue #79813 <https://github.com/rust-lang/rust/issues/79813>
[INFO] [stdout]     = note: this warning originates in the macro `bail` (in Nightly builds, run with -Z macro-backtrace for more info)
[INFO] [stdout] 
[INFO] [stdout] 
[INFO] [stdout] warning: trailing semicolon in macro used in expression position
[INFO] [stdout]    --> src/concuring.rs:218:56
[INFO] [stdout]     |
[INFO] [stdout] 218 |             heapless::index_map::Entry::Occupied(_) => bail!("duplicate flow_id: {}", flow_id),
[INFO] [stdout]     |                                                        ^^^^^^^^^^^^^^^^^^^^^^^^^^^^^^^^^^^^^^^
[INFO] [stdout]     |
[INFO] [stdout]     = warning: this was previously accepted by the compiler but is being phased out; it will become a hard error in a future release!
[INFO] [stdout]     = note: for more information, see issue #79813 <https://github.com/rust-lang/rust/issues/79813>
[INFO] [stdout]     = note: `#[warn(semicolon_in_expressions_from_non_local_macros)]` (part of `#[warn(future_incompatible)]`) on by default
[INFO] [stdout]     = note: this warning originates in the macro `bail` (in Nightly builds, run with -Z macro-backtrace for more info)
[INFO] [stdout] 
[INFO] [stdout] 
[INFO] [stdout] warning: trailing semicolon in macro used in expression position
[INFO] [stdout]    --> src/concuring.rs:610:38
[INFO] [stdout]     |
[INFO] [stdout] 610 |         httparse::Status::Partial => bail!("incomplete HTTP response"),
[INFO] [stdout]     |                                      ^^^^^^^^^^^^^^^^^^^^^^^^^^^^^^^^^
[INFO] [stdout]     |
[INFO] [stdout]     = warning: this was previously accepted by the compiler but is being phased out; it will become a hard error in a future release!
[INFO] [stdout]     = note: for more information, see issue #79813 <https://github.com/rust-lang/rust/issues/79813>
[INFO] [stdout]     = note: this warning originates in the macro `bail` (in Nightly builds, run with -Z macro-backtrace for more info)
[INFO] [stdout] 
[INFO] [stdout] 
[INFO] [stderr]     Finished `release` profile [optimized] target(s) in 4m 01s
[INFO] running `Command { std: "docker" "inspect" "cf498778d6257f0127b7f0cd26543cc8ff648fd0fda570c76a8072b3b11cbff7", kill_on_drop: false }`
[INFO] running `Command { std: "docker" "exec" "-e" "SOURCE_DIR=/opt/rustwide/workdir" "-e" "CARGO_HOME=/opt/rustwide/cargo-home" "-e" "RUSTUP_HOME=/opt/rustwide/rustup-home" "-e" "CARGO_TARGET_DIR=/opt/rustwide/target" "-e" "CARGO_INCREMENTAL=0" "-e" "RUST_BACKTRACE=full" "-e" "RUSTFLAGS=--cap-lints=warn" "-e" "RUSTDOCFLAGS=--cap-lints=warn" "-w" "/opt/rustwide/workdir" "--user" "0:0" "cf498778d6257f0127b7f0cd26543cc8ff648fd0fda570c76a8072b3b11cbff7" "/opt/rustwide/cargo-home/bin/cargo" "+1.99.0-beta.8" "test" "--frozen" "--release", kill_on_drop: false }`
[INFO] [stderr] warning: trailing semicolon in macro used in expression position
[INFO] [stderr]    --> src/concuring.rs:218:56
[INFO] [stderr]     |
[INFO] [stderr] 218 |             heapless::index_map::Entry::Occupied(_) => bail!("duplicate flow_id: {}", flow_id),
[INFO] [stderr]     |                                                        ^^^^^^^^^^^^^^^^^^^^^^^^^^^^^^^^^^^^^^^
[INFO] [stderr]     |
[INFO] [stderr]     = warning: this was previously accepted by the compiler but is being phased out; it will become a hard error in a future release!
[INFO] [stderr]     = note: for more information, see issue #79813 <https://github.com/rust-lang/rust/issues/79813>
[INFO] [stderr]     = note: `#[warn(semicolon_in_expressions_from_non_local_macros)]` (part of `#[warn(future_incompatible)]`) on by default
[INFO] [stderr]     = note: this warning originates in the macro `bail` (in Nightly builds, run with -Z macro-backtrace for more info)
[INFO] [stderr] 
[INFO] [stderr] warning: trailing semicolon in macro used in expression position
[INFO] [stderr]    --> src/concuring.rs:610:38
[INFO] [stderr]     |
[INFO] [stderr] 610 |         httparse::Status::Partial => bail!("incomplete HTTP response"),
[INFO] [stderr]     |                                      ^^^^^^^^^^^^^^^^^^^^^^^^^^^^^^^^^
[INFO] [stderr]     |
[INFO] [stderr]     = warning: this was previously accepted by the compiler but is being phased out; it will become a hard error in a future release!
[INFO] [stderr]     = note: for more information, see issue #79813 <https://github.com/rust-lang/rust/issues/79813>
[INFO] [stderr]     = note: this warning originates in the macro `bail` (in Nightly builds, run with -Z macro-backtrace for more info)
[INFO] [stderr] 
[INFO] [stderr] warning: `concuring` (lib) generated 2 warnings
[INFO] [stderr] warning: `concuring` (bin "concuring") generated 2 warnings (2 duplicates)
[INFO] [stderr] warning: `concuring` (bin "concuring" test) generated 2 warnings (2 duplicates)
[INFO] [stderr] warning: `concuring` (lib test) generated 2 warnings (2 duplicates)
[INFO] [stderr]     Finished `release` profile [optimized] target(s) in 0.41s
[INFO] [stderr]      Running unittests src/lib.rs (/opt/rustwide/target/release/deps/concuring-a3b84536f200ffc7)
[INFO] [stdout] 
[INFO] [stdout] running 29 tests
[INFO] [stdout] test request::tests::test_build_with_empty_body ... ok
[INFO] [stdout] test request::tests::test_build_with_body ... ok
[INFO] [stdout] test request::tests::test_invalid_url ... ok
[INFO] [stdout] test request::tests::test_tcp_http_request ... ok
[INFO] [stdout] test request::tests::test_tcp_connection_values ... ok
[INFO] [stdout] test request::tests::test_header_value_individual_control_characters ... ok
[INFO] [stdout] test request::tests::test_append_invalid_header_name ... ok
[INFO] [stdout] test request::tests::test_unix_socket_edge_case_paths ... ok
[INFO] [stdout] test request::tests::test_tcp_http_request_with_port_default ... ok
[INFO] [stdout] test request::tests::test_malformed_urls ... ok
[INFO] [stdout] test request::tests::test_tcp_http_request_root_path ... ok
[INFO] [stdout] test request::tests::test_tcp_connection_default_port ... ok
[INFO] [stdout] test request::tests::test_append_multiple_headers ... ok
[INFO] [stdout] test request::tests::test_append_single_header ... ok
[INFO] [stdout] test request::tests::test_build_without_body ... ok
[INFO] [stdout] test request::tests::test_tcp_http_request_with_port ... ok
[INFO] [stdout] test request::tests::test_append_invalid_header_value ... ok
[INFO] [stdout] test request::tests::test_non_supported_scheme ... ok
[INFO] [stdout] test request::tests::test_header_name_valid_special_characters ... ok
[INFO] [stdout] test request::tests::test_unix_socket_request ... ok
[INFO] [stdout] test request::tests::test_header_value_valid_whitespace ... ok
[INFO] [stdout] test request::tests::test_uds_with_host_error ... ok
[INFO] [stdout] test request::tests::test_header_name_invalid_characters ... ok
[INFO] [stdout] test request::tests::test_complete_request_flow ... ok
[INFO] [stdout] test request::tests::test_unix_socket_request_resource ... ok
[INFO] [stdout] test request::tests::test_url_with_fragment ... ok
[INFO] [stdout] test request::tests::test_url_with_query_parameters ... ok
[INFO] [stdout] test request::tests::test_unix_socket_request_complex_resource ... ok
[INFO] [stderr]      Running unittests src/main.rs (/opt/rustwide/target/release/deps/concuring-f08d1fc0c3d72028)
[INFO] [stdout] test request::tests::test_url_with_query_and_fragment ... ok
[INFO] [stdout] 
[INFO] [stdout] test result: ok. 29 passed; 0 failed; 0 ignored; 0 measured; 0 filtered out; finished in 0.09s
[INFO] [stdout] 
[INFO] [stdout] 
[INFO] [stdout] running 29 tests
[INFO] [stdout] test request::tests::test_append_invalid_header_value ... ok
[INFO] [stdout] test request::tests::test_build_with_empty_body ... ok
[INFO] [stdout] test request::tests::test_append_single_header ... ok
[INFO] [stdout] test request::tests::test_build_without_body ... ok
[INFO] [stdout] test request::tests::test_header_name_invalid_characters ... ok
[INFO] [stdout] test request::tests::test_header_value_individual_control_characters ... ok
[INFO] [stdout] test request::tests::test_non_supported_scheme ... ok
[INFO] [stdout] test request::tests::test_header_name_valid_special_characters ... ok
[INFO] [stderr]      Running tests/conclient.rs (/opt/rustwide/target/release/deps/conclient-ae99002cb677af09)
[INFO] [stdout] test request::tests::test_header_value_valid_whitespace ... ok
[INFO] [stdout] test request::tests::test_tcp_connection_default_port ... ok
[INFO] [stdout] test request::tests::test_tcp_http_request_root_path ... ok
[INFO] [stdout] test request::tests::test_unix_socket_edge_case_paths ... ok
[INFO] [stdout] test request::tests::test_invalid_url ... ok
[INFO] [stdout] test request::tests::test_tcp_http_request_with_port ... ok
[INFO] [stdout] test request::tests::test_tcp_http_request_with_port_default ... ok
[INFO] [stdout] test request::tests::test_build_with_body ... ok
[INFO] [stdout] test request::tests::test_uds_with_host_error ... ok
[INFO] [stdout] test request::tests::test_complete_request_flow ... ok
[INFO] [stdout] test request::tests::test_tcp_connection_values ... ok
[INFO] [stdout] test request::tests::test_url_with_query_and_fragment ... ok
[INFO] [stdout] test request::tests::test_url_with_query_parameters ... ok
[INFO] [stdout] test request::tests::test_tcp_http_request ... ok
[INFO] [stdout] test request::tests::test_url_with_fragment ... ok
[INFO] [stdout] test request::tests::test_unix_socket_request ... ok
[INFO] [stdout] test request::tests::test_append_multiple_headers ... ok
[INFO] [stdout] test request::tests::test_malformed_urls ... ok
[INFO] [stdout] test request::tests::test_append_invalid_header_name ... ok
[INFO] [stdout] test request::tests::test_unix_socket_request_complex_resource ... ok
[INFO] [stdout] test request::tests::test_unix_socket_request_resource ... ok
[INFO] [stdout] 
[INFO] [stdout] test result: ok. 29 passed; 0 failed; 0 ignored; 0 measured; 0 filtered out; finished in 0.01s
[INFO] [stdout] 
[INFO] [stdout] 
[INFO] [stdout] running 3 tests
[INFO] [stdout] test tests::test_hello_name_endpoint ... FAILED
[INFO] [stdout] test tests::test_concurrent_barrier ... FAILED
[INFO] [stdout] test server::tests::test_hello_name_endpoint ... ok
[INFO] [stdout] 
[INFO] [stdout] failures:
[INFO] [stdout] 
[INFO] [stdout] ---- tests::test_hello_name_endpoint stdout ----
[INFO] [stdout] 
[INFO] [stdout] thread 'tests::test_hello_name_endpoint' (14329) panicked at tests/conclient.rs:37:52:
[INFO] [stdout] called `Result::unwrap()` on an `Err` value: Operation not permitted (os error 1)
[INFO] [stdout] 
[INFO] [stdout] Location:
[INFO] [stdout]     src/concuring.rs:185:19
[INFO] [stdout] stack backtrace:
[INFO] [stdout]    0:     0x616c4ee167a1 - <<std[70759c8f55707aa4]::sys::backtrace::BacktraceLock>::print::DisplayBacktrace as core[df12db4294e9bfd3]::fmt::Display>::fmt
[INFO] [stdout]    1:     0x616c4ee2d5ea - core[df12db4294e9bfd3]::fmt::write
[INFO] [stdout]    2:     0x616c4ee1bdfc - <alloc[2182bb758b4b3781]::vec::Vec<u8> as core[df12db4294e9bfd3]::io::write::Write>::write_fmt
[INFO] [stdout]    3:     0x616c4edefc16 - std[70759c8f55707aa4]::panicking::default_hook::{closure#0}
[INFO] [stdout]    4:     0x616c4ee0dda9 - std[70759c8f55707aa4]::panicking::default_hook
[INFO] [stdout]    5:     0x616c4ed4faa0 - test[9d35eded1c95d3be]::test_main_inner::<test[9d35eded1c95d3be]::test_main_static::{closure#0}>::{closure#0}
[INFO] [stdout]    6:     0x616c4ee0e0d2 - std[70759c8f55707aa4]::panicking::panic_with_hook
[INFO] [stdout]    7:     0x616c4edefcc2 - std[70759c8f55707aa4]::panicking::panic_handler::{closure#0}
[INFO] [stdout]    8:     0x616c4ede82b9 - std[70759c8f55707aa4]::sys::backtrace::__rust_end_short_backtrace::<std[70759c8f55707aa4]::panicking::panic_handler::{closure#0}, !>
[INFO] [stdout]    9:     0x616c4edf0bbd - __rustc[8fa7c3cbc660c2b3]::rust_begin_unwind
[INFO] [stdout]   10:     0x616c4ee2dd4c - core[df12db4294e9bfd3]::panicking::panic_fmt
[INFO] [stdout]   11:     0x616c4ee2db22 - core[df12db4294e9bfd3]::result::unwrap_failed
[INFO] [stdout]   12:     0x616c4e8b152e - conclient[cdb6d31b6dd0c67f]::tests::test_hello_name_endpoint
[INFO] [stdout]   13:     0x616c4e8c4b79 - <conclient[cdb6d31b6dd0c67f]::tests::test_hello_name_endpoint::{closure#0} as core[df12db4294e9bfd3]::ops::function::FnOnce<()>>::call_once
[INFO] [stdout]   14:     0x616c4ed42d8b - test[9d35eded1c95d3be]::__rust_begin_short_backtrace::<core[df12db4294e9bfd3]::result::Result<(), alloc[2182bb758b4b3781]::string::String>, fn() -> core[df12db4294e9bfd3]::result::Result<(), alloc[2182bb758b4b3781]::string::String>>
[INFO] [stdout]   15:     0x616c4ed503f5 - test[9d35eded1c95d3be]::run_test::{closure#0}
[INFO] [stdout]   16:     0x616c4ed49cb4 - std[70759c8f55707aa4]::sys::backtrace::__rust_begin_short_backtrace::<test[9d35eded1c95d3be]::run_test::{closure#1}, ()>
[INFO] [stdout]   17:     0x616c4ed53552 - <std[70759c8f55707aa4]::thread::lifecycle::spawn_unchecked<test[9d35eded1c95d3be]::run_test::{closure#1}, ()>::{closure#1} as core[df12db4294e9bfd3]::ops::function::FnOnce<()>>::call_once::{shim:vtable#0}
[INFO] [stdout]   18:     0x616c4ee15cc9 - <std[70759c8f55707aa4]::sys::thread::unix::Thread>::new::thread_start
[INFO] [stdout]   19:     0x77f34110cdfa - <unknown>
[INFO] [stdout]   20:     0x77f3411a03d4 - clone
[INFO] [stdout]   21:                0x0 - <unknown>
[INFO] [stdout] 
[INFO] [stdout] ---- tests::test_concurrent_barrier stdout ----
[INFO] [stdout] 
[INFO] [stdout] thread 'tests::test_concurrent_barrier' (14328) panicked at tests/conclient.rs:108:52:
[INFO] [stdout] called `Result::unwrap()` on an `Err` value: Operation not permitted (os error 1)
[INFO] [stdout] 
[INFO] [stdout] Location:
[INFO] [stdout]     src/concuring.rs:185:19
[INFO] [stdout] stack backtrace:
[INFO] [stdout]    0:     0x616c4ee167a1 - <<std[70759c8f55707aa4]::sys::backtrace::BacktraceLock>::print::DisplayBacktrace as core[df12db4294e9bfd3]::fmt::Display>::fmt
[INFO] [stdout]    1:     0x616c4ee2d5ea - core[df12db4294e9bfd3]::fmt::write
[INFO] [stdout]    2:     0x616c4ee1bdfc - <alloc[2182bb758b4b3781]::vec::Vec<u8> as core[df12db4294e9bfd3]::io::write::Write>::write_fmt
[INFO] [stdout]    3:     0x616c4edefc16 - std[70759c8f55707aa4]::panicking::default_hook::{closure#0}
[INFO] [stdout]    4:     0x616c4ee0dda9 - std[70759c8f55707aa4]::panicking::default_hook
[INFO] [stdout]    5:     0x616c4ed4faa0 - test[9d35eded1c95d3be]::test_main_inner::<test[9d35eded1c95d3be]::test_main_static::{closure#0}>::{closure#0}
[INFO] [stdout]    6:     0x616c4ee0e0d2 - std[70759c8f55707aa4]::panicking::panic_with_hook
[INFO] [stdout]    7:     0x616c4edefcc2 - std[70759c8f55707aa4]::panicking::panic_handler::{closure#0}
[INFO] [stdout]    8:     0x616c4ede82b9 - std[70759c8f55707aa4]::sys::backtrace::__rust_end_short_backtrace::<std[70759c8f55707aa4]::panicking::panic_handler::{closure#0}, !>
[INFO] [stdout]    9:     0x616c4edf0bbd - __rustc[8fa7c3cbc660c2b3]::rust_begin_unwind
[INFO] [stdout]   10:     0x616c4ee2dd4c - core[df12db4294e9bfd3]::panicking::panic_fmt
[INFO] [stdout]   11:     0x616c4ee2db22 - core[df12db4294e9bfd3]::result::unwrap_failed
[INFO] [stdout]   12:     0x616c4e8b0658 - conclient[cdb6d31b6dd0c67f]::tests::test_concurrent_barrier
[INFO] [stdout]   13:     0x616c4e8c4b59 - <conclient[cdb6d31b6dd0c67f]::tests::test_concurrent_barrier::{closure#0} as core[df12db4294e9bfd3]::ops::function::FnOnce<()>>::call_once
[INFO] [stdout]   14:     0x616c4ed42d8b - test[9d35eded1c95d3be]::__rust_begin_short_backtrace::<core[df12db4294e9bfd3]::result::Result<(), alloc[2182bb758b4b3781]::string::String>, fn() -> core[df12db4294e9bfd3]::result::Result<(), alloc[2182bb758b4b3781]::string::String>>
[INFO] [stdout]   15:     0x616c4ed503f5 - test[9d35eded1c95d3be]::run_test::{closure#0}
[INFO] [stdout]   16:     0x616c4ed49cb4 - std[70759c8f55707aa4]::sys::backtrace::__rust_begin_short_backtrace::<test[9d35eded1c95d3be]::run_test::{closure#1}, ()>
[INFO] [stdout]   17:     0x616c4ed53552 - <std[70759c8f55707aa4]::thread::lifecycle::spawn_unchecked<test[9d35eded1c95d3be]::run_test::{closure#1}, ()>::{closure#1} as core[df12db4294e9bfd3]::ops::function::FnOnce<()>>::call_once::{shim:vtable#0}
[INFO] [stdout]   18:     0x616c4ee15cc9 - <std[70759c8f55707aa4]::sys::thread::unix::Thread>::new::thread_start
[INFO] [stdout]   19:     0x77f34110cdfa - <unknown>
[INFO] [stdout]   20:     0x77f3411a03d4 - clone
[INFO] [stdout]   21:                0x0 - <unknown>
[INFO] [stdout] 
[INFO] [stdout] 
[INFO] [stdout] failures:
[INFO] [stdout]     tests::test_concurrent_barrier
[INFO] [stdout]     tests::test_hello_name_endpoint
[INFO] [stdout] 
[INFO] [stdout] test result: FAILED. 1 passed; 2 failed; 0 ignored; 0 measured; 0 filtered out; finished in 0.11s
[INFO] [stdout] 
[INFO] [stderr] error: test failed, to rerun pass `--test conclient`
[INFO] running `Command { std: "docker" "inspect" "cf498778d6257f0127b7f0cd26543cc8ff648fd0fda570c76a8072b3b11cbff7", kill_on_drop: false }`
[INFO] running `Command { std: "docker" "rm" "-f" "cf498778d6257f0127b7f0cd26543cc8ff648fd0fda570c76a8072b3b11cbff7", kill_on_drop: false }`
[INFO] [stdout] cf498778d6257f0127b7f0cd26543cc8ff648fd0fda570c76a8072b3b11cbff7
