[INFO] fetching crate concryptor 1.0.5...
[INFO] testing concryptor-1.0.5 against 1.100.0-beta.1+cargoflags=--release for beta-release-1.100-2
[INFO] extracting crate concryptor 1.0.5 into /workspace/builds/worker-0-tc2/source
[INFO] started tweaking crates.io crate concryptor 1.0.5
[INFO] removed 0 missing tests
[INFO] finished tweaking crates.io crate concryptor 1.0.5
[INFO] tweaked toml for crates.io crate concryptor 1.0.5 written to /workspace/builds/worker-0-tc2/source/Cargo.toml
[INFO] validating manifest of crates.io crate concryptor 1.0.5 on toolchain 1.100.0-beta.1
[INFO] running `Command { std: CARGO_HOME="/workspace/cargo-home" RUSTUP_HOME="/workspace/rustup-home" "/workspace/cargo-home/bin/cargo" "+1.100.0-beta.1" "metadata" "--manifest-path" "Cargo.toml" "--no-deps", kill_on_drop: false }`
[INFO] crate crates.io crate concryptor 1.0.5 already has a lockfile, it will not be regenerated
[INFO] running `Command { std: CARGO_HOME="/workspace/cargo-home" RUSTUP_HOME="/workspace/rustup-home" "/workspace/cargo-home/bin/cargo" "+1.100.0-beta.1" "fetch" "--manifest-path" "Cargo.toml", kill_on_drop: false }`
[INFO] running `Command { std: "docker" "create" "-v" "/var/lib/crater-agent-workspace/builds/worker-0-tc2/source:/opt/rustwide/workdir:ro,Z" "-v" "/var/lib/crater-agent-workspace/builds/worker-0-tc2/target:/opt/rustwide/target:rw,Z" "-v" "/var/lib/crater-agent-workspace/cargo-home:/opt/rustwide/cargo-home:ro,Z" "-v" "/var/lib/crater-agent-workspace/rustup-home:/opt/rustwide/rustup-home:ro,Z" "-m" "1610612736" "--network" "none" "ghcr.io/rust-lang/crates-build-env/linux@sha256:77db811e55d90add9212f6832c23229e3de5f1c1f9905e8cb07319ea15df73ac" "sleep" "infinity", kill_on_drop: false }`
[INFO] [stdout] 366bbb496ef9d141220fcfebacc168de353997f09718606acf56db3c7e74d295
[INFO] running `Command { std: "docker" "start" "366bbb496ef9d141220fcfebacc168de353997f09718606acf56db3c7e74d295", kill_on_drop: false }`
[INFO] running `Command { std: "docker" "inspect" "366bbb496ef9d141220fcfebacc168de353997f09718606acf56db3c7e74d295", kill_on_drop: false }`
[INFO] running `Command { std: "docker" "exec" "-e" "SOURCE_DIR=/opt/rustwide/workdir" "-e" "CARGO_HOME=/opt/rustwide/cargo-home" "-e" "RUSTUP_HOME=/opt/rustwide/rustup-home" "-e" "CARGO_TARGET_DIR=/opt/rustwide/target" "-w" "/opt/rustwide/workdir" "--user" "0:0" "366bbb496ef9d141220fcfebacc168de353997f09718606acf56db3c7e74d295" "/opt/rustwide/cargo-home/bin/cargo" "+1.100.0-beta.1" "metadata" "--no-deps" "--format-version=1", kill_on_drop: false }`
[INFO] running `Command { std: "docker" "inspect" "366bbb496ef9d141220fcfebacc168de353997f09718606acf56db3c7e74d295", kill_on_drop: false }`
[INFO] running `Command { std: "docker" "exec" "-e" "SOURCE_DIR=/opt/rustwide/workdir" "-e" "CARGO_HOME=/opt/rustwide/cargo-home" "-e" "RUSTUP_HOME=/opt/rustwide/rustup-home" "-e" "CARGO_TARGET_DIR=/opt/rustwide/target" "-e" "CARGO_INCREMENTAL=0" "-e" "RUST_BACKTRACE=full" "-e" "RUSTFLAGS=--cap-lints=warn" "-e" "RUSTDOCFLAGS=--cap-lints=warn" "-w" "/opt/rustwide/workdir" "--user" "0:0" "366bbb496ef9d141220fcfebacc168de353997f09718606acf56db3c7e74d295" "/opt/rustwide/cargo-home/bin/cargo" "+1.100.0-beta.1" "build" "--frozen" "--message-format=json" "--release", kill_on_drop: false }`
[INFO] [stderr]    Compiling typenum v1.19.0
[INFO] [stderr]    Compiling version_check v0.9.5
[INFO] [stderr]    Compiling rustix v1.1.4
[INFO] [stderr]    Compiling linux-raw-sys v0.12.1
[INFO] [stderr]    Compiling cc v1.2.56
[INFO] [stderr]    Compiling getrandom v0.4.1
[INFO] [stderr]    Compiling rand_core v0.10.0
[INFO] [stderr]    Compiling rayon-core v1.13.0
[INFO] [stderr]    Compiling base64ct v1.8.3
[INFO] [stderr]    Compiling cpufeatures v0.3.0
[INFO] [stderr]    Compiling anyhow v1.0.102
[INFO] [stderr]    Compiling crossbeam-epoch v0.9.18
[INFO] [stderr]    Compiling io-uring v0.7.11
[INFO] [stderr]    Compiling rand_core v0.6.4
[INFO] [stderr]    Compiling syn v2.0.117
[INFO] [stderr]    Compiling console v0.16.3
[INFO] [stderr]    Compiling clap_builder v4.5.60
[INFO] [stderr]    Compiling filetime v0.2.27
[INFO] [stderr]    Compiling rtoolbox v0.0.3
[INFO] [stderr]    Compiling cpufeatures v0.2.17
[INFO] [stderr]    Compiling either v1.15.0
[INFO] [stderr]    Compiling unit-prefix v0.5.2
[INFO] [stderr]    Compiling password-hash v0.5.0
[INFO] [stderr]    Compiling chacha20 v0.10.0
[INFO] [stderr]    Compiling rpassword v7.4.0
[INFO] [stderr]    Compiling generic-array v0.14.7
[INFO] [stderr]    Compiling rand v0.10.0
[INFO] [stderr]    Compiling crossbeam-deque v0.8.6
[INFO] [stderr]    Compiling indicatif v0.18.4
[INFO] [stderr]    Compiling ring v0.17.14
[INFO] [stderr]    Compiling rayon v1.11.0
[INFO] [stderr]    Compiling block-buffer v0.10.4
[INFO] [stderr]    Compiling crypto-common v0.1.7
[INFO] [stderr]    Compiling digest v0.10.7
[INFO] [stderr]    Compiling blake2 v0.10.6
[INFO] [stderr]    Compiling argon2 v0.5.3
[INFO] [stderr]    Compiling xattr v1.6.1
[INFO] [stderr]    Compiling tar v0.4.44
[INFO] [stderr]    Compiling clap_derive v4.5.55
[INFO] [stderr]    Compiling zeroize_derive v1.4.3
[INFO] [stderr]    Compiling zeroize v1.8.2
[INFO] [stderr]    Compiling clap v4.5.60
[INFO] [stderr]    Compiling concryptor v1.0.5 (/opt/rustwide/workdir)
[INFO] [stderr]     Finished `release` profile [optimized] target(s) in 41.51s
[INFO] running `Command { std: "docker" "inspect" "366bbb496ef9d141220fcfebacc168de353997f09718606acf56db3c7e74d295", kill_on_drop: false }`
[INFO] running `Command { std: "docker" "exec" "-e" "SOURCE_DIR=/opt/rustwide/workdir" "-e" "CARGO_HOME=/opt/rustwide/cargo-home" "-e" "RUSTUP_HOME=/opt/rustwide/rustup-home" "-e" "CARGO_TARGET_DIR=/opt/rustwide/target" "-e" "CARGO_INCREMENTAL=0" "-e" "RUST_BACKTRACE=full" "-e" "RUSTFLAGS=--cap-lints=warn" "-e" "RUSTDOCFLAGS=--cap-lints=warn" "-w" "/opt/rustwide/workdir" "--user" "0:0" "366bbb496ef9d141220fcfebacc168de353997f09718606acf56db3c7e74d295" "/opt/rustwide/cargo-home/bin/cargo" "+1.100.0-beta.1" "test" "--frozen" "--no-run" "--message-format=json" "--release", kill_on_drop: false }`
[INFO] [stderr]    Compiling typenum v1.19.0
[INFO] [stderr]    Compiling serde_core v1.0.228
[INFO] [stderr]    Compiling rustix v1.1.4
[INFO] [stderr]    Compiling zerocopy v0.8.40
[INFO] [stderr]    Compiling either v1.15.0
[INFO] [stderr]    Compiling serde v1.0.228
[INFO] [stderr]    Compiling zerocopy-derive v0.8.40
[INFO] [stderr]    Compiling serde_derive v1.0.228
[INFO] [stderr]    Compiling num-traits v0.2.19
[INFO] [stderr]    Compiling alloca v0.4.0
[INFO] [stderr]    Compiling plotters-backend v0.3.7
[INFO] [stderr]    Compiling ciborium-io v0.2.2
[INFO] [stderr]    Compiling regex-syntax v0.8.10
[INFO] [stderr]    Compiling memchr v2.8.0
[INFO] [stderr]    Compiling cast v0.3.0
[INFO] [stderr]    Compiling const-oid v0.10.2
[INFO] [stderr]    Compiling same-file v1.0.6
[INFO] [stderr]    Compiling walkdir v2.5.0
[INFO] [stderr]    Compiling page_size v0.6.0
[INFO] [stderr]    Compiling rayon v1.11.0
[INFO] [stderr]    Compiling itertools v0.13.0
[INFO] [stderr]    Compiling fastrand v2.3.0
[INFO] [stderr]    Compiling oorandom v11.1.5
[INFO] [stderr]    Compiling once_cell v1.21.3
[INFO] [stderr]    Compiling plotters-svg v0.3.7
[INFO] [stderr]    Compiling anes v0.1.6
[INFO] [stderr]    Compiling xattr v1.6.1
[INFO] [stderr]    Compiling tempfile v3.26.0
[INFO] [stderr]    Compiling tar v0.4.44
[INFO] [stderr]    Compiling generic-array v0.14.7
[INFO] [stderr]    Compiling hybrid-array v0.4.10
[INFO] [stderr]    Compiling plotters v0.3.7
[INFO] [stderr]    Compiling crypto-common v0.2.1
[INFO] [stderr]    Compiling block-buffer v0.12.0
[INFO] [stderr]    Compiling block-buffer v0.10.4
[INFO] [stderr]    Compiling crypto-common v0.1.7
[INFO] [stderr]    Compiling digest v0.10.7
[INFO] [stderr]    Compiling regex-automata v0.4.14
[INFO] [stderr]    Compiling criterion-plot v0.8.2
[INFO] [stderr]    Compiling blake2 v0.10.6
[INFO] [stderr]    Compiling argon2 v0.5.3
[INFO] [stderr]    Compiling serde_json v1.0.149
[INFO] [stderr]    Compiling digest v0.11.2
[INFO] [stderr]    Compiling sha2 v0.11.0
[INFO] [stderr]    Compiling concryptor v1.0.5 (/opt/rustwide/workdir)
[INFO] [stderr]    Compiling tinytemplate v1.2.1
[INFO] [stderr]    Compiling regex v1.12.3
[INFO] [stderr]    Compiling half v2.7.1
[INFO] [stderr]    Compiling ciborium-ll v0.2.2
[INFO] [stderr]    Compiling ciborium v0.2.2
[INFO] [stderr]    Compiling criterion v0.8.2
[INFO] [stderr]     Finished `release` profile [optimized] target(s) in 59.82s
[INFO] running `Command { std: "docker" "inspect" "366bbb496ef9d141220fcfebacc168de353997f09718606acf56db3c7e74d295", kill_on_drop: false }`
[INFO] running `Command { std: "docker" "exec" "-e" "SOURCE_DIR=/opt/rustwide/workdir" "-e" "CARGO_HOME=/opt/rustwide/cargo-home" "-e" "RUSTUP_HOME=/opt/rustwide/rustup-home" "-e" "CARGO_TARGET_DIR=/opt/rustwide/target" "-e" "CARGO_INCREMENTAL=0" "-e" "RUST_BACKTRACE=full" "-e" "RUSTFLAGS=--cap-lints=warn" "-e" "RUSTDOCFLAGS=--cap-lints=warn" "-w" "/opt/rustwide/workdir" "--user" "0:0" "366bbb496ef9d141220fcfebacc168de353997f09718606acf56db3c7e74d295" "/opt/rustwide/cargo-home/bin/cargo" "+1.100.0-beta.1" "test" "--frozen" "--release", kill_on_drop: false }`
[INFO] [stderr]     Finished `release` profile [optimized] target(s) in 0.17s
[INFO] [stderr]      Running unittests src/lib.rs (/opt/rustwide/target/release/build/concryptor/add0ccbb581ae8f5/out/concryptor-add0ccbb581ae8f5)
[INFO] [stdout] 
[INFO] [stdout] running 6 tests
[INFO] [stdout] test archive::tests::stays_within_deep_backref ... ok
[INFO] [stdout] test archive::tests::stays_within_root_sibling ... ok
[INFO] [stdout] test archive::tests::escapes_relative_traversal ... ok
[INFO] [stdout] test archive::tests::escapes_deep_traversal ... ok
[INFO] [stdout] test archive::tests::escapes_absolute_target ... ok
[INFO] [stdout] test archive::tests::stays_within_root_same_dir ... ok
[INFO] [stdout] 
[INFO] [stdout] test result: ok. 6 passed; 0 failed; 0 ignored; 0 measured; 0 filtered out; finished in 0.00s
[INFO] [stdout] 
[INFO] [stderr]      Running unittests src/main.rs (/opt/rustwide/target/release/build/concryptor/c2a71cc7a797e050/out/concryptor-c2a71cc7a797e050)
[INFO] [stdout] 
[INFO] [stdout] running 6 tests
[INFO] [stdout] test archive::tests::escapes_relative_traversal ... ok
[INFO] [stdout] test archive::tests::stays_within_deep_backref ... ok
[INFO] [stdout] test archive::tests::escapes_absolute_target ... ok
[INFO] [stdout] test archive::tests::escapes_deep_traversal ... ok
[INFO] [stdout] test archive::tests::stays_within_root_same_dir ... ok
[INFO] [stdout] test archive::tests::stays_within_root_sibling ... ok
[INFO] [stdout] 
[INFO] [stdout] test result: ok. 6 passed; 0 failed; 0 ignored; 0 measured; 0 filtered out; finished in 0.00s
[INFO] [stdout] 
[INFO] [stderr]      Running tests/integration.rs (/opt/rustwide/target/release/build/concryptor/4812bd778942a15b/out/integration-4812bd778942a15b)
[INFO] [stdout] 
[INFO] [stdout] running 55 tests
[INFO] [stdout] test archive_pack_rejects_non_directory ... ok
[INFO] [stdout] test archive_pack_unpack_roundtrip ... ok
[INFO] [stdout] test archive_rejects_absolute_symlink_target ... ok
[INFO] [stdout] test archive_preserves_valid_symlinks ... ok
[INFO] [stdout] test archive_temp_file_cleanup ... ok
[INFO] [stdout] test archive_rejects_escaping_symlink ... ok
[INFO] [stdout] test chacha_roundtrip_empty_file ... FAILED
[INFO] [stdout] test archive_encrypt_decrypt_roundtrip_aes ... FAILED
[INFO] [stdout] test aes_roundtrip_empty_file ... FAILED
[INFO] [stdout] test archive_binary_content_roundtrip ... FAILED
[INFO] [stdout] test aes_roundtrip_1_byte ... FAILED
[INFO] [stdout] test aes_roundtrip_small_chunk_size ... FAILED
[INFO] [stdout] test aes_roundtrip_chunk_boundary_plus_one ... FAILED
[INFO] [stdout] test archive_nested_directories ... FAILED
[INFO] [stdout] test derive_nonce_index_zero_preserves_base ... ok
[INFO] [stdout] test derive_nonce_unique_per_index ... ok
[INFO] [stdout] test chacha_roundtrip_multi_chunk ... FAILED
[INFO] [stdout] test aes_roundtrip_pattern_data ... FAILED
[INFO] [stdout] test chacha_roundtrip_small_chunks ... FAILED
[INFO] [stdout] test aes_roundtrip_exactly_one_chunk ... FAILED
[INFO] [stdout] test aes_roundtrip_chunk_boundary_minus_one ... FAILED
[INFO] [stdout] test archive_wrong_password_fails ... FAILED
[INFO] [stdout] test header_deserialize_rejects_short_buffer ... ok
[INFO] [stdout] test header_deserialize_rejects_bad_magic ... ok
[INFO] [stdout] test header_num_chunks_with_remainder ... ok
[INFO] [stdout] test archive_empty_directory ... FAILED
[INFO] [stdout] test header_serialize_deserialize_roundtrip ... ok
[INFO] [stdout] test archive_many_files ... FAILED
[INFO] [stdout] test header_num_chunks_exact_multiple ... ok
[INFO] [stdout] test header_output_size_calculation ... ok
[INFO] [stdout] test header_output_size_empty_file ... ok
[INFO] [stdout] test archive_encrypt_decrypt_roundtrip_chacha ... FAILED
[INFO] [stdout] test aes_roundtrip_multi_chunk ... FAILED
[INFO] [stdout] test chunk_swap_attack_detected ... FAILED
[INFO] [stdout] test cipher_type_mismatch_fails ... FAILED
[INFO] [stdout] test encrypted_file_has_correct_size ... FAILED
[INFO] [stdout] test encryption_is_non_deterministic ... FAILED
[INFO] [stdout] test tampered_tag_detected ... FAILED
[INFO] [stdout] test encrypted_file_header_readable ... FAILED
[INFO] [stdout] test tampered_header_salt_detected ... FAILED
[INFO] [stdout] test modified_chunk_size_in_header_detected ... FAILED
[INFO] [stdout] test tampered_ciphertext_detected ... FAILED
[INFO] [stdout] test derive_key_deterministic ... ok
[INFO] [stdout] test derive_key_different_password_yields_different_key ... ok
[INFO] [stdout] test failed_decrypt_removes_output ... FAILED
[INFO] [stdout] test derive_key_different_salt_yields_different_key ... ok
[INFO] [stdout] test tampered_kdf_params_in_header_detected ... FAILED
[INFO] [stdout] test many_small_chunks ... FAILED
[INFO] [stdout] test truncation_attack_modify_original_size_detected ... FAILED
[INFO] [stdout] test wrong_password_fails_chacha ... FAILED
[INFO] [stdout] test tampered_reserved_header_bytes_detected ... FAILED
[INFO] [stdout] test tampered_padding_detected ... FAILED
[INFO] [stdout] test truncated_file_detected ... FAILED
[INFO] [stdout] test truncation_attack_remove_last_chunk_detected ... FAILED
[INFO] [stdout] test wrong_password_fails_aes ... FAILED
[INFO] [stdout] 
[INFO] [stdout] failures:
[INFO] [stdout] 
[INFO] [stdout] ---- chacha_roundtrip_empty_file stdout ----
[INFO] [stdout] Deriving key with Argon2id (64 MiB, 3 iterations)...
[INFO] [stdout] 
[INFO] [stdout] thread 'chacha_roundtrip_empty_file' (1643) panicked at tests/integration.rs:67:6:
[INFO] [stdout] encrypt failed: failed to create io_uring instance
[INFO] [stdout] 
[INFO] [stdout] Caused by:
[INFO] [stdout]     Operation not permitted (os error 1)
[INFO] [stdout] 
[INFO] [stdout] Stack backtrace:
[INFO] [stdout]    0: <unknown>
[INFO] [stdout]    1: <unknown>
[INFO] [stdout]    2: <unknown>
[INFO] [stdout]    3: <unknown>
[INFO] [stdout]    4: <unknown>
[INFO] [stdout]    5: <unknown>
[INFO] [stdout]    6: <unknown>
[INFO] [stdout]    7: <unknown>
[INFO] [stdout]    8: <unknown>
[INFO] [stdout]    9: <unknown>
[INFO] [stdout]   10: clone
[INFO] [stdout] stack backtrace:
[INFO] [stdout]    0:     0x5e7fd7d8cbd5 - <unknown>
[INFO] [stdout]    1:     0x5e7fd7d54f8a - <unknown>
[INFO] [stdout]    2:     0x5e7fd7d8c26b - <unknown>
[INFO] [stdout]    3:     0x5e7fd7d8bd4f - <unknown>
[INFO] [stdout]    4:     0x5e7fd7d8b97a - <unknown>
[INFO] [stdout]    5:     0x5e7fd7d8b4b5 - <unknown>
[INFO] [stdout]    6:     0x5e7fd7db2571 - <unknown>
[INFO] [stdout]    7:     0x5e7fd7db2529 - <unknown>
[INFO] [stdout]    8:     0x5e7fd7db2a2c - <unknown>
[INFO] [stdout]    9:     0x5e7fd7d54e1b - <unknown>
[INFO] [stdout]   10:     0x5e7fd7d58311 - <unknown>
[INFO] [stdout]   11:     0x5e7fd7d22171 - <unknown>
[INFO] [stdout]   12:     0x5e7fd7d2ac20 - <unknown>
[INFO] [stdout]   13:     0x5e7fd7ddc25b - <unknown>
[INFO] [stdout]   14:     0x5e7fd7dd76bf - <unknown>
[INFO] [stdout]   15:     0x5e7fd7dd713c - <unknown>
[INFO] [stdout]   16:     0x5e7fd7df56ec - <unknown>
[INFO] [stdout]   17:     0x5e7fd7db4364 - <unknown>
[INFO] [stdout]   18:     0x7b895914adfa - <unknown>
[INFO] [stdout]   19:     0x7b89591de3d4 - clone
[INFO] [stdout]   20:                0x0 - <unknown>
[INFO] [stdout] 
[INFO] [stdout] ---- archive_encrypt_decrypt_roundtrip_aes stdout ----
[INFO] [stdout] Deriving key with Argon2id (64 MiB, 3 iterations)...
[INFO] [stdout] 
[INFO] [stdout] thread 'archive_encrypt_decrypt_roundtrip_aes' (1632) panicked at tests/integration.rs:980:6:
[INFO] [stdout] encrypt failed: failed to create io_uring instance
[INFO] [stdout] 
[INFO] [stdout] Caused by:
[INFO] [stdout]     Operation not permitted (os error 1)
[INFO] [stdout] 
[INFO] [stdout] Stack backtrace:
[INFO] [stdout]    0: <unknown>
[INFO] [stdout]    1: <unknown>
[INFO] [stdout]    2: <unknown>
[INFO] [stdout]    3: <unknown>
[INFO] [stdout]    4: <unknown>
[INFO] [stdout]    5: <unknown>
[INFO] [stdout]    6: <unknown>
[INFO] [stdout]    7: <unknown>
[INFO] [stdout]    8: <unknown>
[INFO] [stdout]    9: clone
[INFO] [stdout] stack backtrace:
[INFO] [stdout]    0:     0x5e7fd7d8cbd5 - <unknown>
[INFO] [stdout]    1:     0x5e7fd7d54f8a - <unknown>
[INFO] [stdout]    2:     0x5e7fd7d8c26b - <unknown>
[INFO] [stdout]    3:     0x5e7fd7d8bd4f - <unknown>
[INFO] [stdout]    4:     0x5e7fd7d8b97a - <unknown>
[INFO] [stdout]    5:     0x5e7fd7d8b4b5 - <unknown>
[INFO] [stdout]    6:     0x5e7fd7db2571 - <unknown>
[INFO] [stdout]    7:     0x5e7fd7db2529 - <unknown>
[INFO] [stdout]    8:     0x5e7fd7db2a2c - <unknown>
[INFO] [stdout]    9:     0x5e7fd7d54e1b - <unknown>
[INFO] [stdout]   10:     0x5e7fd7d58311 - <unknown>
[INFO] [stdout]   11:     0x5e7fd7d305dd - <unknown>
[INFO] [stdout]   12:     0x5e7fd7ddc25b - <unknown>
[INFO] [stdout]   13:     0x5e7fd7dd76bf - <unknown>
[INFO] [stdout]   14:     0x5e7fd7dd713c - <unknown>
[INFO] [stdout]   15:     0x5e7fd7df56ec - <unknown>
[INFO] [stdout]   16:     0x5e7fd7db4364 - <unknown>
[INFO] [stdout]   17:     0x7b895914adfa - <unknown>
[INFO] [stdout]   18:     0x7b89591de3d4 - clone
[INFO] [stdout]   19:                0x0 - <unknown>
[INFO] [stdout] 
[INFO] [stdout] ---- aes_roundtrip_empty_file stdout ----
[INFO] [stdout] Deriving key with Argon2id (64 MiB, 3 iterations)...
[INFO] [stdout] 
[INFO] [stdout] thread 'aes_roundtrip_empty_file' (1625) panicked at tests/integration.rs:67:6:
[INFO] [stdout] encrypt failed: failed to create io_uring instance
[INFO] [stdout] 
[INFO] [stdout] Caused by:
[INFO] [stdout]     Operation not permitted (os error 1)
[INFO] [stdout] 
[INFO] [stdout] Stack backtrace:
[INFO] [stdout]    0: <unknown>
[INFO] [stdout]    1: <unknown>
[INFO] [stdout]    2: <unknown>
[INFO] [stdout]    3: <unknown>
[INFO] [stdout]    4: <unknown>
[INFO] [stdout]    5: <unknown>
[INFO] [stdout]    6: <unknown>
[INFO] [stdout]    7: <unknown>
[INFO] [stdout]    8: <unknown>
[INFO] [stdout]    9: <unknown>
[INFO] [stdout]   10: clone
[INFO] [stdout] stack backtrace:
[INFO] [stdout]    0:     0x5e7fd7d8cbd5 - <unknown>
[INFO] [stdout]    1:     0x5e7fd7d54f8a - <unknown>
[INFO] [stdout]    2:     0x5e7fd7d8c26b - <unknown>
[INFO] [stdout]    3:     0x5e7fd7d8bd4f - <unknown>
[INFO] [stdout]    4:     0x5e7fd7d8b97a - <unknown>
[INFO] [stdout]    5:     0x5e7fd7d8b4b5 - <unknown>
[INFO] [stdout]    6:     0x5e7fd7db2571 - <unknown>
[INFO] [stdout]    7:     0x5e7fd7db2529 - <unknown>
[INFO] [stdout]    8:     0x5e7fd7db2a2c - <unknown>
[INFO] [stdout]    9:     0x5e7fd7d54e1b - <unknown>
[INFO] [stdout]   10:     0x5e7fd7d58311 - <unknown>
[INFO] [stdout]   11:     0x5e7fd7d22171 - <unknown>
[INFO] [stdout]   12:     0x5e7fd7d27d92 - <unknown>
[INFO] [stdout]   13:     0x5e7fd7ddc25b - <unknown>
[INFO] [stdout]   14:     0x5e7fd7dd76bf - <unknown>
[INFO] [stdout]   15:     0x5e7fd7dd713c - <unknown>
[INFO] [stdout]   16:     0x5e7fd7df56ec - <unknown>
[INFO] [stdout]   17:     0x5e7fd7db4364 - <unknown>
[INFO] [stdout]   18:     0x7b895914adfa - <unknown>
[INFO] [stdout]   19:     0x7b89591de3d4 - clone
[INFO] [stdout]   20:                0x0 - <unknown>
[INFO] [stdout] 
[INFO] [stdout] ---- archive_binary_content_roundtrip stdout ----
[INFO] [stdout] Deriving key with Argon2id (64 MiB, 3 iterations)...
[INFO] [stdout] 
[INFO] [stdout] thread 'archive_binary_content_roundtrip' (1630) panicked at tests/integration.rs:1305:6:
[INFO] [stdout] encrypt failed: failed to create io_uring instance
[INFO] [stdout] 
[INFO] [stdout] Caused by:
[INFO] [stdout]     Operation not permitted (os error 1)
[INFO] [stdout] 
[INFO] [stdout] Stack backtrace:
[INFO] [stdout]    0: <unknown>
[INFO] [stdout]    1: <unknown>
[INFO] [stdout]    2: <unknown>
[INFO] [stdout]    3: <unknown>
[INFO] [stdout]    4: <unknown>
[INFO] [stdout]    5: <unknown>
[INFO] [stdout]    6: <unknown>
[INFO] [stdout]    7: <unknown>
[INFO] [stdout]    8: <unknown>
[INFO] [stdout]    9: clone
[INFO] [stdout] stack backtrace:
[INFO] [stdout]    0:     0x5e7fd7d8cbd5 - <unknown>
[INFO] [stdout]    1:     0x5e7fd7d54f8a - <unknown>
[INFO] [stdout]    2:     0x5e7fd7d8c26b - <unknown>
[INFO] [stdout]    3:     0x5e7fd7d8bd4f - <unknown>
[INFO] [stdout]    4:     0x5e7fd7d8b97a - <unknown>
[INFO] [stdout]    5:     0x5e7fd7d8b4b5 - <unknown>
[INFO] [stdout]    6:     0x5e7fd7db2571 - <unknown>
[INFO] [stdout]    7:     0x5e7fd7db2529 - <unknown>
[INFO] [stdout]    8:     0x5e7fd7db2a2c - <unknown>
[INFO] [stdout]    9:     0x5e7fd7d54e1b - <unknown>
[INFO] [stdout]   10:     0x5e7fd7d58311 - <unknown>
[INFO] [stdout]   11:     0x5e7fd7d2e762 - <unknown>
[INFO] [stdout]   12:     0x5e7fd7ddc25b - <unknown>
[INFO] [stdout]   13:     0x5e7fd7dd76bf - <unknown>
[INFO] [stdout]   14:     0x5e7fd7dd713c - <unknown>
[INFO] [stdout]   15:     0x5e7fd7df56ec - <unknown>
[INFO] [stdout]   16:     0x5e7fd7db4364 - <unknown>
[INFO] [stdout]   17:     0x7b895914adfa - <unknown>
[INFO] [stdout]   18:     0x7b89591de3d4 - clone
[INFO] [stdout]   19:                0x0 - <unknown>
[INFO] [stdout] 
[INFO] [stdout] ---- aes_roundtrip_1_byte stdout ----
[INFO] [stdout] Deriving key with Argon2id (64 MiB, 3 iterations)...
[INFO] [stdout] 
[INFO] [stdout] thread 'aes_roundtrip_1_byte' (1622) panicked at tests/integration.rs:67:6:
[INFO] [stdout] encrypt failed: failed to create io_uring instance
[INFO] [stdout] 
[INFO] [stdout] Caused by:
[INFO] [stdout]     Operation not permitted (os error 1)
[INFO] [stdout] 
[INFO] [stdout] Stack backtrace:
[INFO] [stdout]    0: <unknown>
[INFO] [stdout]    1: <unknown>
[INFO] [stdout]    2: <unknown>
[INFO] [stdout]    3: <unknown>
[INFO] [stdout]    4: <unknown>
[INFO] [stdout]    5: <unknown>
[INFO] [stdout]    6: <unknown>
[INFO] [stdout]    7: <unknown>
[INFO] [stdout]    8: <unknown>
[INFO] [stdout]    9: <unknown>
[INFO] [stdout]   10: clone
[INFO] [stdout] stack backtrace:
[INFO] [stdout]    0:     0x5e7fd7d8cbd5 - <unknown>
[INFO] [stdout]    1:     0x5e7fd7d54f8a - <unknown>
[INFO] [stdout]    2:     0x5e7fd7d8c26b - <unknown>
[INFO] [stdout]    3:     0x5e7fd7d8bd4f - <unknown>
[INFO] [stdout]    4:     0x5e7fd7d8b97a - <unknown>
[INFO] [stdout]    5:     0x5e7fd7d8b4b5 - <unknown>
[INFO] [stdout]    6:     0x5e7fd7db2571 - <unknown>
[INFO] [stdout]    7:     0x5e7fd7db2529 - <unknown>
[INFO] [stdout]    8:     0x5e7fd7db2a2c - <unknown>
[INFO] [stdout]    9:     0x5e7fd7d54e1b - <unknown>
[INFO] [stdout]   10:     0x5e7fd7d58311 - <unknown>
[INFO] [stdout]   11:     0x5e7fd7d22171 - <unknown>
[INFO] [stdout]   12:     0x5e7fd7d26bd8 - <unknown>
[INFO] [stdout]   13:     0x5e7fd7ddc25b - <unknown>
[INFO] [stdout]   14:     0x5e7fd7dd76bf - <unknown>
[INFO] [stdout]   15:     0x5e7fd7dd713c - <unknown>
[INFO] [stdout]   16:     0x5e7fd7df56ec - <unknown>
[INFO] [stdout]   17:     0x5e7fd7db4364 - <unknown>
[INFO] [stdout]   18:     0x7b895914adfa - <unknown>
[INFO] [stdout]   19:     0x7b89591de3d4 - clone
[INFO] [stdout]   20:                0x0 - <unknown>
[INFO] [stdout] 
[INFO] [stdout] ---- aes_roundtrip_small_chunk_size stdout ----
[INFO] [stdout] Deriving key with Argon2id (64 MiB, 3 iterations)...
[INFO] [stdout] 
[INFO] [stdout] thread 'aes_roundtrip_small_chunk_size' (1629) panicked at tests/integration.rs:67:6:
[INFO] [stdout] encrypt failed: failed to create io_uring instance
[INFO] [stdout] 
[INFO] [stdout] Caused by:
[INFO] [stdout]     Operation not permitted (os error 1)
[INFO] [stdout] 
[INFO] [stdout] Stack backtrace:
[INFO] [stdout]    0: <unknown>
[INFO] [stdout]    1: <unknown>
[INFO] [stdout]    2: <unknown>
[INFO] [stdout]    3: <unknown>
[INFO] [stdout]    4: <unknown>
[INFO] [stdout]    5: <unknown>
[INFO] [stdout]    6: <unknown>
[INFO] [stdout]    7: <unknown>
[INFO] [stdout]    8: <unknown>
[INFO] [stdout]    9: <unknown>
[INFO] [stdout]   10: clone
[INFO] [stdout] stack backtrace:
[INFO] [stdout]    0:     0x5e7fd7d8cbd5 - <unknown>
[INFO] [stdout]    1:     0x5e7fd7d54f8a - <unknown>
[INFO] [stdout]    2:     0x5e7fd7d8c26b - <unknown>
[INFO] [stdout]    3:     0x5e7fd7d8bd4f - <unknown>
[INFO] [stdout]    4:     0x5e7fd7d8b97a - <unknown>
[INFO] [stdout]    5:     0x5e7fd7d8b4b5 - <unknown>
[INFO] [stdout]    6:     0x5e7fd7db2571 - <unknown>
[INFO] [stdout]    7:     0x5e7fd7db2529 - <unknown>
[INFO] [stdout]    8:     0x5e7fd7db2a2c - <unknown>
[INFO] [stdout]    9:     0x5e7fd7d54e1b - <unknown>
[INFO] [stdout]   10:     0x5e7fd7d58311 - <unknown>
[INFO] [stdout]   11:     0x5e7fd7d22171 - <unknown>
[INFO] [stdout]   12:     0x5e7fd7d2d055 - <unknown>
[INFO] [stdout]   13:     0x5e7fd7ddc25b - <unknown>
[INFO] [stdout]   14:     0x5e7fd7dd76bf - <unknown>
[INFO] [stdout]   15:     0x5e7fd7dd713c - <unknown>
[INFO] [stdout]   16:     0x5e7fd7df56ec - <unknown>
[INFO] [stdout]   17:     0x5e7fd7db4364 - <unknown>
[INFO] [stdout]   18:     0x7b895914adfa - <unknown>
[INFO] [stdout]   19:     0x7b89591de3d4 - clone
[INFO] [stdout]   20:                0x0 - <unknown>
[INFO] [stdout] 
[INFO] [stdout] ---- aes_roundtrip_chunk_boundary_plus_one stdout ----
[INFO] [stdout] Deriving key with Argon2id (64 MiB, 3 iterations)...
[INFO] [stdout] 
[INFO] [stdout] thread 'aes_roundtrip_chunk_boundary_plus_one' (1624) panicked at tests/integration.rs:67:6:
[INFO] [stdout] encrypt failed: failed to create io_uring instance
[INFO] [stdout] 
[INFO] [stdout] Caused by:
[INFO] [stdout]     Operation not permitted (os error 1)
[INFO] [stdout] 
[INFO] [stdout] Stack backtrace:
[INFO] [stdout]    0: <unknown>
[INFO] [stdout]    1: <unknown>
[INFO] [stdout]    2: <unknown>
[INFO] [stdout]    3: <unknown>
[INFO] [stdout]    4: <unknown>
[INFO] [stdout]    5: <unknown>
[INFO] [stdout]    6: <unknown>
[INFO] [stdout]    7: <unknown>
[INFO] [stdout]    8: <unknown>
[INFO] [stdout]    9: <unknown>
[INFO] [stdout]   10: clone
[INFO] [stdout] stack backtrace:
[INFO] [stdout]    0:     0x5e7fd7d8cbd5 - <unknown>
[INFO] [stdout]    1:     0x5e7fd7d54f8a - <unknown>
[INFO] [stdout]    2:     0x5e7fd7d8c26b - <unknown>
[INFO] [stdout]    3:     0x5e7fd7d8bd4f - <unknown>
[INFO] [stdout]    4:     0x5e7fd7d8b97a - <unknown>
[INFO] [stdout]    5:     0x5e7fd7d8b4b5 - <unknown>
[INFO] [stdout]    6:     0x5e7fd7db2571 - <unknown>
[INFO] [stdout]    7:     0x5e7fd7db2529 - <unknown>
[INFO] [stdout]    8:     0x5e7fd7db2a2c - <unknown>
[INFO] [stdout]    9:     0x5e7fd7d54e1b - <unknown>
[INFO] [stdout]   10:     0x5e7fd7d58311 - <unknown>
[INFO] [stdout]   11:     0x5e7fd7d22171 - <unknown>
[INFO] [stdout]   12:     0x5e7fd7d2feb5 - <unknown>
[INFO] [stdout]   13:     0x5e7fd7ddc25b - <unknown>
[INFO] [stdout]   14:     0x5e7fd7dd76bf - <unknown>
[INFO] [stdout]   15:     0x5e7fd7dd713c - <unknown>
[INFO] [stdout]   16:     0x5e7fd7df56ec - <unknown>
[INFO] [stdout]   17:     0x5e7fd7db4364 - <unknown>
[INFO] [stdout]   18:     0x7b895914adfa - <unknown>
[INFO] [stdout]   19:     0x7b89591de3d4 - clone
[INFO] [stdout]   20:                0x0 - <unknown>
[INFO] [stdout] 
[INFO] [stdout] ---- archive_nested_directories stdout ----
[INFO] [stdout] Deriving key with Argon2id (64 MiB, 3 iterations)...
[INFO] [stdout] 
[INFO] [stdout] thread 'archive_nested_directories' (1635) panicked at tests/integration.rs:1084:6:
[INFO] [stdout] encrypt failed: failed to create io_uring instance
[INFO] [stdout] 
[INFO] [stdout] Caused by:
[INFO] [stdout]     Operation not permitted (os error 1)
[INFO] [stdout] 
[INFO] [stdout] Stack backtrace:
[INFO] [stdout]    0: <unknown>
[INFO] [stdout]    1: <unknown>
[INFO] [stdout]    2: <unknown>
[INFO] [stdout]    3: <unknown>
[INFO] [stdout]    4: <unknown>
[INFO] [stdout]    5: <unknown>
[INFO] [stdout]    6: <unknown>
[INFO] [stdout]    7: <unknown>
[INFO] [stdout]    8: <unknown>
[INFO] [stdout]    9: clone
[INFO] [stdout] stack backtrace:
[INFO] [stdout]    0:     0x5e7fd7d8cbd5 - <unknown>
[INFO] [stdout]    1:     0x5e7fd7d54f8a - <unknown>
[INFO] [stdout]    2:     0x5e7fd7d8c26b - <unknown>
[INFO] [stdout]    3:     0x5e7fd7d8bd4f - <unknown>
[INFO] [stdout]    4:     0x5e7fd7d8b97a - <unknown>
[INFO] [stdout]    5:     0x5e7fd7d8b4b5 - <unknown>
[INFO] [stdout]    6:     0x5e7fd7db2571 - <unknown>
[INFO] [stdout]    7:     0x5e7fd7db2529 - <unknown>
[INFO] [stdout]    8:     0x5e7fd7db2a2c - <unknown>
[INFO] [stdout]    9:     0x5e7fd7d54e1b - <unknown>
[INFO] [stdout]   10:     0x5e7fd7d58311 - <unknown>
[INFO] [stdout]   11:     0x5e7fd7d29eb2 - <unknown>
[INFO] [stdout]   12:     0x5e7fd7ddc25b - <unknown>
[INFO] [stdout]   13:     0x5e7fd7dd76bf - <unknown>
[INFO] [stdout]   14:     0x5e7fd7dd713c - <unknown>
[INFO] [stdout]   15:     0x5e7fd7df56ec - <unknown>
[INFO] [stdout]   16:     0x5e7fd7db4364 - <unknown>
[INFO] [stdout]   17:     0x7b895914adfa - <unknown>
[INFO] [stdout]   18:     0x7b89591de3d4 - clone
[INFO] [stdout]   19:                0x0 - <unknown>
[INFO] [stdout] 
[INFO] [stdout] ---- chacha_roundtrip_multi_chunk stdout ----
[INFO] [stdout] Deriving key with Argon2id (64 MiB, 3 iterations)...
[INFO] [stdout] 
[INFO] [stdout] thread 'chacha_roundtrip_multi_chunk' (1644) panicked at tests/integration.rs:67:6:
[INFO] [stdout] encrypt failed: failed to create io_uring instance
[INFO] [stdout] 
[INFO] [stdout] Caused by:
[INFO] [stdout]     Operation not permitted (os error 1)
[INFO] [stdout] 
[INFO] [stdout] Stack backtrace:
[INFO] [stdout]    0: <unknown>
[INFO] [stdout]    1: <unknown>
[INFO] [stdout]    2: <unknown>
[INFO] [stdout]    3: <unknown>
[INFO] [stdout]    4: <unknown>
[INFO] [stdout]    5: <unknown>
[INFO] [stdout]    6: <unknown>
[INFO] [stdout]    7: <unknown>
[INFO] [stdout]    8: <unknown>
[INFO] [stdout]    9: <unknown>
[INFO] [stdout]   10: clone
[INFO] [stdout] stack backtrace:
[INFO] [stdout]    0:     0x5e7fd7d8cbd5 - <unknown>
[INFO] [stdout]    1:     0x5e7fd7d54f8a - <unknown>
[INFO] [stdout]    2:     0x5e7fd7d8c26b - <unknown>
[INFO] [stdout]    3:     0x5e7fd7d8bd4f - <unknown>
[INFO] [stdout]    4:     0x5e7fd7d8b97a - <unknown>
[INFO] [stdout]    5:     0x5e7fd7d8b4b5 - <unknown>
[INFO] [stdout]    6:     0x5e7fd7db2571 - <unknown>
[INFO] [stdout]    7:     0x5e7fd7db2529 - <unknown>
[INFO] [stdout]    8:     0x5e7fd7db2a2c - <unknown>
[INFO] [stdout]    9:     0x5e7fd7d54e1b - <unknown>
[INFO] [stdout]   10:     0x5e7fd7d58311 - <unknown>
[INFO] [stdout]   11:     0x5e7fd7d22171 - <unknown>
[INFO] [stdout]   12:     0x5e7fd7d2b695 - <unknown>
[INFO] [stdout]   13:     0x5e7fd7ddc25b - <unknown>
[INFO] [stdout]   14:     0x5e7fd7dd76bf - <unknown>
[INFO] [stdout]   15:     0x5e7fd7dd713c - <unknown>
[INFO] [stdout]   16:     0x5e7fd7df56ec - <unknown>
[INFO] [stdout]   17:     0x5e7fd7db4364 - <unknown>
[INFO] [stdout]   18:     0x7b895914adfa - <unknown>
[INFO] [stdout]   19:     0x7b89591de3d4 - clone
[INFO] [stdout]   20:                0x0 - <unknown>
[INFO] [stdout] 
[INFO] [stdout] ---- aes_roundtrip_pattern_data stdout ----
[INFO] [stdout] Deriving key with Argon2id (64 MiB, 3 iterations)...
[INFO] [stdout] 
[INFO] [stdout] thread 'aes_roundtrip_pattern_data' (1628) panicked at tests/integration.rs:67:6:
[INFO] [stdout] encrypt failed: failed to create io_uring instance
[INFO] [stdout] 
[INFO] [stdout] Caused by:
[INFO] [stdout]     Operation not permitted (os error 1)
[INFO] [stdout] 
[INFO] [stdout] Stack backtrace:
[INFO] [stdout]    0: <unknown>
[INFO] [stdout]    1: <unknown>
[INFO] [stdout]    2: <unknown>
[INFO] [stdout]    3: <unknown>
[INFO] [stdout]    4: <unknown>
[INFO] [stdout]    5: <unknown>
[INFO] [stdout]    6: <unknown>
[INFO] [stdout]    7: <unknown>
[INFO] [stdout]    8: <unknown>
[INFO] [stdout]    9: <unknown>
[INFO] [stdout]   10: clone
[INFO] [stdout] stack backtrace:
[INFO] [stdout]    0:     0x5e7fd7d8cbd5 - <unknown>
[INFO] [stdout]    1:     0x5e7fd7d54f8a - <unknown>
[INFO] [stdout]    2:     0x5e7fd7d8c26b - <unknown>
[INFO] [stdout]    3:     0x5e7fd7d8bd4f - <unknown>
[INFO] [stdout]    4:     0x5e7fd7d8b97a - <unknown>
[INFO] [stdout]    5:     0x5e7fd7d8b4b5 - <unknown>
[INFO] [stdout]    6:     0x5e7fd7db2571 - <unknown>
[INFO] [stdout]    7:     0x5e7fd7db2529 - <unknown>
[INFO] [stdout]    8:     0x5e7fd7db2a2c - <unknown>
[INFO] [stdout]    9:     0x5e7fd7d54e1b - <unknown>
[INFO] [stdout]   10:     0x5e7fd7d58311 - <unknown>
[INFO] [stdout]   11:     0x5e7fd7d22171 - <unknown>
[INFO] [stdout]   12:     0x5e7fd7d29675 - <unknown>
[INFO] [stdout]   13:     0x5e7fd7ddc25b - <unknown>
[INFO] [stdout]   14:     0x5e7fd7dd76bf - <unknown>
[INFO] [stdout]   15:     0x5e7fd7dd713c - <unknown>
[INFO] [stdout]   16:     0x5e7fd7df56ec - <unknown>
[INFO] [stdout]   17:     0x5e7fd7db4364 - <unknown>
[INFO] [stdout]   18:     0x7b895914adfa - <unknown>
[INFO] [stdout]   19:     0x7b89591de3d4 - clone
[INFO] [stdout]   20:                0x0 - <unknown>
[INFO] [stdout] 
[INFO] [stdout] ---- chacha_roundtrip_small_chunks stdout ----
[INFO] [stdout] Deriving key with Argon2id (64 MiB, 3 iterations)...
[INFO] [stdout] 
[INFO] [stdout] thread 'chacha_roundtrip_small_chunks' (1645) panicked at tests/integration.rs:67:6:
[INFO] [stdout] encrypt failed: failed to create io_uring instance
[INFO] [stdout] 
[INFO] [stdout] Caused by:
[INFO] [stdout]     Operation not permitted (os error 1)
[INFO] [stdout] 
[INFO] [stdout] Stack backtrace:
[INFO] [stdout]    0: <unknown>
[INFO] [stdout]    1: <unknown>
[INFO] [stdout]    2: <unknown>
[INFO] [stdout]    3: <unknown>
[INFO] [stdout]    4: <unknown>
[INFO] [stdout]    5: <unknown>
[INFO] [stdout]    6: <unknown>
[INFO] [stdout]    7: <unknown>
[INFO] [stdout]    8: <unknown>
[INFO] [stdout]    9: <unknown>
[INFO] [stdout]   10: clone
[INFO] [stdout] stack backtrace:
[INFO] [stdout]    0:     0x5e7fd7d8cbd5 - <unknown>
[INFO] [stdout]    1:     0x5e7fd7d54f8a - <unknown>
[INFO] [stdout]    2:     0x5e7fd7d8c26b - <unknown>
[INFO] [stdout]    3:     0x5e7fd7d8bd4f - <unknown>
[INFO] [stdout]    4:     0x5e7fd7d8b97a - <unknown>
[INFO] [stdout]    5:     0x5e7fd7d8b4b5 - <unknown>
[INFO] [stdout]    6:     0x5e7fd7db2571 - <unknown>
[INFO] [stdout]    7:     0x5e7fd7db2529 - <unknown>
[INFO] [stdout]    8:     0x5e7fd7db2a2c - <unknown>
[INFO] [stdout]    9:     0x5e7fd7d54e1b - <unknown>
[INFO] [stdout]   10:     0x5e7fd7d58311 - <unknown>
[INFO] [stdout]   11:     0x5e7fd7d22171 - <unknown>
[INFO] [stdout]   12:     0x5e7fd7d2c545 - <unknown>
[INFO] [stdout]   13:     0x5e7fd7ddc25b - <unknown>
[INFO] [stdout]   14:     0x5e7fd7dd76bf - <unknown>
[INFO] [stdout]   15:     0x5e7fd7dd713c - <unknown>
[INFO] [stdout]   16:     0x5e7fd7df56ec - <unknown>
[INFO] [stdout]   17:     0x5e7fd7db4364 - <unknown>
[INFO] [stdout]   18:     0x7b895914adfa - <unknown>
[INFO] [stdout]   19:     0x7b89591de3d4 - clone
[INFO] [stdout]   20:                0x0 - <unknown>
[INFO] [stdout] 
[INFO] [stdout] ---- aes_roundtrip_exactly_one_chunk stdout ----
[INFO] [stdout] Deriving key with Argon2id (64 MiB, 3 iterations)...
[INFO] [stdout] 
[INFO] [stdout] thread 'aes_roundtrip_exactly_one_chunk' (1626) panicked at tests/integration.rs:67:6:
[INFO] [stdout] encrypt failed: failed to create io_uring instance
[INFO] [stdout] 
[INFO] [stdout] Caused by:
[INFO] [stdout]     Operation not permitted (os error 1)
[INFO] [stdout] 
[INFO] [stdout] Stack backtrace:
[INFO] [stdout]    0: <unknown>
[INFO] [stdout]    1: <unknown>
[INFO] [stdout]    2: <unknown>
[INFO] [stdout]    3: <unknown>
[INFO] [stdout]    4: <unknown>
[INFO] [stdout]    5: <unknown>
[INFO] [stdout]    6: <unknown>
[INFO] [stdout]    7: <unknown>
[INFO] [stdout]    8: <unknown>
[INFO] [stdout]    9: <unknown>
[INFO] [stdout]   10: clone
[INFO] [stdout] stack backtrace:
[INFO] [stdout]    0:     0x5e7fd7d8cbd5 - <unknown>
[INFO] [stdout]    1:     0x5e7fd7d54f8a - <unknown>
[INFO] [stdout]    2:     0x5e7fd7d8c26b - <unknown>
[INFO] [stdout]    3:     0x5e7fd7d8bd4f - <unknown>
[INFO] [stdout]    4:     0x5e7fd7d8b97a - <unknown>
[INFO] [stdout]    5:     0x5e7fd7d8b4b5 - <unknown>
[INFO] [stdout]    6:     0x5e7fd7db2571 - <unknown>
[INFO] [stdout]    7:     0x5e7fd7db2529 - <unknown>
[INFO] [stdout]    8:     0x5e7fd7db2a2c - <unknown>
[INFO] [stdout]    9:     0x5e7fd7d54e1b - <unknown>
[INFO] [stdout]   10:     0x5e7fd7d58311 - <unknown>
[INFO] [stdout]   11:     0x5e7fd7d22171 - <unknown>
[INFO] [stdout]   12:     0x5e7fd7d2d6e5 - <unknown>
[INFO] [stdout]   13:     0x5e7fd7ddc25b - <unknown>
[INFO] [stdout]   14:     0x5e7fd7dd76bf - <unknown>
[INFO] [stdout]   15:     0x5e7fd7dd713c - <unknown>
[INFO] [stdout]   16:     0x5e7fd7df56ec - <unknown>
[INFO] [stdout]   17:     0x5e7fd7db4364 - <unknown>
[INFO] [stdout]   18:     0x7b895914adfa - <unknown>
[INFO] [stdout]   19:     0x7b89591de3d4 - clone
[INFO] [stdout]   20:                0x0 - <unknown>
[INFO] [stdout] 
[INFO] [stdout] ---- aes_roundtrip_chunk_boundary_minus_one stdout ----
[INFO] [stdout] Deriving key with Argon2id (64 MiB, 3 iterations)...
[INFO] [stdout] 
[INFO] [stdout] thread 'aes_roundtrip_chunk_boundary_minus_one' (1623) panicked at tests/integration.rs:67:6:
[INFO] [stdout] encrypt failed: failed to create io_uring instance
[INFO] [stdout] 
[INFO] [stdout] Caused by:
[INFO] [stdout]     Operation not permitted (os error 1)
[INFO] [stdout] 
[INFO] [stdout] Stack backtrace:
[INFO] [stdout]    0: <unknown>
[INFO] [stdout]    1: <unknown>
[INFO] [stdout]    2: <unknown>
[INFO] [stdout]    3: <unknown>
[INFO] [stdout]    4: <unknown>
[INFO] [stdout]    5: <unknown>
[INFO] [stdout]    6: <unknown>
[INFO] [stdout]    7: <unknown>
[INFO] [stdout]    8: <unknown>
[INFO] [stdout]    9: <unknown>
[INFO] [stdout]   10: clone
[INFO] [stdout] stack backtrace:
[INFO] [stdout]    0:     0x5e7fd7d8cbd5 - <unknown>
[INFO] [stdout]    1:     0x5e7fd7d54f8a - <unknown>
[INFO] [stdout]    2:     0x5e7fd7d8c26b - <unknown>
[INFO] [stdout]    3:     0x5e7fd7d8bd4f - <unknown>
[INFO] [stdout]    4:     0x5e7fd7d8b97a - <unknown>
[INFO] [stdout]    5:     0x5e7fd7d8b4b5 - <unknown>
[INFO] [stdout]    6:     0x5e7fd7db2571 - <unknown>
[INFO] [stdout]    7:     0x5e7fd7db2529 - <unknown>
[INFO] [stdout]    8:     0x5e7fd7db2a2c - <unknown>
[INFO] [stdout]    9:     0x5e7fd7d54e1b - <unknown>
[INFO] [stdout]   10:     0x5e7fd7d58311 - <unknown>
[INFO] [stdout]   11:     0x5e7fd7d22171 - <unknown>
[INFO] [stdout]   12:     0x5e7fd7d30965 - <unknown>
[INFO] [stdout]   13:     0x5e7fd7ddc25b - <unknown>
[INFO] [stdout]   14:     0x5e7fd7dd76bf - <unknown>
[INFO] [stdout]   15:     0x5e7fd7dd713c - <unknown>
[INFO] [stdout]   16:     0x5e7fd7df56ec - <unknown>
[INFO] [stdout]   17:     0x5e7fd7db4364 - <unknown>
[INFO] [stdout]   18:     0x7b895914adfa - <unknown>
[INFO] [stdout]   19:     0x7b89591de3d4 - clone
[INFO] [stdout]   20:                0x0 - <unknown>
[INFO] [stdout] 
[INFO] [stdout] ---- archive_wrong_password_fails stdout ----
[INFO] [stdout] Deriving key with Argon2id (64 MiB, 3 iterations)...
[INFO] [stdout] 
[INFO] [stdout] thread 'archive_wrong_password_fails' (1642) panicked at tests/integration.rs:1116:6:
[INFO] [stdout] encrypt failed: failed to create io_uring instance
[INFO] [stdout] 
[INFO] [stdout] Caused by:
[INFO] [stdout]     Operation not permitted (os error 1)
[INFO] [stdout] 
[INFO] [stdout] Stack backtrace:
[INFO] [stdout]    0: <unknown>
[INFO] [stdout]    1: <unknown>
[INFO] [stdout]    2: <unknown>
[INFO] [stdout]    3: <unknown>
[INFO] [stdout]    4: <unknown>
[INFO] [stdout]    5: <unknown>
[INFO] [stdout]    6: <unknown>
[INFO] [stdout]    7: <unknown>
[INFO] [stdout]    8: <unknown>
[INFO] [stdout]    9: clone
[INFO] [stdout] stack backtrace:
[INFO] [stdout]    0:     0x5e7fd7d8cbd5 - <unknown>
[INFO] [stdout]    1:     0x5e7fd7d54f8a - <unknown>
[INFO] [stdout]    2:     0x5e7fd7d8c26b - <unknown>
[INFO] [stdout]    3:     0x5e7fd7d8bd4f - <unknown>
[INFO] [stdout]    4:     0x5e7fd7d8b97a - <unknown>
[INFO] [stdout]    5:     0x5e7fd7d8b4b5 - <unknown>
[INFO] [stdout]    6:     0x5e7fd7db2571 - <unknown>
[INFO] [stdout]    7:     0x5e7fd7db2529 - <unknown>
[INFO] [stdout]    8:     0x5e7fd7db2a2c - <unknown>
[INFO] [stdout]    9:     0x5e7fd7d54e1b - <unknown>
[INFO] [stdout]   10:     0x5e7fd7d58311 - <unknown>
[INFO] [stdout]   11:     0x5e7fd7d2b424 - <unknown>
[INFO] [stdout]   12:     0x5e7fd7ddc25b - <unknown>
[INFO] [stdout]   13:     0x5e7fd7dd76bf - <unknown>
[INFO] [stdout]   14:     0x5e7fd7dd713c - <unknown>
[INFO] [stdout]   15:     0x5e7fd7df56ec - <unknown>
[INFO] [stdout]   16:     0x5e7fd7db4364 - <unknown>
[INFO] [stdout]   17:     0x7b895914adfa - <unknown>
[INFO] [stdout]   18:     0x7b89591de3d4 - clone
[INFO] [stdout]   19:                0x0 - <unknown>
[INFO] [stdout] 
[INFO] [stdout] ---- archive_empty_directory stdout ----
[INFO] [stdout] Deriving key with Argon2id (64 MiB, 3 iterations)...
[INFO] [stdout] 
[INFO] [stdout] thread 'archive_empty_directory' (1631) panicked at tests/integration.rs:1051:6:
[INFO] [stdout] encrypt failed: failed to create io_uring instance
[INFO] [stdout] 
[INFO] [stdout] Caused by:
[INFO] [stdout]     Operation not permitted (os error 1)
[INFO] [stdout] 
[INFO] [stdout] Stack backtrace:
[INFO] [stdout]    0: <unknown>
[INFO] [stdout]    1: <unknown>
[INFO] [stdout]    2: <unknown>
[INFO] [stdout]    3: <unknown>
[INFO] [stdout]    4: <unknown>
[INFO] [stdout]    5: <unknown>
[INFO] [stdout]    6: <unknown>
[INFO] [stdout]    7: <unknown>
[INFO] [stdout]    8: <unknown>
[INFO] [stdout]    9: clone
[INFO] [stdout] stack backtrace:
[INFO] [stdout]    0:     0x5e7fd7d8cbd5 - <unknown>
[INFO] [stdout]    1:     0x5e7fd7d54f8a - <unknown>
[INFO] [stdout]    2:     0x5e7fd7d8c26b - <unknown>
[INFO] [stdout]    3:     0x5e7fd7d8bd4f - <unknown>
[INFO] [stdout]    4:     0x5e7fd7d8b97a - <unknown>
[INFO] [stdout]    5:     0x5e7fd7d8b4b5 - <unknown>
[INFO] [stdout]    6:     0x5e7fd7db2571 - <unknown>
[INFO] [stdout]    7:     0x5e7fd7db2529 - <unknown>
[INFO] [stdout]    8:     0x5e7fd7db2a2c - <unknown>
[INFO] [stdout]    9:     0x5e7fd7d54e1b - <unknown>
[INFO] [stdout]   10:     0x5e7fd7d58311 - <unknown>
[INFO] [stdout]   11:     0x5e7fd7d275f6 - <unknown>
[INFO] [stdout]   12:     0x5e7fd7ddc25b - <unknown>
[INFO] [stdout]   13:     0x5e7fd7dd76bf - <unknown>
[INFO] [stdout]   14:     0x5e7fd7dd713c - <unknown>
[INFO] [stdout]   15:     0x5e7fd7df56ec - <unknown>
[INFO] [stdout]   16:     0x5e7fd7db4364 - <unknown>
[INFO] [stdout]   17:     0x7b895914adfa - <unknown>
[INFO] [stdout]   18:     0x7b89591de3d4 - clone
[INFO] [stdout]   19:                0x0 - <unknown>
[INFO] [stdout] 
[INFO] [stdout] ---- archive_many_files stdout ----
[INFO] [stdout] Deriving key with Argon2id (64 MiB, 3 iterations)...
[INFO] [stdout] 
[INFO] [stdout] thread 'archive_many_files' (1634) panicked at tests/integration.rs:1261:6:
[INFO] [stdout] encrypt failed: failed to create io_uring instance
[INFO] [stdout] 
[INFO] [stdout] Caused by:
[INFO] [stdout]     Operation not permitted (os error 1)
[INFO] [stdout] 
[INFO] [stdout] Stack backtrace:
[INFO] [stdout]    0: <unknown>
[INFO] [stdout]    1: <unknown>
[INFO] [stdout]    2: <unknown>
[INFO] [stdout]    3: <unknown>
[INFO] [stdout]    4: <unknown>
[INFO] [stdout]    5: <unknown>
[INFO] [stdout]    6: <unknown>
[INFO] [stdout]    7: <unknown>
[INFO] [stdout]    8: <unknown>
[INFO] [stdout]    9: clone
[INFO] [stdout] stack backtrace:
[INFO] [stdout]    0:     0x5e7fd7d8cbd5 - <unknown>
[INFO] [stdout]    1:     0x5e7fd7d54f8a - <unknown>
[INFO] [stdout]    2:     0x5e7fd7d8c26b - <unknown>
[INFO] [stdout]    3:     0x5e7fd7d8bd4f - <unknown>
[INFO] [stdout]    4:     0x5e7fd7d8b97a - <unknown>
[INFO] [stdout]    5:     0x5e7fd7d8b4b5 - <unknown>
[INFO] [stdout]    6:     0x5e7fd7db2571 - <unknown>
[INFO] [stdout]    7:     0x5e7fd7db2529 - <unknown>
[INFO] [stdout]    8:     0x5e7fd7db2a2c - <unknown>
[INFO] [stdout]    9:     0x5e7fd7d54e1b - <unknown>
[INFO] [stdout]   10:     0x5e7fd7d58311 - <unknown>
[INFO] [stdout]   11:     0x5e7fd7d267f9 - <unknown>
[INFO] [stdout]   12:     0x5e7fd7ddc25b - <unknown>
[INFO] [stdout]   13:     0x5e7fd7dd76bf - <unknown>
[INFO] [stdout]   14:     0x5e7fd7dd713c - <unknown>
[INFO] [stdout]   15:     0x5e7fd7df56ec - <unknown>
[INFO] [stdout]   16:     0x5e7fd7db4364 - <unknown>
[INFO] [stdout]   17:     0x7b895914adfa - <unknown>
[INFO] [stdout]   18:     0x7b89591de3d4 - clone
[INFO] [stdout]   19:                0x0 - <unknown>
[INFO] [stdout] 
[INFO] [stdout] ---- archive_encrypt_decrypt_roundtrip_chacha stdout ----
[INFO] [stdout] Deriving key with Argon2id (64 MiB, 3 iterations)...
[INFO] [stdout] 
[INFO] [stdout] thread 'archive_encrypt_decrypt_roundtrip_chacha' (1633) panicked at tests/integration.rs:1016:6:
[INFO] [stdout] encrypt failed: failed to create io_uring instance
[INFO] [stdout] 
[INFO] [stdout] Caused by:
[INFO] [stdout]     Operation not permitted (os error 1)
[INFO] [stdout] 
[INFO] [stdout] Stack backtrace:
[INFO] [stdout]    0: <unknown>
[INFO] [stdout]    1: <unknown>
[INFO] [stdout]    2: <unknown>
[INFO] [stdout]    3: <unknown>
[INFO] [stdout]    4: <unknown>
[INFO] [stdout]    5: <unknown>
[INFO] [stdout]    6: <unknown>
[INFO] [stdout]    7: <unknown>
[INFO] [stdout]    8: <unknown>
[INFO] [stdout]    9: clone
[INFO] [stdout] stack backtrace:
[INFO] [stdout]    0:     0x5e7fd7d8cbd5 - <unknown>
[INFO] [stdout]    1:     0x5e7fd7d54f8a - <unknown>
[INFO] [stdout]    2:     0x5e7fd7d8c26b - <unknown>
[INFO] [stdout]    3:     0x5e7fd7d8bd4f - <unknown>
[INFO] [stdout]    4:     0x5e7fd7d8b97a - <unknown>
[INFO] [stdout]    5:     0x5e7fd7d8b4b5 - <unknown>
[INFO] [stdout]    6:     0x5e7fd7db2571 - <unknown>
[INFO] [stdout]    7:     0x5e7fd7db2529 - <unknown>
[INFO] [stdout]    8:     0x5e7fd7db2a2c - <unknown>
[INFO] [stdout]    9:     0x5e7fd7d54e1b - <unknown>
[INFO] [stdout]   10:     0x5e7fd7d58311 - <unknown>
[INFO] [stdout]   11:     0x5e7fd7d324bd - <unknown>
[INFO] [stdout]   12:     0x5e7fd7ddc25b - <unknown>
[INFO] [stdout]   13:     0x5e7fd7dd76bf - <unknown>
[INFO] [stdout]   14:     0x5e7fd7dd713c - <unknown>
[INFO] [stdout]   15:     0x5e7fd7df56ec - <unknown>
[INFO] [stdout]   16:     0x5e7fd7db4364 - <unknown>
[INFO] [stdout]   17:     0x7b895914adfa - <unknown>
[INFO] [stdout]   18:     0x7b89591de3d4 - clone
[INFO] [stdout]   19:                0x0 - <unknown>
[INFO] [stdout] 
[INFO] [stdout] ---- aes_roundtrip_multi_chunk stdout ----
[INFO] [stdout] Deriving key with Argon2id (64 MiB, 3 iterations)...
[INFO] [stdout] 
[INFO] [stdout] thread 'aes_roundtrip_multi_chunk' (1627) panicked at tests/integration.rs:67:6:
[INFO] [stdout] encrypt failed: failed to create io_uring instance
[INFO] [stdout] 
[INFO] [stdout] Caused by:
[INFO] [stdout]     Operation not permitted (os error 1)
[INFO] [stdout] 
[INFO] [stdout] Stack backtrace:
[INFO] [stdout]    0: <unknown>
[INFO] [stdout]    1: <unknown>
[INFO] [stdout]    2: <unknown>
[INFO] [stdout]    3: <unknown>
[INFO] [stdout]    4: <unknown>
[INFO] [stdout]    5: <unknown>
[INFO] [stdout]    6: <unknown>
[INFO] [stdout]    7: <unknown>
[INFO] [stdout]    8: <unknown>
[INFO] [stdout]    9: <unknown>
[INFO] [stdout]   10: clone
[INFO] [stdout] stack backtrace:
[INFO] [stdout]    0:     0x5e7fd7d8cbd5 - <unknown>
[INFO] [stdout]    1:     0x5e7fd7d54f8a - <unknown>
[INFO] [stdout]    2:     0x5e7fd7d8c26b - <unknown>
[INFO] [stdout]    3:     0x5e7fd7d8bd4f - <unknown>
[INFO] [stdout]    4:     0x5e7fd7d8b97a - <unknown>
[INFO] [stdout]    5:     0x5e7fd7d8b4b5 - <unknown>
[INFO] [stdout]    6:     0x5e7fd7db2571 - <unknown>
[INFO] [stdout]    7:     0x5e7fd7db2529 - <unknown>
[INFO] [stdout]    8:     0x5e7fd7db2a2c - <unknown>
[INFO] [stdout]    9:     0x5e7fd7d54e1b - <unknown>
[INFO] [stdout]   10:     0x5e7fd7d58311 - <unknown>
[INFO] [stdout]   11:     0x5e7fd7d22171 - <unknown>
[INFO] [stdout]   12:     0x5e7fd7d28555 - <unknown>
[INFO] [stdout]   13:     0x5e7fd7ddc25b - <unknown>
[INFO] [stdout]   14:     0x5e7fd7dd76bf - <unknown>
[INFO] [stdout]   15:     0x5e7fd7dd713c - <unknown>
[INFO] [stdout]   16:     0x5e7fd7df56ec - <unknown>
[INFO] [stdout]   17:     0x5e7fd7db4364 - <unknown>
[INFO] [stdout]   18:     0x7b895914adfa - <unknown>
[INFO] [stdout]   19:     0x7b89591de3d4 - clone
[INFO] [stdout]   20:                0x0 - <unknown>
[INFO] [stdout] 
[INFO] [stdout] ---- chunk_swap_attack_detected stdout ----
[INFO] [stdout] Deriving key with Argon2id (64 MiB, 3 iterations)...
[INFO] [stdout] 
[INFO] [stdout] thread 'chunk_swap_attack_detected' (1646) panicked at tests/integration.rs:493:6:
[INFO] [stdout] encrypt failed: failed to create io_uring instance
[INFO] [stdout] 
[INFO] [stdout] Caused by:
[INFO] [stdout]     Operation not permitted (os error 1)
[INFO] [stdout] 
[INFO] [stdout] Stack backtrace:
[INFO] [stdout]    0: <unknown>
[INFO] [stdout]    1: <unknown>
[INFO] [stdout]    2: <unknown>
[INFO] [stdout]    3: <unknown>
[INFO] [stdout]    4: <unknown>
[INFO] [stdout]    5: <unknown>
[INFO] [stdout]    6: <unknown>
[INFO] [stdout]    7: <unknown>
[INFO] [stdout]    8: <unknown>
[INFO] [stdout]    9: clone
[INFO] [stdout] stack backtrace:
[INFO] [stdout]    0:     0x5e7fd7d8cbd5 - <unknown>
[INFO] [stdout]    1:     0x5e7fd7d54f8a - <unknown>
[INFO] [stdout]    2:     0x5e7fd7d8c26b - <unknown>
[INFO] [stdout]    3:     0x5e7fd7d8bd4f - <unknown>
[INFO] [stdout]    4:     0x5e7fd7d8b97a - <unknown>
[INFO] [stdout]    5:     0x5e7fd7d8b4b5 - <unknown>
[INFO] [stdout]    6:     0x5e7fd7db2571 - <unknown>
[INFO] [stdout]    7:     0x5e7fd7db2529 - <unknown>
[INFO] [stdout]    8:     0x5e7fd7db2a2c - <unknown>
[INFO] [stdout]    9:     0x5e7fd7d54e1b - <unknown>
[INFO] [stdout]   10:     0x5e7fd7d58311 - <unknown>
[INFO] [stdout]   11:     0x5e7fd7d2a4a9 - <unknown>
[INFO] [stdout]   12:     0x5e7fd7ddc25b - <unknown>
[INFO] [stdout]   13:     0x5e7fd7dd76bf - <unknown>
[INFO] [stdout]   14:     0x5e7fd7dd713c - <unknown>
[INFO] [stdout]   15:     0x5e7fd7df56ec - <unknown>
[INFO] [stdout]   16:     0x5e7fd7db4364 - <unknown>
[INFO] [stdout]   17:     0x7b895914adfa - <unknown>
[INFO] [stdout]   18:     0x7b89591de3d4 - clone
[INFO] [stdout]   19:                0x0 - <unknown>
[INFO] [stdout] 
[INFO] [stdout] ---- cipher_type_mismatch_fails stdout ----
[INFO] [stdout] Deriving key with Argon2id (64 MiB, 3 iterations)...
[INFO] [stdout] 
[INFO] [stdout] thread 'cipher_type_mismatch_fails' (1647) panicked at tests/integration.rs:624:6:
[INFO] [stdout] called `Result::unwrap()` on an `Err` value: failed to create io_uring instance
[INFO] [stdout] 
[INFO] [stdout] Caused by:
[INFO] [stdout]     Operation not permitted (os error 1)
[INFO] [stdout] 
[INFO] [stdout] Stack backtrace:
[INFO] [stdout]    0: <unknown>
[INFO] [stdout]    1: <unknown>
[INFO] [stdout]    2: <unknown>
[INFO] [stdout]    3: <unknown>
[INFO] [stdout]    4: <unknown>
[INFO] [stdout]    5: <unknown>
[INFO] [stdout]    6: <unknown>
[INFO] [stdout]    7: <unknown>
[INFO] [stdout]    8: <unknown>
[INFO] [stdout]    9: clone
[INFO] [stdout] stack backtrace:
[INFO] [stdout]    0:     0x5e7fd7d8cbd5 - <unknown>
[INFO] [stdout]    1:     0x5e7fd7d54f8a - <unknown>
[INFO] [stdout]    2:     0x5e7fd7d8c26b - <unknown>
[INFO] [stdout]    3:     0x5e7fd7d8bd4f - <unknown>
[INFO] [stdout]    4:     0x5e7fd7d8b97a - <unknown>
[INFO] [stdout]    5:     0x5e7fd7d8b4b5 - <unknown>
[INFO] [stdout]    6:     0x5e7fd7db2571 - <unknown>
[INFO] [stdout]    7:     0x5e7fd7db2529 - <unknown>
[INFO] [stdout]    8:     0x5e7fd7db2a2c - <unknown>
[INFO] [stdout]    9:     0x5e7fd7d54e1b - <unknown>
[INFO] [stdout]   10:     0x5e7fd7d58311 - <unknown>
[INFO] [stdout]   11:     0x5e7fd7d2a96d - <unknown>
[INFO] [stdout]   12:     0x5e7fd7ddc25b - <unknown>
[INFO] [stdout]   13:     0x5e7fd7dd76bf - <unknown>
[INFO] [stdout]   14:     0x5e7fd7dd713c - <unknown>
[INFO] [stdout]   15:     0x5e7fd7df56ec - <unknown>
[INFO] [stdout]   16:     0x5e7fd7db4364 - <unknown>
[INFO] [stdout]   17:     0x7b895914adfa - <unknown>
[INFO] [stdout]   18:     0x7b89591de3d4 - clone
[INFO] [stdout]   19:                0x0 - <unknown>
[INFO] [stdout] 
[INFO] [stdout] ---- encrypted_file_has_correct_size stdout ----
[INFO] [stdout] Deriving key with Argon2id (64 MiB, 3 iterations)...
[INFO] [stdout] 
[INFO] [stdout] thread 'encrypted_file_has_correct_size' (1653) panicked at tests/integration.rs:533:6:
[INFO] [stdout] encrypt failed: failed to create io_uring instance
[INFO] [stdout] 
[INFO] [stdout] Caused by:
[INFO] [stdout]     Operation not permitted (os error 1)
[INFO] [stdout] 
[INFO] [stdout] Stack backtrace:
[INFO] [stdout]    0: <unknown>
[INFO] [stdout]    1: <unknown>
[INFO] [stdout]    2: <unknown>
[INFO] [stdout]    3: <unknown>
[INFO] [stdout]    4: <unknown>
[INFO] [stdout]    5: <unknown>
[INFO] [stdout]    6: <unknown>
[INFO] [stdout]    7: <unknown>
[INFO] [stdout]    8: <unknown>
[INFO] [stdout]    9: clone
[INFO] [stdout] stack backtrace:
[INFO] [stdout]    0:     0x5e7fd7d8cbd5 - <unknown>
[INFO] [stdout]    1:     0x5e7fd7d54f8a - <unknown>
[INFO] [stdout]    2:     0x5e7fd7d8c26b - <unknown>
[INFO] [stdout]    3:     0x5e7fd7d8bd4f - <unknown>
[INFO] [stdout]    4:     0x5e7fd7d8b97a - <unknown>
[INFO] [stdout]    5:     0x5e7fd7d8b4b5 - <unknown>
[INFO] [stdout]    6:     0x5e7fd7db2571 - <unknown>
[INFO] [stdout]    7:     0x5e7fd7db2529 - <unknown>
[INFO] [stdout]    8:     0x5e7fd7db2a2c - <unknown>
[INFO] [stdout]    9:     0x5e7fd7d54e1b - <unknown>
[INFO] [stdout]   10:     0x5e7fd7d58311 - <unknown>
[INFO] [stdout]   11:     0x5e7fd7d2da2f - <unknown>
[INFO] [stdout]   12:     0x5e7fd7ddc25b - <unknown>
[INFO] [stdout]   13:     0x5e7fd7dd76bf - <unknown>
[INFO] [stdout]   14:     0x5e7fd7dd713c - <unknown>
[INFO] [stdout]   15:     0x5e7fd7df56ec - <unknown>
[INFO] [stdout]   16:     0x5e7fd7db4364 - <unknown>
[INFO] [stdout]   17:     0x7b895914adfa - <unknown>
[INFO] [stdout]   18:     0x7b89591de3d4 - clone
[INFO] [stdout]   19:                0x0 - <unknown>
[INFO] [stdout] 
[INFO] [stdout] ---- encryption_is_non_deterministic stdout ----
[INFO] [stdout] Deriving key with Argon2id (64 MiB, 3 iterations)...
[INFO] [stdout] 
[INFO] [stdout] thread 'encryption_is_non_deterministic' (1655) panicked at tests/integration.rs:584:6:
[INFO] [stdout] called `Result::unwrap()` on an `Err` value: failed to create io_uring instance
[INFO] [stdout] 
[INFO] [stdout] Caused by:
[INFO] [stdout]     Operation not permitted (os error 1)
[INFO] [stdout] 
[INFO] [stdout] Stack backtrace:
[INFO] [stdout]    0: <unknown>
[INFO] [stdout]    1: <unknown>
[INFO] [stdout]    2: <unknown>
[INFO] [stdout]    3: <unknown>
[INFO] [stdout]    4: <unknown>
[INFO] [stdout]    5: <unknown>
[INFO] [stdout]    6: <unknown>
[INFO] [stdout]    7: <unknown>
[INFO] [stdout]    8: <unknown>
[INFO] [stdout]    9: clone
[INFO] [stdout] stack backtrace:
[INFO] [stdout]    0:     0x5e7fd7d8cbd5 - <unknown>
[INFO] [stdout]    1:     0x5e7fd7d54f8a - <unknown>
[INFO] [stdout]    2:     0x5e7fd7d8c26b - <unknown>
[INFO] [stdout]    3:     0x5e7fd7d8bd4f - <unknown>
[INFO] [stdout]    4:     0x5e7fd7d8b97a - <unknown>
[INFO] [stdout]    5:     0x5e7fd7d8b4b5 - <unknown>
[INFO] [stdout]    6:     0x5e7fd7db2571 - <unknown>
[INFO] [stdout]    7:     0x5e7fd7db2529 - <unknown>
[INFO] [stdout]    8:     0x5e7fd7db2a2c - <unknown>
[INFO] [stdout]    9:     0x5e7fd7d54e1b - <unknown>
[INFO] [stdout]   10:     0x5e7fd7d58311 - <unknown>
[INFO] [stdout]   11:     0x5e7fd7d2de38 - <unknown>
[INFO] [stdout]   12:     0x5e7fd7ddc25b - <unknown>
[INFO] [stdout]   13:     0x5e7fd7dd76bf - <unknown>
[INFO] [stdout]   14:     0x5e7fd7dd713c - <unknown>
[INFO] [stdout]   15:     0x5e7fd7df56ec - <unknown>
[INFO] [stdout]   16:     0x5e7fd7db4364 - <unknown>
[INFO] [stdout]   17:     0x7b895914adfa - <unknown>
[INFO] [stdout]   18:     0x7b89591de3d4 - clone
[INFO] [stdout]   19:                0x0 - <unknown>
[INFO] [stdout] 
[INFO] [stdout] ---- tampered_tag_detected stdout ----
[INFO] [stdout] Deriving key with Argon2id (64 MiB, 3 iterations)...
[INFO] [stdout] 
[INFO] [stdout] thread 'tampered_tag_detected' (1671) panicked at tests/integration.rs:406:6:
[INFO] [stdout] encrypt failed: failed to create io_uring instance
[INFO] [stdout] 
[INFO] [stdout] Caused by:
[INFO] [stdout]     Operation not permitted (os error 1)
[INFO] [stdout] 
[INFO] [stdout] Stack backtrace:
[INFO] [stdout]    0: <unknown>
[INFO] [stdout]    1: <unknown>
[INFO] [stdout]    2: <unknown>
[INFO] [stdout]    3: <unknown>
[INFO] [stdout]    4: <unknown>
[INFO] [stdout]    5: <unknown>
[INFO] [stdout]    6: <unknown>
[INFO] [stdout]    7: <unknown>
[INFO] [stdout]    8: <unknown>
[INFO] [stdout]    9: clone
[INFO] [stdout] stack backtrace:
[INFO] [stdout]    0:     0x5e7fd7d8cbd5 - <unknown>
[INFO] [stdout]    1:     0x5e7fd7d54f8a - <unknown>
[INFO] [stdout]    2:     0x5e7fd7d8c26b - <unknown>
[INFO] [stdout]    3:     0x5e7fd7d8bd4f - <unknown>
[INFO] [stdout]    4:     0x5e7fd7d8b97a - <unknown>
[INFO] [stdout]    5:     0x5e7fd7d8b4b5 - <unknown>
[INFO] [stdout]    6:     0x5e7fd7db2571 - <unknown>
[INFO] [stdout]    7:     0x5e7fd7db2529 - <unknown>
[INFO] [stdout]    8:     0x5e7fd7db2a2c - <unknown>
[INFO] [stdout]    9:     0x5e7fd7d54e1b - <unknown>
[INFO] [stdout]   10:     0x5e7fd7d58311 - <unknown>
[INFO] [stdout]   11:     0x5e7fd7d27033 - <unknown>
[INFO] [stdout]   12:     0x5e7fd7ddc25b - <unknown>
[INFO] [stdout]   13:     0x5e7fd7dd76bf - <unknown>
[INFO] [stdout]   14:     0x5e7fd7dd713c - <unknown>
[INFO] [stdout]   15:     0x5e7fd7df56ec - <unknown>
[INFO] [stdout]   16:     0x5e7fd7db4364 - <unknown>
[INFO] [stdout]   17:     0x7b895914adfa - <unknown>
[INFO] [stdout]   18:     0x7b89591de3d4 - clone
[INFO] [stdout]   19:                0x0 - <unknown>
[INFO] [stdout] 
[INFO] [stdout] ---- encrypted_file_header_readable stdout ----
[INFO] [stdout] Deriving key with Argon2id (64 MiB, 3 iterations)...
[INFO] [stdout] 
[INFO] [stdout] thread 'encrypted_file_header_readable' (1654) panicked at tests/integration.rs:555:6:
[INFO] [stdout] encrypt failed: failed to create io_uring instance
[INFO] [stdout] 
[INFO] [stdout] Caused by:
[INFO] [stdout]     Operation not permitted (os error 1)
[INFO] [stdout] 
[INFO] [stdout] Stack backtrace:
[INFO] [stdout]    0: <unknown>
[INFO] [stdout]    1: <unknown>
[INFO] [stdout]    2: <unknown>
[INFO] [stdout]    3: <unknown>
[INFO] [stdout]    4: <unknown>
[INFO] [stdout]    5: <unknown>
[INFO] [stdout]    6: <unknown>
[INFO] [stdout]    7: <unknown>
[INFO] [stdout]    8: <unknown>
[INFO] [stdout]    9: clone
[INFO] [stdout] stack backtrace:
[INFO] [stdout]    0:     0x5e7fd7d8cbd5 - <unknown>
[INFO] [stdout]    1:     0x5e7fd7d54f8a - <unknown>
[INFO] [stdout]    2:     0x5e7fd7d8c26b - <unknown>
[INFO] [stdout]    3:     0x5e7fd7d8bd4f - <unknown>
[INFO] [stdout]    4:     0x5e7fd7d8b97a - <unknown>
[INFO] [stdout]    5:     0x5e7fd7d8b4b5 - <unknown>
[INFO] [stdout]    6:     0x5e7fd7db2571 - <unknown>
[INFO] [stdout]    7:     0x5e7fd7db2529 - <unknown>
[INFO] [stdout]    8:     0x5e7fd7db2a2c - <unknown>
[INFO] [stdout]    9:     0x5e7fd7d54e1b - <unknown>
[INFO] [stdout]   10:     0x5e7fd7d58311 - <unknown>
[INFO] [stdout]   11:     0x5e7fd7d2d42d - <unknown>
[INFO] [stdout]   12:     0x5e7fd7ddc25b - <unknown>
[INFO] [stdout]   13:     0x5e7fd7dd76bf - <unknown>
[INFO] [stdout]   14:     0x5e7fd7dd713c - <unknown>
[INFO] [stdout]   15:     0x5e7fd7df56ec - <unknown>
[INFO] [stdout]   16:     0x5e7fd7db4364 - <unknown>
[INFO] [stdout]   17:     0x7b895914adfa - <unknown>
[INFO] [stdout]   18:     0x7b89591de3d4 - clone
[INFO] [stdout]   19:                0x0 - <unknown>
[INFO] [stdout] 
[INFO] [stdout] ---- tampered_header_salt_detected stdout ----
[INFO] [stdout] Deriving key with Argon2id (64 MiB, 3 iterations)...
[INFO] [stdout] 
[INFO] [stdout] thread 'tampered_header_salt_detected' (1667) panicked at tests/integration.rs:434:6:
[INFO] [stdout] encrypt failed: failed to create io_uring instance
[INFO] [stdout] 
[INFO] [stdout] Caused by:
[INFO] [stdout]     Operation not permitted (os error 1)
[INFO] [stdout] 
[INFO] [stdout] Stack backtrace:
[INFO] [stdout]    0: <unknown>
[INFO] [stdout]    1: <unknown>
[INFO] [stdout]    2: <unknown>
[INFO] [stdout]    3: <unknown>
[INFO] [stdout]    4: <unknown>
[INFO] [stdout]    5: <unknown>
[INFO] [stdout]    6: <unknown>
[INFO] [stdout]    7: <unknown>
[INFO] [stdout]    8: <unknown>
[INFO] [stdout]    9: clone
[INFO] [stdout] stack backtrace:
[INFO] [stdout]    0:     0x5e7fd7d8cbd5 - <unknown>
[INFO] [stdout]    1:     0x5e7fd7d54f8a - <unknown>
[INFO] [stdout]    2:     0x5e7fd7d8c26b - <unknown>
[INFO] [stdout]    3:     0x5e7fd7d8bd4f - <unknown>
[INFO] [stdout]    4:     0x5e7fd7d8b97a - <unknown>
[INFO] [stdout]    5:     0x5e7fd7d8b4b5 - <unknown>
[INFO] [stdout]    6:     0x5e7fd7db2571 - <unknown>
[INFO] [stdout]    7:     0x5e7fd7db2529 - <unknown>
[INFO] [stdout]    8:     0x5e7fd7db2a2c - <unknown>
[INFO] [stdout]    9:     0x5e7fd7d54e1b - <unknown>
[INFO] [stdout]   10:     0x5e7fd7d58311 - <unknown>
[INFO] [stdout]   11:     0x5e7fd7d2cdac - <unknown>
[INFO] [stdout]   12:     0x5e7fd7ddc25b - <unknown>
[INFO] [stdout]   13:     0x5e7fd7dd76bf - <unknown>
[INFO] [stdout]   14:     0x5e7fd7dd713c - <unknown>
[INFO] [stdout]   15:     0x5e7fd7df56ec - <unknown>
[INFO] [stdout]   16:     0x5e7fd7db4364 - <unknown>
[INFO] [stdout]   17:     0x7b895914adfa - <unknown>
[INFO] [stdout]   18:     0x7b89591de3d4 - clone
[INFO] [stdout]   19:                0x0 - <unknown>
[INFO] [stdout] 
[INFO] [stdout] ---- modified_chunk_size_in_header_detected stdout ----
[INFO] [stdout] Deriving key with Argon2id (64 MiB, 3 iterations)...
[INFO] [stdout] 
[INFO] [stdout] thread 'modified_chunk_size_in_header_detected' (1665) panicked at tests/integration.rs:748:6:
[INFO] [stdout] encrypt failed: failed to create io_uring instance
[INFO] [stdout] 
[INFO] [stdout] Caused by:
[INFO] [stdout]     Operation not permitted (os error 1)
[INFO] [stdout] 
[INFO] [stdout] Stack backtrace:
[INFO] [stdout]    0: <unknown>
[INFO] [stdout]    1: <unknown>
[INFO] [stdout]    2: <unknown>
[INFO] [stdout]    3: <unknown>
[INFO] [stdout]    4: <unknown>
[INFO] [stdout]    5: <unknown>
[INFO] [stdout]    6: <unknown>
[INFO] [stdout]    7: <unknown>
[INFO] [stdout]    8: <unknown>
[INFO] [stdout]    9: clone
[INFO] [stdout] stack backtrace:
[INFO] [stdout]    0:     0x5e7fd7d8cbd5 - <unknown>
[INFO] [stdout]    1:     0x5e7fd7d54f8a - <unknown>
[INFO] [stdout]    2:     0x5e7fd7d8c26b - <unknown>
[INFO] [stdout]    3:     0x5e7fd7d8bd4f - <unknown>
[INFO] [stdout]    4:     0x5e7fd7d8b97a - <unknown>
[INFO] [stdout]    5:     0x5e7fd7d8b4b5 - <unknown>
[INFO] [stdout]    6:     0x5e7fd7db2571 - <unknown>
[INFO] [stdout]    7:     0x5e7fd7db2529 - <unknown>
[INFO] [stdout]    8:     0x5e7fd7db2a2c - <unknown>
[INFO] [stdout]    9:     0x5e7fd7d54e1b - <unknown>
[INFO] [stdout]   10:     0x5e7fd7d58311 - <unknown>
[INFO] [stdout]   11:     0x5e7fd7d30f43 - <unknown>
[INFO] [stdout]   12:     0x5e7fd7ddc25b - <unknown>
[INFO] [stdout]   13:     0x5e7fd7dd76bf - <unknown>
[INFO] [stdout]   14:     0x5e7fd7dd713c - <unknown>
[INFO] [stdout]   15:     0x5e7fd7df56ec - <unknown>
[INFO] [stdout]   16:     0x5e7fd7db4364 - <unknown>
[INFO] [stdout]   17:     0x7b895914adfa - <unknown>
[INFO] [stdout]   18:     0x7b89591de3d4 - clone
[INFO] [stdout]   19:                0x0 - <unknown>
[INFO] [stdout] 
[INFO] [stdout] ---- tampered_ciphertext_detected stdout ----
[INFO] [stdout] Deriving key with Argon2id (64 MiB, 3 iterations)...
[INFO] [stdout] 
[INFO] [stdout] thread 'tampered_ciphertext_detected' (1666) panicked at tests/integration.rs:378:6:
[INFO] [stdout] encrypt failed: failed to create io_uring instance
[INFO] [stdout] 
[INFO] [stdout] Caused by:
[INFO] [stdout]     Operation not permitted (os error 1)
[INFO] [stdout] 
[INFO] [stdout] Stack backtrace:
[INFO] [stdout]    0: <unknown>
[INFO] [stdout]    1: <unknown>
[INFO] [stdout]    2: <unknown>
[INFO] [stdout]    3: <unknown>
[INFO] [stdout]    4: <unknown>
[INFO] [stdout]    5: <unknown>
[INFO] [stdout]    6: <unknown>
[INFO] [stdout]    7: <unknown>
[INFO] [stdout]    8: <unknown>
[INFO] [stdout]    9: clone
[INFO] [stdout] stack backtrace:
[INFO] [stdout]    0:     0x5e7fd7d8cbd5 - <unknown>
[INFO] [stdout]    1:     0x5e7fd7d54f8a - <unknown>
[INFO] [stdout]    2:     0x5e7fd7d8c26b - <unknown>
[INFO] [stdout]    3:     0x5e7fd7d8bd4f - <unknown>
[INFO] [stdout]    4:     0x5e7fd7d8b97a - <unknown>
[INFO] [stdout]    5:     0x5e7fd7d8b4b5 - <unknown>
[INFO] [stdout]    6:     0x5e7fd7db2571 - <unknown>
[INFO] [stdout]    7:     0x5e7fd7db2529 - <unknown>
[INFO] [stdout]    8:     0x5e7fd7db2a2c - <unknown>
[INFO] [stdout]    9:     0x5e7fd7d54e1b - <unknown>
[INFO] [stdout]   10:     0x5e7fd7d58311 - <unknown>
[INFO] [stdout]   11:     0x5e7fd7d2ba92 - <unknown>
[INFO] [stdout]   12:     0x5e7fd7ddc25b - <unknown>
[INFO] [stdout]   13:     0x5e7fd7dd76bf - <unknown>
[INFO] [stdout]   14:     0x5e7fd7dd713c - <unknown>
[INFO] [stdout]   15:     0x5e7fd7df56ec - <unknown>
[INFO] [stdout]   16:     0x5e7fd7db4364 - <unknown>
[INFO] [stdout]   17:     0x7b895914adfa - <unknown>
[INFO] [stdout]   18:     0x7b89591de3d4 - clone
[INFO] [stdout]   19:                0x0 - <unknown>
[INFO] [stdout] 
[INFO] [stdout] ---- failed_decrypt_removes_output stdout ----
[INFO] [stdout] Deriving key with Argon2id (64 MiB, 3 iterations)...
[INFO] [stdout] 
[INFO] [stdout] thread 'failed_decrypt_removes_output' (1656) panicked at tests/integration.rs:816:6:
[INFO] [stdout] encrypt failed: failed to create io_uring instance
[INFO] [stdout] 
[INFO] [stdout] Caused by:
[INFO] [stdout]     Operation not permitted (os error 1)
[INFO] [stdout] 
[INFO] [stdout] Stack backtrace:
[INFO] [stdout]    0: <unknown>
[INFO] [stdout]    1: <unknown>
[INFO] [stdout]    2: <unknown>
[INFO] [stdout]    3: <unknown>
[INFO] [stdout]    4: <unknown>
[INFO] [stdout]    5: <unknown>
[INFO] [stdout]    6: <unknown>
[INFO] [stdout]    7: <unknown>
[INFO] [stdout]    8: <unknown>
[INFO] [stdout]    9: clone
[INFO] [stdout] stack backtrace:
[INFO] [stdout]    0:     0x5e7fd7d8cbd5 - <unknown>
[INFO] [stdout]    1:     0x5e7fd7d54f8a - <unknown>
[INFO] [stdout]    2:     0x5e7fd7d8c26b - <unknown>
[INFO] [stdout]    3:     0x5e7fd7d8bd4f - <unknown>
[INFO] [stdout]    4:     0x5e7fd7d8b97a - <unknown>
[INFO] [stdout]    5:     0x5e7fd7d8b4b5 - <unknown>
[INFO] [stdout]    6:     0x5e7fd7db2571 - <unknown>
[INFO] [stdout]    7:     0x5e7fd7db2529 - <unknown>
[INFO] [stdout]    8:     0x5e7fd7db2a2c - <unknown>
[INFO] [stdout]    9:     0x5e7fd7d54e1b - <unknown>
[INFO] [stdout]   10:     0x5e7fd7d58311 - <unknown>
[INFO] [stdout]   11:     0x5e7fd7d2c9fe - <unknown>
[INFO] [stdout]   12:     0x5e7fd7ddc25b - <unknown>
[INFO] [stdout]   13:     0x5e7fd7dd76bf - <unknown>
[INFO] [stdout]   14:     0x5e7fd7dd713c - <unknown>
[INFO] [stdout]   15:     0x5e7fd7df56ec - <unknown>
[INFO] [stdout]   16:     0x5e7fd7db4364 - <unknown>
[INFO] [stdout]   17:     0x7b895914adfa - <unknown>
[INFO] [stdout]   18:     0x7b89591de3d4 - clone
[INFO] [stdout]   19:                0x0 - <unknown>
[INFO] [stdout] 
[INFO] [stdout] ---- tampered_kdf_params_in_header_detected stdout ----
[INFO] [stdout] Deriving key with Argon2id (64 MiB, 3 iterations)...
[INFO] [stdout] 
[INFO] [stdout] thread 'tampered_kdf_params_in_header_detected' (1668) panicked at tests/integration.rs:878:6:
[INFO] [stdout] encrypt failed: failed to create io_uring instance
[INFO] [stdout] 
[INFO] [stdout] Caused by:
[INFO] [stdout]     Operation not permitted (os error 1)
[INFO] [stdout] 
[INFO] [stdout] Stack backtrace:
[INFO] [stdout]    0: <unknown>
[INFO] [stdout]    1: <unknown>
[INFO] [stdout]    2: <unknown>
[INFO] [stdout]    3: <unknown>
[INFO] [stdout]    4: <unknown>
[INFO] [stdout]    5: <unknown>
[INFO] [stdout]    6: <unknown>
[INFO] [stdout]    7: <unknown>
[INFO] [stdout]    8: <unknown>
[INFO] [stdout]    9: clone
[INFO] [stdout] stack backtrace:
[INFO] [stdout]    0:     0x5e7fd7d8cbd5 - <unknown>
[INFO] [stdout]    1:     0x5e7fd7d54f8a - <unknown>
[INFO] [stdout]    2:     0x5e7fd7d8c26b - <unknown>
[INFO] [stdout]    3:     0x5e7fd7d8bd4f - <unknown>
[INFO] [stdout]    4:     0x5e7fd7d8b97a - <unknown>
[INFO] [stdout]    5:     0x5e7fd7d8b4b5 - <unknown>
[INFO] [stdout]    6:     0x5e7fd7db2571 - <unknown>
[INFO] [stdout]    7:     0x5e7fd7db2529 - <unknown>
[INFO] [stdout]    8:     0x5e7fd7db2a2c - <unknown>
[INFO] [stdout]    9:     0x5e7fd7d54e1b - <unknown>
[INFO] [stdout]   10:     0x5e7fd7d58311 - <unknown>
[INFO] [stdout]   11:     0x5e7fd7d31393 - <unknown>
[INFO] [stdout]   12:     0x5e7fd7ddc25b - <unknown>
[INFO] [stdout]   13:     0x5e7fd7dd76bf - <unknown>
[INFO] [stdout]   14:     0x5e7fd7dd713c - <unknown>
[INFO] [stdout]   15:     0x5e7fd7df56ec - <unknown>
[INFO] [stdout]   16:     0x5e7fd7db4364 - <unknown>
[INFO] [stdout]   17:     0x7b895914adfa - <unknown>
[INFO] [stdout]   18:     0x7b89591de3d4 - clone
[INFO] [stdout]   19:                0x0 - <unknown>
[INFO] [stdout] 
[INFO] [stdout] ---- many_small_chunks stdout ----
[INFO] [stdout] Deriving key with Argon2id (64 MiB, 3 iterations)...
[INFO] [stdout] 
[INFO] [stdout] thread 'many_small_chunks' (1664) panicked at tests/integration.rs:67:6:
[INFO] [stdout] encrypt failed: failed to create io_uring instance
[INFO] [stdout] 
[INFO] [stdout] Caused by:
[INFO] [stdout]     Operation not permitted (os error 1)
[INFO] [stdout] 
[INFO] [stdout] Stack backtrace:
[INFO] [stdout]    0: <unknown>
[INFO] [stdout]    1: <unknown>
[INFO] [stdout]    2: <unknown>
[INFO] [stdout]    3: <unknown>
[INFO] [stdout]    4: <unknown>
[INFO] [stdout]    5: <unknown>
[INFO] [stdout]    6: <unknown>
[INFO] [stdout]    7: <unknown>
[INFO] [stdout]    8: <unknown>
[INFO] [stdout]    9: <unknown>
[INFO] [stdout]   10: clone
[INFO] [stdout] stack backtrace:
[INFO] [stdout]    0:     0x5e7fd7d8cbd5 - <unknown>
[INFO] [stdout]    1:     0x5e7fd7d54f8a - <unknown>
[INFO] [stdout]    2:     0x5e7fd7d8c26b - <unknown>
[INFO] [stdout]    3:     0x5e7fd7d8bd4f - <unknown>
[INFO] [stdout]    4:     0x5e7fd7d8b97a - <unknown>
[INFO] [stdout]    5:     0x5e7fd7d8b4b5 - <unknown>
[INFO] [stdout]    6:     0x5e7fd7db2571 - <unknown>
[INFO] [stdout]    7:     0x5e7fd7db2529 - <unknown>
[INFO] [stdout]    8:     0x5e7fd7db2a2c - <unknown>
[INFO] [stdout]    9:     0x5e7fd7d54e1b - <unknown>
[INFO] [stdout]   10:     0x5e7fd7d58311 - <unknown>
[INFO] [stdout]   11:     0x5e7fd7d22171 - <unknown>
[INFO] [stdout]   12:     0x5e7fd7d25fa5 - <unknown>
[INFO] [stdout]   13:     0x5e7fd7ddc25b - <unknown>
[INFO] [stdout]   14:     0x5e7fd7dd76bf - <unknown>
[INFO] [stdout]   15:     0x5e7fd7dd713c - <unknown>
[INFO] [stdout]   16:     0x5e7fd7df56ec - <unknown>
[INFO] [stdout]   17:     0x5e7fd7db4364 - <unknown>
[INFO] [stdout]   18:     0x7b895914adfa - <unknown>
[INFO] [stdout]   19:     0x7b89591de3d4 - clone
[INFO] [stdout]   20:                0x0 - <unknown>
[INFO] [stdout] 
[INFO] [stdout] ---- truncation_attack_modify_original_size_detected stdout ----
[INFO] [stdout] Deriving key with Argon2id (64 MiB, 3 iterations)...
[INFO] [stdout] 
[INFO] [stdout] thread 'truncation_attack_modify_original_size_detected' (1673) panicked at tests/integration.rs:674:6:
[INFO] [stdout] encrypt failed: failed to create io_uring instance
[INFO] [stdout] 
[INFO] [stdout] Caused by:
[INFO] [stdout]     Operation not permitted (os error 1)
[INFO] [stdout] 
[INFO] [stdout] Stack backtrace:
[INFO] [stdout]    0: <unknown>
[INFO] [stdout]    1: <unknown>
[INFO] [stdout]    2: <unknown>
[INFO] [stdout]    3: <unknown>
[INFO] [stdout]    4: <unknown>
[INFO] [stdout]    5: <unknown>
[INFO] [stdout]    6: <unknown>
[INFO] [stdout]    7: <unknown>
[INFO] [stdout]    8: <unknown>
[INFO] [stdout]    9: clone
[INFO] [stdout] stack backtrace:
[INFO] [stdout]    0:     0x5e7fd7d8cbd5 - <unknown>
[INFO] [stdout]    1:     0x5e7fd7d54f8a - <unknown>
[INFO] [stdout]    2:     0x5e7fd7d8c26b - <unknown>
[INFO] [stdout]    3:     0x5e7fd7d8bd4f - <unknown>
[INFO] [stdout]    4:     0x5e7fd7d8b97a - <unknown>
[INFO] [stdout]    5:     0x5e7fd7d8b4b5 - <unknown>
[INFO] [stdout]    6:     0x5e7fd7db2571 - <unknown>
[INFO] [stdout]    7:     0x5e7fd7db2529 - <unknown>
[INFO] [stdout]    8:     0x5e7fd7db2a2c - <unknown>
[INFO] [stdout]    9:     0x5e7fd7d54e1b - <unknown>
[INFO] [stdout]   10:     0x5e7fd7d58311 - <unknown>
[INFO] [stdout]   11:     0x5e7fd7d33056 - <unknown>
[INFO] [stdout]   12:     0x5e7fd7ddc25b - <unknown>
[INFO] [stdout]   13:     0x5e7fd7dd76bf - <unknown>
[INFO] [stdout]   14:     0x5e7fd7dd713c - <unknown>
[INFO] [stdout]   15:     0x5e7fd7df56ec - <unknown>
[INFO] [stdout]   16:     0x5e7fd7db4364 - <unknown>
[INFO] [stdout]   17:     0x7b895914adfa - <unknown>
[INFO] [stdout]   18:     0x7b89591de3d4 - clone
[INFO] [stdout]   19:                0x0 - <unknown>
[INFO] [stdout] 
[INFO] [stdout] ---- wrong_password_fails_chacha stdout ----
[INFO] [stdout] Deriving key with Argon2id (64 MiB, 3 iterations)...
[INFO] [stdout] 
[INFO] [stdout] thread 'wrong_password_fails_chacha' (1676) panicked at tests/integration.rs:349:6:
[INFO] [stdout] encrypt failed: failed to create io_uring instance
[INFO] [stdout] 
[INFO] [stdout] Caused by:
[INFO] [stdout]     Operation not permitted (os error 1)
[INFO] [stdout] 
[INFO] [stdout] Stack backtrace:
[INFO] [stdout]    0: <unknown>
[INFO] [stdout]    1: <unknown>
[INFO] [stdout]    2: <unknown>
[INFO] [stdout]    3: <unknown>
[INFO] [stdout]    4: <unknown>
[INFO] [stdout]    5: <unknown>
[INFO] [stdout]    6: <unknown>
[INFO] [stdout]    7: <unknown>
[INFO] [stdout]    8: <unknown>
[INFO] [stdout]    9: clone
[INFO] [stdout] stack backtrace:
[INFO] [stdout]    0:     0x5e7fd7d8cbd5 - <unknown>
[INFO] [stdout]    1:     0x5e7fd7d54f8a - <unknown>
[INFO] [stdout]    2:     0x5e7fd7d8c26b - <unknown>
[INFO] [stdout]    3:     0x5e7fd7d8bd4f - <unknown>
[INFO] [stdout]    4:     0x5e7fd7d8b97a - <unknown>
[INFO] [stdout]    5:     0x5e7fd7d8b4b5 - <unknown>
[INFO] [stdout]    6:     0x5e7fd7db2571 - <unknown>
[INFO] [stdout]    7:     0x5e7fd7db2529 - <unknown>
[INFO] [stdout]    8:     0x5e7fd7db2a2c - <unknown>
[INFO] [stdout]    9:     0x5e7fd7d54e1b - <unknown>
[INFO] [stdout]   10:     0x5e7fd7d58311 - <unknown>
[INFO] [stdout]   11:     0x5e7fd7d2afe3 - <unknown>
[INFO] [stdout]   12:     0x5e7fd7ddc25b - <unknown>
[INFO] [stdout]   13:     0x5e7fd7dd76bf - <unknown>
[INFO] [stdout]   14:     0x5e7fd7dd713c - <unknown>
[INFO] [stdout]   15:     0x5e7fd7df56ec - <unknown>
[INFO] [stdout]   16:     0x5e7fd7db4364 - <unknown>
[INFO] [stdout]   17:     0x7b895914adfa - <unknown>
[INFO] [stdout]   18:     0x7b89591de3d4 - clone
[INFO] [stdout]   19:                0x0 - <unknown>
[INFO] [stdout] 
[INFO] [stdout] ---- tampered_reserved_header_bytes_detected stdout ----
[INFO] [stdout] Deriving key with Argon2id (64 MiB, 3 iterations)...
[INFO] [stdout] 
[INFO] [stdout] thread 'tampered_reserved_header_bytes_detected' (1670) panicked at tests/integration.rs:846:6:
[INFO] [stdout] encrypt failed: failed to create io_uring instance
[INFO] [stdout] 
[INFO] [stdout] Caused by:
[INFO] [stdout]     Operation not permitted (os error 1)
[INFO] [stdout] 
[INFO] [stdout] Stack backtrace:
[INFO] [stdout]    0: <unknown>
[INFO] [stdout]    1: <unknown>
[INFO] [stdout]    2: <unknown>
[INFO] [stdout]    3: <unknown>
[INFO] [stdout]    4: <unknown>
[INFO] [stdout]    5: <unknown>
[INFO] [stdout]    6: <unknown>
[INFO] [stdout]    7: <unknown>
[INFO] [stdout]    8: <unknown>
[INFO] [stdout]    9: clone
[INFO] [stdout] stack backtrace:
[INFO] [stdout]    0:     0x5e7fd7d8cbd5 - <unknown>
[INFO] [stdout]    1:     0x5e7fd7d54f8a - <unknown>
[INFO] [stdout]    2:     0x5e7fd7d8c26b - <unknown>
[INFO] [stdout]    3:     0x5e7fd7d8bd4f - <unknown>
[INFO] [stdout]    4:     0x5e7fd7d8b97a - <unknown>
[INFO] [stdout]    5:     0x5e7fd7d8b4b5 - <unknown>
[INFO] [stdout]    6:     0x5e7fd7db2571 - <unknown>
[INFO] [stdout]    7:     0x5e7fd7db2529 - <unknown>
[INFO] [stdout]    8:     0x5e7fd7db2a2c - <unknown>
[INFO] [stdout]    9:     0x5e7fd7d54e1b - <unknown>
[INFO] [stdout]   10:     0x5e7fd7d58311 - <unknown>
[INFO] [stdout]   11:     0x5e7fd7d31d1a - <unknown>
[INFO] [stdout]   12:     0x5e7fd7ddc25b - <unknown>
[INFO] [stdout]   13:     0x5e7fd7dd76bf - <unknown>
[INFO] [stdout]   14:     0x5e7fd7dd713c - <unknown>
[INFO] [stdout]   15:     0x5e7fd7df56ec - <unknown>
[INFO] [stdout]   16:     0x5e7fd7db4364 - <unknown>
[INFO] [stdout]   17:     0x7b895914adfa - <unknown>
[INFO] [stdout]   18:     0x7b89591de3d4 - clone
[INFO] [stdout]   19:                0x0 - <unknown>
[INFO] [stdout] 
[INFO] [stdout] ---- tampered_padding_detected stdout ----
[INFO] [stdout] Deriving key with Argon2id (64 MiB, 3 iterations)...
[INFO] [stdout] 
[INFO] [stdout] thread 'tampered_padding_detected' (1669) panicked at tests/integration.rs:781:6:
[INFO] [stdout] encrypt failed: failed to create io_uring instance
[INFO] [stdout] 
[INFO] [stdout] Caused by:
[INFO] [stdout]     Operation not permitted (os error 1)
[INFO] [stdout] 
[INFO] [stdout] Stack backtrace:
[INFO] [stdout]    0: <unknown>
[INFO] [stdout]    1: <unknown>
[INFO] [stdout]    2: <unknown>
[INFO] [stdout]    3: <unknown>
[INFO] [stdout]    4: <unknown>
[INFO] [stdout]    5: <unknown>
[INFO] [stdout]    6: <unknown>
[INFO] [stdout]    7: <unknown>
[INFO] [stdout]    8: <unknown>
[INFO] [stdout]    9: clone
[INFO] [stdout] stack backtrace:
[INFO] [stdout]    0:     0x5e7fd7d8cbd5 - <unknown>
[INFO] [stdout]    1:     0x5e7fd7d54f8a - <unknown>
[INFO] [stdout]    2:     0x5e7fd7d8c26b - <unknown>
[INFO] [stdout]    3:     0x5e7fd7d8bd4f - <unknown>
[INFO] [stdout]    4:     0x5e7fd7d8b97a - <unknown>
[INFO] [stdout]    5:     0x5e7fd7d8b4b5 - <unknown>
[INFO] [stdout]    6:     0x5e7fd7db2571 - <unknown>
[INFO] [stdout]    7:     0x5e7fd7db2529 - <unknown>
[INFO] [stdout]    8:     0x5e7fd7db2a2c - <unknown>
[INFO] [stdout]    9:     0x5e7fd7d54e1b - <unknown>
[INFO] [stdout]   10:     0x5e7fd7d58311 - <unknown>
[INFO] [stdout]   11:     0x5e7fd7d29362 - <unknown>
[INFO] [stdout]   12:     0x5e7fd7ddc25b - <unknown>
[INFO] [stdout]   13:     0x5e7fd7dd76bf - <unknown>
[INFO] [stdout]   14:     0x5e7fd7dd713c - <unknown>
[INFO] [stdout]   15:     0x5e7fd7df56ec - <unknown>
[INFO] [stdout]   16:     0x5e7fd7db4364 - <unknown>
[INFO] [stdout]   17:     0x7b895914adfa - <unknown>
[INFO] [stdout]   18:     0x7b89591de3d4 - clone
[INFO] [stdout]   19:                0x0 - <unknown>
[INFO] [stdout] 
[INFO] [stdout] ---- truncated_file_detected stdout ----
[INFO] [stdout] Deriving key with Argon2id (64 MiB, 3 iterations)...
[INFO] [stdout] 
[INFO] [stdout] thread 'truncated_file_detected' (1672) panicked at tests/integration.rs:462:6:
[INFO] [stdout] encrypt failed: failed to create io_uring instance
[INFO] [stdout] 
[INFO] [stdout] Caused by:
[INFO] [stdout]     Operation not permitted (os error 1)
[INFO] [stdout] 
[INFO] [stdout] Stack backtrace:
[INFO] [stdout]    0: <unknown>
[INFO] [stdout]    1: <unknown>
[INFO] [stdout]    2: <unknown>
[INFO] [stdout]    3: <unknown>
[INFO] [stdout]    4: <unknown>
[INFO] [stdout]    5: <unknown>
[INFO] [stdout]    6: <unknown>
[INFO] [stdout]    7: <unknown>
[INFO] [stdout]    8: <unknown>
[INFO] [stdout]    9: clone
[INFO] [stdout] stack backtrace:
[INFO] [stdout]    0:     0x5e7fd7d8cbd5 - <unknown>
[INFO] [stdout]    1:     0x5e7fd7d54f8a - <unknown>
[INFO] [stdout]    2:     0x5e7fd7d8c26b - <unknown>
[INFO] [stdout]    3:     0x5e7fd7d8bd4f - <unknown>
[INFO] [stdout]    4:     0x5e7fd7d8b97a - <unknown>
[INFO] [stdout]    5:     0x5e7fd7d8b4b5 - <unknown>
[INFO] [stdout]    6:     0x5e7fd7db2571 - <unknown>
[INFO] [stdout]    7:     0x5e7fd7db2529 - <unknown>
[INFO] [stdout]    8:     0x5e7fd7db2a2c - <unknown>
[INFO] [stdout]    9:     0x5e7fd7d54e1b - <unknown>
[INFO] [stdout]   10:     0x5e7fd7d58311 - <unknown>
[INFO] [stdout]   11:     0x5e7fd7d27ad5 - <unknown>
[INFO] [stdout]   12:     0x5e7fd7ddc25b - <unknown>
[INFO] [stdout]   13:     0x5e7fd7dd76bf - <unknown>
[INFO] [stdout]   14:     0x5e7fd7dd713c - <unknown>
[INFO] [stdout]   15:     0x5e7fd7df56ec - <unknown>
[INFO] [stdout]   16:     0x5e7fd7db4364 - <unknown>
[INFO] [stdout]   17:     0x7b895914adfa - <unknown>
[INFO] [stdout]   18:     0x7b89591de3d4 - clone
[INFO] [stdout]   19:                0x0 - <unknown>
[INFO] [stdout] 
[INFO] [stdout] ---- truncation_attack_remove_last_chunk_detected stdout ----
[INFO] [stdout] Deriving key with Argon2id (64 MiB, 3 iterations)...
[INFO] [stdout] 
[INFO] [stdout] thread 'truncation_attack_remove_last_chunk_detected' (1674) panicked at tests/integration.rs:710:6:
[INFO] [stdout] encrypt failed: failed to create io_uring instance
[INFO] [stdout] 
[INFO] [stdout] Caused by:
[INFO] [stdout]     Operation not permitted (os error 1)
[INFO] [stdout] 
[INFO] [stdout] Stack backtrace:
[INFO] [stdout]    0: <unknown>
[INFO] [stdout]    1: <unknown>
[INFO] [stdout]    2: <unknown>
[INFO] [stdout]    3: <unknown>
[INFO] [stdout]    4: <unknown>
[INFO] [stdout]    5: <unknown>
[INFO] [stdout]    6: <unknown>
[INFO] [stdout]    7: <unknown>
[INFO] [stdout]    8: <unknown>
[INFO] [stdout]    9: clone
[INFO] [stdout] stack backtrace:
[INFO] [stdout]    0:     0x5e7fd7d8cbd5 - <unknown>
[INFO] [stdout]    1:     0x5e7fd7d54f8a - <unknown>
[INFO] [stdout]    2:     0x5e7fd7d8c26b - <unknown>
[INFO] [stdout]    3:     0x5e7fd7d8bd4f - <unknown>
[INFO] [stdout]    4:     0x5e7fd7d8b97a - <unknown>
[INFO] [stdout]    5:     0x5e7fd7d8b4b5 - <unknown>
[INFO] [stdout]    6:     0x5e7fd7db2571 - <unknown>
[INFO] [stdout]    7:     0x5e7fd7db2529 - <unknown>
[INFO] [stdout]    8:     0x5e7fd7db2a2c - <unknown>
[INFO] [stdout]    9:     0x5e7fd7d54e1b - <unknown>
[INFO] [stdout]   10:     0x5e7fd7d58311 - <unknown>
[INFO] [stdout]   11:     0x5e7fd7d32a36 - <unknown>
[INFO] [stdout]   12:     0x5e7fd7ddc25b - <unknown>
[INFO] [stdout]   13:     0x5e7fd7dd76bf - <unknown>
[INFO] [stdout]   14:     0x5e7fd7dd713c - <unknown>
[INFO] [stdout]   15:     0x5e7fd7df56ec - <unknown>
[INFO] [stdout]   16:     0x5e7fd7db4364 - <unknown>
[INFO] [stdout]   17:     0x7b895914adfa - <unknown>
[INFO] [stdout]   18:     0x7b89591de3d4 - clone
[INFO] [stdout]   19:                0x0 - <unknown>
[INFO] [stdout] 
[INFO] [stdout] ---- wrong_password_fails_aes stdout ----
[INFO] [stdout] Deriving key with Argon2id (64 MiB, 3 iterations)...
[INFO] [stdout] 
[INFO] [stdout] thread 'wrong_password_fails_aes' (1675) panicked at tests/integration.rs:324:6:
[INFO] [stdout] encrypt failed: failed to create io_uring instance
[INFO] [stdout] 
[INFO] [stdout] Caused by:
[INFO] [stdout]     Operation not permitted (os error 1)
[INFO] [stdout] 
[INFO] [stdout] Stack backtrace:
[INFO] [stdout]    0: <unknown>
[INFO] [stdout]    1: <unknown>
[INFO] [stdout]    2: <unknown>
[INFO] [stdout]    3: <unknown>
[INFO] [stdout]    4: <unknown>
[INFO] [stdout]    5: <unknown>
[INFO] [stdout]    6: <unknown>
[INFO] [stdout]    7: <unknown>
[INFO] [stdout]    8: <unknown>
[INFO] [stdout]    9: clone
[INFO] [stdout] stack backtrace:
[INFO] [stdout]    0:     0x5e7fd7d8cbd5 - <unknown>
[INFO] [stdout]    1:     0x5e7fd7d54f8a - <unknown>
[INFO] [stdout]    2:     0x5e7fd7d8c26b - <unknown>
[INFO] [stdout]    3:     0x5e7fd7d8bd4f - <unknown>
[INFO] [stdout]    4:     0x5e7fd7d8b97a - <unknown>
[INFO] [stdout]    5:     0x5e7fd7d8b4b5 - <unknown>
[INFO] [stdout]    6:     0x5e7fd7db2571 - <unknown>
[INFO] [stdout]    7:     0x5e7fd7db2529 - <unknown>
[INFO] [stdout]    8:     0x5e7fd7db2a2c - <unknown>
[INFO] [stdout]    9:     0x5e7fd7d54e1b - <unknown>
[INFO] [stdout]   10:     0x5e7fd7d58311 - <unknown>
[INFO] [stdout]   11:     0x5e7fd7d28390 - <unknown>
[INFO] [stdout]   12:     0x5e7fd7ddc25b - <unknown>
[INFO] [stdout]   13:     0x5e7fd7dd76bf - <unknown>
[INFO] [stdout]   14:     0x5e7fd7dd713c - <unknown>
[INFO] [stdout]   15:     0x5e7fd7df56ec - <unknown>
[INFO] [stdout]   16:     0x5e7fd7db4364 - <unknown>
[INFO] [stdout]   17:     0x7b895914adfa - <unknown>
[INFO] [stdout]   18:     0x7b89591de3d4 - clone
[INFO] [stdout]   19:                0x0 - <unknown>
[INFO] [stdout] 
[INFO] [stdout] 
[INFO] [stdout] failures:
[INFO] [stdout]     aes_roundtrip_1_byte
[INFO] [stdout]     aes_roundtrip_chunk_boundary_minus_one
[INFO] [stdout]     aes_roundtrip_chunk_boundary_plus_one
[INFO] [stdout]     aes_roundtrip_empty_file
[INFO] [stdout]     aes_roundtrip_exactly_one_chunk
[INFO] [stdout]     aes_roundtrip_multi_chunk
[INFO] [stdout]     aes_roundtrip_pattern_data
[INFO] [stdout]     aes_roundtrip_small_chunk_size
[INFO] [stdout]     archive_binary_content_roundtrip
[INFO] [stdout]     archive_empty_directory
[INFO] [stdout]     archive_encrypt_decrypt_roundtrip_aes
[INFO] [stdout]     archive_encrypt_decrypt_roundtrip_chacha
[INFO] [stdout]     archive_many_files
[INFO] [stdout]     archive_nested_directories
[INFO] [stdout]     archive_wrong_password_fails
[INFO] [stdout]     chacha_roundtrip_empty_file
[INFO] [stdout]     chacha_roundtrip_multi_chunk
[INFO] [stdout]     chacha_roundtrip_small_chunks
[INFO] [stdout]     chunk_swap_attack_detected
[INFO] [stdout]     cipher_type_mismatch_fails
[INFO] [stdout]     encrypted_file_has_correct_size
[INFO] [stdout]     encrypted_file_header_readable
[INFO] [stdout]     encryption_is_non_deterministic
[INFO] [stdout]     failed_decrypt_removes_output
[INFO] [stdout]     many_small_chunks
[INFO] [stdout]     modified_chunk_size_in_header_detected
[INFO] [stdout]     tampered_ciphertext_detected
[INFO] [stdout]     tampered_header_salt_detected
[INFO] [stdout]     tampered_kdf_params_in_header_detected
[INFO] [stdout]     tampered_padding_detected
[INFO] [stdout]     tampered_reserved_header_bytes_detected
[INFO] [stdout]     tampered_tag_detected
[INFO] [stdout]     truncated_file_detected
[INFO] [stdout]     truncation_attack_modify_original_size_detected
[INFO] [stdout]     truncation_attack_remove_last_chunk_detected
[INFO] [stdout]     wrong_password_fails_aes
[INFO] [stdout]     wrong_password_fails_chacha
[INFO] [stdout] 
[INFO] [stdout] test result: FAILED. 18 passed; 37 failed; 0 ignored; 0 measured; 0 filtered out; finished in 4.43s
[INFO] [stdout] 
[INFO] [stderr] error: test failed, to rerun pass `--test integration`
[INFO] running `Command { std: "docker" "inspect" "366bbb496ef9d141220fcfebacc168de353997f09718606acf56db3c7e74d295", kill_on_drop: false }`
[INFO] running `Command { std: "docker" "rm" "-f" "366bbb496ef9d141220fcfebacc168de353997f09718606acf56db3c7e74d295", kill_on_drop: false }`
[INFO] [stdout] 366bbb496ef9d141220fcfebacc168de353997f09718606acf56db3c7e74d295
