[INFO] fetching crate concordium-std-derive 6.0.1-alpha.1...
[INFO] testing concordium-std-derive-6.0.1-alpha.1 against 1.100.0-beta.1+cargoflags=--release for beta-release-1.100-2
[INFO] extracting crate concordium-std-derive 6.0.1-alpha.1 into /workspace/builds/worker-7-tc2/source
[INFO] started tweaking crates.io crate concordium-std-derive 6.0.1-alpha.1
[INFO] removed 0 missing tests
[INFO] finished tweaking crates.io crate concordium-std-derive 6.0.1-alpha.1
[INFO] tweaked toml for crates.io crate concordium-std-derive 6.0.1-alpha.1 written to /workspace/builds/worker-7-tc2/source/Cargo.toml
[INFO] validating manifest of crates.io crate concordium-std-derive 6.0.1-alpha.1 on toolchain 1.100.0-beta.1
[INFO] running `Command { std: CARGO_HOME="/workspace/cargo-home" RUSTUP_HOME="/workspace/rustup-home" "/workspace/cargo-home/bin/cargo" "+1.100.0-beta.1" "metadata" "--manifest-path" "Cargo.toml" "--no-deps", kill_on_drop: false }`
[INFO] crate crates.io crate concordium-std-derive 6.0.1-alpha.1 already has a lockfile, it will not be regenerated
[INFO] running `Command { std: CARGO_HOME="/workspace/cargo-home" RUSTUP_HOME="/workspace/rustup-home" "/workspace/cargo-home/bin/cargo" "+1.100.0-beta.1" "fetch" "--manifest-path" "Cargo.toml", kill_on_drop: false }`
[INFO] running `Command { std: "docker" "create" "-v" "/var/lib/crater-agent-workspace/builds/worker-7-tc2/source:/opt/rustwide/workdir:ro,Z" "-v" "/var/lib/crater-agent-workspace/builds/worker-7-tc2/target:/opt/rustwide/target:rw,Z" "-v" "/var/lib/crater-agent-workspace/cargo-home:/opt/rustwide/cargo-home:ro,Z" "-v" "/var/lib/crater-agent-workspace/rustup-home:/opt/rustwide/rustup-home:ro,Z" "-m" "1610612736" "--network" "none" "ghcr.io/rust-lang/crates-build-env/linux@sha256:77db811e55d90add9212f6832c23229e3de5f1c1f9905e8cb07319ea15df73ac" "sleep" "infinity", kill_on_drop: false }`
[INFO] [stdout] 0bb8af1371385c411a2dfb28df90be347edca8815ef1b2e05d6acd8717f8fb3b
[INFO] running `Command { std: "docker" "start" "0bb8af1371385c411a2dfb28df90be347edca8815ef1b2e05d6acd8717f8fb3b", kill_on_drop: false }`
[INFO] running `Command { std: "docker" "inspect" "0bb8af1371385c411a2dfb28df90be347edca8815ef1b2e05d6acd8717f8fb3b", kill_on_drop: false }`
[INFO] running `Command { std: "docker" "exec" "-e" "SOURCE_DIR=/opt/rustwide/workdir" "-e" "CARGO_HOME=/opt/rustwide/cargo-home" "-e" "RUSTUP_HOME=/opt/rustwide/rustup-home" "-e" "CARGO_TARGET_DIR=/opt/rustwide/target" "-w" "/opt/rustwide/workdir" "--user" "0:0" "0bb8af1371385c411a2dfb28df90be347edca8815ef1b2e05d6acd8717f8fb3b" "/opt/rustwide/cargo-home/bin/cargo" "+1.100.0-beta.1" "metadata" "--no-deps" "--format-version=1", kill_on_drop: false }`
[INFO] running `Command { std: "docker" "inspect" "0bb8af1371385c411a2dfb28df90be347edca8815ef1b2e05d6acd8717f8fb3b", kill_on_drop: false }`
[INFO] running `Command { std: "docker" "exec" "-e" "SOURCE_DIR=/opt/rustwide/workdir" "-e" "CARGO_HOME=/opt/rustwide/cargo-home" "-e" "RUSTUP_HOME=/opt/rustwide/rustup-home" "-e" "CARGO_TARGET_DIR=/opt/rustwide/target" "-e" "CARGO_INCREMENTAL=0" "-e" "RUST_BACKTRACE=full" "-e" "RUSTFLAGS=--cap-lints=warn" "-e" "RUSTDOCFLAGS=--cap-lints=warn" "-w" "/opt/rustwide/workdir" "--user" "0:0" "0bb8af1371385c411a2dfb28df90be347edca8815ef1b2e05d6acd8717f8fb3b" "/opt/rustwide/cargo-home/bin/cargo" "+1.100.0-beta.1" "build" "--frozen" "--message-format=json" "--release", kill_on_drop: false }`
[INFO] [stderr]    Compiling quote v1.0.41
[INFO] [stderr]    Compiling unicode-ident v1.0.19
[INFO] [stderr]    Compiling typenum v1.19.0
[INFO] [stderr]    Compiling num-traits v0.2.19
[INFO] [stderr]    Compiling serde_core v1.0.228
[INFO] [stderr]    Compiling serde v1.0.228
[INFO] [stderr]    Compiling serde_json v1.0.145
[INFO] [stderr]    Compiling cfg-if v1.0.3
[INFO] [stderr]    Compiling cpufeatures v0.2.17
[INFO] [stderr]    Compiling rust_decimal v1.38.0
[INFO] [stderr]    Compiling thiserror v1.0.69
[INFO] [stderr]    Compiling arrayvec v0.7.6
[INFO] [stderr]    Compiling ryu v1.0.20
[INFO] [stderr]    Compiling memchr v2.7.6
[INFO] [stderr]    Compiling proc-macro2 v1.0.101
[INFO] [stderr]    Compiling iana-time-zone v0.1.64
[INFO] [stderr]    Compiling itoa v1.0.15
[INFO] [stderr]    Compiling fnv v1.0.7
[INFO] [stderr]    Compiling hashbrown v0.11.2
[INFO] [stderr]    Compiling base64 v0.21.7
[INFO] [stderr]    Compiling generic-array v0.14.7
[INFO] [stderr]    Compiling syn v2.0.106
[INFO] [stderr]    Compiling num-integer v0.1.46
[INFO] [stderr]    Compiling chrono v0.4.42
[INFO] [stderr]    Compiling block-buffer v0.10.4
[INFO] [stderr]    Compiling crypto-common v0.1.6
[INFO] [stderr]    Compiling digest v0.10.7
[INFO] [stderr]    Compiling num-bigint v0.4.6
[INFO] [stderr]    Compiling sha2 v0.10.9
[INFO] [stderr]    Compiling bs58 v0.5.1
[INFO] [stderr]    Compiling serde_derive v1.0.228
[INFO] [stderr]    Compiling thiserror-impl v1.0.69
[INFO] [stderr]    Compiling concordium-contracts-common-derive v4.1.0
[INFO] [stderr]    Compiling concordium-contracts-common v9.2.0
[INFO] [stderr]    Compiling concordium-std-derive v6.0.1-alpha.1 (/opt/rustwide/workdir)
[INFO] [stderr]     Finished `release` profile [optimized] target(s) in 24.89s
[INFO] running `Command { std: "docker" "inspect" "0bb8af1371385c411a2dfb28df90be347edca8815ef1b2e05d6acd8717f8fb3b", kill_on_drop: false }`
[INFO] running `Command { std: "docker" "exec" "-e" "SOURCE_DIR=/opt/rustwide/workdir" "-e" "CARGO_HOME=/opt/rustwide/cargo-home" "-e" "RUSTUP_HOME=/opt/rustwide/rustup-home" "-e" "CARGO_TARGET_DIR=/opt/rustwide/target" "-e" "CARGO_INCREMENTAL=0" "-e" "RUST_BACKTRACE=full" "-e" "RUSTFLAGS=--cap-lints=warn" "-e" "RUSTDOCFLAGS=--cap-lints=warn" "-w" "/opt/rustwide/workdir" "--user" "0:0" "0bb8af1371385c411a2dfb28df90be347edca8815ef1b2e05d6acd8717f8fb3b" "/opt/rustwide/cargo-home/bin/cargo" "+1.100.0-beta.1" "test" "--frozen" "--no-run" "--message-format=json" "--release", kill_on_drop: false }`
[INFO] [stderr]    Compiling serde_core v1.0.228
[INFO] [stderr]    Compiling target-triple v0.1.4
[INFO] [stderr]    Compiling num-traits v0.2.19
[INFO] [stderr]    Compiling crypto-common v0.1.6
[INFO] [stderr]    Compiling winnow v0.7.13
[INFO] [stderr]    Compiling serde v1.0.228
[INFO] [stderr]    Compiling serde_json v1.0.145
[INFO] [stderr]    Compiling proc-macro2 v1.0.101
[INFO] [stderr]    Compiling digest v0.10.7
[INFO] [stderr]    Compiling cfg-if v1.0.3
[INFO] [stderr]    Compiling unicode-ident v1.0.19
[INFO] [stderr]    Compiling toml_writer v1.0.3
[INFO] [stderr]    Compiling sha2 v0.10.9
[INFO] [stderr]    Compiling serde_spanned v1.0.2
[INFO] [stderr]    Compiling toml_datetime v0.7.2
[INFO] [stderr]    Compiling num-integer v0.1.46
[INFO] [stderr]    Compiling rust_decimal v1.38.0
[INFO] [stderr]    Compiling quote v1.0.41
[INFO] [stderr]    Compiling arrayvec v0.7.6
[INFO] [stderr]    Compiling glob v0.3.3
[INFO] [stderr]    Compiling toml_parser v1.0.3
[INFO] [stderr]    Compiling termcolor v1.4.1
[INFO] [stderr]    Compiling chrono v0.4.42
[INFO] [stderr]    Compiling num-bigint v0.4.6
[INFO] [stderr]    Compiling toml v0.9.7
[INFO] [stderr]    Compiling concordium-contracts-common v9.2.0
[INFO] [stderr]    Compiling thiserror v1.0.69
[INFO] [stderr]    Compiling bs58 v0.5.1
[INFO] [stderr]    Compiling fnv v1.0.7
[INFO] [stderr]    Compiling trybuild v1.0.111
[INFO] [stderr]    Compiling hashbrown v0.11.2
[INFO] [stderr]    Compiling syn v2.0.106
[INFO] [stderr]    Compiling concordium-std-derive v6.0.1-alpha.1 (/opt/rustwide/workdir)
[INFO] [stderr]     Finished `release` profile [optimized] target(s) in 1m 29s
[INFO] running `Command { std: "docker" "inspect" "0bb8af1371385c411a2dfb28df90be347edca8815ef1b2e05d6acd8717f8fb3b", kill_on_drop: false }`
[INFO] running `Command { std: "docker" "exec" "-e" "SOURCE_DIR=/opt/rustwide/workdir" "-e" "CARGO_HOME=/opt/rustwide/cargo-home" "-e" "RUSTUP_HOME=/opt/rustwide/rustup-home" "-e" "CARGO_TARGET_DIR=/opt/rustwide/target" "-e" "CARGO_INCREMENTAL=0" "-e" "RUST_BACKTRACE=full" "-e" "RUSTFLAGS=--cap-lints=warn" "-e" "RUSTDOCFLAGS=--cap-lints=warn" "-w" "/opt/rustwide/workdir" "--user" "0:0" "0bb8af1371385c411a2dfb28df90be347edca8815ef1b2e05d6acd8717f8fb3b" "/opt/rustwide/cargo-home/bin/cargo" "+1.100.0-beta.1" "test" "--frozen" "--release", kill_on_drop: false }`
[INFO] [stderr]     Finished `release` profile [optimized] target(s) in 0.22s
[INFO] [stderr]      Running unittests src/lib.rs (/opt/rustwide/target/release/build/concordium-std-derive/a4a66d6878782f4b/out/concordium_std_derive-a4a66d6878782f4b)
[INFO] [stderr]      Running tests/test.rs (/opt/rustwide/target/release/build/concordium-std-derive/83704cd5771424fa/out/test-83704cd5771424fa)
[INFO] [stdout] 
[INFO] [stdout] running 0 tests
[INFO] [stdout] 
[INFO] [stdout] test result: ok. 0 passed; 0 failed; 0 ignored; 0 measured; 0 filtered out; finished in 0.00s
[INFO] [stdout] 
[INFO] [stdout] 
[INFO] [stdout] running 1 test
[INFO] [stderr]    Compiling proc-macro2 v1.0.101
[INFO] [stderr]    Compiling typenum v1.19.0
[INFO] [stderr]    Compiling quote v1.0.41
[INFO] [stderr]    Compiling version_check v0.9.5
[INFO] [stderr]    Compiling autocfg v1.5.0
[INFO] [stderr]    Compiling unicode-ident v1.0.19
[INFO] [stderr]    Compiling serde_core v1.0.228
[INFO] [stderr]    Compiling serde v1.0.228
[INFO] [stderr]    Compiling rust_decimal v1.38.0
[INFO] [stderr]    Compiling thiserror v1.0.69
[INFO] [stderr]    Compiling generic-array v0.14.7
[INFO] [stderr]    Compiling serde_json v1.0.145
[INFO] [stderr]    Compiling cpufeatures v0.2.17
[INFO] [stderr]    Compiling cfg-if v1.0.3
[INFO] [stderr]    Compiling memchr v2.7.6
[INFO] [stderr]    Compiling itoa v1.0.15
[INFO] [stderr]    Compiling num-traits v0.2.19
[INFO] [stderr]    Compiling syn v2.0.106
[INFO] [stderr]    Compiling ryu v1.0.20
[INFO] [stderr]    Compiling iana-time-zone v0.1.64
[INFO] [stderr]    Compiling crypto-common v0.1.6
[INFO] [stderr]    Compiling block-buffer v0.10.4
[INFO] [stderr]    Compiling digest v0.10.7
[INFO] [stderr]    Compiling num-integer v0.1.46
[INFO] [stderr]    Compiling sha2 v0.10.9
[INFO] [stderr]    Compiling arrayvec v0.7.6
[INFO] [stderr]    Compiling num-bigint v0.4.6
[INFO] [stderr]    Compiling chrono v0.4.42
[INFO] [stderr]    Compiling bs58 v0.5.1
[INFO] [stderr]    Compiling hex v0.4.3
[INFO] [stderr]    Compiling fnv v1.0.7
[INFO] [stderr]    Compiling base64 v0.21.7
[INFO] [stderr]    Compiling hashbrown v0.11.2
[INFO] [stderr]    Compiling serde_derive v1.0.228
[INFO] [stderr]    Compiling thiserror-impl v1.0.69
[INFO] [stderr]    Compiling concordium-contracts-common-derive v4.1.0
[INFO] [stderr]    Compiling concordium-contracts-common v9.2.0
[INFO] [stderr]    Compiling concordium-std-derive v6.0.1-alpha.1 (/opt/rustwide/workdir)
[INFO] [stderr]    Compiling concordium-std-derive-tests v0.0.0 (/opt/rustwide/target/tests/trybuild/concordium-std-derive)
[INFO] [stderr]     Finished `dev` profile [unoptimized + debuginfo] target(s) in 58.97s
[INFO] [stderr] 
[INFO] [stderr] 
[INFO] [stderr] test tests/test-programs/success.rs [should pass] ... ok
[INFO] [stdout] test tests has been running for over 60 seconds
[INFO] [stderr] test tests/test-programs/fail-acc-invalid-base58.rs [should fail to compile] ... mismatch
[INFO] [stderr] 
[INFO] [stderr] EXPECTED:
[INFO] [stderr] ┈┈┈┈┈┈┈┈┈┈┈┈┈┈┈┈┈┈┈┈┈┈┈┈┈┈┈┈┈┈┈┈┈┈┈┈┈┈┈┈┈┈┈┈┈┈┈┈┈┈┈┈┈┈┈┈┈┈┈┈
[INFO] [stderr] error: Invalid account address: Invalid Base58Check encoding.
[INFO] [stderr]  --> tests/test-programs/fail-acc-invalid-base58.rs:6:46
[INFO] [stderr]   |
[INFO] [stderr] 6 | const ACC: AccountAddress = account_address!("30Bx2h5Y2veb4hZgAJWPrr8RyQESKm5TjzF3ti1QQ4VSYLwK1G");
[INFO] [stderr]   |                                              ^^^^^^^^^^^^^^^^^^^^^^^^^^^^^^^^^^^^^^^^^^^^^^^^^^^^
[INFO] [stderr] ┈┈┈┈┈┈┈┈┈┈┈┈┈┈┈┈┈┈┈┈┈┈┈┈┈┈┈┈┈┈┈┈┈┈┈┈┈┈┈┈┈┈┈┈┈┈┈┈┈┈┈┈┈┈┈┈┈┈┈┈
[INFO] [stderr] 
[INFO] [stderr] ACTUAL OUTPUT:
[INFO] [stderr] ┈┈┈┈┈┈┈┈┈┈┈┈┈┈┈┈┈┈┈┈┈┈┈┈┈┈┈┈┈┈┈┈┈┈┈┈┈┈┈┈┈┈┈┈┈┈┈┈┈┈┈┈┈┈┈┈┈┈┈┈
[INFO] [stderr] error: Invalid account address: Invalid Base58Check encoding: provided string contained invalid character '0' at byte 1
[INFO] [stderr]  --> tests/test-programs/fail-acc-invalid-base58.rs:6:46
[INFO] [stderr]   |
[INFO] [stderr] 6 | const ACC: AccountAddress = account_address!("30Bx2h5Y2veb4hZgAJWPrr8RyQESKm5TjzF3ti1QQ4VSYLwK1G");
[INFO] [stderr]   |                                              ^^^^^^^^^^^^^^^^^^^^^^^^^^^^^^^^^^^^^^^^^^^^^^^^^^^^
[INFO] [stderr] ┈┈┈┈┈┈┈┈┈┈┈┈┈┈┈┈┈┈┈┈┈┈┈┈┈┈┈┈┈┈┈┈┈┈┈┈┈┈┈┈┈┈┈┈┈┈┈┈┈┈┈┈┈┈┈┈┈┈┈┈
[INFO] [stderr] note: If the actual output is the correct output you can bless it by rerunning
[INFO] [stderr]       your test with the environment variable TRYBUILD=overwrite
[INFO] [stderr] 
[INFO] [stderr] test tests/test-programs/fail-acc-multiple-arguments.rs [should fail to compile] ... mismatch
[INFO] [stderr] 
[INFO] [stderr] EXPECTED:
[INFO] [stderr] ┈┈┈┈┈┈┈┈┈┈┈┈┈┈┈┈┈┈┈┈┈┈┈┈┈┈┈┈┈┈┈┈┈┈┈┈┈┈┈┈┈┈┈┈┈┈┈┈┈┈┈┈┈┈┈┈┈┈┈┈
[INFO] [stderr] error: Expected a string literal of a hex-encoded account address
[INFO] [stderr]  --> tests/test-programs/fail-acc-multiple-arguments.rs:6:29
[INFO] [stderr]   |
[INFO] [stderr] 6 | ...ss = account_address!("3kBx2h5Y2veb4hZgAJWPrr8RyQESKm5TjzF3ti1QQ4VSYLwK1G", "3kBx2h5Y2veb4hZgAJWPrr8RyQESKm5TjzF3ti1QQ4VSYLwK1G");
[INFO] [stderr]   |         ^^^^^^^^^^^^^^^^^^^^^^^^^^^^^^^^^^^^^^^^^^^^^^^^^^^^^^^^^^^^^^^^^^^^^^^^^^^^^^^^^^^^^^^^^^^^^^^^^^^^^^^^^^^^^^^^^^^^^^^^^^^^
[INFO] [stderr]   |
[INFO] [stderr]   = note: this error originates in the macro `account_address` (in Nightly builds, run with -Z macro-backtrace for more info)
[INFO] [stderr] ┈┈┈┈┈┈┈┈┈┈┈┈┈┈┈┈┈┈┈┈┈┈┈┈┈┈┈┈┈┈┈┈┈┈┈┈┈┈┈┈┈┈┈┈┈┈┈┈┈┈┈┈┈┈┈┈┈┈┈┈
[INFO] [stderr] 
[INFO] [stderr] ACTUAL OUTPUT:
[INFO] [stderr] ┈┈┈┈┈┈┈┈┈┈┈┈┈┈┈┈┈┈┈┈┈┈┈┈┈┈┈┈┈┈┈┈┈┈┈┈┈┈┈┈┈┈┈┈┈┈┈┈┈┈┈┈┈┈┈┈┈┈┈┈
[INFO] [stderr] error: Expected a string literal of a hex-encoded account address
[INFO] [stderr]  --> tests/test-programs/fail-acc-multiple-arguments.rs:6:29
[INFO] [stderr]   |
[INFO] [stderr] 6 | ... = account_address!("3kBx2h5Y2veb4hZgAJWPrr8RyQESKm5TjzF3ti1QQ4VSYLwK1G", "3kBx2h5Y2veb4hZgAJWPrr8RyQESKm5TjzF3ti1QQ4VSYLwK1G");
[INFO] [stderr]   |       ^^^^^^^^^^^^^^^^^^^^^^^^^^^^^^^^^^^^^^^^^^^^^^^^^^^^^^^^^^^^^^^^^^^^^^^^^^^^^^^^^^^^^^^^^^^^^^^^^^^^^^^^^^^^^^^^^^^^^^^^^^^^
[INFO] [stderr]   |
[INFO] [stderr]   = note: this error originates in the macro `account_address` (in Nightly builds, run with -Z macro-backtrace for more info)
[INFO] [stderr] ┈┈┈┈┈┈┈┈┈┈┈┈┈┈┈┈┈┈┈┈┈┈┈┈┈┈┈┈┈┈┈┈┈┈┈┈┈┈┈┈┈┈┈┈┈┈┈┈┈┈┈┈┈┈┈┈┈┈┈┈
[INFO] [stderr] note: If the actual output is the correct output you can bless it by rerunning
[INFO] [stderr]       your test with the environment variable TRYBUILD=overwrite
[INFO] [stderr] 
[INFO] [stderr] test tests/test-programs/fail-acc-not-a-string.rs [should fail to compile] ... ok
[INFO] [stderr] test tests/test-programs/fail-contract-invalid.rs [should fail to compile] ... ok
[INFO] [stderr] test tests/test-programs/fail-missing-env.rs [should fail to compile] ... ok
[INFO] [stderr] test tests/test-programs/fail-pk25519-invalid-hex.rs [should fail to compile] ... ok
[INFO] [stderr] test tests/test-programs/fail-pk25519-length.rs [should fail to compile] ... ok
[INFO] [stderr] 
[INFO] [stderr] 
[INFO] [stdout] test tests ... FAILED
[INFO] [stdout] 
[INFO] [stdout] failures:
[INFO] [stdout] 
[INFO] [stdout] ---- tests stdout ----
[INFO] [stdout] 
[INFO] [stdout] thread 'tests' (1346) panicked at /opt/rustwide/cargo-home/registry/src/index.crates.io-1949cf8c6b5b557f/trybuild-1.0.111/src/run.rs:102:13:
[INFO] [stdout] 2 of 8 tests failed
[INFO] [stdout] stack backtrace:
[INFO] [stdout]    0:     0x55f96d641821 - <<std[617be2ca0a6fd877]::sys::backtrace::BacktraceLock>::print::DisplayBacktrace as core[a373ad73a504971]::fmt::Display>::fmt
[INFO] [stdout]    1:     0x55f96d657b0a - core[a373ad73a504971]::fmt::write
[INFO] [stdout]    2:     0x55f96d64606c - <alloc[2e1b2a31b91974c5]::vec::Vec<u8> as core[a373ad73a504971]::io::write::Write>::write_fmt
[INFO] [stdout]    3:     0x55f96d61aad6 - std[617be2ca0a6fd877]::panicking::default_hook::{closure#0}
[INFO] [stdout]    4:     0x55f96d638cb9 - std[617be2ca0a6fd877]::panicking::default_hook
[INFO] [stdout]    5:     0x55f96d5d2020 - test[aada8e7e76ba119b]::test_main_inner::{closure#0}
[INFO] [stdout]    6:     0x55f96d638e72 - std[617be2ca0a6fd877]::panicking::panic_with_hook
[INFO] [stdout]    7:     0x55f96d61ab82 - std[617be2ca0a6fd877]::panicking::panic_handler::{closure#0}
[INFO] [stdout]    8:     0x55f96d613249 - std[617be2ca0a6fd877]::sys::backtrace::__rust_end_short_backtrace::<std[617be2ca0a6fd877]::panicking::panic_handler::{closure#0}, !>
[INFO] [stdout]    9:     0x55f96d61b82d - __rustc[ea4f61d10b84890b]::rust_begin_unwind
[INFO] [stdout]   10:     0x55f96d65827c - core[a373ad73a504971]::panicking::panic_fmt
[INFO] [stdout]   11:     0x55f96d521d5b - <trybuild[773c75ddb92453fa]::Runner>::run
[INFO] [stdout]   12:     0x55f96d524e20 - <trybuild[773c75ddb92453fa]::TestCases as core[a373ad73a504971]::ops::drop::Drop>::drop
[INFO] [stdout]   13:     0x55f96d51bfde - test[940ab6a9b85b7247]::tests
[INFO] [stdout]   14:     0x55f96d51c239 - <test[940ab6a9b85b7247]::tests::{closure#0} as core[a373ad73a504971]::ops::function::FnOnce<()>>::call_once
[INFO] [stdout]   15:     0x55f96d5c546b - test[aada8e7e76ba119b]::__rust_begin_short_backtrace::<core[a373ad73a504971]::result::Result<(), alloc[2e1b2a31b91974c5]::string::String>, fn() -> core[a373ad73a504971]::result::Result<(), alloc[2e1b2a31b91974c5]::string::String>>
[INFO] [stdout]   16:     0x55f96d5d2645 - test[aada8e7e76ba119b]::run_test::{closure#0}
[INFO] [stdout]   17:     0x55f96d5cbf34 - std[617be2ca0a6fd877]::sys::backtrace::__rust_begin_short_backtrace::<test[aada8e7e76ba119b]::run_test::{closure#1}, ()>
[INFO] [stdout]   18:     0x55f96d5d56d2 - <std[617be2ca0a6fd877]::thread::lifecycle::spawn_unchecked<test[aada8e7e76ba119b]::run_test::{closure#1}, ()>::{closure#1} as core[a373ad73a504971]::ops::function::FnOnce<()>>::call_once::{shim:vtable#0}
[INFO] [stdout]   19:     0x55f96d640a7f - <std[617be2ca0a6fd877]::sys::thread::unix::Thread>::new::thread_start
[INFO] [stdout]   20:     0x73b5e45b2dfa - <unknown>
[INFO] [stdout]   21:     0x73b5e46463d4 - clone
[INFO] [stdout]   22:                0x0 - <unknown>
[INFO] [stdout] 
[INFO] [stdout] 
[INFO] [stdout] failures:
[INFO] [stdout]     tests
[INFO] [stdout] 
[INFO] [stdout] test result: FAILED. 0 passed; 1 failed; 0 ignored; 0 measured; 0 filtered out; finished in 61.60s
[INFO] [stdout] 
[INFO] [stderr] error: test failed, to rerun pass `--test test`
[INFO] running `Command { std: "docker" "inspect" "0bb8af1371385c411a2dfb28df90be347edca8815ef1b2e05d6acd8717f8fb3b", kill_on_drop: false }`
[INFO] running `Command { std: "docker" "rm" "-f" "0bb8af1371385c411a2dfb28df90be347edca8815ef1b2e05d6acd8717f8fb3b", kill_on_drop: false }`
[INFO] [stdout] 0bb8af1371385c411a2dfb28df90be347edca8815ef1b2e05d6acd8717f8fb3b
