[INFO] fetching crate compris-macros 0.0.11...
[INFO] testing compris-macros-0.0.11 against 1.100.0-beta.1+cargoflags=--release for beta-release-1.100-2
[INFO] extracting crate compris-macros 0.0.11 into /workspace/builds/worker-3-tc2/source
[INFO] started tweaking crates.io crate compris-macros 0.0.11
[INFO] finished tweaking crates.io crate compris-macros 0.0.11
[INFO] tweaked toml for crates.io crate compris-macros 0.0.11 written to /workspace/builds/worker-3-tc2/source/Cargo.toml
[INFO] validating manifest of crates.io crate compris-macros 0.0.11 on toolchain 1.100.0-beta.1
[INFO] running `Command { std: CARGO_HOME="/workspace/cargo-home" RUSTUP_HOME="/workspace/rustup-home" "/workspace/cargo-home/bin/cargo" "+1.100.0-beta.1" "metadata" "--manifest-path" "Cargo.toml" "--no-deps", kill_on_drop: false }`
[INFO] crate crates.io crate compris-macros 0.0.11 already has a lockfile, it will not be regenerated
[INFO] running `Command { std: CARGO_HOME="/workspace/cargo-home" RUSTUP_HOME="/workspace/rustup-home" "/workspace/cargo-home/bin/cargo" "+1.100.0-beta.1" "fetch" "--manifest-path" "Cargo.toml", kill_on_drop: false }`
[INFO] running `Command { std: "docker" "create" "-v" "/var/lib/crater-agent-workspace/builds/worker-3-tc2/source:/opt/rustwide/workdir:ro,Z" "-v" "/var/lib/crater-agent-workspace/builds/worker-3-tc2/target:/opt/rustwide/target:rw,Z" "-v" "/var/lib/crater-agent-workspace/cargo-home:/opt/rustwide/cargo-home:ro,Z" "-v" "/var/lib/crater-agent-workspace/rustup-home:/opt/rustwide/rustup-home:ro,Z" "-m" "1610612736" "--network" "none" "ghcr.io/rust-lang/crates-build-env/linux@sha256:77db811e55d90add9212f6832c23229e3de5f1c1f9905e8cb07319ea15df73ac" "sleep" "infinity", kill_on_drop: false }`
[INFO] [stdout] 0816f554f630a5224dce0c9d0e32ff118522651008e6aac42b6f10eaf6ddf1a1
[INFO] running `Command { std: "docker" "start" "0816f554f630a5224dce0c9d0e32ff118522651008e6aac42b6f10eaf6ddf1a1", kill_on_drop: false }`
[INFO] running `Command { std: "docker" "inspect" "0816f554f630a5224dce0c9d0e32ff118522651008e6aac42b6f10eaf6ddf1a1", kill_on_drop: false }`
[INFO] running `Command { std: "docker" "exec" "-e" "SOURCE_DIR=/opt/rustwide/workdir" "-e" "CARGO_HOME=/opt/rustwide/cargo-home" "-e" "RUSTUP_HOME=/opt/rustwide/rustup-home" "-e" "CARGO_TARGET_DIR=/opt/rustwide/target" "-w" "/opt/rustwide/workdir" "--user" "0:0" "0816f554f630a5224dce0c9d0e32ff118522651008e6aac42b6f10eaf6ddf1a1" "/opt/rustwide/cargo-home/bin/cargo" "+1.100.0-beta.1" "metadata" "--no-deps" "--format-version=1", kill_on_drop: false }`
[INFO] running `Command { std: "docker" "inspect" "0816f554f630a5224dce0c9d0e32ff118522651008e6aac42b6f10eaf6ddf1a1", kill_on_drop: false }`
[INFO] running `Command { std: "docker" "exec" "-e" "SOURCE_DIR=/opt/rustwide/workdir" "-e" "CARGO_HOME=/opt/rustwide/cargo-home" "-e" "RUSTUP_HOME=/opt/rustwide/rustup-home" "-e" "CARGO_TARGET_DIR=/opt/rustwide/target" "-e" "CARGO_INCREMENTAL=0" "-e" "RUST_BACKTRACE=full" "-e" "RUSTFLAGS=--cap-lints=warn" "-e" "RUSTDOCFLAGS=--cap-lints=warn" "-w" "/opt/rustwide/workdir" "--user" "0:0" "0816f554f630a5224dce0c9d0e32ff118522651008e6aac42b6f10eaf6ddf1a1" "/opt/rustwide/cargo-home/bin/cargo" "+1.100.0-beta.1" "build" "--frozen" "--message-format=json" "--release", kill_on_drop: false }`
[INFO] [stderr]    Compiling hashbrown v0.16.0
[INFO] [stderr]    Compiling toml_datetime v0.6.11
[INFO] [stderr]    Compiling winnow v0.5.40
[INFO] [stderr]    Compiling arrayvec v0.7.6
[INFO] [stderr]    Compiling if_chain v1.0.3
[INFO] [stderr]    Compiling syn v2.0.110
[INFO] [stderr]    Compiling indexmap v2.12.0
[INFO] [stderr]    Compiling toml_edit v0.19.15
[INFO] [stderr]    Compiling deluxe-core v0.5.0
[INFO] [stderr]    Compiling proc-macro-crate v1.3.1
[INFO] [stderr]    Compiling deluxe-macros v0.5.0
[INFO] [stderr]    Compiling deluxe v0.5.0
[INFO] [stderr]    Compiling compris-macros v0.0.11 (/opt/rustwide/workdir)
[INFO] [stderr]     Finished `release` profile [optimized] target(s) in 14.51s
[INFO] running `Command { std: "docker" "inspect" "0816f554f630a5224dce0c9d0e32ff118522651008e6aac42b6f10eaf6ddf1a1", kill_on_drop: false }`
[INFO] running `Command { std: "docker" "exec" "-e" "SOURCE_DIR=/opt/rustwide/workdir" "-e" "CARGO_HOME=/opt/rustwide/cargo-home" "-e" "RUSTUP_HOME=/opt/rustwide/rustup-home" "-e" "CARGO_TARGET_DIR=/opt/rustwide/target" "-e" "CARGO_INCREMENTAL=0" "-e" "RUST_BACKTRACE=full" "-e" "RUSTFLAGS=--cap-lints=warn" "-e" "RUSTDOCFLAGS=--cap-lints=warn" "-w" "/opt/rustwide/workdir" "--user" "0:0" "0816f554f630a5224dce0c9d0e32ff118522651008e6aac42b6f10eaf6ddf1a1" "/opt/rustwide/cargo-home/bin/cargo" "+1.100.0-beta.1" "test" "--frozen" "--no-run" "--message-format=json" "--release", kill_on_drop: false }`
[INFO] [stderr]    Compiling compris-macros v0.0.11 (/opt/rustwide/workdir)
[INFO] [stderr]     Finished `release` profile [optimized] target(s) in 0.84s
[INFO] running `Command { std: "docker" "inspect" "0816f554f630a5224dce0c9d0e32ff118522651008e6aac42b6f10eaf6ddf1a1", kill_on_drop: false }`
[INFO] running `Command { std: "docker" "exec" "-e" "SOURCE_DIR=/opt/rustwide/workdir" "-e" "CARGO_HOME=/opt/rustwide/cargo-home" "-e" "RUSTUP_HOME=/opt/rustwide/rustup-home" "-e" "CARGO_TARGET_DIR=/opt/rustwide/target" "-e" "CARGO_INCREMENTAL=0" "-e" "RUST_BACKTRACE=full" "-e" "RUSTFLAGS=--cap-lints=warn" "-e" "RUSTDOCFLAGS=--cap-lints=warn" "-w" "/opt/rustwide/workdir" "--user" "0:0" "0816f554f630a5224dce0c9d0e32ff118522651008e6aac42b6f10eaf6ddf1a1" "/opt/rustwide/cargo-home/bin/cargo" "+1.100.0-beta.1" "test" "--frozen" "--release", kill_on_drop: false }`
[INFO] [stderr]     Finished `release` profile [optimized] target(s) in 0.06s
[INFO] [stderr]      Running unittests src/lib.rs (/opt/rustwide/target/release/build/compris-macros/628bcf8a5ebbef2f/out/compris_macros-628bcf8a5ebbef2f)
[INFO] [stdout] 
[INFO] [stderr]    Doc-tests compris_macros
[INFO] [stdout] running 0 tests
[INFO] [stdout] 
[INFO] [stdout] test result: ok. 0 passed; 0 failed; 0 ignored; 0 measured; 0 filtered out; finished in 0.00s
[INFO] [stdout] 
[INFO] [stdout] 
[INFO] [stdout] running 4 tests
[INFO] [stdout] test src/derive_resolve/attributes/enum.rs - derive_resolve::attributes::r#enum::EnumAttribute (line 9) ... FAILED
[INFO] [stdout] test src/derive_resolve/attributes/struct.rs - derive_resolve::attributes::r#struct::StructAttribute (line 9) ... FAILED
[INFO] [stdout] test src/derive_resolve/attributes/variant.rs - derive_resolve::attributes::variant::VariantAttribute (line 9) ... FAILED
[INFO] [stdout] test src/derive_resolve/attributes/field.rs - derive_resolve::attributes::field::FieldAttribute (line 9) ... FAILED
[INFO] [stdout] 
[INFO] [stdout] failures:
[INFO] [stdout] 
[INFO] [stdout] ---- src/derive_resolve/attributes/enum.rs - derive_resolve::attributes::r#enum::EnumAttribute (line 9) stdout ----
[INFO] [stdout] error: expected `{}`, found `;`
[INFO] [stdout]   --> src/derive_resolve/attributes/enum.rs:12:12
[INFO] [stdout]    |
[INFO] [stdout] 12 | enum MyEnum;
[INFO] [stdout]    |            ^
[INFO] [stdout]    |
[INFO] [stdout]    = help: try using `{}` instead
[INFO] [stdout] 
[INFO] [stdout] error: cannot find derive macro `Resolve` in this scope
[INFO] [stdout]   --> src/derive_resolve/attributes/enum.rs:10:10
[INFO] [stdout]    |
[INFO] [stdout] 10 | #[derive(Resolve)]
[INFO] [stdout]    |          ^^^^^^^
[INFO] [stdout] 
[INFO] [stdout] error: cannot find attribute `resolve` in this scope
[INFO] [stdout]   --> src/derive_resolve/attributes/enum.rs:11:3
[INFO] [stdout]    |
[INFO] [stdout] 11 | #[resolve(...)] // this
[INFO] [stdout]    |   ^^^^^^^
[INFO] [stdout] 
[INFO] [stdout] error: aborting due to 3 previous errors
[INFO] [stdout] 
[INFO] [stdout] Couldn't compile the test.
[INFO] [stdout] ---- src/derive_resolve/attributes/struct.rs - derive_resolve::attributes::r#struct::StructAttribute (line 9) stdout ----
[INFO] [stdout] error: cannot find derive macro `Resolve` in this scope
[INFO] [stdout]   --> src/derive_resolve/attributes/struct.rs:10:10
[INFO] [stdout]    |
[INFO] [stdout] 10 | #[derive(Resolve)]
[INFO] [stdout]    |          ^^^^^^^
[INFO] [stdout] 
[INFO] [stdout] error: cannot find attribute `resolve` in this scope
[INFO] [stdout]   --> src/derive_resolve/attributes/struct.rs:11:3
[INFO] [stdout]    |
[INFO] [stdout] 11 | #[resolve(...)] // this
[INFO] [stdout]    |   ^^^^^^^
[INFO] [stdout] 
[INFO] [stdout] error: aborting due to 2 previous errors
[INFO] [stdout] 
[INFO] [stdout] Couldn't compile the test.
[INFO] [stdout] ---- src/derive_resolve/attributes/variant.rs - derive_resolve::attributes::variant::VariantAttribute (line 9) stdout ----
[INFO] [stdout] error: unexpected `...`
[INFO] [stdout]   --> src/derive_resolve/attributes/variant.rs:13:13
[INFO] [stdout]    |
[INFO] [stdout] 13 |   MyVariant(...)
[INFO] [stdout]    |             ^^^
[INFO] [stdout]    |
[INFO] [stdout]    = note: only `extern "C"` and `extern "C-unwind"` functions may have a C variable argument list
[INFO] [stdout] 
[INFO] [stdout] error: cannot find derive macro `Resolve` in this scope
[INFO] [stdout]   --> src/derive_resolve/attributes/variant.rs:10:10
[INFO] [stdout]    |
[INFO] [stdout] 10 | #[derive(Resolve)]
[INFO] [stdout]    |          ^^^^^^^
[INFO] [stdout] 
[INFO] [stdout] error: cannot find attribute `resolve` in this scope
[INFO] [stdout]   --> src/derive_resolve/attributes/variant.rs:12:5
[INFO] [stdout]    |
[INFO] [stdout] 12 |   #[resolve(...)] // this
[INFO] [stdout]    |     ^^^^^^^
[INFO] [stdout] 
[INFO] [stdout] error: aborting due to 3 previous errors
[INFO] [stdout] 
[INFO] [stdout] Couldn't compile the test.
[INFO] [stdout] ---- src/derive_resolve/attributes/field.rs - derive_resolve::attributes::field::FieldAttribute (line 9) stdout ----
[INFO] [stdout] error: cannot find derive macro `Resolve` in this scope
[INFO] [stdout]   --> src/derive_resolve/attributes/field.rs:10:10
[INFO] [stdout]    |
[INFO] [stdout] 10 | #[derive(Resolve)]
[INFO] [stdout]    |          ^^^^^^^
[INFO] [stdout] 
[INFO] [stdout] error: cannot find attribute `resolve` in this scope
[INFO] [stdout]   --> src/derive_resolve/attributes/field.rs:12:5
[INFO] [stdout]    |
[INFO] [stdout] 12 |   #[resolve(...)] // this
[INFO] [stdout]    |     ^^^^^^^
[INFO] [stdout] 
[INFO] [stdout] error[E0425]: cannot find type `Variant` in this scope
[INFO] [stdout]   --> src/derive_resolve/attributes/field.rs:13:13
[INFO] [stdout]    |
[INFO] [stdout] 13 |   my_field: Variant
[INFO] [stdout]    |             ^^^^^^^ not found in this scope
[INFO] [stdout] 
[INFO] [stdout] error: aborting due to 3 previous errors
[INFO] [stdout] 
[INFO] [stdout] For more information about this error, try `rustc --explain E0425`.
[INFO] [stdout] Couldn't compile the test.
[INFO] [stdout] 
[INFO] [stdout] failures:
[INFO] [stdout]     src/derive_resolve/attributes/enum.rs - derive_resolve::attributes::r#enum::EnumAttribute (line 9)
[INFO] [stdout]     src/derive_resolve/attributes/field.rs - derive_resolve::attributes::field::FieldAttribute (line 9)
[INFO] [stdout]     src/derive_resolve/attributes/struct.rs - derive_resolve::attributes::r#struct::StructAttribute (line 9)
[INFO] [stdout]     src/derive_resolve/attributes/variant.rs - derive_resolve::attributes::variant::VariantAttribute (line 9)
[INFO] [stdout] 
[INFO] [stdout] test result: FAILED. 0 passed; 4 failed; 0 ignored; 0 measured; 0 filtered out; finished in 0.24s
[INFO] [stdout] 
[INFO] [stdout] all doctests ran in 0.39s; merged doctests compilation took 0.15s
[INFO] [stderr] error: doctest failed, to rerun pass `--doc`
[INFO] running `Command { std: "docker" "inspect" "0816f554f630a5224dce0c9d0e32ff118522651008e6aac42b6f10eaf6ddf1a1", kill_on_drop: false }`
[INFO] running `Command { std: "docker" "rm" "-f" "0816f554f630a5224dce0c9d0e32ff118522651008e6aac42b6f10eaf6ddf1a1", kill_on_drop: false }`
[INFO] [stdout] 0816f554f630a5224dce0c9d0e32ff118522651008e6aac42b6f10eaf6ddf1a1
