[INFO] fetching crate compiler_base_error 0.1.6...
[INFO] testing compiler_base_error-0.1.6 against 1.100.0-beta.1+cargoflags=--release for beta-release-1.100-2
[INFO] extracting crate compiler_base_error 0.1.6 into /workspace/builds/worker-1-tc2/source
[INFO] started tweaking crates.io crate compiler_base_error 0.1.6
[INFO] finished tweaking crates.io crate compiler_base_error 0.1.6
[INFO] tweaked toml for crates.io crate compiler_base_error 0.1.6 written to /workspace/builds/worker-1-tc2/source/Cargo.toml
[INFO] validating manifest of crates.io crate compiler_base_error 0.1.6 on toolchain 1.100.0-beta.1
[INFO] running `Command { std: CARGO_HOME="/workspace/cargo-home" RUSTUP_HOME="/workspace/rustup-home" "/workspace/cargo-home/bin/cargo" "+1.100.0-beta.1" "metadata" "--manifest-path" "Cargo.toml" "--no-deps", kill_on_drop: false }`
[INFO] running `Command { std: CARGO_HOME="/workspace/cargo-home" RUSTUP_HOME="/workspace/rustup-home" "/workspace/cargo-home/bin/cargo" "+1.100.0-beta.1" "generate-lockfile" "--manifest-path" "Cargo.toml", kill_on_drop: false }`
[INFO] [stderr]     Updating crates.io index
[INFO] [stderr]      Locking 103 packages to highest compatible versions
[INFO] [stderr]       Adding fluent v0.16.1 (available: v0.17.0)
[INFO] [stderr]       Adding generic-array v0.14.7 (available: v0.14.9)
[INFO] running `Command { std: CARGO_HOME="/workspace/cargo-home" RUSTUP_HOME="/workspace/rustup-home" "/workspace/cargo-home/bin/cargo" "+1.100.0-beta.1" "fetch" "--manifest-path" "Cargo.toml", kill_on_drop: false }`
[INFO] [stderr] warning: `package.homepage` is redundant with `package.repository`
[INFO] [stderr]   --> Cargo.toml:37:12
[INFO] [stderr]    |
[INFO] [stderr] 37 | homepage = "https://github.com/kcl-lang/kcl"
[INFO] [stderr]    |            ^^^^^^^^^^^^^^^^^^^^^^^^^^^^^^^^^
[INFO] [stderr] ...
[INFO] [stderr] 42 | repository = "https://github.com/kcl-lang/kcl"
[INFO] [stderr]    |              ---------------------------------
[INFO] [stderr]    |
[INFO] [stderr]    = note: `cargo::redundant_homepage` is set to `warn` by default
[INFO] [stderr] help: consider removing `package.homepage`
[INFO] [stderr] warning: `compiler_base_error` (manifest) generated 1 warning
[INFO] running `Command { std: "docker" "create" "-v" "/var/lib/crater-agent-workspace/builds/worker-1-tc2/source:/opt/rustwide/workdir:ro,Z" "-v" "/var/lib/crater-agent-workspace/builds/worker-1-tc2/target:/opt/rustwide/target:rw,Z" "-v" "/var/lib/crater-agent-workspace/cargo-home:/opt/rustwide/cargo-home:ro,Z" "-v" "/var/lib/crater-agent-workspace/rustup-home:/opt/rustwide/rustup-home:ro,Z" "-m" "1610612736" "--network" "none" "ghcr.io/rust-lang/crates-build-env/linux@sha256:77db811e55d90add9212f6832c23229e3de5f1c1f9905e8cb07319ea15df73ac" "sleep" "infinity", kill_on_drop: false }`
[INFO] [stdout] ab490cd56b78c6b4e9244586f935cd88fcabd35ca0e7aa3a466f9b204074dba4
[INFO] running `Command { std: "docker" "start" "ab490cd56b78c6b4e9244586f935cd88fcabd35ca0e7aa3a466f9b204074dba4", kill_on_drop: false }`
[INFO] running `Command { std: "docker" "inspect" "ab490cd56b78c6b4e9244586f935cd88fcabd35ca0e7aa3a466f9b204074dba4", kill_on_drop: false }`
[INFO] running `Command { std: "docker" "exec" "-e" "SOURCE_DIR=/opt/rustwide/workdir" "-e" "CARGO_HOME=/opt/rustwide/cargo-home" "-e" "RUSTUP_HOME=/opt/rustwide/rustup-home" "-e" "CARGO_TARGET_DIR=/opt/rustwide/target" "-w" "/opt/rustwide/workdir" "--user" "0:0" "ab490cd56b78c6b4e9244586f935cd88fcabd35ca0e7aa3a466f9b204074dba4" "/opt/rustwide/cargo-home/bin/cargo" "+1.100.0-beta.1" "metadata" "--no-deps" "--format-version=1", kill_on_drop: false }`
[INFO] running `Command { std: "docker" "inspect" "ab490cd56b78c6b4e9244586f935cd88fcabd35ca0e7aa3a466f9b204074dba4", kill_on_drop: false }`
[INFO] running `Command { std: "docker" "exec" "-e" "SOURCE_DIR=/opt/rustwide/workdir" "-e" "CARGO_HOME=/opt/rustwide/cargo-home" "-e" "RUSTUP_HOME=/opt/rustwide/rustup-home" "-e" "CARGO_TARGET_DIR=/opt/rustwide/target" "-e" "CARGO_INCREMENTAL=0" "-e" "RUST_BACKTRACE=full" "-e" "RUSTFLAGS=--cap-lints=warn" "-e" "RUSTDOCFLAGS=--cap-lints=warn" "-w" "/opt/rustwide/workdir" "--user" "0:0" "ab490cd56b78c6b4e9244586f935cd88fcabd35ca0e7aa3a466f9b204074dba4" "/opt/rustwide/cargo-home/bin/cargo" "+1.100.0-beta.1" "build" "--frozen" "--message-format=json" "--release", kill_on_drop: false }`
[INFO] [stderr] warning: `package.homepage` is redundant with `package.repository`
[INFO] [stderr]   --> Cargo.toml:37:12
[INFO] [stderr]    |
[INFO] [stderr] 37 | homepage = "https://github.com/kcl-lang/kcl"
[INFO] [stderr]    |            ^^^^^^^^^^^^^^^^^^^^^^^^^^^^^^^^^
[INFO] [stderr] ...
[INFO] [stderr] 42 | repository = "https://github.com/kcl-lang/kcl"
[INFO] [stderr]    |              ---------------------------------
[INFO] [stderr]    |
[INFO] [stderr]    = note: `cargo::redundant_homepage` is set to `warn` by default
[INFO] [stderr] help: consider removing `package.homepage`
[INFO] [stderr] warning: `compiler_base_error` (manifest) generated 1 warning
[INFO] [stderr]    Compiling libc v0.2.191
[INFO] [stderr]    Compiling crossbeam-utils v0.8.23
[INFO] [stderr]    Compiling crossbeam-epoch v0.9.21
[INFO] [stderr]    Compiling proc-macro-hack v0.5.20+deprecated
[INFO] [stderr]    Compiling crossbeam-deque v0.8.8
[INFO] [stderr]    Compiling typenum v1.20.1
[INFO] [stderr]    Compiling syn v2.0.119
[INFO] [stderr]    Compiling syn v3.0.9
[INFO] [stderr]    Compiling smallvec v1.16.3
[INFO] [stderr]    Compiling either v1.19.0
[INFO] [stderr]    Compiling rustc-rayon-core v0.3.2
[INFO] [stderr]    Compiling getrandom v0.4.3
[INFO] [stderr]    Compiling rustix v1.1.5
[INFO] [stderr]    Compiling indexmap v1.9.3
[INFO] [stderr]    Compiling fastrand v2.5.0
[INFO] [stderr]    Compiling hashbrown v0.12.3
[INFO] [stderr]    Compiling generic-array v0.14.7
[INFO] [stderr]    Compiling rustc-hash v2.1.3
[INFO] [stderr]    Compiling type-map v0.5.1
[INFO] [stderr]    Compiling ena v0.14.4
[INFO] [stderr]    Compiling stable_deref_trait v1.2.1
[INFO] [stderr]    Compiling self_cell v1.3.0
[INFO] [stderr]    Compiling rustc-rayon-core v0.5.1
[INFO] [stderr]    Compiling cfg-if v0.1.10
[INFO] [stderr]    Compiling self_cell v0.10.3
[INFO] [stderr]    Compiling scoped-tls v1.0.1
[INFO] [stderr]    Compiling anyhow v1.0.104
[INFO] [stderr]    Compiling rustc_errors v0.1.2
[INFO] [stderr]    Compiling compiler_base_macros v0.1.1
[INFO] [stderr]    Compiling crypto-common v0.1.7
[INFO] [stderr]    Compiling block-buffer v0.10.4
[INFO] [stderr]    Compiling num_cpus v1.17.0
[INFO] [stderr]    Compiling digest v0.10.7
[INFO] [stderr]    Compiling parking_lot_core v0.9.12
[INFO] [stderr]    Compiling rustc-rayon v0.5.1
[INFO] [stderr]    Compiling displaydoc v0.2.7
[INFO] [stderr]    Compiling rustc-rayon v0.3.2
[INFO] [stderr]    Compiling tinystr v0.8.4
[INFO] [stderr]    Compiling unic-langid-impl v0.9.6
[INFO] [stderr]    Compiling tempfile v3.27.0
[INFO] [stderr]    Compiling parking_lot v0.12.5
[INFO] [stderr]    Compiling jobserver v0.1.35
[INFO] [stderr]    Compiling memmap2 v0.2.3
[INFO] [stderr]    Compiling sha2 v0.10.9
[INFO] [stderr]    Compiling md-5 v0.10.6
[INFO] [stderr]    Compiling sha-1 v0.10.1
[INFO] [stderr]    Compiling unic-langid-macros-impl v0.9.6
[INFO] [stderr]    Compiling thiserror-impl v1.0.69
[INFO] [stderr]    Compiling tracing-attributes v0.1.31
[INFO] [stderr]    Compiling unic-langid-macros v0.9.6
[INFO] [stderr]    Compiling unic-langid v0.9.6
[INFO] [stderr]    Compiling fluent-langneg v0.13.1
[INFO] [stderr]    Compiling intl_pluralrules v7.0.2
[INFO] [stderr]    Compiling intl-memoizer v0.5.3
[INFO] [stderr]    Compiling thiserror v1.0.69
[INFO] [stderr]    Compiling fluent-syntax v0.11.1
[INFO] [stderr]    Compiling tracing v0.1.44
[INFO] [stderr]    Compiling fluent-bundle v0.15.3
[INFO] [stderr]    Compiling rustc_data_structures v0.1.2
[INFO] [stderr]    Compiling rustc_span v0.1.2
[INFO] [stderr]    Compiling fluent v0.16.1
[INFO] [stderr]    Compiling compiler_base_span v0.1.3
[INFO] [stderr]    Compiling compiler_base_error v0.1.6 (/opt/rustwide/workdir)
[INFO] [stdout] warning: unnecessary parentheses around closure body
[INFO] [stdout]    --> src/diagnostic/diagnostic_handler.rs:335:38
[INFO] [stdout]     |
[INFO] [stdout] 335 |                     .with_context(|| ("Emit Error Diagnostics Failed."))?;
[INFO] [stdout]     |                                      ^                                ^
[INFO] [stdout]     |
[INFO] [stdout]     = note: `#[warn(unused_parens)]` (part of `#[warn(unused)]`) on by default
[INFO] [stdout] help: remove these parentheses
[INFO] [stdout]     |
[INFO] [stdout] 335 -                     .with_context(|| ("Emit Error Diagnostics Failed."))?;
[INFO] [stdout] 335 +                     .with_context(|| "Emit Error Diagnostics Failed.")?;
[INFO] [stdout]     |
[INFO] [stdout] 
[INFO] [stdout] 
[INFO] [stdout] warning: unnecessary parentheses around closure body
[INFO] [stdout]    --> src/diagnostic/diagnostic_handler.rs:362:38
[INFO] [stdout]     |
[INFO] [stdout] 362 |                     .with_context(|| ("Emit Warn Diagnostics Failed."))?;
[INFO] [stdout]     |                                      ^                               ^
[INFO] [stdout]     |
[INFO] [stdout] help: remove these parentheses
[INFO] [stdout]     |
[INFO] [stdout] 362 -                     .with_context(|| ("Emit Warn Diagnostics Failed."))?;
[INFO] [stdout] 362 +                     .with_context(|| "Emit Warn Diagnostics Failed.")?;
[INFO] [stdout]     |
[INFO] [stdout] 
[INFO] [stdout] 
[INFO] [stdout] warning: unnecessary parentheses around closure body
[INFO] [stdout]    --> src/diagnostic/diagnostic_handler.rs:391:38
[INFO] [stdout]     |
[INFO] [stdout] 391 |                     .with_context(|| ("Emit Stashed Diagnostics Failed."))?;
[INFO] [stdout]     |                                      ^                                  ^
[INFO] [stdout]     |
[INFO] [stdout] help: remove these parentheses
[INFO] [stdout]     |
[INFO] [stdout] 391 -                     .with_context(|| ("Emit Stashed Diagnostics Failed."))?;
[INFO] [stdout] 391 +                     .with_context(|| "Emit Stashed Diagnostics Failed.")?;
[INFO] [stdout]     |
[INFO] [stdout] 
[INFO] [stdout] 
[INFO] [stdout] warning: unnecessary parentheses around closure body
[INFO] [stdout]    --> src/diagnostic/diagnostic_handler.rs:469:38
[INFO] [stdout]     |
[INFO] [stdout] 469 |                     .with_context(|| ("Abort If Errors Failed."))?;
[INFO] [stdout]     |                                      ^                         ^
[INFO] [stdout]     |
[INFO] [stdout] help: remove these parentheses
[INFO] [stdout]     |
[INFO] [stdout] 469 -                     .with_context(|| ("Abort If Errors Failed."))?;
[INFO] [stdout] 469 +                     .with_context(|| "Abort If Errors Failed.")?;
[INFO] [stdout]     |
[INFO] [stdout] 
[INFO] [stdout] 
[INFO] [stderr] warning: unused dependency `compiler_base_macros`
[INFO] [stderr]  --> Cargo.toml:4:15
[INFO] [stderr]   |
[INFO] [stderr] 4 | [dependencies.compiler_base_macros]
[INFO] [stderr]   |               ^^^^^^^^^^^^^^^^^^^^^
[INFO] [stderr]   |
[INFO] [stderr]   = note: `cargo::unused_dependencies` is set to `warn` by default
[INFO] [stderr] help: consider removing the dependency on `compiler_base_macros`
[INFO] [stderr] warning: unused dependency `pretty_assertions`
[INFO] [stderr]   --> Cargo.toml:13:15
[INFO] [stderr]    |
[INFO] [stderr] 13 | [dependencies.pretty_assertions]
[INFO] [stderr]    |               ^^^^^^^^^^^^^^^^^^
[INFO] [stderr]    |
[INFO] [stderr] help: consider removing the dependency on `pretty_assertions`
[INFO] [stderr] warning: `compiler_base_error` (manifest) generated 2 warnings
[INFO] [stderr]     Finished `release` profile [optimized] target(s) in 51.47s
[INFO] running `Command { std: "docker" "inspect" "ab490cd56b78c6b4e9244586f935cd88fcabd35ca0e7aa3a466f9b204074dba4", kill_on_drop: false }`
[INFO] running `Command { std: "docker" "exec" "-e" "SOURCE_DIR=/opt/rustwide/workdir" "-e" "CARGO_HOME=/opt/rustwide/cargo-home" "-e" "RUSTUP_HOME=/opt/rustwide/rustup-home" "-e" "CARGO_TARGET_DIR=/opt/rustwide/target" "-e" "CARGO_INCREMENTAL=0" "-e" "RUST_BACKTRACE=full" "-e" "RUSTFLAGS=--cap-lints=warn" "-e" "RUSTDOCFLAGS=--cap-lints=warn" "-w" "/opt/rustwide/workdir" "--user" "0:0" "ab490cd56b78c6b4e9244586f935cd88fcabd35ca0e7aa3a466f9b204074dba4" "/opt/rustwide/cargo-home/bin/cargo" "+1.100.0-beta.1" "test" "--frozen" "--no-run" "--message-format=json" "--release", kill_on_drop: false }`
[INFO] [stderr] warning: `package.homepage` is redundant with `package.repository`
[INFO] [stderr]   --> Cargo.toml:37:12
[INFO] [stderr]    |
[INFO] [stderr] 37 | homepage = "https://github.com/kcl-lang/kcl"
[INFO] [stderr]    |            ^^^^^^^^^^^^^^^^^^^^^^^^^^^^^^^^^
[INFO] [stderr] ...
[INFO] [stderr] 42 | repository = "https://github.com/kcl-lang/kcl"
[INFO] [stderr]    |              ---------------------------------
[INFO] [stderr]    |
[INFO] [stderr]    = note: `cargo::redundant_homepage` is set to `warn` by default
[INFO] [stderr] help: consider removing `package.homepage`
[INFO] [stderr] warning: `compiler_base_error` (manifest) generated 1 warning
[INFO] [stderr]    Compiling compiler_base_error v0.1.6 (/opt/rustwide/workdir)
[INFO] [stdout] warning: unnecessary parentheses around closure body
[INFO] [stdout]    --> src/diagnostic/diagnostic_handler.rs:335:38
[INFO] [stdout]     |
[INFO] [stdout] 335 |                     .with_context(|| ("Emit Error Diagnostics Failed."))?;
[INFO] [stdout]     |                                      ^                                ^
[INFO] [stdout]     |
[INFO] [stdout]     = note: `#[warn(unused_parens)]` (part of `#[warn(unused)]`) on by default
[INFO] [stdout] help: remove these parentheses
[INFO] [stdout]     |
[INFO] [stdout] 335 -                     .with_context(|| ("Emit Error Diagnostics Failed."))?;
[INFO] [stdout] 335 +                     .with_context(|| "Emit Error Diagnostics Failed.")?;
[INFO] [stdout]     |
[INFO] [stdout] 
[INFO] [stdout] 
[INFO] [stdout] warning: unnecessary parentheses around closure body
[INFO] [stdout]    --> src/diagnostic/diagnostic_handler.rs:362:38
[INFO] [stdout]     |
[INFO] [stdout] 362 |                     .with_context(|| ("Emit Warn Diagnostics Failed."))?;
[INFO] [stdout]     |                                      ^                               ^
[INFO] [stdout]     |
[INFO] [stdout] help: remove these parentheses
[INFO] [stdout]     |
[INFO] [stdout] 362 -                     .with_context(|| ("Emit Warn Diagnostics Failed."))?;
[INFO] [stdout] 362 +                     .with_context(|| "Emit Warn Diagnostics Failed.")?;
[INFO] [stdout]     |
[INFO] [stdout] 
[INFO] [stdout] 
[INFO] [stdout] warning: unnecessary parentheses around closure body
[INFO] [stdout]    --> src/diagnostic/diagnostic_handler.rs:391:38
[INFO] [stdout]     |
[INFO] [stdout] 391 |                     .with_context(|| ("Emit Stashed Diagnostics Failed."))?;
[INFO] [stdout]     |                                      ^                                  ^
[INFO] [stdout]     |
[INFO] [stdout] help: remove these parentheses
[INFO] [stdout]     |
[INFO] [stdout] 391 -                     .with_context(|| ("Emit Stashed Diagnostics Failed."))?;
[INFO] [stdout] 391 +                     .with_context(|| "Emit Stashed Diagnostics Failed.")?;
[INFO] [stdout]     |
[INFO] [stdout] 
[INFO] [stdout] 
[INFO] [stdout] warning: unnecessary parentheses around closure body
[INFO] [stdout]    --> src/diagnostic/diagnostic_handler.rs:469:38
[INFO] [stdout]     |
[INFO] [stdout] 469 |                     .with_context(|| ("Abort If Errors Failed."))?;
[INFO] [stdout]     |                                      ^                         ^
[INFO] [stdout]     |
[INFO] [stdout] help: remove these parentheses
[INFO] [stdout]     |
[INFO] [stdout] 469 -                     .with_context(|| ("Abort If Errors Failed."))?;
[INFO] [stdout] 469 +                     .with_context(|| "Abort If Errors Failed.")?;
[INFO] [stdout]     |
[INFO] [stdout] 
[INFO] [stdout] 
[INFO] [stdout] warning: unnecessary parentheses around closure body
[INFO] [stdout]    --> src/diagnostic/diagnostic_handler.rs:335:38
[INFO] [stdout]     |
[INFO] [stdout] 335 |                     .with_context(|| ("Emit Error Diagnostics Failed."))?;
[INFO] [stdout]     |                                      ^                                ^
[INFO] [stdout]     |
[INFO] [stdout]     = note: `#[warn(unused_parens)]` (part of `#[warn(unused)]`) on by default
[INFO] [stdout] help: remove these parentheses
[INFO] [stdout]     |
[INFO] [stdout] 335 -                     .with_context(|| ("Emit Error Diagnostics Failed."))?;
[INFO] [stdout] 335 +                     .with_context(|| "Emit Error Diagnostics Failed.")?;
[INFO] [stdout]     |
[INFO] [stdout] 
[INFO] [stdout] 
[INFO] [stdout] warning: unnecessary parentheses around closure body
[INFO] [stdout]    --> src/diagnostic/diagnostic_handler.rs:362:38
[INFO] [stdout]     |
[INFO] [stdout] 362 |                     .with_context(|| ("Emit Warn Diagnostics Failed."))?;
[INFO] [stdout]     |                                      ^                               ^
[INFO] [stdout]     |
[INFO] [stdout] help: remove these parentheses
[INFO] [stdout]     |
[INFO] [stdout] 362 -                     .with_context(|| ("Emit Warn Diagnostics Failed."))?;
[INFO] [stdout] 362 +                     .with_context(|| "Emit Warn Diagnostics Failed.")?;
[INFO] [stdout]     |
[INFO] [stdout] 
[INFO] [stdout] 
[INFO] [stdout] warning: unnecessary parentheses around closure body
[INFO] [stdout]    --> src/diagnostic/diagnostic_handler.rs:391:38
[INFO] [stdout]     |
[INFO] [stdout] 391 |                     .with_context(|| ("Emit Stashed Diagnostics Failed."))?;
[INFO] [stdout]     |                                      ^                                  ^
[INFO] [stdout]     |
[INFO] [stdout] help: remove these parentheses
[INFO] [stdout]     |
[INFO] [stdout] 391 -                     .with_context(|| ("Emit Stashed Diagnostics Failed."))?;
[INFO] [stdout] 391 +                     .with_context(|| "Emit Stashed Diagnostics Failed.")?;
[INFO] [stdout]     |
[INFO] [stdout] 
[INFO] [stdout] 
[INFO] [stdout] warning: unnecessary parentheses around closure body
[INFO] [stdout]    --> src/diagnostic/diagnostic_handler.rs:469:38
[INFO] [stdout]     |
[INFO] [stdout] 469 |                     .with_context(|| ("Abort If Errors Failed."))?;
[INFO] [stdout]     |                                      ^                         ^
[INFO] [stdout]     |
[INFO] [stdout] help: remove these parentheses
[INFO] [stdout]     |
[INFO] [stdout] 469 -                     .with_context(|| ("Abort If Errors Failed."))?;
[INFO] [stdout] 469 +                     .with_context(|| "Abort If Errors Failed.")?;
[INFO] [stdout]     |
[INFO] [stdout] 
[INFO] [stdout] 
[INFO] [stdout] warning: unused import: `diagnostic_handler::DiagnosticHandler`
[INFO] [stdout]    --> src/tests.rs:149:28
[INFO] [stdout]     |
[INFO] [stdout] 149 |         components::Label, diagnostic_handler::DiagnosticHandler,
[INFO] [stdout]     |                            ^^^^^^^^^^^^^^^^^^^^^^^^^^^^^^^^^^^^^
[INFO] [stdout]     |
[INFO] [stdout]     = note: `#[warn(unused_imports)]` (part of `#[warn(unused)]`) on by default
[INFO] [stdout] 
[INFO] [stdout] 
[INFO] [stderr] warning: unused dependency `compiler_base_macros`
[INFO] [stderr]  --> Cargo.toml:4:15
[INFO] [stderr]   |
[INFO] [stderr] 4 | [dependencies.compiler_base_macros]
[INFO] [stderr]   |               ^^^^^^^^^^^^^^^^^^^^^
[INFO] [stderr]   |
[INFO] [stderr]   = note: `cargo::unused_dependencies` is set to `warn` by default
[INFO] [stderr] help: consider removing the dependency on `compiler_base_macros`
[INFO] [stderr] warning: unused dependency `pretty_assertions`
[INFO] [stderr]   --> Cargo.toml:13:15
[INFO] [stderr]    |
[INFO] [stderr] 13 | [dependencies.pretty_assertions]
[INFO] [stderr]    |               ^^^^^^^^^^^^^^^^^^
[INFO] [stderr]    |
[INFO] [stderr] help: consider removing the dependency on `pretty_assertions`
[INFO] [stderr] help: to still use for development builds, move to `dev-dependencies`
[INFO] [stderr] warning: `compiler_base_error` (manifest) generated 2 warnings
[INFO] [stderr]     Finished `release` profile [optimized] target(s) in 4.96s
[INFO] running `Command { std: "docker" "inspect" "ab490cd56b78c6b4e9244586f935cd88fcabd35ca0e7aa3a466f9b204074dba4", kill_on_drop: false }`
[INFO] running `Command { std: "docker" "exec" "-e" "SOURCE_DIR=/opt/rustwide/workdir" "-e" "CARGO_HOME=/opt/rustwide/cargo-home" "-e" "RUSTUP_HOME=/opt/rustwide/rustup-home" "-e" "CARGO_TARGET_DIR=/opt/rustwide/target" "-e" "CARGO_INCREMENTAL=0" "-e" "RUST_BACKTRACE=full" "-e" "RUSTFLAGS=--cap-lints=warn" "-e" "RUSTDOCFLAGS=--cap-lints=warn" "-w" "/opt/rustwide/workdir" "--user" "0:0" "ab490cd56b78c6b4e9244586f935cd88fcabd35ca0e7aa3a466f9b204074dba4" "/opt/rustwide/cargo-home/bin/cargo" "+1.100.0-beta.1" "test" "--frozen" "--release", kill_on_drop: false }`
[INFO] [stderr] warning: `package.homepage` is redundant with `package.repository`
[INFO] [stderr]   --> Cargo.toml:37:12
[INFO] [stderr]    |
[INFO] [stderr] 37 | homepage = "https://github.com/kcl-lang/kcl"
[INFO] [stderr]    |            ^^^^^^^^^^^^^^^^^^^^^^^^^^^^^^^^^
[INFO] [stderr] ...
[INFO] [stderr] 42 | repository = "https://github.com/kcl-lang/kcl"
[INFO] [stderr]    |              ---------------------------------
[INFO] [stderr]    |
[INFO] [stderr]    = note: `cargo::redundant_homepage` is set to `warn` by default
[INFO] [stderr] help: consider removing `package.homepage`
[INFO] [stderr] warning: `compiler_base_error` (manifest) generated 1 warning
[INFO] [stderr] warning: unnecessary parentheses around closure body
[INFO] [stderr]    --> src/diagnostic/diagnostic_handler.rs:335:38
[INFO] [stderr]     |
[INFO] [stderr] 335 |                     .with_context(|| ("Emit Error Diagnostics Failed."))?;
[INFO] [stderr]     |                                      ^                                ^
[INFO] [stderr]     |
[INFO] [stderr]     = note: `#[warn(unused_parens)]` (part of `#[warn(unused)]`) on by default
[INFO] [stderr] help: remove these parentheses
[INFO] [stderr]     |
[INFO] [stderr] 335 -                     .with_context(|| ("Emit Error Diagnostics Failed."))?;
[INFO] [stderr] 335 +                     .with_context(|| "Emit Error Diagnostics Failed.")?;
[INFO] [stderr]     |
[INFO] [stderr] 
[INFO] [stderr] warning: unnecessary parentheses around closure body
[INFO] [stderr]    --> src/diagnostic/diagnostic_handler.rs:362:38
[INFO] [stderr]     |
[INFO] [stderr] 362 |                     .with_context(|| ("Emit Warn Diagnostics Failed."))?;
[INFO] [stderr]     |                                      ^                               ^
[INFO] [stderr]     |
[INFO] [stderr] help: remove these parentheses
[INFO] [stderr]     |
[INFO] [stderr] 362 -                     .with_context(|| ("Emit Warn Diagnostics Failed."))?;
[INFO] [stderr] 362 +                     .with_context(|| "Emit Warn Diagnostics Failed.")?;
[INFO] [stderr]     |
[INFO] [stderr] 
[INFO] [stderr] warning: unnecessary parentheses around closure body
[INFO] [stderr]    --> src/diagnostic/diagnostic_handler.rs:391:38
[INFO] [stderr]     |
[INFO] [stderr] 391 |                     .with_context(|| ("Emit Stashed Diagnostics Failed."))?;
[INFO] [stderr]     |                                      ^                                  ^
[INFO] [stderr]     |
[INFO] [stderr] help: remove these parentheses
[INFO] [stderr]     |
[INFO] [stderr] 391 -                     .with_context(|| ("Emit Stashed Diagnostics Failed."))?;
[INFO] [stderr] 391 +                     .with_context(|| "Emit Stashed Diagnostics Failed.")?;
[INFO] [stderr]     |
[INFO] [stderr] 
[INFO] [stderr] warning: unnecessary parentheses around closure body
[INFO] [stderr]    --> src/diagnostic/diagnostic_handler.rs:469:38
[INFO] [stderr]     |
[INFO] [stderr] 469 |                     .with_context(|| ("Abort If Errors Failed."))?;
[INFO] [stderr]     |                                      ^                         ^
[INFO] [stderr]     |
[INFO] [stderr] help: remove these parentheses
[INFO] [stderr]     |
[INFO] [stderr] 469 -                     .with_context(|| ("Abort If Errors Failed."))?;
[INFO] [stderr] 469 +                     .with_context(|| "Abort If Errors Failed.")?;
[INFO] [stderr]     |
[INFO] [stderr] 
[INFO] [stderr] warning: unused import: `diagnostic_handler::DiagnosticHandler`
[INFO] [stderr]    --> src/tests.rs:149:28
[INFO] [stderr]     |
[INFO] [stderr] 149 |         components::Label, diagnostic_handler::DiagnosticHandler,
[INFO] [stderr]     |                            ^^^^^^^^^^^^^^^^^^^^^^^^^^^^^^^^^^^^^
[INFO] [stderr]     |
[INFO] [stderr]     = note: `#[warn(unused_imports)]` (part of `#[warn(unused)]`) on by default
[INFO] [stderr] 
[INFO] [stderr] warning: `compiler_base_error` (lib) generated 4 warnings (run `cargo fix --lib -p compiler_base_error` to apply 4 suggestions)
[INFO] [stderr] warning: `compiler_base_error` (lib test) generated 5 warnings (4 duplicates) (run `cargo fix --lib -p compiler_base_error --tests` to apply 1 suggestion)
[INFO] [stderr] warning: unused dependency `compiler_base_macros`
[INFO] [stderr]  --> Cargo.toml:4:15
[INFO] [stderr]   |
[INFO] [stderr] 4 | [dependencies.compiler_base_macros]
[INFO] [stderr]   |               ^^^^^^^^^^^^^^^^^^^^^
[INFO] [stderr]   |
[INFO] [stderr]   = note: `cargo::unused_dependencies` is set to `warn` by default
[INFO] [stderr] help: consider removing the dependency on `compiler_base_macros`
[INFO] [stderr] warning: unused dependency `pretty_assertions`
[INFO] [stderr]   --> Cargo.toml:13:15
[INFO] [stderr]    |
[INFO] [stderr] 13 | [dependencies.pretty_assertions]
[INFO] [stderr]    |               ^^^^^^^^^^^^^^^^^^
[INFO] [stderr]    |
[INFO] [stderr] help: consider removing the dependency on `pretty_assertions`
[INFO] [stderr] help: to still use for development builds, move to `dev-dependencies`
[INFO] [stderr] warning: `compiler_base_error` (manifest) generated 2 warnings
[INFO] [stderr]     Finished `release` profile [optimized] target(s) in 0.15s
[INFO] [stderr]      Running unittests src/lib.rs (/opt/rustwide/target/release/build/compiler_base_error/8cc85d7a7a9fb3e3/out/compiler_base_error-8cc85d7a7a9fb3e3)
[INFO] [stdout] 
[INFO] [stdout] running 24 tests
[INFO] [stdout] test diagnostic::tests::test_components::test_label ... ok
[INFO] [stdout] test diagnostic::tests::test_components::test_string ... ok
[INFO] [stdout] test diagnostic::tests::test_components::test_code_snippet ... ok
[INFO] [stdout] test diagnostic::style::tests::test_style::test_render_style_to_color_spec ... ok
[INFO] [stdout] test diagnostic::tests::test_components::test_code_snippet_with_style ... ok
[INFO] [stdout] test diagnostic::tests::test_components::test_string_with_style ... ok
[INFO] [stdout] test diagnostic::tests::test_diagnostic::test_diagnsotic_fmt ... ok
[INFO] [stdout] test diagnostic::tests::test_components::test_code_span_with_cross_lines_span ... ok
[INFO] [stdout] test diagnostic::tests::test_diag_handler::test_diag_handler_fmt ... ok
[INFO] [stdout] test diagnostic::tests::test_diag_handler::test_diag_handler_default ... FAILED
[INFO] [stdout] test diagnostic::tests::test_components::test_code_snippet_with_larger_line_index ... ok
[INFO] [stdout] test diagnostic::tests::test_error_message::test_template_message ... ok
[INFO] [stdout] test tests::test_diagnostic_handler::test_abort_if_errors ... ok
[INFO] [stdout] test diagnostic::tests::test_diag_handler::test_return_self ... ok
[INFO] [stdout] test diagnostic::tests::test_diagnostic::test_diagnostic_equal ... ok
[INFO] [stdout] test diagnostic::tests::test_diagnostic::test_diagnostic_with_label ... ok
[INFO] [stdout] test tests::test_errors::test_component_format_error ... ok
[INFO] [stdout] test tests::test_diagnostic_handler::test_diagnostic_handler_add_diagnostic ... ok
[INFO] [stdout] test tests::test_diagnostic_handler::test_diagnostic_handler_get_diagnostic_msg ... ok
[INFO] [stdout] test tests::test_diagnostic_handler::test_diagnostic_handler_has ... ok
[INFO] [stdout] test tests::test_diagnostic_handler::test_diagnostic_handler_new_with_template_dir ... ok
[INFO] [stdout] test tests::test_emitter::test_emit_diag_to_uncolored_text ... ok
[INFO] [stdout] test tests::test_emitter::test_emit_diag_to_uncolored_text_many_times ... ok
[INFO] [stdout] test tests::test_emitter::test_emit_to_raw ... ok
[INFO] [stdout] 
[INFO] [stdout] failures:
[INFO] [stdout] 
[INFO] [stdout] ---- diagnostic::tests::test_diag_handler::test_diag_handler_default stdout ----
[INFO] [stdout] 
[INFO] [stdout] thread 'diagnostic::tests::test_diag_handler::test_diag_handler_default' (1163) panicked at src/diagnostic/tests.rs:411:17:
[INFO] [stdout] assertion `left == right` failed
[INFO] [stdout]   left: "Message doesn't exist.\n\nStack backtrace:\n   0: <anyhow::Error>::msg::<&str>\n   1: <compiler_base_error::diagnostic::diagnostic_message::TemplateLoader>::get_msg_to_str\n   2: <compiler_base_error::diagnostic::diagnostic_handler::DiagnosticHandler>::get_diagnostic_msg\n   3: <compiler_base_error::diagnostic::tests::test_diag_handler::test_diag_handler_default::{closure#0} as core::ops::function::FnOnce<()>>::call_once\n   4: test::__rust_begin_short_backtrace::<core::result::Result<(), alloc::string::String>, fn() -> core::result::Result<(), alloc::string::String>>\n   5: test::run_test::{closure#0}\n   6: std::sys::backtrace::__rust_begin_short_backtrace::<test::run_test::{closure#1}, ()>\n   7: <std::thread::lifecycle::spawn_unchecked<test::run_test::{closure#1}, ()>::{closure#1} as core::ops::function::FnOnce<()>>::call_once::{shim:vtable#0}\n   8: <std::sys::thread::unix::Thread>::new::thread_start\n   9: <unknown>\n  10: clone"
[INFO] [stdout]  right: "Message doesn't exist."
[INFO] [stdout] stack backtrace:
[INFO] [stdout]    0:     0x5cbbfb36da01 - <<std[617be2ca0a6fd877]::sys::backtrace::BacktraceLock>::print::DisplayBacktrace as core[a373ad73a504971]::fmt::Display>::fmt
[INFO] [stdout]    1:     0x5cbbfb38325a - core[a373ad73a504971]::fmt::write
[INFO] [stdout]    2:     0x5cbbfb37291c - <alloc[2e1b2a31b91974c5]::vec::Vec<u8> as core[a373ad73a504971]::io::write::Write>::write_fmt
[INFO] [stdout]    3:     0x5cbbfb3487b6 - std[617be2ca0a6fd877]::panicking::default_hook::{closure#0}
[INFO] [stdout]    4:     0x5cbbfb3655d9 - std[617be2ca0a6fd877]::panicking::default_hook
[INFO] [stdout]    5:     0x5cbbfb2ce8a0 - test[aada8e7e76ba119b]::test_main_inner::{closure#0}
[INFO] [stdout]    6:     0x5cbbfb365902 - std[617be2ca0a6fd877]::panicking::panic_with_hook
[INFO] [stdout]    7:     0x5cbbfb348862 - std[617be2ca0a6fd877]::panicking::panic_handler::{closure#0}
[INFO] [stdout]    8:     0x5cbbfb340d89 - std[617be2ca0a6fd877]::sys::backtrace::__rust_end_short_backtrace::<std[617be2ca0a6fd877]::panicking::panic_handler::{closure#0}, !>
[INFO] [stdout]    9:     0x5cbbfb34957d - __rustc[ea4f61d10b84890b]::rust_begin_unwind
[INFO] [stdout]   10:     0x5cbbfb3839bc - core[a373ad73a504971]::panicking::panic_fmt
[INFO] [stdout]   11:     0x5cbbfb3838d3 - core[a373ad73a504971]::panicking::assert_failed_inner
[INFO] [stdout]   12:     0x5cbbfb2b4ea6 - core[a373ad73a504971]::panicking::assert_failed::<alloc[2e1b2a31b91974c5]::string::String, &str>
[INFO] [stdout]   13:     0x5cbbfb2abd9b - <compiler_base_error[26c412a7cfdf7222]::diagnostic::tests::test_diag_handler::test_diag_handler_default::{closure#0} as core[a373ad73a504971]::ops::function::FnOnce<()>>::call_once
[INFO] [stdout]   14:     0x5cbbfb2c1ceb - test[aada8e7e76ba119b]::__rust_begin_short_backtrace::<core[a373ad73a504971]::result::Result<(), alloc[2e1b2a31b91974c5]::string::String>, fn() -> core[a373ad73a504971]::result::Result<(), alloc[2e1b2a31b91974c5]::string::String>>
[INFO] [stdout]   15:     0x5cbbfb2ceec5 - test[aada8e7e76ba119b]::run_test::{closure#0}
[INFO] [stdout]   16:     0x5cbbfb2c87b4 - std[617be2ca0a6fd877]::sys::backtrace::__rust_begin_short_backtrace::<test[aada8e7e76ba119b]::run_test::{closure#1}, ()>
[INFO] [stdout]   17:     0x5cbbfb2d1f52 - <std[617be2ca0a6fd877]::thread::lifecycle::spawn_unchecked<test[aada8e7e76ba119b]::run_test::{closure#1}, ()>::{closure#1} as core[a373ad73a504971]::ops::function::FnOnce<()>>::call_once::{shim:vtable#0}
[INFO] [stdout]   18:     0x5cbbfb36cebf - <std[617be2ca0a6fd877]::sys::thread::unix::Thread>::new::thread_start
[INFO] [stdout]   19:     0x71959a2fddfa - <unknown>
[INFO] [stdout]   20:     0x71959a3913d4 - clone
[INFO] [stdout]   21:                0x0 - <unknown>
[INFO] [stdout] 
[INFO] [stdout] 
[INFO] [stdout] failures:
[INFO] [stdout]     diagnostic::tests::test_diag_handler::test_diag_handler_default
[INFO] [stdout] 
[INFO] [stdout] test result: FAILED. 23 passed; 1 failed; 0 ignored; 0 measured; 0 filtered out; finished in 0.01s
[INFO] [stdout] 
[INFO] [stderr] error: test failed, to rerun pass `--lib`
[INFO] running `Command { std: "docker" "inspect" "ab490cd56b78c6b4e9244586f935cd88fcabd35ca0e7aa3a466f9b204074dba4", kill_on_drop: false }`
[INFO] running `Command { std: "docker" "rm" "-f" "ab490cd56b78c6b4e9244586f935cd88fcabd35ca0e7aa3a466f9b204074dba4", kill_on_drop: false }`
[INFO] [stdout] ab490cd56b78c6b4e9244586f935cd88fcabd35ca0e7aa3a466f9b204074dba4
