[INFO] fetching crate compiler-llvm-builder 1.0.39...
[INFO] testing compiler-llvm-builder-1.0.39 against 1.99.0-beta.8+cargoflags=--release for beta-release-1.100-2
[INFO] extracting crate compiler-llvm-builder 1.0.39 into /workspace/builds/worker-5-tc1/source
[INFO] removed /workspace/builds/worker-5-tc1/source/rust-toolchain.toml
[INFO] started tweaking crates.io crate compiler-llvm-builder 1.0.39
[INFO] removed 0 missing tests
[INFO] finished tweaking crates.io crate compiler-llvm-builder 1.0.39
[INFO] tweaked toml for crates.io crate compiler-llvm-builder 1.0.39 written to /workspace/builds/worker-5-tc1/source/Cargo.toml
[INFO] validating manifest of crates.io crate compiler-llvm-builder 1.0.39 on toolchain 1.99.0-beta.8
[INFO] running `Command { std: CARGO_HOME="/workspace/cargo-home" RUSTUP_HOME="/workspace/rustup-home" "/workspace/cargo-home/bin/cargo" "+1.99.0-beta.8" "metadata" "--manifest-path" "Cargo.toml" "--no-deps", kill_on_drop: false }`
[INFO] crate crates.io crate compiler-llvm-builder 1.0.39 already has a lockfile, it will not be regenerated
[INFO] running `Command { std: CARGO_HOME="/workspace/cargo-home" RUSTUP_HOME="/workspace/rustup-home" "/workspace/cargo-home/bin/cargo" "+1.99.0-beta.8" "fetch" "--manifest-path" "Cargo.toml", kill_on_drop: false }`
[INFO] [stderr]     Updating crates.io index
[INFO] [stderr]  Downloading crates ...
[INFO] [stderr]   Downloaded windows-targets v0.53.4
[INFO] [stderr]   Downloaded rstest v0.25.0
[INFO] [stderr]   Downloaded rstest_macros v0.25.0
[INFO] [stderr]   Downloaded regex v1.11.3
[INFO] [stderr]   Downloaded windows-sys v0.61.1
[INFO] [stderr]   Downloaded assert_fs v1.1.3
[INFO] running `Command { std: "docker" "create" "-v" "/var/lib/crater-agent-workspace/builds/worker-5-tc1/source:/opt/rustwide/workdir:ro,Z" "-v" "/var/lib/crater-agent-workspace/builds/worker-5-tc1/target:/opt/rustwide/target:rw,Z" "-v" "/var/lib/crater-agent-workspace/cargo-home:/opt/rustwide/cargo-home:ro,Z" "-v" "/var/lib/crater-agent-workspace/rustup-home:/opt/rustwide/rustup-home:ro,Z" "-m" "1610612736" "--network" "none" "ghcr.io/rust-lang/crates-build-env/linux@sha256:77db811e55d90add9212f6832c23229e3de5f1c1f9905e8cb07319ea15df73ac" "sleep" "infinity", kill_on_drop: false }`
[INFO] [stdout] da26fd7c28b38c787a84fd08daac25faf57e3c1102db59b9f0abceeb42c78397
[INFO] running `Command { std: "docker" "start" "da26fd7c28b38c787a84fd08daac25faf57e3c1102db59b9f0abceeb42c78397", kill_on_drop: false }`
[INFO] running `Command { std: "docker" "inspect" "da26fd7c28b38c787a84fd08daac25faf57e3c1102db59b9f0abceeb42c78397", kill_on_drop: false }`
[INFO] running `Command { std: "docker" "exec" "-e" "SOURCE_DIR=/opt/rustwide/workdir" "-e" "CARGO_HOME=/opt/rustwide/cargo-home" "-e" "RUSTUP_HOME=/opt/rustwide/rustup-home" "-e" "CARGO_TARGET_DIR=/opt/rustwide/target" "-w" "/opt/rustwide/workdir" "--user" "0:0" "da26fd7c28b38c787a84fd08daac25faf57e3c1102db59b9f0abceeb42c78397" "/opt/rustwide/cargo-home/bin/cargo" "+1.99.0-beta.8" "metadata" "--no-deps" "--format-version=1", kill_on_drop: false }`
[INFO] running `Command { std: "docker" "inspect" "da26fd7c28b38c787a84fd08daac25faf57e3c1102db59b9f0abceeb42c78397", kill_on_drop: false }`
[INFO] running `Command { std: "docker" "exec" "-e" "SOURCE_DIR=/opt/rustwide/workdir" "-e" "CARGO_HOME=/opt/rustwide/cargo-home" "-e" "RUSTUP_HOME=/opt/rustwide/rustup-home" "-e" "CARGO_TARGET_DIR=/opt/rustwide/target" "-e" "CARGO_INCREMENTAL=0" "-e" "RUST_BACKTRACE=full" "-e" "RUSTFLAGS=--cap-lints=warn" "-e" "RUSTDOCFLAGS=--cap-lints=warn" "-w" "/opt/rustwide/workdir" "--user" "0:0" "da26fd7c28b38c787a84fd08daac25faf57e3c1102db59b9f0abceeb42c78397" "/opt/rustwide/cargo-home/bin/cargo" "+1.99.0-beta.8" "build" "--frozen" "--message-format=json" "--release", kill_on_drop: false }`
[INFO] [stderr]    Compiling unicode-ident v1.0.19
[INFO] [stderr]    Compiling quote v1.0.41
[INFO] [stderr]    Compiling libc v0.2.176
[INFO] [stderr]    Compiling find-msvc-tools v0.1.2
[INFO] [stderr]    Compiling futures-sink v0.3.31
[INFO] [stderr]    Compiling openssl v0.10.73
[INFO] [stderr]    Compiling zerocopy v0.8.27
[INFO] [stderr]    Compiling tracing v0.1.41
[INFO] [stderr]    Compiling sync_wrapper v1.0.2
[INFO] [stderr]    Compiling rustix v1.1.2
[INFO] [stderr]    Compiling ipnet v2.11.0
[INFO] [stderr]    Compiling linux-raw-sys v0.11.0
[INFO] [stderr]    Compiling iri-string v0.7.8
[INFO] [stderr]    Compiling hashbrown v0.16.0
[INFO] [stderr]    Compiling aho-corasick v1.1.3
[INFO] [stderr]    Compiling regex-syntax v0.8.6
[INFO] [stderr]    Compiling proc-macro2 v1.0.101
[INFO] [stderr]    Compiling cc v1.2.39
[INFO] [stderr]    Compiling futures-channel v0.3.31
[INFO] [stderr]    Compiling winnow v0.7.13
[INFO] [stderr]    Compiling clap_builder v4.5.48
[INFO] [stderr]    Compiling miniz_oxide v0.8.9
[INFO] [stderr]    Compiling crc32fast v1.5.0
[INFO] [stderr]    Compiling path-slash v0.2.1
[INFO] [stderr]    Compiling syn v2.0.106
[INFO] [stderr]    Compiling flate2 v1.1.2
[INFO] [stderr]    Compiling indexmap v2.11.4
[INFO] [stderr]    Compiling openssl-sys v0.9.109
[INFO] [stderr]    Compiling socket2 v0.6.0
[INFO] [stderr]    Compiling mio v1.0.4
[INFO] [stderr]    Compiling getrandom v0.2.16
[INFO] [stderr]    Compiling filetime v0.2.26
[INFO] [stderr]    Compiling rand_core v0.6.4
[INFO] [stderr]    Compiling num_cpus v1.17.0
[INFO] [stderr]    Compiling native-tls v0.2.14
[INFO] [stderr]    Compiling tokio v1.47.1
[INFO] [stderr]    Compiling regex-automata v0.4.11
[INFO] [stderr]    Compiling ppv-lite86 v0.2.21
[INFO] [stderr]    Compiling rand_chacha v0.3.1
[INFO] [stderr]    Compiling xattr v1.6.1
[INFO] [stderr]    Compiling tar v0.4.44
[INFO] [stderr]    Compiling rand v0.8.5
[INFO] [stderr]    Compiling regex v1.11.3
[INFO] [stderr]    Compiling synstructure v0.13.2
[INFO] [stderr]    Compiling zerofrom-derive v0.1.6
[INFO] [stderr]    Compiling yoke-derive v0.8.0
[INFO] [stderr]    Compiling zerovec-derive v0.11.1
[INFO] [stderr]    Compiling displaydoc v0.2.5
[INFO] [stderr]    Compiling serde_derive v1.0.228
[INFO] [stderr]    Compiling futures-macro v0.3.31
[INFO] [stderr]    Compiling openssl-macros v0.1.1
[INFO] [stderr]    Compiling thiserror-impl v1.0.69
[INFO] [stderr]    Compiling clap_derive v4.5.47
[INFO] [stderr]    Compiling futures-util v0.3.31
[INFO] [stderr]    Compiling thiserror v1.0.69
[INFO] [stderr]    Compiling zerofrom v0.1.6
[INFO] [stderr]    Compiling yoke v0.8.0
[INFO] [stderr]    Compiling zerovec v0.11.4
[INFO] [stderr]    Compiling zerotrie v0.2.2
[INFO] [stderr]    Compiling hyper v1.7.0
[INFO] [stderr]    Compiling clap v4.5.48
[INFO] [stderr]    Compiling tinystr v0.8.1
[INFO] [stderr]    Compiling potential_utf v0.1.3
[INFO] [stderr]    Compiling serde v1.0.228
[INFO] [stderr]    Compiling icu_collections v2.0.0
[INFO] [stderr]    Compiling icu_locale_core v2.0.0
[INFO] [stderr]    Compiling tokio-native-tls v0.3.1
[INFO] [stderr]    Compiling toml_datetime v0.6.11
[INFO] [stderr]    Compiling serde_spanned v0.6.9
[INFO] [stderr]    Compiling serde_urlencoded v0.7.1
[INFO] [stderr]    Compiling toml_edit v0.22.27
[INFO] [stderr]    Compiling icu_provider v2.0.0
[INFO] [stderr]    Compiling icu_normalizer v2.0.0
[INFO] [stderr]    Compiling icu_properties v2.0.1
[INFO] [stderr]    Compiling hyper-util v0.1.17
[INFO] [stderr]    Compiling tower v0.5.2
[INFO] [stderr]    Compiling futures-executor v0.3.31
[INFO] [stderr]    Compiling futures v0.3.31
[INFO] [stderr]    Compiling tower-http v0.6.6
[INFO] [stderr]    Compiling idna_adapter v1.2.1
[INFO] [stderr]    Compiling idna v1.1.0
[INFO] [stderr]    Compiling toml v0.8.23
[INFO] [stderr]    Compiling url v2.5.7
[INFO] [stderr]    Compiling hyper-tls v0.6.0
[INFO] [stderr]    Compiling reqwest v0.12.23
[INFO] [stderr]    Compiling downloader v0.2.8
[INFO] [stderr]    Compiling compiler-llvm-builder v1.0.39 (/opt/rustwide/workdir)
[INFO] [stderr]     Finished `release` profile [optimized] target(s) in 57.86s
[INFO] running `Command { std: "docker" "inspect" "da26fd7c28b38c787a84fd08daac25faf57e3c1102db59b9f0abceeb42c78397", kill_on_drop: false }`
[INFO] running `Command { std: "docker" "exec" "-e" "SOURCE_DIR=/opt/rustwide/workdir" "-e" "CARGO_HOME=/opt/rustwide/cargo-home" "-e" "RUSTUP_HOME=/opt/rustwide/rustup-home" "-e" "CARGO_TARGET_DIR=/opt/rustwide/target" "-e" "CARGO_INCREMENTAL=0" "-e" "RUST_BACKTRACE=full" "-e" "RUSTFLAGS=--cap-lints=warn" "-e" "RUSTDOCFLAGS=--cap-lints=warn" "-w" "/opt/rustwide/workdir" "--user" "0:0" "da26fd7c28b38c787a84fd08daac25faf57e3c1102db59b9f0abceeb42c78397" "/opt/rustwide/cargo-home/bin/cargo" "+1.99.0-beta.8" "test" "--frozen" "--no-run" "--message-format=json" "--release", kill_on_drop: false }`
[INFO] [stderr]    Compiling syn v2.0.106
[INFO] [stderr]    Compiling aho-corasick v1.1.3
[INFO] [stderr]    Compiling rustix v1.1.2
[INFO] [stderr]    Compiling semver v1.0.27
[INFO] [stderr]    Compiling winnow v0.7.13
[INFO] [stderr]    Compiling hashbrown v0.16.0
[INFO] [stderr]    Compiling memchr v2.7.6
[INFO] [stderr]    Compiling doc-comment v0.3.3
[INFO] [stderr]    Compiling toml_datetime v0.7.2
[INFO] [stderr]    Compiling predicates-core v1.0.9
[INFO] [stderr]    Compiling regex-syntax v0.8.6
[INFO] [stderr]    Compiling float-cmp v0.10.0
[INFO] [stderr]    Compiling normalize-line-endings v0.3.0
[INFO] [stderr]    Compiling getrandom v0.3.3
[INFO] [stderr]    Compiling cfg-if v1.0.3
[INFO] [stderr]    Compiling assert_cmd v2.0.17
[INFO] [stderr]    Compiling relative-path v1.9.3
[INFO] [stderr]    Compiling glob v0.3.3
[INFO] [stderr]    Compiling wait-timeout v0.2.1
[INFO] [stderr]    Compiling predicates-tree v1.0.12
[INFO] [stderr]    Compiling rustc_version v0.4.1
[INFO] [stderr]    Compiling rstest_macros v0.25.0
[INFO] [stderr]    Compiling indexmap v2.11.4
[INFO] [stderr]    Compiling regex-automata v0.4.11
[INFO] [stderr]    Compiling toml_parser v1.0.3
[INFO] [stderr]    Compiling toml_edit v0.23.6
[INFO] [stderr]    Compiling xattr v1.6.1
[INFO] [stderr]    Compiling tempfile v3.23.0
[INFO] [stderr]    Compiling tar v0.4.44
[INFO] [stderr]    Compiling proc-macro-crate v3.4.0
[INFO] [stderr]    Compiling synstructure v0.13.2
[INFO] [stderr]    Compiling regex v1.11.3
[INFO] [stderr]    Compiling bstr v1.12.0
[INFO] [stderr]    Compiling zerofrom-derive v0.1.6
[INFO] [stderr]    Compiling yoke-derive v0.8.0
[INFO] [stderr]    Compiling zerovec-derive v0.11.1
[INFO] [stderr]    Compiling displaydoc v0.2.5
[INFO] [stderr]    Compiling futures-macro v0.3.31
[INFO] [stderr]    Compiling serde_derive v1.0.228
[INFO] [stderr]    Compiling openssl-macros v0.1.1
[INFO] [stderr]    Compiling thiserror-impl v1.0.69
[INFO] [stderr]    Compiling clap_derive v4.5.47
[INFO] [stderr]    Compiling predicates v3.1.3
[INFO] [stderr]    Compiling openssl v0.10.73
[INFO] [stderr]    Compiling globset v0.4.16
[INFO] [stderr]    Compiling futures-util v0.3.31
[INFO] [stderr]    Compiling zerofrom v0.1.6
[INFO] [stderr]    Compiling yoke v0.8.0
[INFO] [stderr]    Compiling zerovec v0.11.4
[INFO] [stderr]    Compiling zerotrie v0.2.2
[INFO] [stderr]    Compiling thiserror v1.0.69
[INFO] [stderr]    Compiling ignore v0.4.23
[INFO] [stderr]    Compiling clap v4.5.48
[INFO] [stderr]    Compiling globwalk v0.9.1
[INFO] [stderr]    Compiling assert_fs v1.1.3
[INFO] [stderr]    Compiling serde v1.0.228
[INFO] [stderr]    Compiling tinystr v0.8.1
[INFO] [stderr]    Compiling potential_utf v0.1.3
[INFO] [stderr]    Compiling icu_locale_core v2.0.0
[INFO] [stderr]    Compiling icu_collections v2.0.0
[INFO] [stderr]    Compiling toml_datetime v0.6.11
[INFO] [stderr]    Compiling serde_spanned v0.6.9
[INFO] [stderr]    Compiling serde_urlencoded v0.7.1
[INFO] [stderr]    Compiling toml_edit v0.22.27
[INFO] [stderr]    Compiling icu_provider v2.0.0
[INFO] [stderr]    Compiling hyper-util v0.1.17
[INFO] [stderr]    Compiling tower v0.5.2
[INFO] [stderr]    Compiling futures-executor v0.3.31
[INFO] [stderr]    Compiling icu_properties v2.0.1
[INFO] [stderr]    Compiling icu_normalizer v2.0.0
[INFO] [stderr]    Compiling rstest v0.25.0
[INFO] [stderr]    Compiling futures v0.3.31
[INFO] [stderr]    Compiling tower-http v0.6.6
[INFO] [stderr]    Compiling native-tls v0.2.14
[INFO] [stderr]    Compiling idna_adapter v1.2.1
[INFO] [stderr]    Compiling idna v1.1.0
[INFO] [stderr]    Compiling tokio-native-tls v0.3.1
[INFO] [stderr]    Compiling url v2.5.7
[INFO] [stderr]    Compiling hyper-tls v0.6.0
[INFO] [stderr]    Compiling toml v0.8.23
[INFO] [stderr]    Compiling reqwest v0.12.23
[INFO] [stderr]    Compiling downloader v0.2.8
[INFO] [stderr]    Compiling compiler-llvm-builder v1.0.39 (/opt/rustwide/workdir)
[INFO] [stderr]     Finished `release` profile [optimized] target(s) in 1m 08s
[INFO] running `Command { std: "docker" "inspect" "da26fd7c28b38c787a84fd08daac25faf57e3c1102db59b9f0abceeb42c78397", kill_on_drop: false }`
[INFO] running `Command { std: "docker" "exec" "-e" "SOURCE_DIR=/opt/rustwide/workdir" "-e" "CARGO_HOME=/opt/rustwide/cargo-home" "-e" "RUSTUP_HOME=/opt/rustwide/rustup-home" "-e" "CARGO_TARGET_DIR=/opt/rustwide/target" "-e" "CARGO_INCREMENTAL=0" "-e" "RUST_BACKTRACE=full" "-e" "RUSTFLAGS=--cap-lints=warn" "-e" "RUSTDOCFLAGS=--cap-lints=warn" "-w" "/opt/rustwide/workdir" "--user" "0:0" "da26fd7c28b38c787a84fd08daac25faf57e3c1102db59b9f0abceeb42c78397" "/opt/rustwide/cargo-home/bin/cargo" "+1.99.0-beta.8" "test" "--frozen" "--release", kill_on_drop: false }`
[INFO] [stderr]     Finished `release` profile [optimized] target(s) in 0.25s
[INFO] [stderr]      Running unittests src/lib.rs (/opt/rustwide/target/release/deps/compiler_llvm_builder-6847c28d53e3fd83)
[INFO] [stdout] 
[INFO] [stdout] running 0 tests
[INFO] [stdout] 
[INFO] [stdout] test result: ok. 0 passed; 0 failed; 0 ignored; 0 measured; 0 filtered out; finished in 0.00s
[INFO] [stdout] 
[INFO] [stderr]      Running unittests src/zksync_llvm/main.rs (/opt/rustwide/target/release/deps/zksync_llvm-4522edac98dc4072)
[INFO] [stdout] 
[INFO] [stdout] running 0 tests
[INFO] [stdout] 
[INFO] [stdout] test result: ok. 0 passed; 0 failed; 0 ignored; 0 measured; 0 filtered out; finished in 0.00s
[INFO] [stdout] 
[INFO] [stderr]      Running tests/build.rs (/opt/rustwide/target/release/deps/build-d34e08522bcba84d)
[INFO] [stdout] 
[INFO] [stdout] running 4 tests
[INFO] [stdout] test debug_build_with_tests_coverage ... FAILED
[INFO] [stdout] test clone_build_and_clean ... FAILED
[INFO] [stdout] test build_with_sanitizers ... FAILED
[INFO] [stdout] test build_without_clone ... ok
[INFO] [stdout] 
[INFO] [stdout] failures:
[INFO] [stdout] 
[INFO] [stdout] ---- debug_build_with_tests_coverage stdout ----
[INFO] [stdout] 
[INFO] [stdout] thread 'debug_build_with_tests_coverage' (3724) panicked at /rustc/dfb0accb7f508ae8be965d8629557221c889dd98/library/core/src/ops/function.rs:250:5:
[INFO] [stdout] Unexpected failure.
[INFO] [stdout] code=1
[INFO] [stdout] stderr=``````
[INFO] [stdout] Cloning into \'./llvm\'...
[INFO] [stdout] fatal: unable to access \'https://github.com/matter-labs/era-compiler-llvm/\': Could not resolve host: github.com
[INFO] [stdout] Error: LLVM repository cloning failed
[INFO] [stdout] 
[INFO] [stdout] Stack backtrace:
[INFO] [stdout]    0: <anyhow::Error>::msg::<alloc::string::String>
[INFO] [stdout]    1: anyhow::__private::format_err
[INFO] [stdout]    2: compiler_llvm_builder::utils::command
[INFO] [stdout]    3: compiler_llvm_builder::clone
[INFO] [stdout]    4: zksync_llvm::main
[INFO] [stdout]    5: std::sys::backtrace::__rust_begin_short_backtrace::<fn(), ()>
[INFO] [stdout]    6: std::rt::lang_start::<()>::{closure#0}
[INFO] [stdout]    7: std::rt::lang_start_internal
[INFO] [stdout]    8: main
[INFO] [stdout]    9: <unknown>
[INFO] [stdout]   10: __libc_start_main
[INFO] [stdout]   11: _start
[INFO] [stdout] ```
[INFO] [stdout] ```
[INFO] [stdout] command=`cd "/tmp/.tmpFOK46l" && "/opt/rustwide/target/release/zksync-llvm" "clone"`
[INFO] [stdout] code=1
[INFO] [stdout] stdout="/usr/bin/git\n"
[INFO] [stdout] stderr=```
[INFO] [stdout] Cloning into \'./llvm\'...
[INFO] [stdout] fatal: unable to access \'https://github.com/matter-labs/era-compiler-llvm/\': Could not resolve host: github.com
[INFO] [stdout] Error: LLVM repository cloning failed
[INFO] [stdout] 
[INFO] [stdout] Stack backtrace:
[INFO] [stdout]    0: <anyhow::Error>::msg::<alloc::string::String>
[INFO] [stdout]    1: anyhow::__private::format_err
[INFO] [stdout]    2: compiler_llvm_builder::utils::command
[INFO] [stdout]    3: compiler_llvm_builder::clone
[INFO] [stdout]    4: zksync_llvm::main
[INFO] [stdout]    5: std::sys::backtrace::__rust_begin_short_backtrace::<fn(), ()>
[INFO] [stdout]    6: std::rt::lang_start::<()>::{closure#0}
[INFO] [stdout]    7: std::rt::lang_start_internal
[INFO] [stdout]    8: main
[INFO] [stdout]    9: <unknown>
[INFO] [stdout]   10: __libc_start_main
[INFO] [stdout]   11: _start
[INFO] [stdout] ```
[INFO] [stdout] 
[INFO] [stdout] 
[INFO] [stdout] stack backtrace:
[INFO] [stdout]    0:     0x58998ac7df51 - <<std[70759c8f55707aa4]::sys::backtrace::BacktraceLock>::print::DisplayBacktrace as core[df12db4294e9bfd3]::fmt::Display>::fmt
[INFO] [stdout]    1:     0x58998ac9601a - core[df12db4294e9bfd3]::fmt::write
[INFO] [stdout]    2:     0x58998ac83e4c - <alloc[2182bb758b4b3781]::vec::Vec<u8> as core[df12db4294e9bfd3]::io::write::Write>::write_fmt
[INFO] [stdout]    3:     0x58998ac58476 - std[70759c8f55707aa4]::panicking::default_hook::{closure#0}
[INFO] [stdout]    4:     0x58998ac75d09 - std[70759c8f55707aa4]::panicking::default_hook
[INFO] [stdout]    5:     0x58998ab419e0 - test[9d35eded1c95d3be]::test_main_inner::<test[9d35eded1c95d3be]::test_main_static::{closure#0}>::{closure#0}
[INFO] [stdout]    6:     0x58998ac76032 - std[70759c8f55707aa4]::panicking::panic_with_hook
[INFO] [stdout]    7:     0x58998ac58522 - std[70759c8f55707aa4]::panicking::panic_handler::{closure#0}
[INFO] [stdout]    8:     0x58998ac50bf9 - std[70759c8f55707aa4]::sys::backtrace::__rust_end_short_backtrace::<std[70759c8f55707aa4]::panicking::panic_handler::{closure#0}, !>
[INFO] [stdout]    9:     0x58998ac5922d - __rustc[8fa7c3cbc660c2b3]::rust_begin_unwind
[INFO] [stdout]   10:     0x58998ac967fc - core[df12db4294e9bfd3]::panicking::panic_fmt
[INFO] [stdout]   11:     0x58998ab75b63 - <assert_cmd[961c4e45249c8678]::assert::AssertError>::panic::<assert_cmd[961c4e45249c8678]::assert::Assert>
[INFO] [stdout]   12:     0x58998ab76426 - <assert_cmd[961c4e45249c8678]::assert::Assert>::success
[INFO] [stdout]   13:     0x58998ab1657c - std[70759c8f55707aa4]::sys::backtrace::__rust_begin_short_backtrace::<rstest[6810bb9dde2d1b31]::timeout::execute_with_timeout_sync<core[df12db4294e9bfd3]::result::Result<(), anyhow[89f820ed30bbc3fb]::Error>, build[6faddca4605d029e]::debug_build_with_tests_coverage::{closure#0}>::{closure#0}, core[df12db4294e9bfd3]::result::Result<(), std[70759c8f55707aa4]::sync::mpsc::SendError<core[df12db4294e9bfd3]::result::Result<(), anyhow[89f820ed30bbc3fb]::Error>>>>
[INFO] [stdout]   14:     0x58998ab0a66f - <std[70759c8f55707aa4]::thread::lifecycle::spawn_unchecked<rstest[6810bb9dde2d1b31]::timeout::execute_with_timeout_sync<core[df12db4294e9bfd3]::result::Result<(), anyhow[89f820ed30bbc3fb]::Error>, build[6faddca4605d029e]::debug_build_with_tests_coverage::{closure#0}>::{closure#0}, core[df12db4294e9bfd3]::result::Result<(), std[70759c8f55707aa4]::sync::mpsc::SendError<core[df12db4294e9bfd3]::result::Result<(), anyhow[89f820ed30bbc3fb]::Error>>>>::{closure#1} as core[df12db4294e9bfd3]::ops::function::FnOnce<()>>::call_once::{shim:vtable#0}
[INFO] [stdout]   15:     0x58998ac7d799 - <std[70759c8f55707aa4]::sys::thread::unix::Thread>::new::thread_start
[INFO] [stdout]   16:     0x7a9d0014ddfa - <unknown>
[INFO] [stdout]   17:     0x7a9d001e13d4 - clone
[INFO] [stdout]   18:                0x0 - <unknown>
[INFO] [stdout] 
[INFO] [stdout] ---- clone_build_and_clean stdout ----
[INFO] [stdout] 
[INFO] [stdout] thread 'clone_build_and_clean' (3723) panicked at /rustc/dfb0accb7f508ae8be965d8629557221c889dd98/library/core/src/ops/function.rs:250:5:
[INFO] [stdout] Unexpected failure.
[INFO] [stdout] code=1
[INFO] [stdout] stderr=``````
[INFO] [stdout] Cloning into \'./llvm\'...
[INFO] [stdout] fatal: unable to access \'https://github.com/matter-labs/era-compiler-llvm/\': Could not resolve host: github.com
[INFO] [stdout] Error: LLVM repository cloning failed
[INFO] [stdout] 
[INFO] [stdout] Stack backtrace:
[INFO] [stdout]    0: <anyhow::Error>::msg::<alloc::string::String>
[INFO] [stdout]    1: anyhow::__private::format_err
[INFO] [stdout]    2: compiler_llvm_builder::utils::command
[INFO] [stdout]    3: compiler_llvm_builder::clone
[INFO] [stdout]    4: zksync_llvm::main
[INFO] [stdout]    5: std::sys::backtrace::__rust_begin_short_backtrace::<fn(), ()>
[INFO] [stdout]    6: std::rt::lang_start::<()>::{closure#0}
[INFO] [stdout]    7: std::rt::lang_start_internal
[INFO] [stdout]    8: main
[INFO] [stdout]    9: <unknown>
[INFO] [stdout]   10: __libc_start_main
[INFO] [stdout]   11: _start
[INFO] [stdout] ```
[INFO] [stdout] ```
[INFO] [stdout] command=`cd "/tmp/.tmpoFC06f" && "/opt/rustwide/target/release/zksync-llvm" "clone"`
[INFO] [stdout] code=1
[INFO] [stdout] stdout="/usr/bin/git\n"
[INFO] [stdout] stderr=```
[INFO] [stdout] Cloning into \'./llvm\'...
[INFO] [stdout] fatal: unable to access \'https://github.com/matter-labs/era-compiler-llvm/\': Could not resolve host: github.com
[INFO] [stdout] Error: LLVM repository cloning failed
[INFO] [stdout] 
[INFO] [stdout] Stack backtrace:
[INFO] [stdout]    0: <anyhow::Error>::msg::<alloc::string::String>
[INFO] [stdout]    1: anyhow::__private::format_err
[INFO] [stdout]    2: compiler_llvm_builder::utils::command
[INFO] [stdout]    3: compiler_llvm_builder::clone
[INFO] [stdout]    4: zksync_llvm::main
[INFO] [stdout]    5: std::sys::backtrace::__rust_begin_short_backtrace::<fn(), ()>
[INFO] [stdout]    6: std::rt::lang_start::<()>::{closure#0}
[INFO] [stdout]    7: std::rt::lang_start_internal
[INFO] [stdout]    8: main
[INFO] [stdout]    9: <unknown>
[INFO] [stdout]   10: __libc_start_main
[INFO] [stdout]   11: _start
[INFO] [stdout] ```
[INFO] [stdout] 
[INFO] [stdout] 
[INFO] [stdout] stack backtrace:
[INFO] [stdout]    0:     0x58998ac7df51 - <<std[70759c8f55707aa4]::sys::backtrace::BacktraceLock>::print::DisplayBacktrace as core[df12db4294e9bfd3]::fmt::Display>::fmt
[INFO] [stdout]    1:     0x58998ac9601a - core[df12db4294e9bfd3]::fmt::write
[INFO] [stdout]    2:     0x58998ac83e4c - <alloc[2182bb758b4b3781]::vec::Vec<u8> as core[df12db4294e9bfd3]::io::write::Write>::write_fmt
[INFO] [stdout]    3:     0x58998ac58476 - std[70759c8f55707aa4]::panicking::default_hook::{closure#0}
[INFO] [stdout]    4:     0x58998ac75d09 - std[70759c8f55707aa4]::panicking::default_hook
[INFO] [stdout]    5:     0x58998ab419e0 - test[9d35eded1c95d3be]::test_main_inner::<test[9d35eded1c95d3be]::test_main_static::{closure#0}>::{closure#0}
[INFO] [stdout]    6:     0x58998ac76032 - std[70759c8f55707aa4]::panicking::panic_with_hook
[INFO] [stdout]    7:     0x58998ac58522 - std[70759c8f55707aa4]::panicking::panic_handler::{closure#0}
[INFO] [stdout]    8:     0x58998ac50bf9 - std[70759c8f55707aa4]::sys::backtrace::__rust_end_short_backtrace::<std[70759c8f55707aa4]::panicking::panic_handler::{closure#0}, !>
[INFO] [stdout]    9:     0x58998ac5922d - __rustc[8fa7c3cbc660c2b3]::rust_begin_unwind
[INFO] [stdout]   10:     0x58998ac967fc - core[df12db4294e9bfd3]::panicking::panic_fmt
[INFO] [stdout]   11:     0x58998ab75b63 - <assert_cmd[961c4e45249c8678]::assert::AssertError>::panic::<assert_cmd[961c4e45249c8678]::assert::Assert>
[INFO] [stdout]   12:     0x58998ab76426 - <assert_cmd[961c4e45249c8678]::assert::Assert>::success
[INFO] [stdout]   13:     0x58998ab15d8c - std[70759c8f55707aa4]::sys::backtrace::__rust_begin_short_backtrace::<rstest[6810bb9dde2d1b31]::timeout::execute_with_timeout_sync<core[df12db4294e9bfd3]::result::Result<(), anyhow[89f820ed30bbc3fb]::Error>, build[6faddca4605d029e]::clone_build_and_clean::{closure#0}>::{closure#0}, core[df12db4294e9bfd3]::result::Result<(), std[70759c8f55707aa4]::sync::mpsc::SendError<core[df12db4294e9bfd3]::result::Result<(), anyhow[89f820ed30bbc3fb]::Error>>>>
[INFO] [stdout]   14:     0x58998ab0a4df - <std[70759c8f55707aa4]::thread::lifecycle::spawn_unchecked<rstest[6810bb9dde2d1b31]::timeout::execute_with_timeout_sync<core[df12db4294e9bfd3]::result::Result<(), anyhow[89f820ed30bbc3fb]::Error>, build[6faddca4605d029e]::clone_build_and_clean::{closure#0}>::{closure#0}, core[df12db4294e9bfd3]::result::Result<(), std[70759c8f55707aa4]::sync::mpsc::SendError<core[df12db4294e9bfd3]::result::Result<(), anyhow[89f820ed30bbc3fb]::Error>>>>::{closure#1} as core[df12db4294e9bfd3]::ops::function::FnOnce<()>>::call_once::{shim:vtable#0}
[INFO] [stdout]   15:     0x58998ac7d799 - <std[70759c8f55707aa4]::sys::thread::unix::Thread>::new::thread_start
[INFO] [stdout]   16:     0x7a9d0014ddfa - <unknown>
[INFO] [stdout]   17:     0x7a9d001e13d4 - clone
[INFO] [stdout]   18:                0x0 - <unknown>
[INFO] [stdout] 
[INFO] [stdout] ---- build_with_sanitizers stdout ----
[INFO] [stdout] 
[INFO] [stdout] thread 'build_with_sanitizers' (3721) panicked at /rustc/dfb0accb7f508ae8be965d8629557221c889dd98/library/core/src/ops/function.rs:250:5:
[INFO] [stdout] Unexpected failure.
[INFO] [stdout] code=1
[INFO] [stdout] stderr=``````
[INFO] [stdout] Cloning into \'./llvm\'...
[INFO] [stdout] fatal: unable to access \'https://github.com/matter-labs/era-compiler-llvm/\': Could not resolve host: github.com
[INFO] [stdout] Error: LLVM repository cloning failed
[INFO] [stdout] 
[INFO] [stdout] Stack backtrace:
[INFO] [stdout]    0: <anyhow::Error>::msg::<alloc::string::String>
[INFO] [stdout]    1: anyhow::__private::format_err
[INFO] [stdout]    2: compiler_llvm_builder::utils::command
[INFO] [stdout]    3: compiler_llvm_builder::clone
[INFO] [stdout]    4: zksync_llvm::main
[INFO] [stdout]    5: std::sys::backtrace::__rust_begin_short_backtrace::<fn(), ()>
[INFO] [stdout]    6: std::rt::lang_start::<()>::{closure#0}
[INFO] [stdout]    7: std::rt::lang_start_internal
[INFO] [stdout]    8: main
[INFO] [stdout]    9: <unknown>
[INFO] [stdout]   10: __libc_start_main
[INFO] [stdout]   11: _start
[INFO] [stdout] ```
[INFO] [stdout] ```
[INFO] [stdout] command=`cd "/tmp/.tmpecgB6I" && "/opt/rustwide/target/release/zksync-llvm" "clone"`
[INFO] [stdout] code=1
[INFO] [stdout] stdout="/usr/bin/git\n"
[INFO] [stdout] stderr=```
[INFO] [stdout] Cloning into \'./llvm\'...
[INFO] [stdout] fatal: unable to access \'https://github.com/matter-labs/era-compiler-llvm/\': Could not resolve host: github.com
[INFO] [stdout] Error: LLVM repository cloning failed
[INFO] [stdout] 
[INFO] [stdout] Stack backtrace:
[INFO] [stdout]    0: <anyhow::Error>::msg::<alloc::string::String>
[INFO] [stdout]    1: anyhow::__private::format_err
[INFO] [stdout]    2: compiler_llvm_builder::utils::command
[INFO] [stdout]    3: compiler_llvm_builder::clone
[INFO] [stdout]    4: zksync_llvm::main
[INFO] [stdout]    5: std::sys::backtrace::__rust_begin_short_backtrace::<fn(), ()>
[INFO] [stdout]    6: std::rt::lang_start::<()>::{closure#0}
[INFO] [stdout]    7: std::rt::lang_start_internal
[INFO] [stdout]    8: main
[INFO] [stdout]    9: <unknown>
[INFO] [stdout]   10: __libc_start_main
[INFO] [stdout]   11: _start
[INFO] [stdout] ```
[INFO] [stdout] 
[INFO] [stdout] 
[INFO] [stdout] stack backtrace:
[INFO] [stdout]    0:     0x58998ac7df51 - <<std[70759c8f55707aa4]::sys::backtrace::BacktraceLock>::print::DisplayBacktrace as core[df12db4294e9bfd3]::fmt::Display>::fmt
[INFO] [stdout]    1:     0x58998ac9601a - core[df12db4294e9bfd3]::fmt::write
[INFO] [stdout]    2:     0x58998ac83e4c - <alloc[2182bb758b4b3781]::vec::Vec<u8> as core[df12db4294e9bfd3]::io::write::Write>::write_fmt
[INFO] [stdout]    3:     0x58998ac58476 - std[70759c8f55707aa4]::panicking::default_hook::{closure#0}
[INFO] [stdout]    4:     0x58998ac75d09 - std[70759c8f55707aa4]::panicking::default_hook
[INFO] [stdout]    5:     0x58998ab419e0 - test[9d35eded1c95d3be]::test_main_inner::<test[9d35eded1c95d3be]::test_main_static::{closure#0}>::{closure#0}
[INFO] [stdout]    6:     0x58998ac76032 - std[70759c8f55707aa4]::panicking::panic_with_hook
[INFO] [stdout]    7:     0x58998ac58522 - std[70759c8f55707aa4]::panicking::panic_handler::{closure#0}
[INFO] [stdout]    8:     0x58998ac50bf9 - std[70759c8f55707aa4]::sys::backtrace::__rust_end_short_backtrace::<std[70759c8f55707aa4]::panicking::panic_handler::{closure#0}, !>
[INFO] [stdout]    9:     0x58998ac5922d - __rustc[8fa7c3cbc660c2b3]::rust_begin_unwind
[INFO] [stdout]   10:     0x58998ac967fc - core[df12db4294e9bfd3]::panicking::panic_fmt
[INFO] [stdout]   11:     0x58998ab75b63 - <assert_cmd[961c4e45249c8678]::assert::AssertError>::panic::<assert_cmd[961c4e45249c8678]::assert::Assert>
[INFO] [stdout]   12:     0x58998ab76426 - <assert_cmd[961c4e45249c8678]::assert::Assert>::success
[INFO] [stdout]   13:     0x58998ab1566c - std[70759c8f55707aa4]::sys::backtrace::__rust_begin_short_backtrace::<rstest[6810bb9dde2d1b31]::timeout::execute_with_timeout_sync<core[df12db4294e9bfd3]::result::Result<(), anyhow[89f820ed30bbc3fb]::Error>, build[6faddca4605d029e]::build_with_sanitizers::{closure#0}>::{closure#0}, core[df12db4294e9bfd3]::result::Result<(), std[70759c8f55707aa4]::sync::mpsc::SendError<core[df12db4294e9bfd3]::result::Result<(), anyhow[89f820ed30bbc3fb]::Error>>>>
[INFO] [stdout]   14:     0x58998ab0a34f - <std[70759c8f55707aa4]::thread::lifecycle::spawn_unchecked<rstest[6810bb9dde2d1b31]::timeout::execute_with_timeout_sync<core[df12db4294e9bfd3]::result::Result<(), anyhow[89f820ed30bbc3fb]::Error>, build[6faddca4605d029e]::build_with_sanitizers::{closure#0}>::{closure#0}, core[df12db4294e9bfd3]::result::Result<(), std[70759c8f55707aa4]::sync::mpsc::SendError<core[df12db4294e9bfd3]::result::Result<(), anyhow[89f820ed30bbc3fb]::Error>>>>::{closure#1} as core[df12db4294e9bfd3]::ops::function::FnOnce<()>>::call_once::{shim:vtable#0}
[INFO] [stdout]   15:     0x58998ac7d799 - <std[70759c8f55707aa4]::sys::thread::unix::Thread>::new::thread_start
[INFO] [stdout]   16:     0x7a9d0014ddfa - <unknown>
[INFO] [stdout]   17:     0x7a9d001e13d4 - clone
[INFO] [stdout]   18:                0x0 - <unknown>
[INFO] [stdout] 
[INFO] [stdout] 
[INFO] [stdout] failures:
[INFO] [stdout]     build_with_sanitizers
[INFO] [stdout]     clone_build_and_clean
[INFO] [stdout]     debug_build_with_tests_coverage
[INFO] [stdout] 
[INFO] [stderr] error: test failed, to rerun pass `--test build`
[INFO] [stdout] test result: FAILED. 1 passed; 3 failed; 0 ignored; 0 measured; 0 filtered out; finished in 0.15s
[INFO] [stdout] 
[INFO] running `Command { std: "docker" "inspect" "da26fd7c28b38c787a84fd08daac25faf57e3c1102db59b9f0abceeb42c78397", kill_on_drop: false }`
[INFO] running `Command { std: "docker" "rm" "-f" "da26fd7c28b38c787a84fd08daac25faf57e3c1102db59b9f0abceeb42c78397", kill_on_drop: false }`
[INFO] [stdout] da26fd7c28b38c787a84fd08daac25faf57e3c1102db59b9f0abceeb42c78397
