[INFO] fetching crate compile-time-macros 0.4.0...
[INFO] testing compile-time-macros-0.4.0 against 1.100.0-beta.1+cargoflags=--release for beta-release-1.100-2
[INFO] extracting crate compile-time-macros 0.4.0 into /workspace/builds/worker-5-tc2/source
[INFO] started tweaking crates.io crate compile-time-macros 0.4.0
[INFO] finished tweaking crates.io crate compile-time-macros 0.4.0
[INFO] tweaked toml for crates.io crate compile-time-macros 0.4.0 written to /workspace/builds/worker-5-tc2/source/Cargo.toml
[INFO] validating manifest of crates.io crate compile-time-macros 0.4.0 on toolchain 1.100.0-beta.1
[INFO] running `Command { std: CARGO_HOME="/workspace/cargo-home" RUSTUP_HOME="/workspace/rustup-home" "/workspace/cargo-home/bin/cargo" "+1.100.0-beta.1" "metadata" "--manifest-path" "Cargo.toml" "--no-deps", kill_on_drop: false }`
[INFO] crate crates.io crate compile-time-macros 0.4.0 already has a lockfile, it will not be regenerated
[INFO] running `Command { std: CARGO_HOME="/workspace/cargo-home" RUSTUP_HOME="/workspace/rustup-home" "/workspace/cargo-home/bin/cargo" "+1.100.0-beta.1" "fetch" "--manifest-path" "Cargo.toml", kill_on_drop: false }`
[INFO] [stderr] warning: `package.homepage` is redundant with `package.repository`
[INFO] [stderr]   --> Cargo.toml:49:12
[INFO] [stderr]    |
[INFO] [stderr] 49 | homepage = "https://github.com/reitermarkus/compile-time-rs"
[INFO] [stderr]    |            ^^^^^^^^^^^^^^^^^^^^^^^^^^^^^^^^^^^^^^^^^^^^^^^^^
[INFO] [stderr] ...
[INFO] [stderr] 54 | repository = "https://github.com/reitermarkus/compile-time-rs"
[INFO] [stderr]    |              -------------------------------------------------
[INFO] [stderr]    |
[INFO] [stderr]    = note: `cargo::redundant_homepage` is set to `warn` by default
[INFO] [stderr] help: consider removing `package.homepage`
[INFO] [stderr] warning: `compile-time-macros` (manifest) generated 1 warning
[INFO] running `Command { std: "docker" "create" "-v" "/var/lib/crater-agent-workspace/builds/worker-5-tc2/source:/opt/rustwide/workdir:ro,Z" "-v" "/var/lib/crater-agent-workspace/builds/worker-5-tc2/target:/opt/rustwide/target:rw,Z" "-v" "/var/lib/crater-agent-workspace/cargo-home:/opt/rustwide/cargo-home:ro,Z" "-v" "/var/lib/crater-agent-workspace/rustup-home:/opt/rustwide/rustup-home:ro,Z" "-m" "1610612736" "--network" "none" "ghcr.io/rust-lang/crates-build-env/linux@sha256:77db811e55d90add9212f6832c23229e3de5f1c1f9905e8cb07319ea15df73ac" "sleep" "infinity", kill_on_drop: false }`
[INFO] [stdout] 1e7499b134b7dc6b17948fe5f40fe9f9cf6bc26297a973b41133aa135797f2e7
[INFO] running `Command { std: "docker" "start" "1e7499b134b7dc6b17948fe5f40fe9f9cf6bc26297a973b41133aa135797f2e7", kill_on_drop: false }`
[INFO] running `Command { std: "docker" "inspect" "1e7499b134b7dc6b17948fe5f40fe9f9cf6bc26297a973b41133aa135797f2e7", kill_on_drop: false }`
[INFO] running `Command { std: "docker" "exec" "-e" "SOURCE_DIR=/opt/rustwide/workdir" "-e" "CARGO_HOME=/opt/rustwide/cargo-home" "-e" "RUSTUP_HOME=/opt/rustwide/rustup-home" "-e" "CARGO_TARGET_DIR=/opt/rustwide/target" "-w" "/opt/rustwide/workdir" "--user" "0:0" "1e7499b134b7dc6b17948fe5f40fe9f9cf6bc26297a973b41133aa135797f2e7" "/opt/rustwide/cargo-home/bin/cargo" "+1.100.0-beta.1" "metadata" "--no-deps" "--format-version=1", kill_on_drop: false }`
[INFO] running `Command { std: "docker" "inspect" "1e7499b134b7dc6b17948fe5f40fe9f9cf6bc26297a973b41133aa135797f2e7", kill_on_drop: false }`
[INFO] running `Command { std: "docker" "exec" "-e" "SOURCE_DIR=/opt/rustwide/workdir" "-e" "CARGO_HOME=/opt/rustwide/cargo-home" "-e" "RUSTUP_HOME=/opt/rustwide/rustup-home" "-e" "CARGO_TARGET_DIR=/opt/rustwide/target" "-e" "CARGO_INCREMENTAL=0" "-e" "RUST_BACKTRACE=full" "-e" "RUSTFLAGS=--cap-lints=warn" "-e" "RUSTDOCFLAGS=--cap-lints=warn" "-w" "/opt/rustwide/workdir" "--user" "0:0" "1e7499b134b7dc6b17948fe5f40fe9f9cf6bc26297a973b41133aa135797f2e7" "/opt/rustwide/cargo-home/bin/cargo" "+1.100.0-beta.1" "build" "--frozen" "--message-format=json" "--release", kill_on_drop: false }`
[INFO] [stderr] warning: `package.homepage` is redundant with `package.repository`
[INFO] [stderr]   --> Cargo.toml:49:12
[INFO] [stderr]    |
[INFO] [stderr] 49 | homepage = "https://github.com/reitermarkus/compile-time-rs"
[INFO] [stderr]    |            ^^^^^^^^^^^^^^^^^^^^^^^^^^^^^^^^^^^^^^^^^^^^^^^^^
[INFO] [stderr] ...
[INFO] [stderr] 54 | repository = "https://github.com/reitermarkus/compile-time-rs"
[INFO] [stderr]    |              -------------------------------------------------
[INFO] [stderr]    |
[INFO] [stderr]    = note: `cargo::redundant_homepage` is set to `warn` by default
[INFO] [stderr] help: consider removing `package.homepage`
[INFO] [stderr] warning: `compile-time-macros` (manifest) generated 1 warning
[INFO] [stderr]    Compiling libc v0.2.189
[INFO] [stderr]    Compiling semver v1.0.28
[INFO] [stderr]    Compiling num_threads v0.1.7
[INFO] [stderr]    Compiling syn v3.0.6
[INFO] [stderr]    Compiling rustc_version v0.4.1
[INFO] [stderr]    Compiling time v0.3.55
[INFO] [stderr]    Compiling macro-string v0.3.0
[INFO] [stderr]    Compiling compile-time-macros v0.4.0 (/opt/rustwide/workdir)
[INFO] [stderr]     Finished `release` profile [optimized] target(s) in 7.93s
[INFO] running `Command { std: "docker" "inspect" "1e7499b134b7dc6b17948fe5f40fe9f9cf6bc26297a973b41133aa135797f2e7", kill_on_drop: false }`
[INFO] running `Command { std: "docker" "exec" "-e" "SOURCE_DIR=/opt/rustwide/workdir" "-e" "CARGO_HOME=/opt/rustwide/cargo-home" "-e" "RUSTUP_HOME=/opt/rustwide/rustup-home" "-e" "CARGO_TARGET_DIR=/opt/rustwide/target" "-e" "CARGO_INCREMENTAL=0" "-e" "RUST_BACKTRACE=full" "-e" "RUSTFLAGS=--cap-lints=warn" "-e" "RUSTDOCFLAGS=--cap-lints=warn" "-w" "/opt/rustwide/workdir" "--user" "0:0" "1e7499b134b7dc6b17948fe5f40fe9f9cf6bc26297a973b41133aa135797f2e7" "/opt/rustwide/cargo-home/bin/cargo" "+1.100.0-beta.1" "test" "--frozen" "--no-run" "--message-format=json" "--release", kill_on_drop: false }`
[INFO] [stderr] warning: `package.homepage` is redundant with `package.repository`
[INFO] [stderr]   --> Cargo.toml:49:12
[INFO] [stderr]    |
[INFO] [stderr] 49 | homepage = "https://github.com/reitermarkus/compile-time-rs"
[INFO] [stderr]    |            ^^^^^^^^^^^^^^^^^^^^^^^^^^^^^^^^^^^^^^^^^^^^^^^^^
[INFO] [stderr] ...
[INFO] [stderr] 54 | repository = "https://github.com/reitermarkus/compile-time-rs"
[INFO] [stderr]    |              -------------------------------------------------
[INFO] [stderr]    |
[INFO] [stderr]    = note: `cargo::redundant_homepage` is set to `warn` by default
[INFO] [stderr] help: consider removing `package.homepage`
[INFO] [stderr] warning: `compile-time-macros` (manifest) generated 1 warning
[INFO] [stderr]    Compiling compile-time-macros v0.4.0 (/opt/rustwide/workdir)
[INFO] [stderr]     Finished `release` profile [optimized] target(s) in 1.36s
[INFO] running `Command { std: "docker" "inspect" "1e7499b134b7dc6b17948fe5f40fe9f9cf6bc26297a973b41133aa135797f2e7", kill_on_drop: false }`
[INFO] running `Command { std: "docker" "exec" "-e" "SOURCE_DIR=/opt/rustwide/workdir" "-e" "CARGO_HOME=/opt/rustwide/cargo-home" "-e" "RUSTUP_HOME=/opt/rustwide/rustup-home" "-e" "CARGO_TARGET_DIR=/opt/rustwide/target" "-e" "CARGO_INCREMENTAL=0" "-e" "RUST_BACKTRACE=full" "-e" "RUSTFLAGS=--cap-lints=warn" "-e" "RUSTDOCFLAGS=--cap-lints=warn" "-w" "/opt/rustwide/workdir" "--user" "0:0" "1e7499b134b7dc6b17948fe5f40fe9f9cf6bc26297a973b41133aa135797f2e7" "/opt/rustwide/cargo-home/bin/cargo" "+1.100.0-beta.1" "test" "--frozen" "--release", kill_on_drop: false }`
[INFO] [stderr] warning: `package.homepage` is redundant with `package.repository`
[INFO] [stderr]   --> Cargo.toml:49:12
[INFO] [stderr]    |
[INFO] [stderr] 49 | homepage = "https://github.com/reitermarkus/compile-time-rs"
[INFO] [stderr]    |            ^^^^^^^^^^^^^^^^^^^^^^^^^^^^^^^^^^^^^^^^^^^^^^^^^
[INFO] [stderr] ...
[INFO] [stderr] 54 | repository = "https://github.com/reitermarkus/compile-time-rs"
[INFO] [stderr]    |              -------------------------------------------------
[INFO] [stderr]    |
[INFO] [stderr]    = note: `cargo::redundant_homepage` is set to `warn` by default
[INFO] [stderr] help: consider removing `package.homepage`
[INFO] [stderr] warning: `compile-time-macros` (manifest) generated 1 warning
[INFO] [stderr]     Finished `release` profile [optimized] target(s) in 0.06s
[INFO] [stderr]      Running unittests src/lib.rs (/opt/rustwide/target/release/build/compile-time-macros/647a86889c53f751/out/compile_time_macros-647a86889c53f751)
[INFO] [stdout] 
[INFO] [stdout] running 7 tests
[INFO] [stdout] test time::tests::parse_local ... ok
[INFO] [stdout] test command::tests::parse_no_args ... ok
[INFO] [stdout] test time::tests::parse_no_args ... ok
[INFO] [stdout] test time::tests::parse_local_trailing_comma ... ok
[INFO] [stdout] test command::tests::parse_no_comma ... ok
[INFO] [stdout] test command::tests::parse_no_args_trailing_comma ... ok
[INFO] [stdout] test command::tests::parse_trailing_comma ... ok
[INFO] [stdout] 
[INFO] [stdout] test result: ok. 7 passed; 0 failed; 0 ignored; 0 measured; 0 filtered out; finished in 0.01s
[INFO] [stdout] 
[INFO] [stderr]    Doc-tests compile_time_macros
[INFO] [stdout] 
[INFO] [stdout] running 22 tests
[INFO] [stdout] test src/lib.rs - datetime (line 285) ... FAILED
[INFO] [stdout] test src/lib.rs - date (line 38) ... FAILED
[INFO] [stdout] test src/lib.rs - date_str (line 101) ... FAILED
[INFO] [stdout] test src/lib.rs - command_bytes (line 588) ... FAILED
[INFO] [stdout] test src/lib.rs - datetime_str (line 350) ... FAILED
[INFO] [stdout] test src/lib.rs - command_str (line 618) ... FAILED
[INFO] [stdout] test src/lib.rs - date (line 26) ... FAILED
[INFO] [stdout] test src/lib.rs - datetime (line 260) ... FAILED
[INFO] [stdout] test src/lib.rs - datetime_str (line 360) ... FAILED
[INFO] [stdout] test src/lib.rs - rustc_version_str (line 454) ... FAILED
[INFO] [stdout] test src/lib.rs - date_str (line 87) ... FAILED
[INFO] [stdout] test src/lib.rs - rustc_version_minor (line 498) ... FAILED
[INFO] [stdout] test src/lib.rs - rustc_version_patch (line 521) ... FAILED
[INFO] [stdout] test src/lib.rs - time (line 155) ... FAILED
[INFO] [stdout] test src/lib.rs - rustc_version_major (line 475) ... FAILED
[INFO] [stdout] test src/lib.rs - rustc_version (line 417) ... FAILED
[INFO] [stdout] test src/lib.rs - rustc_version_pre (line 544) ... FAILED
[INFO] [stdout] test src/lib.rs - time (line 143) ... FAILED
[INFO] [stdout] test src/lib.rs - rustc_version_build (line 565) ... FAILED
[INFO] [stdout] test src/lib.rs - time_str (line 204) ... FAILED
[INFO] [stdout] test src/lib.rs - time_str (line 218) ... FAILED
[INFO] [stdout] test src/lib.rs - unix (line 393) ... FAILED
[INFO] [stdout] 
[INFO] [stdout] failures:
[INFO] [stdout] 
[INFO] [stdout] ---- src/lib.rs - datetime (line 285) stdout ----
[INFO] [stdout] error[E0433]: cannot find module or crate `compile_time` in this scope
[INFO] [stdout]    --> src/lib.rs:287:48
[INFO] [stdout]     |
[INFO] [stdout] 287 | const COMPILE_DATETIME: time::OffsetDateTime = compile_time::datetime!(local);
[INFO] [stdout]     |                                                ^^^^^^^^^^^^ use of unresolved module or unlinked crate `compile_time`
[INFO] [stdout] 
[INFO] [stdout] error: aborting due to 1 previous error
[INFO] [stdout] 
[INFO] [stdout] For more information about this error, try `rustc --explain E0433`.
[INFO] [stdout] Couldn't compile the test.
[INFO] [stdout] ---- src/lib.rs - date (line 38) stdout ----
[INFO] [stdout] error[E0433]: cannot find module or crate `compile_time` in this scope
[INFO] [stdout]   --> src/lib.rs:40:34
[INFO] [stdout]    |
[INFO] [stdout] 40 | const COMPILE_DATE: time::Date = compile_time::date!(local);
[INFO] [stdout]    |                                  ^^^^^^^^^^^^ use of unresolved module or unlinked crate `compile_time`
[INFO] [stdout] 
[INFO] [stdout] error: aborting due to 1 previous error
[INFO] [stdout] 
[INFO] [stdout] For more information about this error, try `rustc --explain E0433`.
[INFO] [stdout] Couldn't compile the test.
[INFO] [stdout] ---- src/lib.rs - date_str (line 101) stdout ----
[INFO] [stdout] error[E0433]: cannot find module or crate `compile_time` in this scope
[INFO] [stdout]    --> src/lib.rs:110:12
[INFO] [stdout]     |
[INFO] [stdout] 110 | assert_eq!(compile_time::date_str!(local), date_string);
[INFO] [stdout]     |            ^^^^^^^^^^^^ use of unresolved module or unlinked crate `compile_time`
[INFO] [stdout] 
[INFO] [stdout] error[E0433]: cannot find module or crate `compile_time` in this scope
[INFO] [stdout]    --> src/lib.rs:103:34
[INFO] [stdout]     |
[INFO] [stdout] 103 | const COMPILE_DATE: time::Date = compile_time::date!(local);
[INFO] [stdout]     |                                  ^^^^^^^^^^^^ use of unresolved module or unlinked crate `compile_time`
[INFO] [stdout] 
[INFO] [stdout] error: aborting due to 2 previous errors
[INFO] [stdout] 
[INFO] [stdout] For more information about this error, try `rustc --explain E0433`.
[INFO] [stdout] Couldn't compile the test.
[INFO] [stdout] ---- src/lib.rs - command_bytes (line 588) stdout ----
[INFO] [stdout] error[E0433]: cannot find module or crate `compile_time` in this scope
[INFO] [stdout]    --> src/lib.rs:589:29
[INFO] [stdout]     |
[INFO] [stdout] 589 | const MAGIC_NUMBER: &[u8] = compile_time::command_bytes!("echo", "42");
[INFO] [stdout]     |                             ^^^^^^^^^^^^ use of unresolved module or unlinked crate `compile_time`
[INFO] [stdout] 
[INFO] [stdout] error: aborting due to 1 previous error
[INFO] [stdout] 
[INFO] [stdout] For more information about this error, try `rustc --explain E0433`.
[INFO] [stdout] Couldn't compile the test.
[INFO] [stdout] ---- src/lib.rs - datetime_str (line 350) stdout ----
[INFO] [stdout] error[E0433]: cannot find module or crate `compile_time` in this scope
[INFO] [stdout]    --> src/lib.rs:355:12
[INFO] [stdout]     |
[INFO] [stdout] 355 | assert_eq!(compile_time::datetime_str!(), datetime_string);
[INFO] [stdout]     |            ^^^^^^^^^^^^ use of unresolved module or unlinked crate `compile_time`
[INFO] [stdout] 
[INFO] [stdout] error[E0433]: cannot find module or crate `compile_time` in this scope
[INFO] [stdout]    --> src/lib.rs:352:35
[INFO] [stdout]     |
[INFO] [stdout] 352 | const COMPILE_TIME_STRING: &str = compile_time::time_str!();
[INFO] [stdout]     |                                   ^^^^^^^^^^^^ use of unresolved module or unlinked crate `compile_time`
[INFO] [stdout] 
[INFO] [stdout] error[E0433]: cannot find module or crate `compile_time` in this scope
[INFO] [stdout]    --> src/lib.rs:351:35
[INFO] [stdout]     |
[INFO] [stdout] 351 | const COMPILE_DATE_STRING: &str = compile_time::date_str!();
[INFO] [stdout]     |                                   ^^^^^^^^^^^^ use of unresolved module or unlinked crate `compile_time`
[INFO] [stdout] 
[INFO] [stdout] error: aborting due to 3 previous errors
[INFO] [stdout] 
[INFO] [stdout] For more information about this error, try `rustc --explain E0433`.
[INFO] [stdout] Couldn't compile the test.
[INFO] [stdout] ---- src/lib.rs - command_str (line 618) stdout ----
[INFO] [stdout] error[E0433]: cannot find module or crate `compile_time` in this scope
[INFO] [stdout]    --> src/lib.rs:619:28
[INFO] [stdout]     |
[INFO] [stdout] 619 | const MAGIC_NUMBER: &str = compile_time::command_str!("echo", "42");
[INFO] [stdout]     |                            ^^^^^^^^^^^^ use of unresolved module or unlinked crate `compile_time`
[INFO] [stdout] 
[INFO] [stdout] error: aborting due to 1 previous error
[INFO] [stdout] 
[INFO] [stdout] For more information about this error, try `rustc --explain E0433`.
[INFO] [stdout] Couldn't compile the test.
[INFO] [stdout] ---- src/lib.rs - date (line 26) stdout ----
[INFO] [stdout] error[E0433]: cannot find module or crate `compile_time` in this scope
[INFO] [stdout]   --> src/lib.rs:28:34
[INFO] [stdout]    |
[INFO] [stdout] 28 | const COMPILE_DATE: time::Date = compile_time::date!();
[INFO] [stdout]    |                                  ^^^^^^^^^^^^ use of unresolved module or unlinked crate `compile_time`
[INFO] [stdout] 
[INFO] [stdout] error: aborting due to 1 previous error
[INFO] [stdout] 
[INFO] [stdout] For more information about this error, try `rustc --explain E0433`.
[INFO] [stdout] Couldn't compile the test.
[INFO] [stdout] ---- src/lib.rs - datetime (line 260) stdout ----
[INFO] [stdout] error[E0433]: cannot find module or crate `compile_time` in this scope
[INFO] [stdout]    --> src/lib.rs:274:30
[INFO] [stdout]     |
[INFO] [stdout] 274 | assert_eq!(COMPILE_DATETIME, compile_time::datetime!());
[INFO] [stdout]     |                              ^^^^^^^^^^^^ use of unresolved module or unlinked crate `compile_time`
[INFO] [stdout] 
[INFO] [stdout] error[E0433]: cannot find module or crate `compile_time` in this scope
[INFO] [stdout]    --> src/lib.rs:262:48
[INFO] [stdout]     |
[INFO] [stdout] 262 | const COMPILE_DATETIME: time::OffsetDateTime = compile_time::datetime!();
[INFO] [stdout]     |                                                ^^^^^^^^^^^^ use of unresolved module or unlinked crate `compile_time`
[INFO] [stdout] 
[INFO] [stdout] error: aborting due to 2 previous errors
[INFO] [stdout] 
[INFO] [stdout] For more information about this error, try `rustc --explain E0433`.
[INFO] [stdout] Couldn't compile the test.
[INFO] [stdout] ---- src/lib.rs - datetime_str (line 360) stdout ----
[INFO] [stdout] error[E0433]: cannot find module or crate `compile_time` in this scope
[INFO] [stdout]    --> src/lib.rs:365:12
[INFO] [stdout]     |
[INFO] [stdout] 365 | assert_eq!(compile_time::datetime_str!(local), datetime_string);
[INFO] [stdout]     |            ^^^^^^^^^^^^ use of unresolved module or unlinked crate `compile_time`
[INFO] [stdout] 
[INFO] [stdout] error[E0433]: cannot find module or crate `compile_time` in this scope
[INFO] [stdout]    --> src/lib.rs:362:35
[INFO] [stdout]     |
[INFO] [stdout] 362 | const COMPILE_TIME_STRING: &str = compile_time::time_str!(local);
[INFO] [stdout]     |                                   ^^^^^^^^^^^^ use of unresolved module or unlinked crate `compile_time`
[INFO] [stdout] 
[INFO] [stdout] error[E0433]: cannot find module or crate `compile_time` in this scope
[INFO] [stdout]    --> src/lib.rs:361:35
[INFO] [stdout]     |
[INFO] [stdout] 361 | const COMPILE_DATE_STRING: &str = compile_time::date_str!(local);
[INFO] [stdout]     |                                   ^^^^^^^^^^^^ use of unresolved module or unlinked crate `compile_time`
[INFO] [stdout] 
[INFO] [stdout] error: aborting due to 3 previous errors
[INFO] [stdout] 
[INFO] [stdout] For more information about this error, try `rustc --explain E0433`.
[INFO] [stdout] Couldn't compile the test.
[INFO] [stdout] ---- src/lib.rs - rustc_version_str (line 454) stdout ----
[INFO] [stdout] error[E0433]: cannot find module or crate `compile_time` in this scope
[INFO] [stdout]    --> src/lib.rs:456:34
[INFO] [stdout]     |
[INFO] [stdout] 456 | assert_eq!(RUSTC_VERSION_STRING, compile_time::rustc_version!().to_string());
[INFO] [stdout]     |                                  ^^^^^^^^^^^^ use of unresolved module or unlinked crate `compile_time`
[INFO] [stdout] 
[INFO] [stdout] error[E0433]: cannot find module or crate `compile_time` in this scope
[INFO] [stdout]    --> src/lib.rs:455:36
[INFO] [stdout]     |
[INFO] [stdout] 455 | const RUSTC_VERSION_STRING: &str = compile_time::rustc_version_str!();
[INFO] [stdout]     |                                    ^^^^^^^^^^^^ use of unresolved module or unlinked crate `compile_time`
[INFO] [stdout] 
[INFO] [stdout] error: aborting due to 2 previous errors
[INFO] [stdout] 
[INFO] [stdout] For more information about this error, try `rustc --explain E0433`.
[INFO] [stdout] Couldn't compile the test.
[INFO] [stdout] ---- src/lib.rs - date_str (line 87) stdout ----
[INFO] [stdout] error[E0433]: cannot find module or crate `compile_time` in this scope
[INFO] [stdout]   --> src/lib.rs:96:12
[INFO] [stdout]    |
[INFO] [stdout] 96 | assert_eq!(compile_time::date_str!(), date_string);
[INFO] [stdout]    |            ^^^^^^^^^^^^ use of unresolved module or unlinked crate `compile_time`
[INFO] [stdout] 
[INFO] [stdout] error[E0433]: cannot find module or crate `compile_time` in this scope
[INFO] [stdout]   --> src/lib.rs:89:34
[INFO] [stdout]    |
[INFO] [stdout] 89 | const COMPILE_DATE: time::Date = compile_time::date!();
[INFO] [stdout]    |                                  ^^^^^^^^^^^^ use of unresolved module or unlinked crate `compile_time`
[INFO] [stdout] 
[INFO] [stdout] error: aborting due to 2 previous errors
[INFO] [stdout] 
[INFO] [stdout] For more information about this error, try `rustc --explain E0433`.
[INFO] [stdout] Couldn't compile the test.
[INFO] [stdout] ---- src/lib.rs - rustc_version_minor (line 498) stdout ----
[INFO] [stdout] error[E0433]: cannot find module or crate `compile_time` in this scope
[INFO] [stdout]    --> src/lib.rs:500:33
[INFO] [stdout]     |
[INFO] [stdout] 500 | assert_eq!(RUSTC_VERSION.minor, compile_time::rustc_version_minor!());
[INFO] [stdout]     |                                 ^^^^^^^^^^^^ use of unresolved module or unlinked crate `compile_time`
[INFO] [stdout] 
[INFO] [stdout] error[E0433]: cannot find module or crate `compile_time` in this scope
[INFO] [stdout]    --> src/lib.rs:499:46
[INFO] [stdout]     |
[INFO] [stdout] 499 | const RUSTC_VERSION: compile_time::Version = compile_time::rustc_version!();
[INFO] [stdout]     |                                              ^^^^^^^^^^^^ use of unresolved module or unlinked crate `compile_time`
[INFO] [stdout] 
[INFO] [stdout] error[E0433]: cannot find module or crate `compile_time` in this scope
[INFO] [stdout]    --> src/lib.rs:499:22
[INFO] [stdout]     |
[INFO] [stdout] 499 | const RUSTC_VERSION: compile_time::Version = compile_time::rustc_version!();
[INFO] [stdout]     |                      ^^^^^^^^^^^^ use of unresolved module or unlinked crate `compile_time`
[INFO] [stdout]     |
[INFO] [stdout]     = help: if you wanted to use a crate named `compile_time`, use `cargo add compile_time` to add it to your `Cargo.toml`
[INFO] [stdout] 
[INFO] [stdout] error: aborting due to 3 previous errors
[INFO] [stdout] 
[INFO] [stdout] For more information about this error, try `rustc --explain E0433`.
[INFO] [stdout] Couldn't compile the test.
[INFO] [stdout] ---- src/lib.rs - rustc_version_patch (line 521) stdout ----
[INFO] [stdout] error[E0433]: cannot find module or crate `compile_time` in this scope
[INFO] [stdout]    --> src/lib.rs:523:33
[INFO] [stdout]     |
[INFO] [stdout] 523 | assert_eq!(RUSTC_VERSION.minor, compile_time::rustc_version_minor!());
[INFO] [stdout]     |                                 ^^^^^^^^^^^^ use of unresolved module or unlinked crate `compile_time`
[INFO] [stdout] 
[INFO] [stdout] error[E0433]: cannot find module or crate `compile_time` in this scope
[INFO] [stdout]    --> src/lib.rs:522:46
[INFO] [stdout]     |
[INFO] [stdout] 522 | const RUSTC_VERSION: compile_time::Version = compile_time::rustc_version!();
[INFO] [stdout]     |                                              ^^^^^^^^^^^^ use of unresolved module or unlinked crate `compile_time`
[INFO] [stdout] 
[INFO] [stdout] error[E0433]: cannot find module or crate `compile_time` in this scope
[INFO] [stdout]    --> src/lib.rs:522:22
[INFO] [stdout]     |
[INFO] [stdout] 522 | const RUSTC_VERSION: compile_time::Version = compile_time::rustc_version!();
[INFO] [stdout]     |                      ^^^^^^^^^^^^ use of unresolved module or unlinked crate `compile_time`
[INFO] [stdout]     |
[INFO] [stdout]     = help: if you wanted to use a crate named `compile_time`, use `cargo add compile_time` to add it to your `Cargo.toml`
[INFO] [stdout] 
[INFO] [stdout] error: aborting due to 3 previous errors
[INFO] [stdout] 
[INFO] [stdout] For more information about this error, try `rustc --explain E0433`.
[INFO] [stdout] Couldn't compile the test.
[INFO] [stdout] ---- src/lib.rs - time (line 155) stdout ----
[INFO] [stdout] error[E0433]: cannot find module or crate `compile_time` in this scope
[INFO] [stdout]    --> src/lib.rs:157:34
[INFO] [stdout]     |
[INFO] [stdout] 157 | const COMPILE_TIME: time::Time = compile_time::time!(local);
[INFO] [stdout]     |                                  ^^^^^^^^^^^^ use of unresolved module or unlinked crate `compile_time`
[INFO] [stdout] 
[INFO] [stdout] error: aborting due to 1 previous error
[INFO] [stdout] 
[INFO] [stdout] For more information about this error, try `rustc --explain E0433`.
[INFO] [stdout] Couldn't compile the test.
[INFO] [stdout] ---- src/lib.rs - rustc_version_major (line 475) stdout ----
[INFO] [stdout] error[E0433]: cannot find module or crate `compile_time` in this scope
[INFO] [stdout]    --> src/lib.rs:477:33
[INFO] [stdout]     |
[INFO] [stdout] 477 | assert_eq!(RUSTC_VERSION.major, compile_time::rustc_version_major!());
[INFO] [stdout]     |                                 ^^^^^^^^^^^^ use of unresolved module or unlinked crate `compile_time`
[INFO] [stdout] 
[INFO] [stdout] error[E0433]: cannot find module or crate `compile_time` in this scope
[INFO] [stdout]    --> src/lib.rs:476:46
[INFO] [stdout]     |
[INFO] [stdout] 476 | const RUSTC_VERSION: compile_time::Version = compile_time::rustc_version!();
[INFO] [stdout]     |                                              ^^^^^^^^^^^^ use of unresolved module or unlinked crate `compile_time`
[INFO] [stdout] 
[INFO] [stdout] error[E0433]: cannot find module or crate `compile_time` in this scope
[INFO] [stdout]    --> src/lib.rs:476:22
[INFO] [stdout]     |
[INFO] [stdout] 476 | const RUSTC_VERSION: compile_time::Version = compile_time::rustc_version!();
[INFO] [stdout]     |                      ^^^^^^^^^^^^ use of unresolved module or unlinked crate `compile_time`
[INFO] [stdout]     |
[INFO] [stdout]     = help: if you wanted to use a crate named `compile_time`, use `cargo add compile_time` to add it to your `Cargo.toml`
[INFO] [stdout] 
[INFO] [stdout] error: aborting due to 3 previous errors
[INFO] [stdout] 
[INFO] [stdout] For more information about this error, try `rustc --explain E0433`.
[INFO] [stdout] Couldn't compile the test.
[INFO] [stdout] ---- src/lib.rs - rustc_version (line 417) stdout ----
[INFO] [stdout] error[E0433]: cannot find module or crate `compile_time` in this scope
[INFO] [stdout]    --> src/lib.rs:418:46
[INFO] [stdout]     |
[INFO] [stdout] 418 | const RUSTC_VERSION: compile_time::Version = compile_time::rustc_version!();
[INFO] [stdout]     |                                              ^^^^^^^^^^^^ use of unresolved module or unlinked crate `compile_time`
[INFO] [stdout] 
[INFO] [stdout] error[E0433]: cannot find module or crate `compile_time` in this scope
[INFO] [stdout]    --> src/lib.rs:418:22
[INFO] [stdout]     |
[INFO] [stdout] 418 | const RUSTC_VERSION: compile_time::Version = compile_time::rustc_version!();
[INFO] [stdout]     |                      ^^^^^^^^^^^^ use of unresolved module or unlinked crate `compile_time`
[INFO] [stdout]     |
[INFO] [stdout]     = help: if you wanted to use a crate named `compile_time`, use `cargo add compile_time` to add it to your `Cargo.toml`
[INFO] [stdout] 
[INFO] [stdout] error: aborting due to 2 previous errors
[INFO] [stdout] 
[INFO] [stdout] For more information about this error, try `rustc --explain E0433`.
[INFO] [stdout] Couldn't compile the test.
[INFO] [stdout] ---- src/lib.rs - rustc_version_pre (line 544) stdout ----
[INFO] [stdout] error[E0433]: cannot find module or crate `compile_time` in this scope
[INFO] [stdout]    --> src/lib.rs:546:40
[INFO] [stdout]     |
[INFO] [stdout] 546 | assert_eq!(RUSTC_VERSION.pre.as_str(), compile_time::rustc_version_pre!());
[INFO] [stdout]     |                                        ^^^^^^^^^^^^ use of unresolved module or unlinked crate `compile_time`
[INFO] [stdout] 
[INFO] [stdout] error[E0433]: cannot find module or crate `compile_time` in this scope
[INFO] [stdout]    --> src/lib.rs:545:46
[INFO] [stdout]     |
[INFO] [stdout] 545 | const RUSTC_VERSION: compile_time::Version = compile_time::rustc_version!();
[INFO] [stdout]     |                                              ^^^^^^^^^^^^ use of unresolved module or unlinked crate `compile_time`
[INFO] [stdout] 
[INFO] [stdout] error[E0433]: cannot find module or crate `compile_time` in this scope
[INFO] [stdout]    --> src/lib.rs:545:22
[INFO] [stdout]     |
[INFO] [stdout] 545 | const RUSTC_VERSION: compile_time::Version = compile_time::rustc_version!();
[INFO] [stdout]     |                      ^^^^^^^^^^^^ use of unresolved module or unlinked crate `compile_time`
[INFO] [stdout]     |
[INFO] [stdout]     = help: if you wanted to use a crate named `compile_time`, use `cargo add compile_time` to add it to your `Cargo.toml`
[INFO] [stdout] 
[INFO] [stdout] error: aborting due to 3 previous errors
[INFO] [stdout] 
[INFO] [stdout] For more information about this error, try `rustc --explain E0433`.
[INFO] [stdout] Couldn't compile the test.
[INFO] [stdout] ---- src/lib.rs - time (line 143) stdout ----
[INFO] [stdout] error[E0433]: cannot find module or crate `compile_time` in this scope
[INFO] [stdout]    --> src/lib.rs:145:34
[INFO] [stdout]     |
[INFO] [stdout] 145 | const COMPILE_TIME: time::Time = compile_time::time!();
[INFO] [stdout]     |                                  ^^^^^^^^^^^^ use of unresolved module or unlinked crate `compile_time`
[INFO] [stdout] 
[INFO] [stdout] error: aborting due to 1 previous error
[INFO] [stdout] 
[INFO] [stdout] For more information about this error, try `rustc --explain E0433`.
[INFO] [stdout] Couldn't compile the test.
[INFO] [stdout] ---- src/lib.rs - rustc_version_build (line 565) stdout ----
[INFO] [stdout] error[E0433]: cannot find module or crate `compile_time` in this scope
[INFO] [stdout]    --> src/lib.rs:567:42
[INFO] [stdout]     |
[INFO] [stdout] 567 | assert_eq!(RUSTC_VERSION.build.as_str(), compile_time::rustc_version_build!());
[INFO] [stdout]     |                                          ^^^^^^^^^^^^ use of unresolved module or unlinked crate `compile_time`
[INFO] [stdout] 
[INFO] [stdout] error[E0433]: cannot find module or crate `compile_time` in this scope
[INFO] [stdout]    --> src/lib.rs:566:46
[INFO] [stdout]     |
[INFO] [stdout] 566 | const RUSTC_VERSION: compile_time::Version = compile_time::rustc_version!();
[INFO] [stdout]     |                                              ^^^^^^^^^^^^ use of unresolved module or unlinked crate `compile_time`
[INFO] [stdout] 
[INFO] [stdout] error[E0433]: cannot find module or crate `compile_time` in this scope
[INFO] [stdout]    --> src/lib.rs:566:22
[INFO] [stdout]     |
[INFO] [stdout] 566 | const RUSTC_VERSION: compile_time::Version = compile_time::rustc_version!();
[INFO] [stdout]     |                      ^^^^^^^^^^^^ use of unresolved module or unlinked crate `compile_time`
[INFO] [stdout]     |
[INFO] [stdout]     = help: if you wanted to use a crate named `compile_time`, use `cargo add compile_time` to add it to your `Cargo.toml`
[INFO] [stdout] 
[INFO] [stdout] error: aborting due to 3 previous errors
[INFO] [stdout] 
[INFO] [stdout] For more information about this error, try `rustc --explain E0433`.
[INFO] [stdout] Couldn't compile the test.
[INFO] [stdout] ---- src/lib.rs - time_str (line 204) stdout ----
[INFO] [stdout] error[E0433]: cannot find module or crate `compile_time` in this scope
[INFO] [stdout]    --> src/lib.rs:213:12
[INFO] [stdout]     |
[INFO] [stdout] 213 | assert_eq!(compile_time::time_str!(), time_string);
[INFO] [stdout]     |            ^^^^^^^^^^^^ use of unresolved module or unlinked crate `compile_time`
[INFO] [stdout] 
[INFO] [stdout] error[E0433]: cannot find module or crate `compile_time` in this scope
[INFO] [stdout]    --> src/lib.rs:206:34
[INFO] [stdout]     |
[INFO] [stdout] 206 | const COMPILE_TIME: time::Time = compile_time::time!();
[INFO] [stdout]     |                                  ^^^^^^^^^^^^ use of unresolved module or unlinked crate `compile_time`
[INFO] [stdout] 
[INFO] [stdout] error: aborting due to 2 previous errors
[INFO] [stdout] 
[INFO] [stdout] For more information about this error, try `rustc --explain E0433`.
[INFO] [stdout] Couldn't compile the test.
[INFO] [stdout] ---- src/lib.rs - time_str (line 218) stdout ----
[INFO] [stdout] error[E0433]: cannot find module or crate `compile_time` in this scope
[INFO] [stdout]    --> src/lib.rs:227:12
[INFO] [stdout]     |
[INFO] [stdout] 227 | assert_eq!(compile_time::time_str!(local), time_string);
[INFO] [stdout]     |            ^^^^^^^^^^^^ use of unresolved module or unlinked crate `compile_time`
[INFO] [stdout] 
[INFO] [stdout] error[E0433]: cannot find module or crate `compile_time` in this scope
[INFO] [stdout]    --> src/lib.rs:220:34
[INFO] [stdout]     |
[INFO] [stdout] 220 | const COMPILE_TIME: time::Time = compile_time::time!(local);
[INFO] [stdout]     |                                  ^^^^^^^^^^^^ use of unresolved module or unlinked crate `compile_time`
[INFO] [stdout] 
[INFO] [stdout] error: aborting due to 2 previous errors
[INFO] [stdout] 
[INFO] [stdout] For more information about this error, try `rustc --explain E0433`.
[INFO] [stdout] Couldn't compile the test.
[INFO] [stdout] ---- src/lib.rs - unix (line 393) stdout ----
[INFO] [stdout] error[E0433]: cannot find module or crate `compile_time` in this scope
[INFO] [stdout]    --> src/lib.rs:397:12
[INFO] [stdout]     |
[INFO] [stdout] 397 | assert_eq!(compile_time::unix!(), COMPILE_DATETIME.unix_timestamp());
[INFO] [stdout]     |            ^^^^^^^^^^^^ use of unresolved module or unlinked crate `compile_time`
[INFO] [stdout] 
[INFO] [stdout] error[E0433]: cannot find module or crate `compile_time` in this scope
[INFO] [stdout]    --> src/lib.rs:395:48
[INFO] [stdout]     |
[INFO] [stdout] 395 | const COMPILE_DATETIME: time::OffsetDateTime = compile_time::datetime!();
[INFO] [stdout]     |                                                ^^^^^^^^^^^^ use of unresolved module or unlinked crate `compile_time`
[INFO] [stdout] 
[INFO] [stdout] error: aborting due to 2 previous errors
[INFO] [stdout] 
[INFO] [stdout] For more information about this error, try `rustc --explain E0433`.
[INFO] [stdout] Couldn't compile the test.
[INFO] [stdout] 
[INFO] [stdout] failures:
[INFO] [stdout]     src/lib.rs - command_bytes (line 588)
[INFO] [stdout]     src/lib.rs - command_str (line 618)
[INFO] [stdout]     src/lib.rs - date (line 26)
[INFO] [stdout]     src/lib.rs - date (line 38)
[INFO] [stdout]     src/lib.rs - date_str (line 101)
[INFO] [stdout]     src/lib.rs - date_str (line 87)
[INFO] [stdout]     src/lib.rs - datetime (line 260)
[INFO] [stdout]     src/lib.rs - datetime (line 285)
[INFO] [stdout]     src/lib.rs - datetime_str (line 350)
[INFO] [stdout]     src/lib.rs - datetime_str (line 360)
[INFO] [stdout]     src/lib.rs - rustc_version (line 417)
[INFO] [stdout]     src/lib.rs - rustc_version_build (line 565)
[INFO] [stdout]     src/lib.rs - rustc_version_major (line 475)
[INFO] [stdout]     src/lib.rs - rustc_version_minor (line 498)
[INFO] [stdout]     src/lib.rs - rustc_version_patch (line 521)
[INFO] [stdout]     src/lib.rs - rustc_version_pre (line 544)
[INFO] [stdout]     src/lib.rs - rustc_version_str (line 454)
[INFO] [stdout]     src/lib.rs - time (line 143)
[INFO] [stdout]     src/lib.rs - time (line 155)
[INFO] [stdout]     src/lib.rs - time_str (line 204)
[INFO] [stdout]     src/lib.rs - time_str (line 218)
[INFO] [stdout]     src/lib.rs - unix (line 393)
[INFO] [stdout] 
[INFO] [stdout] test result: FAILED. 0 passed; 22 failed; 0 ignored; 0 measured; 0 filtered out; finished in 0.54s
[INFO] [stdout] 
[INFO] [stderr] error: doctest failed, to rerun pass `--doc`
[INFO] running `Command { std: "docker" "inspect" "1e7499b134b7dc6b17948fe5f40fe9f9cf6bc26297a973b41133aa135797f2e7", kill_on_drop: false }`
[INFO] running `Command { std: "docker" "rm" "-f" "1e7499b134b7dc6b17948fe5f40fe9f9cf6bc26297a973b41133aa135797f2e7", kill_on_drop: false }`
[INFO] [stdout] 1e7499b134b7dc6b17948fe5f40fe9f9cf6bc26297a973b41133aa135797f2e7
