[INFO] fetching crate compile-time-create-file 0.1.0...
[INFO] testing compile-time-create-file-0.1.0 against 1.100.0-beta.1+cargoflags=--release for beta-release-1.100-2
[INFO] extracting crate compile-time-create-file 0.1.0 into /workspace/builds/worker-6-tc2/source
[INFO] started tweaking crates.io crate compile-time-create-file 0.1.0
[INFO] finished tweaking crates.io crate compile-time-create-file 0.1.0
[INFO] tweaked toml for crates.io crate compile-time-create-file 0.1.0 written to /workspace/builds/worker-6-tc2/source/Cargo.toml
[INFO] validating manifest of crates.io crate compile-time-create-file 0.1.0 on toolchain 1.100.0-beta.1
[INFO] running `Command { std: CARGO_HOME="/workspace/cargo-home" RUSTUP_HOME="/workspace/rustup-home" "/workspace/cargo-home/bin/cargo" "+1.100.0-beta.1" "metadata" "--manifest-path" "Cargo.toml" "--no-deps", kill_on_drop: false }`
[INFO] running `Command { std: CARGO_HOME="/workspace/cargo-home" RUSTUP_HOME="/workspace/rustup-home" "/workspace/cargo-home/bin/cargo" "+1.100.0-beta.1" "generate-lockfile" "--manifest-path" "Cargo.toml", kill_on_drop: false }`
[INFO] [stderr]     Updating crates.io index
[INFO] [stderr]      Locking 28 packages to highest compatible versions
[INFO] [stderr]       Adding syn v1.0.109 (available: v3.0.9)
[INFO] running `Command { std: CARGO_HOME="/workspace/cargo-home" RUSTUP_HOME="/workspace/rustup-home" "/workspace/cargo-home/bin/cargo" "+1.100.0-beta.1" "fetch" "--manifest-path" "Cargo.toml", kill_on_drop: false }`
[INFO] running `Command { std: "docker" "create" "-v" "/var/lib/crater-agent-workspace/builds/worker-6-tc2/source:/opt/rustwide/workdir:ro,Z" "-v" "/var/lib/crater-agent-workspace/builds/worker-6-tc2/target:/opt/rustwide/target:rw,Z" "-v" "/var/lib/crater-agent-workspace/cargo-home:/opt/rustwide/cargo-home:ro,Z" "-v" "/var/lib/crater-agent-workspace/rustup-home:/opt/rustwide/rustup-home:ro,Z" "-m" "1610612736" "--network" "none" "ghcr.io/rust-lang/crates-build-env/linux@sha256:77db811e55d90add9212f6832c23229e3de5f1c1f9905e8cb07319ea15df73ac" "sleep" "infinity", kill_on_drop: false }`
[INFO] [stdout] 62f14f6fa27206084fbcebedc89af1a766743ff47537e483b6da815c9188d322
[INFO] running `Command { std: "docker" "start" "62f14f6fa27206084fbcebedc89af1a766743ff47537e483b6da815c9188d322", kill_on_drop: false }`
[INFO] running `Command { std: "docker" "inspect" "62f14f6fa27206084fbcebedc89af1a766743ff47537e483b6da815c9188d322", kill_on_drop: false }`
[INFO] running `Command { std: "docker" "exec" "-e" "SOURCE_DIR=/opt/rustwide/workdir" "-e" "CARGO_HOME=/opt/rustwide/cargo-home" "-e" "RUSTUP_HOME=/opt/rustwide/rustup-home" "-e" "CARGO_TARGET_DIR=/opt/rustwide/target" "-w" "/opt/rustwide/workdir" "--user" "0:0" "62f14f6fa27206084fbcebedc89af1a766743ff47537e483b6da815c9188d322" "/opt/rustwide/cargo-home/bin/cargo" "+1.100.0-beta.1" "metadata" "--no-deps" "--format-version=1", kill_on_drop: false }`
[INFO] running `Command { std: "docker" "inspect" "62f14f6fa27206084fbcebedc89af1a766743ff47537e483b6da815c9188d322", kill_on_drop: false }`
[INFO] running `Command { std: "docker" "exec" "-e" "SOURCE_DIR=/opt/rustwide/workdir" "-e" "CARGO_HOME=/opt/rustwide/cargo-home" "-e" "RUSTUP_HOME=/opt/rustwide/rustup-home" "-e" "CARGO_TARGET_DIR=/opt/rustwide/target" "-e" "CARGO_INCREMENTAL=0" "-e" "RUST_BACKTRACE=full" "-e" "RUSTFLAGS=--cap-lints=warn" "-e" "RUSTDOCFLAGS=--cap-lints=warn" "-w" "/opt/rustwide/workdir" "--user" "0:0" "62f14f6fa27206084fbcebedc89af1a766743ff47537e483b6da815c9188d322" "/opt/rustwide/cargo-home/bin/cargo" "+1.100.0-beta.1" "build" "--frozen" "--message-format=json" "--release", kill_on_drop: false }`
[INFO] [stderr]    Compiling proc-macro2 v1.0.107
[INFO] [stderr]    Compiling quote v1.0.47
[INFO] [stderr]    Compiling syn v1.0.109
[INFO] [stderr]    Compiling compile-time-create-file v0.1.0 (/opt/rustwide/workdir)
[INFO] [stderr]     Finished `release` profile [optimized] target(s) in 4.37s
[INFO] running `Command { std: "docker" "inspect" "62f14f6fa27206084fbcebedc89af1a766743ff47537e483b6da815c9188d322", kill_on_drop: false }`
[INFO] running `Command { std: "docker" "exec" "-e" "SOURCE_DIR=/opt/rustwide/workdir" "-e" "CARGO_HOME=/opt/rustwide/cargo-home" "-e" "RUSTUP_HOME=/opt/rustwide/rustup-home" "-e" "CARGO_TARGET_DIR=/opt/rustwide/target" "-e" "CARGO_INCREMENTAL=0" "-e" "RUST_BACKTRACE=full" "-e" "RUSTFLAGS=--cap-lints=warn" "-e" "RUSTDOCFLAGS=--cap-lints=warn" "-w" "/opt/rustwide/workdir" "--user" "0:0" "62f14f6fa27206084fbcebedc89af1a766743ff47537e483b6da815c9188d322" "/opt/rustwide/cargo-home/bin/cargo" "+1.100.0-beta.1" "test" "--frozen" "--no-run" "--message-format=json" "--release", kill_on_drop: false }`
[INFO] [stderr]    Compiling serde_core v1.0.229
[INFO] [stderr]    Compiling serde v1.0.229
[INFO] [stderr]    Compiling winnow v1.0.4
[INFO] [stderr]    Compiling zmij v1.0.23
[INFO] [stderr]    Compiling target-tuple v1.0.2
[INFO] [stderr]    Compiling serde_json v1.0.154
[INFO] [stderr]    Compiling itoa v1.0.18
[INFO] [stderr]    Compiling syn v3.0.9
[INFO] [stderr]    Compiling memchr v2.8.3
[INFO] [stderr]    Compiling toml_writer v1.1.3+spec-1.1.0
[INFO] [stderr]    Compiling termcolor v1.4.1
[INFO] [stderr]    Compiling glob v0.3.4
[INFO] [stderr]    Compiling compile-time-create-file v0.1.0 (/opt/rustwide/workdir)
[INFO] [stderr]    Compiling toml_parser v1.1.5+spec-1.1.0
[INFO] [stderr]    Compiling serde_derive v1.0.229
[INFO] [stderr]    Compiling toml_datetime v1.1.2+spec-1.1.0
[INFO] [stderr]    Compiling serde_spanned v1.1.2
[INFO] [stderr]    Compiling toml v1.1.8+spec-1.1.0
[INFO] [stderr]    Compiling trybuild v1.0.122
[INFO] [stderr]     Finished `release` profile [optimized] target(s) in 12.12s
[INFO] running `Command { std: "docker" "inspect" "62f14f6fa27206084fbcebedc89af1a766743ff47537e483b6da815c9188d322", kill_on_drop: false }`
[INFO] running `Command { std: "docker" "exec" "-e" "SOURCE_DIR=/opt/rustwide/workdir" "-e" "CARGO_HOME=/opt/rustwide/cargo-home" "-e" "RUSTUP_HOME=/opt/rustwide/rustup-home" "-e" "CARGO_TARGET_DIR=/opt/rustwide/target" "-e" "CARGO_INCREMENTAL=0" "-e" "RUST_BACKTRACE=full" "-e" "RUSTFLAGS=--cap-lints=warn" "-e" "RUSTDOCFLAGS=--cap-lints=warn" "-w" "/opt/rustwide/workdir" "--user" "0:0" "62f14f6fa27206084fbcebedc89af1a766743ff47537e483b6da815c9188d322" "/opt/rustwide/cargo-home/bin/cargo" "+1.100.0-beta.1" "test" "--frozen" "--release", kill_on_drop: false }`
[INFO] [stderr]     Finished `release` profile [optimized] target(s) in 0.06s
[INFO] [stderr]      Running unittests src/lib.rs (/opt/rustwide/target/release/build/compile-time-create-file/e91aa66a8f3383ee/out/compile_time_create_file-e91aa66a8f3383ee)
[INFO] [stdout] 
[INFO] [stdout] running 1 test
[INFO] [stderr]    Compiling proc-macro2 v1.0.107
[INFO] [stderr]    Compiling quote v1.0.47
[INFO] [stderr]    Compiling syn v1.0.109
[INFO] [stderr]    Compiling unicode-ident v1.0.27
[INFO] [stderr]    Compiling compile-time-create-file v0.1.0 (/opt/rustwide/workdir)
[INFO] [stderr]    Compiling compile-time-create-file-tests v0.0.0 (/opt/rustwide/target/tests/trybuild/compile-time-create-file)
[INFO] [stderr]     Finished `dev` profile [unoptimized + debuginfo] target(s) in 8.46s
[INFO] [stderr] 
[INFO] [stderr] 
[INFO] [stderr] test ui/one-line.rs [should pass] ... error
[INFO] [stderr] ui/one-line.rs: No such file or directory (os error 2)
[INFO] [stderr] 
[INFO] [stderr] test ui/multiple-lines.rs [should pass] ... error
[INFO] [stderr] ui/multiple-lines.rs: No such file or directory (os error 2)
[INFO] [stderr] 
[INFO] [stderr] test ui/multiple-lines-end-newline.rs [should pass] ... error
[INFO] [stderr] ui/multiple-lines-end-newline.rs: No such file or directory (os error 2)
[INFO] [stderr] 
[INFO] [stderr] test ui/not-overwrite-file.rs [should pass] ... error
[INFO] [stderr] ui/not-overwrite-file.rs: No such file or directory (os error 2)
[INFO] [stderr] 
[INFO] [stderr] test ui/not-overwrite-directory.rs [should pass] ... error
[INFO] [stderr] ui/not-overwrite-directory.rs: No such file or directory (os error 2)
[INFO] [stderr] 
[INFO] [stderr] test ui/relative-path.rs [should pass] ... error
[INFO] [stderr] ui/relative-path.rs: No such file or directory (os error 2)
[INFO] [stderr] 
[INFO] [stderr] test ui/path-to-file-in-subdirectory.rs [should pass] ... error
[INFO] [stderr] ui/path-to-file-in-subdirectory.rs: No such file or directory (os error 2)
[INFO] [stderr] 
[INFO] [stderr] test ui/path-to-subdirectory.rs [should pass] ... error
[INFO] [stderr] ui/path-to-subdirectory.rs: No such file or directory (os error 2)
[INFO] [stderr] 
[INFO] [stderr] test ui/path-to-absolute-file.rs [should pass] ... error
[INFO] [stderr] ui/path-to-absolute-file.rs: No such file or directory (os error 2)
[INFO] [stderr] 
[INFO] [stderr] test ui/path-to-absolute-directory.rs [should pass] ... error
[INFO] [stderr] ui/path-to-absolute-directory.rs: No such file or directory (os error 2)
[INFO] [stderr] 
[INFO] [stderr] test ui/empty-file-one-arg.rs [should pass] ... error
[INFO] [stderr] ui/empty-file-one-arg.rs: No such file or directory (os error 2)
[INFO] [stderr] 
[INFO] [stderr] test ui/empty-file-string-content.rs [should pass] ... error
[INFO] [stderr] ui/empty-file-string-content.rs: No such file or directory (os error 2)
[INFO] [stderr] 
[INFO] [stderr] test ui/empty-file-null-content.rs [should fail to compile] ... error
[INFO] [stderr] ui/empty-file-null-content.rs: No such file or directory (os error 2)
[INFO] [stderr] 
[INFO] [stderr] 
[INFO] [stderr] 
[INFO] [stdout] test tests::ui ... FAILED
[INFO] [stdout] 
[INFO] [stdout] failures:
[INFO] [stdout] 
[INFO] [stdout] ---- tests::ui stdout ----
[INFO] [stdout] 
[INFO] [stdout] thread 'tests::ui' (512) panicked at /opt/rustwide/cargo-home/registry/src/index.crates.io-1949cf8c6b5b557f/trybuild-1.0.122/src/run.rs:103:13:
[INFO] [stdout] 13 of 13 tests failed
[INFO] [stdout] stack backtrace:
[INFO] [stdout]    0:     0x7630cfd598c1 - std[617be2ca0a6fd877]::backtrace_rs::backtrace::libunwind::trace
[INFO] [stdout]                                at /rustc/e3feeb59cd1bdd011a2bfcc0747b55125d9b8527/library/std/src/../../backtrace/src/backtrace/libunwind.rs:117:9
[INFO] [stdout]    1:     0x7630cfd598c1 - std[617be2ca0a6fd877]::backtrace_rs::backtrace::trace_unsynchronized::<std[617be2ca0a6fd877]::sys::backtrace::_print_fmt::{closure#1}>
[INFO] [stdout]                                at /rustc/e3feeb59cd1bdd011a2bfcc0747b55125d9b8527/library/std/src/../../backtrace/src/backtrace/mod.rs:66:14
[INFO] [stdout]    2:     0x7630cfd598c1 - std[617be2ca0a6fd877]::sys::backtrace::_print_fmt
[INFO] [stdout]                                at /rustc/e3feeb59cd1bdd011a2bfcc0747b55125d9b8527/library/std/src/sys/backtrace.rs:74:9
[INFO] [stdout]    3:     0x7630cfd598c1 - <<std[617be2ca0a6fd877]::sys::backtrace::BacktraceLock>::print::DisplayBacktrace as core[a373ad73a504971]::fmt::Display>::fmt
[INFO] [stdout]                                at /rustc/e3feeb59cd1bdd011a2bfcc0747b55125d9b8527/library/std/src/sys/backtrace.rs:44:26
[INFO] [stdout]    4:     0x7630cfda044a - <core[a373ad73a504971]::fmt::rt::Argument>::fmt
[INFO] [stdout]                                at /rustc/e3feeb59cd1bdd011a2bfcc0747b55125d9b8527/library/core/src/fmt/rt.rs:152:76
[INFO] [stdout]    5:     0x7630cfda044a - core[a373ad73a504971]::fmt::write
[INFO] [stdout]    6:     0x7630cfd6a50c - core[a373ad73a504971]::io::write::default_write_fmt::<alloc[2e1b2a31b91974c5]::vec::Vec<u8>>
[INFO] [stdout]                                at /rustc/e3feeb59cd1bdd011a2bfcc0747b55125d9b8527/library/core/src/io/write.rs:402:11
[INFO] [stdout]    7:     0x7630cfd6a50c - <alloc[2e1b2a31b91974c5]::vec::Vec<u8> as core[a373ad73a504971]::io::write::Write>::write_fmt
[INFO] [stdout]                                at /rustc/e3feeb59cd1bdd011a2bfcc0747b55125d9b8527/library/core/src/io/write.rs:335:13
[INFO] [stdout]    8:     0x7630cfd22e26 - <std[617be2ca0a6fd877]::sys::backtrace::BacktraceLock>::print
[INFO] [stdout]                                at /rustc/e3feeb59cd1bdd011a2bfcc0747b55125d9b8527/library/std/src/sys/backtrace.rs:47:9
[INFO] [stdout]    9:     0x7630cfd22e26 - std[617be2ca0a6fd877]::panicking::default_hook::{closure#0}
[INFO] [stdout]                                at /rustc/e3feeb59cd1bdd011a2bfcc0747b55125d9b8527/library/std/src/panicking.rs:289:27
[INFO] [stdout]   10:     0x7630cfd4a869 - std[617be2ca0a6fd877]::panicking::default_hook
[INFO] [stdout]                                at /rustc/e3feeb59cd1bdd011a2bfcc0747b55125d9b8527/library/std/src/panicking.rs:313:9
[INFO] [stdout]   11:     0x5a0406b95220 - test[aada8e7e76ba119b]::test_main_inner::{closure#0}
[INFO] [stdout]   12:     0x7630cfd4ab92 - <alloc[2e1b2a31b91974c5]::boxed::Box<dyn for<'a, 'b> core[a373ad73a504971]::ops::function::Fn<(&'a std[617be2ca0a6fd877]::panic::PanicHookInfo<'b>,), Output = ()> + core[a373ad73a504971]::marker::Sync + core[a373ad73a504971]::marker::Send> as core[a373ad73a504971]::ops::function::Fn<(&std[617be2ca0a6fd877]::panic::PanicHookInfo,)>>::call
[INFO] [stdout]                                at /rustc/e3feeb59cd1bdd011a2bfcc0747b55125d9b8527/library/alloc/src/boxed.rs:2328:9
[INFO] [stdout]   13:     0x7630cfd4ab92 - std[617be2ca0a6fd877]::panicking::panic_with_hook
[INFO] [stdout]                                at /rustc/e3feeb59cd1bdd011a2bfcc0747b55125d9b8527/library/std/src/panicking.rs:819:13
[INFO] [stdout]   14:     0x7630cfd22ed2 - std[617be2ca0a6fd877]::panicking::panic_handler::{closure#0}
[INFO] [stdout]                                at /rustc/e3feeb59cd1bdd011a2bfcc0747b55125d9b8527/library/std/src/panicking.rs:685:13
[INFO] [stdout]   15:     0x7630cfd1a499 - std[617be2ca0a6fd877]::sys::backtrace::__rust_end_short_backtrace::<std[617be2ca0a6fd877]::panicking::panic_handler::{closure#0}, !>
[INFO] [stdout]                                at /rustc/e3feeb59cd1bdd011a2bfcc0747b55125d9b8527/library/std/src/sys/backtrace.rs:182:18
[INFO] [stdout]   16:     0x7630cfd249bd - __rustc[ea4f61d10b84890b]::rust_begin_unwind
[INFO] [stdout]                                at /rustc/e3feeb59cd1bdd011a2bfcc0747b55125d9b8527/library/std/src/panicking.rs:676:5
[INFO] [stdout]   17:     0x7630cfda0edc - core[a373ad73a504971]::panicking::panic_fmt
[INFO] [stdout]                                at /rustc/e3feeb59cd1bdd011a2bfcc0747b55125d9b8527/library/core/src/panicking.rs:80:14
[INFO] [stdout]   18:     0x5a04069cd1da - <trybuild[8d3d5ffc6408a20c]::Runner>::run
[INFO] [stdout]   19:     0x5a04069d74e5 - <trybuild[8d3d5ffc6408a20c]::TestCases as core[a373ad73a504971]::ops::drop::Drop>::drop
[INFO] [stdout]   20:     0x5a04069c786c - <compile_time_create_file[149b902bf4643c48]::tests::ui::{closure#0} as core[a373ad73a504971]::ops::function::FnOnce<()>>::call_once
[INFO] [stdout]   21:     0x5a0406b8866b - test[aada8e7e76ba119b]::__rust_begin_short_backtrace::<core[a373ad73a504971]::result::Result<(), alloc[2e1b2a31b91974c5]::string::String>, fn() -> core[a373ad73a504971]::result::Result<(), alloc[2e1b2a31b91974c5]::string::String>>
[INFO] [stdout]   22:     0x5a0406b95845 - test[aada8e7e76ba119b]::run_test::{closure#0}
[INFO] [stdout]   23:     0x5a0406b8f134 - std[617be2ca0a6fd877]::sys::backtrace::__rust_begin_short_backtrace::<test[aada8e7e76ba119b]::run_test::{closure#1}, ()>
[INFO] [stdout]   24:     0x5a0406b988d2 - <std[617be2ca0a6fd877]::thread::lifecycle::spawn_unchecked<test[aada8e7e76ba119b]::run_test::{closure#1}, ()>::{closure#1} as core[a373ad73a504971]::ops::function::FnOnce<()>>::call_once::{shim:vtable#0}
[INFO] [stdout]   25:     0x7630cfd55dff - <alloc[2e1b2a31b91974c5]::boxed::Box<dyn core[a373ad73a504971]::ops::function::FnOnce<(), Output = ()> + core[a373ad73a504971]::marker::Send> as core[a373ad73a504971]::ops::function::FnOnce<()>>::call_once
[INFO] [stdout]                                at /rustc/e3feeb59cd1bdd011a2bfcc0747b55125d9b8527/library/alloc/src/boxed.rs:2314:9
[INFO] [stdout]   26:     0x7630cfd55dff - <std[617be2ca0a6fd877]::sys::thread::unix::Thread>::new::thread_start
[INFO] [stdout]                                at /rustc/e3feeb59cd1bdd011a2bfcc0747b55125d9b8527/library/std/src/sys/thread/unix.rs:127:17
[INFO] [stdout]   27:     0x7630cfab2dfa - <unknown>
[INFO] [stdout]   28:     0x7630cfb463d4 - clone
[INFO] [stdout]   29:                0x0 - <unknown>
[INFO] [stdout] 
[INFO] [stdout] 
[INFO] [stdout] failures:
[INFO] [stdout]     tests::ui
[INFO] [stdout] 
[INFO] [stdout] test result: FAILED. 0 passed; 1 failed; 0 ignored; 0 measured; 0 filtered out; finished in 8.68s
[INFO] [stdout] 
[INFO] [stderr] error: test failed, to rerun pass `--lib`
[INFO] running `Command { std: "docker" "inspect" "62f14f6fa27206084fbcebedc89af1a766743ff47537e483b6da815c9188d322", kill_on_drop: false }`
[INFO] running `Command { std: "docker" "rm" "-f" "62f14f6fa27206084fbcebedc89af1a766743ff47537e483b6da815c9188d322", kill_on_drop: false }`
[INFO] [stdout] 62f14f6fa27206084fbcebedc89af1a766743ff47537e483b6da815c9188d322
