[INFO] fetching crate competitive-programming-rs 41.0.0...
[INFO] testing competitive-programming-rs-41.0.0 against 1.100.0-beta.1+cargoflags=--release for beta-release-1.100-2
[INFO] extracting crate competitive-programming-rs 41.0.0 into /workspace/builds/worker-4-tc2/source
[INFO] started tweaking crates.io crate competitive-programming-rs 41.0.0
[INFO] finished tweaking crates.io crate competitive-programming-rs 41.0.0
[INFO] tweaked toml for crates.io crate competitive-programming-rs 41.0.0 written to /workspace/builds/worker-4-tc2/source/Cargo.toml
[INFO] validating manifest of crates.io crate competitive-programming-rs 41.0.0 on toolchain 1.100.0-beta.1
[INFO] running `Command { std: CARGO_HOME="/workspace/cargo-home" RUSTUP_HOME="/workspace/rustup-home" "/workspace/cargo-home/bin/cargo" "+1.100.0-beta.1" "metadata" "--manifest-path" "Cargo.toml" "--no-deps", kill_on_drop: false }`
[INFO] running `Command { std: CARGO_HOME="/workspace/cargo-home" RUSTUP_HOME="/workspace/rustup-home" "/workspace/cargo-home/bin/cargo" "+1.100.0-beta.1" "generate-lockfile" "--manifest-path" "Cargo.toml", kill_on_drop: false }`
[INFO] [stderr]     Updating crates.io index
[INFO] [stderr]      Locking 15 packages to highest compatible versions
[INFO] [stderr]       Adding rand v0.7.3 (available: v0.10.3)
[INFO] running `Command { std: CARGO_HOME="/workspace/cargo-home" RUSTUP_HOME="/workspace/rustup-home" "/workspace/cargo-home/bin/cargo" "+1.100.0-beta.1" "fetch" "--manifest-path" "Cargo.toml", kill_on_drop: false }`
[INFO] [stderr] warning: `package.homepage` is redundant with `package.documentation`
[INFO] [stderr]   --> Cargo.toml:10:12
[INFO] [stderr]    |
[INFO] [stderr]  7 | documentation = "https://docs.rs/competitive-programming-rs"
[INFO] [stderr]    |                 --------------------------------------------
[INFO] [stderr] ...
[INFO] [stderr] 10 | homepage = "https://docs.rs/competitive-programming-rs"
[INFO] [stderr]    |            ^^^^^^^^^^^^^^^^^^^^^^^^^^^^^^^^^^^^^^^^^^^^
[INFO] [stderr]    |
[INFO] [stderr]    = note: `cargo::redundant_homepage` is set to `warn` by default
[INFO] [stderr] help: consider removing `package.homepage`
[INFO] [stderr] warning: `competitive-programming-rs` (manifest) generated 1 warning
[INFO] running `Command { std: "docker" "create" "-v" "/var/lib/crater-agent-workspace/builds/worker-4-tc2/source:/opt/rustwide/workdir:ro,Z" "-v" "/var/lib/crater-agent-workspace/builds/worker-4-tc2/target:/opt/rustwide/target:rw,Z" "-v" "/var/lib/crater-agent-workspace/cargo-home:/opt/rustwide/cargo-home:ro,Z" "-v" "/var/lib/crater-agent-workspace/rustup-home:/opt/rustwide/rustup-home:ro,Z" "-m" "1610612736" "--network" "none" "ghcr.io/rust-lang/crates-build-env/linux@sha256:77db811e55d90add9212f6832c23229e3de5f1c1f9905e8cb07319ea15df73ac" "sleep" "infinity", kill_on_drop: false }`
[INFO] [stdout] 925da763bf384cca937dd57a7acce3ec11041350ada9acc86530c59ceb67c6ac
[INFO] running `Command { std: "docker" "start" "925da763bf384cca937dd57a7acce3ec11041350ada9acc86530c59ceb67c6ac", kill_on_drop: false }`
[INFO] running `Command { std: "docker" "inspect" "925da763bf384cca937dd57a7acce3ec11041350ada9acc86530c59ceb67c6ac", kill_on_drop: false }`
[INFO] running `Command { std: "docker" "exec" "-e" "SOURCE_DIR=/opt/rustwide/workdir" "-e" "CARGO_HOME=/opt/rustwide/cargo-home" "-e" "RUSTUP_HOME=/opt/rustwide/rustup-home" "-e" "CARGO_TARGET_DIR=/opt/rustwide/target" "-w" "/opt/rustwide/workdir" "--user" "0:0" "925da763bf384cca937dd57a7acce3ec11041350ada9acc86530c59ceb67c6ac" "/opt/rustwide/cargo-home/bin/cargo" "+1.100.0-beta.1" "metadata" "--no-deps" "--format-version=1", kill_on_drop: false }`
[INFO] running `Command { std: "docker" "inspect" "925da763bf384cca937dd57a7acce3ec11041350ada9acc86530c59ceb67c6ac", kill_on_drop: false }`
[INFO] running `Command { std: "docker" "exec" "-e" "SOURCE_DIR=/opt/rustwide/workdir" "-e" "CARGO_HOME=/opt/rustwide/cargo-home" "-e" "RUSTUP_HOME=/opt/rustwide/rustup-home" "-e" "CARGO_TARGET_DIR=/opt/rustwide/target" "-e" "CARGO_INCREMENTAL=0" "-e" "RUST_BACKTRACE=full" "-e" "RUSTFLAGS=--cap-lints=warn" "-e" "RUSTDOCFLAGS=--cap-lints=warn" "-w" "/opt/rustwide/workdir" "--user" "0:0" "925da763bf384cca937dd57a7acce3ec11041350ada9acc86530c59ceb67c6ac" "/opt/rustwide/cargo-home/bin/cargo" "+1.100.0-beta.1" "build" "--frozen" "--message-format=json" "--release", kill_on_drop: false }`
[INFO] [stderr] warning: `package.homepage` is redundant with `package.documentation`
[INFO] [stderr]   --> Cargo.toml:10:12
[INFO] [stderr]    |
[INFO] [stderr]  7 | documentation = "https://docs.rs/competitive-programming-rs"
[INFO] [stderr]    |                 --------------------------------------------
[INFO] [stderr] ...
[INFO] [stderr] 10 | homepage = "https://docs.rs/competitive-programming-rs"
[INFO] [stderr]    |            ^^^^^^^^^^^^^^^^^^^^^^^^^^^^^^^^^^^^^^^^^^^^
[INFO] [stderr]    |
[INFO] [stderr]    = note: `cargo::redundant_homepage` is set to `warn` by default
[INFO] [stderr] help: consider removing `package.homepage`
[INFO] [stderr] warning: `competitive-programming-rs` (manifest) generated 1 warning
[INFO] [stderr]    Compiling competitive-programming-rs v41.0.0 (/opt/rustwide/workdir)
[INFO] [stdout] warning: use of deprecated constant `std::f64::EPSILON`: replaced by the `EPSILON` associated constant on `f64`
[INFO] [stdout]  --> src/geometry/convex_hull.rs:9:58
[INFO] [stdout]   |
[INFO] [stdout] 9 |         if (points[a].x - points[b].x).abs() < std::f64::EPSILON {
[INFO] [stdout]   |                                                          ^^^^^^^
[INFO] [stdout]   |
[INFO] [stdout]   = note: `#[warn(deprecated)]` on by default
[INFO] [stdout] 
[INFO] [stdout] 
[INFO] [stderr]     Finished `release` profile [optimized] target(s) in 1.42s
[INFO] running `Command { std: "docker" "inspect" "925da763bf384cca937dd57a7acce3ec11041350ada9acc86530c59ceb67c6ac", kill_on_drop: false }`
[INFO] running `Command { std: "docker" "exec" "-e" "SOURCE_DIR=/opt/rustwide/workdir" "-e" "CARGO_HOME=/opt/rustwide/cargo-home" "-e" "RUSTUP_HOME=/opt/rustwide/rustup-home" "-e" "CARGO_TARGET_DIR=/opt/rustwide/target" "-e" "CARGO_INCREMENTAL=0" "-e" "RUST_BACKTRACE=full" "-e" "RUSTFLAGS=--cap-lints=warn" "-e" "RUSTDOCFLAGS=--cap-lints=warn" "-w" "/opt/rustwide/workdir" "--user" "0:0" "925da763bf384cca937dd57a7acce3ec11041350ada9acc86530c59ceb67c6ac" "/opt/rustwide/cargo-home/bin/cargo" "+1.100.0-beta.1" "test" "--frozen" "--no-run" "--message-format=json" "--release", kill_on_drop: false }`
[INFO] [stderr] warning: `package.homepage` is redundant with `package.documentation`
[INFO] [stderr]   --> Cargo.toml:10:12
[INFO] [stderr]    |
[INFO] [stderr]  7 | documentation = "https://docs.rs/competitive-programming-rs"
[INFO] [stderr]    |                 --------------------------------------------
[INFO] [stderr] ...
[INFO] [stderr] 10 | homepage = "https://docs.rs/competitive-programming-rs"
[INFO] [stderr]    |            ^^^^^^^^^^^^^^^^^^^^^^^^^^^^^^^^^^^^^^^^^^^^
[INFO] [stderr]    |
[INFO] [stderr]    = note: `cargo::redundant_homepage` is set to `warn` by default
[INFO] [stderr] help: consider removing `package.homepage`
[INFO] [stderr] warning: `competitive-programming-rs` (manifest) generated 1 warning
[INFO] [stderr]    Compiling libc v0.2.191
[INFO] [stderr]    Compiling zerocopy v0.8.63
[INFO] [stdout] warning: use of deprecated constant `std::f64::EPSILON`: replaced by the `EPSILON` associated constant on `f64`
[INFO] [stdout]  --> src/geometry/convex_hull.rs:9:58
[INFO] [stdout]   |
[INFO] [stdout] 9 |         if (points[a].x - points[b].x).abs() < std::f64::EPSILON {
[INFO] [stdout]   |                                                          ^^^^^^^
[INFO] [stdout]   |
[INFO] [stdout]   = note: `#[warn(deprecated)]` on by default
[INFO] [stdout] 
[INFO] [stdout] 
[INFO] [stderr]    Compiling getrandom v0.1.16
[INFO] [stderr]    Compiling rand_core v0.5.1
[INFO] [stderr]    Compiling ppv-lite86 v0.2.21
[INFO] [stderr]    Compiling rand_chacha v0.2.2
[INFO] [stderr]    Compiling rand v0.7.3
[INFO] [stderr]    Compiling competitive-programming-rs v41.0.0 (/opt/rustwide/workdir)
[INFO] [stdout] warning: use of deprecated constant `std::f64::EPSILON`: replaced by the `EPSILON` associated constant on `f64`
[INFO] [stdout]  --> src/geometry/convex_hull.rs:9:58
[INFO] [stdout]   |
[INFO] [stdout] 9 |         if (points[a].x - points[b].x).abs() < std::f64::EPSILON {
[INFO] [stdout]   |                                                          ^^^^^^^
[INFO] [stdout]   |
[INFO] [stdout]   = note: `#[warn(deprecated)]` on by default
[INFO] [stdout] 
[INFO] [stdout] 
[INFO] [stderr]     Finished `release` profile [optimized] target(s) in 14.56s
[INFO] running `Command { std: "docker" "inspect" "925da763bf384cca937dd57a7acce3ec11041350ada9acc86530c59ceb67c6ac", kill_on_drop: false }`
[INFO] running `Command { std: "docker" "exec" "-e" "SOURCE_DIR=/opt/rustwide/workdir" "-e" "CARGO_HOME=/opt/rustwide/cargo-home" "-e" "RUSTUP_HOME=/opt/rustwide/rustup-home" "-e" "CARGO_TARGET_DIR=/opt/rustwide/target" "-e" "CARGO_INCREMENTAL=0" "-e" "RUST_BACKTRACE=full" "-e" "RUSTFLAGS=--cap-lints=warn" "-e" "RUSTDOCFLAGS=--cap-lints=warn" "-w" "/opt/rustwide/workdir" "--user" "0:0" "925da763bf384cca937dd57a7acce3ec11041350ada9acc86530c59ceb67c6ac" "/opt/rustwide/cargo-home/bin/cargo" "+1.100.0-beta.1" "test" "--frozen" "--release", kill_on_drop: false }`
[INFO] [stderr] warning: `package.homepage` is redundant with `package.documentation`
[INFO] [stderr]   --> Cargo.toml:10:12
[INFO] [stderr]    |
[INFO] [stderr]  7 | documentation = "https://docs.rs/competitive-programming-rs"
[INFO] [stderr]    |                 --------------------------------------------
[INFO] [stderr] ...
[INFO] [stderr] 10 | homepage = "https://docs.rs/competitive-programming-rs"
[INFO] [stderr]    |            ^^^^^^^^^^^^^^^^^^^^^^^^^^^^^^^^^^^^^^^^^^^^
[INFO] [stderr]    |
[INFO] [stderr]    = note: `cargo::redundant_homepage` is set to `warn` by default
[INFO] [stderr] help: consider removing `package.homepage`
[INFO] [stderr] warning: `competitive-programming-rs` (manifest) generated 1 warning
[INFO] [stderr] warning: use of deprecated constant `std::f64::EPSILON`: replaced by the `EPSILON` associated constant on `f64`
[INFO] [stderr]  --> src/geometry/convex_hull.rs:9:58
[INFO] [stderr]   |
[INFO] [stderr] 9 |         if (points[a].x - points[b].x).abs() < std::f64::EPSILON {
[INFO] [stderr]   |                                                          ^^^^^^^
[INFO] [stderr]   |
[INFO] [stderr]   = note: `#[warn(deprecated)]` on by default
[INFO] [stderr] 
[INFO] [stderr] warning: `competitive-programming-rs` (lib) generated 1 warning
[INFO] [stderr] warning: `competitive-programming-rs` (lib test) generated 1 warning (1 duplicate)
[INFO] [stderr]     Finished `release` profile [optimized] target(s) in 0.03s
[INFO] [stderr]      Running unittests src/lib.rs (/opt/rustwide/target/release/build/competitive-programming-rs/a6217ac256ff3095/out/competitive_programming_rs-a6217ac256ff3095)
[INFO] [stdout] 
[INFO] [stdout] running 66 tests
[INFO] [stdout] test data_structure::bitset::test::test_set_bit ... ok
[INFO] [stdout] test data_structure::fibonacci_heap::tests::compare_to_binary_heap ... ok
[INFO] [stdout] test data_structure::bitset::test::test_bitset_shift_left ... ok
[INFO] [stdout] test data_structure::suffix_array::test::small_test ... ok
[INFO] [stdout] test data_structure::sparse_table::test::test_small ... ok
[INFO] [stdout] test data_structure::suffix_array::test::corner_case ... ok
[INFO] [stdout] test data_structure::fibonacci_heap::tests::test_fibonacci_heap ... ok
[INFO] [stdout] test data_structure::lazy_segment_tree::test::random_update ... ok
[INFO] [stdout] test data_structure::bitset::test::test_bitset_or ... ok
[INFO] [stdout] test data_structure::lazy_segment_tree::test::edge_case ... ok
[INFO] [stdout] test data_structure::segment_tree::test::random_array ... ok
[INFO] [stdout] test data_structure::suffix_array::test::test_suffix_array ... ok
[INFO] [stdout] test data_structure::fibonacci_heap::tests::merge_heaps ... ok
[INFO] [stdout] test data_structure::suffix_array::test::jag2014summer_day4_f ... FAILED
[INFO] [stdout] test geometry::circle::tests::solve_cgl_7_e ... FAILED
[INFO] [stdout] test graph::bridge_detection::tests::solve_grl_3_b ... FAILED
[INFO] [stdout] test data_structure::union_find::test::solve_dsl_1_a ... FAILED
[INFO] [stdout] test geometry::tests::solve_cgl_2_c ... FAILED
[INFO] [stdout] test graph::lca::tests::solve_grl_5_c ... FAILED
[INFO] [stdout] test data_structure::segment_tree::test::random_array_online_update ... ok
[INFO] [stdout] test graph::maximum_flow::tests::solve_grl_6_a ... FAILED
[INFO] [stdout] test graph::min_cost_flow::tests::solve_grl_6_b ... FAILED
[INFO] [stdout] test graph::bridge_detection::tests::solve_grl_3_a ... FAILED
[INFO] [stdout] test graph::cost_scaling_push_relabel::tests::solve_grl_6_b ... FAILED
[INFO] [stdout] test graph::topological_sort::tests::test_topological_sort ... ok
[INFO] [stdout] test math::chinese_remainder_theorem::tests::test_crt ... ok
[INFO] [stdout] test graph::min_cost_flow::tests::solve_grl_6_b_negative ... FAILED
[INFO] [stdout] test geometry::minimum_bounding_circle::tests::solve_aoj2423 ... FAILED
[INFO] [stdout] test geometry::convex_hull::test::solve_cgl_4_a ... FAILED
[INFO] [stdout] test graph::re_rooting::tests::test_re_rooting ... ok
[INFO] [stdout] test graph::strongly_connected_components::tests::solve_grl_3_c ... FAILED
[INFO] [stdout] test math::determinant::tests::test_calc_determinant ... ok
[INFO] [stdout] test graph::shortest_path::tests::solve_grl_1_b ... FAILED
[INFO] [stdout] test math::fast_fourier_transform::tests::test_primitive_root ... ok
[INFO] [stdout] test math::floor_sum::tests::test_floor_sum ... ok
[INFO] [stdout] test math::fast_fourier_transform::tests::test_fft ... ok
[INFO] [stdout] test math::mod_int::test::edge_cases ... ok
[INFO] [stdout] test math::max_rectangle::test::solve_dpl_3_b ... FAILED
[INFO] [stdout] test math::mod_int::test::overflow_guard ... ok
[INFO] [stdout] test math::mod_int::test::pow_test ... ok
[INFO] [stdout] test math::mod_int::test::initialize_from_various_primitives ... ok
[INFO] [stdout] test math::mod_int::test::test_random_add_sub1 ... ok
[INFO] [stdout] test math::mod_int::test::test_random_add_sub2 ... ok
[INFO] [stdout] test math::mod_int::test::test_random_add_sub3 ... ok
[INFO] [stdout] test math::mod_int::test::test_random_mul2 ... ok
[INFO] [stdout] test math::mod_int::test::test_random_mul1 ... ok
[INFO] [stdout] test math::mod_int::test::test_random_mul3 ... ok
[INFO] [stdout] test math::mod_int::test::zero_test ... ok
[INFO] [stdout] test math::next_permutation::tests::test_next_permutation ... ok
[INFO] [stdout] test data_structure::fenwick_tree::test::random_array ... ok
[INFO] [stdout] test utils::scanner::tests::test_io ... ok
[INFO] [stdout] test data_structure::lazy_segment_tree::test::random_add ... ok
[INFO] [stdout] test math::mod_int::test::div_test ... ok
[INFO] [stdout] test string::z_algorithm::tests::test_z ... ok
[INFO] [stdout] test data_structure::sparse_table::test::test_sparse_table_with_random_array ... ok
[INFO] [stdout] test math::cumulative_sum::test::random_array ... ok
[INFO] [stdout] test data_structure::persistent_array::tests::test_persistent_array ... ok
[INFO] [stdout] test string::rolling_hash::tests::test_rolling_hash ... ok
[INFO] [stdout] test data_structure::segment_tree::test::random_array_2d ... ok
[INFO] [stdout] test math::lagrange_interpolation::tests::test_lagrange_interpolation ... ok
[INFO] [stdout] test data_structure::treap::test::test_random_insertion ... ok
[INFO] [stdout] test math::combination::test::random_combination ... ok
[INFO] [stdout] test data_structure::treap::test::test_treap_nth ... ok
[INFO] [stdout] test math::fast_fourier_transform::tests::test_fft_rand ... ok
[INFO] [stdout] test math::chinese_remainder_theorem::tests::test_extended_gcd ... ok
[INFO] [stdout] test data_structure::treap::test::test_treap_insert_erase ... ok
[INFO] [stdout] 
[INFO] [stdout] failures:
[INFO] [stdout] 
[INFO] [stdout] ---- data_structure::suffix_array::test::jag2014summer_day4_f stdout ----
[INFO] [stdout] 
[INFO] [stdout] thread 'data_structure::suffix_array::test::jag2014summer_day4_f' (329) panicked at src/utils/test_helper.rs:68:10:
[INFO] [stdout] called `Result::unwrap()` on an `Err` value: Os { code: 2, kind: NotFound, message: "No such file or directory" }
[INFO] [stdout] stack backtrace:
[INFO] [stdout]    0:     0x58192f144741 - <<std[617be2ca0a6fd877]::sys::backtrace::BacktraceLock>::print::DisplayBacktrace as core[a373ad73a504971]::fmt::Display>::fmt
[INFO] [stdout]    1:     0x58192f159c9a - core[a373ad73a504971]::fmt::write
[INFO] [stdout]    2:     0x58192f148cfc - <alloc[2e1b2a31b91974c5]::vec::Vec<u8> as core[a373ad73a504971]::io::write::Write>::write_fmt
[INFO] [stdout]    3:     0x58192f120746 - std[617be2ca0a6fd877]::panicking::default_hook::{closure#0}
[INFO] [stdout]    4:     0x58192f13cbc9 - std[617be2ca0a6fd877]::panicking::default_hook
[INFO] [stdout]    5:     0x58192f0d6040 - test[aada8e7e76ba119b]::test_main_inner::{closure#0}
[INFO] [stdout]    6:     0x58192f13cd82 - std[617be2ca0a6fd877]::panicking::panic_with_hook
[INFO] [stdout]    7:     0x58192f1207f2 - std[617be2ca0a6fd877]::panicking::panic_handler::{closure#0}
[INFO] [stdout]    8:     0x58192f119439 - std[617be2ca0a6fd877]::sys::backtrace::__rust_end_short_backtrace::<std[617be2ca0a6fd877]::panicking::panic_handler::{closure#0}, !>
[INFO] [stdout]    9:     0x58192f1213fd - __rustc[ea4f61d10b84890b]::rust_begin_unwind
[INFO] [stdout]   10:     0x58192f15a3fc - core[a373ad73a504971]::panicking::panic_fmt
[INFO] [stdout]   11:     0x58192f15a1d2 - core[a373ad73a504971]::result::unwrap_failed
[INFO] [stdout]   12:     0x58192f08e914 - competitive_programming_rs[ae95824273be0ebd]::utils::test_helper::read_from_directory
[INFO] [stdout]   13:     0x58192f09fc6c - <competitive_programming_rs[ae95824273be0ebd]::data_structure::suffix_array::test::jag2014summer_day4_f::{closure#0} as core[a373ad73a504971]::ops::function::FnOnce<()>>::call_once
[INFO] [stdout]   14:     0x58192f0c948b - test[aada8e7e76ba119b]::__rust_begin_short_backtrace::<core[a373ad73a504971]::result::Result<(), alloc[2e1b2a31b91974c5]::string::String>, fn() -> core[a373ad73a504971]::result::Result<(), alloc[2e1b2a31b91974c5]::string::String>>
[INFO] [stdout]   15:     0x58192f0d6665 - test[aada8e7e76ba119b]::run_test::{closure#0}
[INFO] [stdout]   16:     0x58192f0cff54 - std[617be2ca0a6fd877]::sys::backtrace::__rust_begin_short_backtrace::<test[aada8e7e76ba119b]::run_test::{closure#1}, ()>
[INFO] [stdout]   17:     0x58192f0d96f2 - <std[617be2ca0a6fd877]::thread::lifecycle::spawn_unchecked<test[aada8e7e76ba119b]::run_test::{closure#1}, ()>::{closure#1} as core[a373ad73a504971]::ops::function::FnOnce<()>>::call_once::{shim:vtable#0}
[INFO] [stdout]   18:     0x58192f143f9f - <std[617be2ca0a6fd877]::sys::thread::unix::Thread>::new::thread_start
[INFO] [stdout]   19:     0x78ad8085ddfa - <unknown>
[INFO] [stdout]   20:     0x78ad808f13d4 - clone
[INFO] [stdout]   21:                0x0 - <unknown>
[INFO] [stdout] 
[INFO] [stdout] ---- geometry::circle::tests::solve_cgl_7_e stdout ----
[INFO] [stdout] 
[INFO] [stdout] thread 'geometry::circle::tests::solve_cgl_7_e' (336) panicked at src/utils/test_helper.rs:68:10:
[INFO] [stdout] called `Result::unwrap()` on an `Err` value: Os { code: 2, kind: NotFound, message: "No such file or directory" }
[INFO] [stdout] stack backtrace:
[INFO] [stdout]    0:     0x58192f144741 - <<std[617be2ca0a6fd877]::sys::backtrace::BacktraceLock>::print::DisplayBacktrace as core[a373ad73a504971]::fmt::Display>::fmt
[INFO] [stdout]    1:     0x58192f159c9a - core[a373ad73a504971]::fmt::write
[INFO] [stdout]    2:     0x58192f148cfc - <alloc[2e1b2a31b91974c5]::vec::Vec<u8> as core[a373ad73a504971]::io::write::Write>::write_fmt
[INFO] [stdout]    3:     0x58192f120746 - std[617be2ca0a6fd877]::panicking::default_hook::{closure#0}
[INFO] [stdout]    4:     0x58192f13cbc9 - std[617be2ca0a6fd877]::panicking::default_hook
[INFO] [stdout]    5:     0x58192f0d6040 - test[aada8e7e76ba119b]::test_main_inner::{closure#0}
[INFO] [stdout]    6:     0x58192f13cd82 - std[617be2ca0a6fd877]::panicking::panic_with_hook
[INFO] [stdout]    7:     0x58192f1207f2 - std[617be2ca0a6fd877]::panicking::panic_handler::{closure#0}
[INFO] [stdout]    8:     0x58192f119439 - std[617be2ca0a6fd877]::sys::backtrace::__rust_end_short_backtrace::<std[617be2ca0a6fd877]::panicking::panic_handler::{closure#0}, !>
[INFO] [stdout]    9:     0x58192f1213fd - __rustc[ea4f61d10b84890b]::rust_begin_unwind
[INFO] [stdout]   10:     0x58192f15a3fc - core[a373ad73a504971]::panicking::panic_fmt
[INFO] [stdout]   11:     0x58192f15a1d2 - core[a373ad73a504971]::result::unwrap_failed
[INFO] [stdout]   12:     0x58192f08e914 - competitive_programming_rs[ae95824273be0ebd]::utils::test_helper::read_from_directory
[INFO] [stdout]   13:     0x58192f0a6bbc - <competitive_programming_rs[ae95824273be0ebd]::geometry::circle::tests::solve_cgl_7_e::{closure#0} as core[a373ad73a504971]::ops::function::FnOnce<()>>::call_once
[INFO] [stdout]   14:     0x58192f0c948b - test[aada8e7e76ba119b]::__rust_begin_short_backtrace::<core[a373ad73a504971]::result::Result<(), alloc[2e1b2a31b91974c5]::string::String>, fn() -> core[a373ad73a504971]::result::Result<(), alloc[2e1b2a31b91974c5]::string::String>>
[INFO] [stdout]   15:     0x58192f0d6665 - test[aada8e7e76ba119b]::run_test::{closure#0}
[INFO] [stdout]   16:     0x58192f0cff54 - std[617be2ca0a6fd877]::sys::backtrace::__rust_begin_short_backtrace::<test[aada8e7e76ba119b]::run_test::{closure#1}, ()>
[INFO] [stdout]   17:     0x58192f0d96f2 - <std[617be2ca0a6fd877]::thread::lifecycle::spawn_unchecked<test[aada8e7e76ba119b]::run_test::{closure#1}, ()>::{closure#1} as core[a373ad73a504971]::ops::function::FnOnce<()>>::call_once::{shim:vtable#0}
[INFO] [stdout]   18:     0x58192f143f9f - <std[617be2ca0a6fd877]::sys::thread::unix::Thread>::new::thread_start
[INFO] [stdout]   19:     0x78ad8085ddfa - <unknown>
[INFO] [stdout]   20:     0x78ad808f13d4 - clone
[INFO] [stdout]   21:                0x0 - <unknown>
[INFO] [stdout] 
[INFO] [stdout] ---- graph::bridge_detection::tests::solve_grl_3_b stdout ----
[INFO] [stdout] 
[INFO] [stdout] thread 'graph::bridge_detection::tests::solve_grl_3_b' (341) panicked at src/utils/test_helper.rs:68:10:
[INFO] [stdout] called `Result::unwrap()` on an `Err` value: Os { code: 2, kind: NotFound, message: "No such file or directory" }
[INFO] [stdout] stack backtrace:
[INFO] [stdout]    0:     0x58192f144741 - <<std[617be2ca0a6fd877]::sys::backtrace::BacktraceLock>::print::DisplayBacktrace as core[a373ad73a504971]::fmt::Display>::fmt
[INFO] [stdout]    1:     0x58192f159c9a - core[a373ad73a504971]::fmt::write
[INFO] [stdout]    2:     0x58192f148cfc - <alloc[2e1b2a31b91974c5]::vec::Vec<u8> as core[a373ad73a504971]::io::write::Write>::write_fmt
[INFO] [stdout]    3:     0x58192f120746 - std[617be2ca0a6fd877]::panicking::default_hook::{closure#0}
[INFO] [stdout]    4:     0x58192f13cbc9 - std[617be2ca0a6fd877]::panicking::default_hook
[INFO] [stdout]    5:     0x58192f0d6040 - test[aada8e7e76ba119b]::test_main_inner::{closure#0}
[INFO] [stdout]    6:     0x58192f13cd82 - std[617be2ca0a6fd877]::panicking::panic_with_hook
[INFO] [stdout]    7:     0x58192f1207f2 - std[617be2ca0a6fd877]::panicking::panic_handler::{closure#0}
[INFO] [stdout]    8:     0x58192f119439 - std[617be2ca0a6fd877]::sys::backtrace::__rust_end_short_backtrace::<std[617be2ca0a6fd877]::panicking::panic_handler::{closure#0}, !>
[INFO] [stdout]    9:     0x58192f1213fd - __rustc[ea4f61d10b84890b]::rust_begin_unwind
[INFO] [stdout]   10:     0x58192f15a3fc - core[a373ad73a504971]::panicking::panic_fmt
[INFO] [stdout]   11:     0x58192f15a1d2 - core[a373ad73a504971]::result::unwrap_failed
[INFO] [stdout]   12:     0x58192f08e914 - competitive_programming_rs[ae95824273be0ebd]::utils::test_helper::read_from_directory
[INFO] [stdout]   13:     0x58192f0a5f2c - <competitive_programming_rs[ae95824273be0ebd]::graph::bridge_detection::tests::solve_grl_3_b::{closure#0} as core[a373ad73a504971]::ops::function::FnOnce<()>>::call_once
[INFO] [stdout]   14:     0x58192f0c948b - test[aada8e7e76ba119b]::__rust_begin_short_backtrace::<core[a373ad73a504971]::result::Result<(), alloc[2e1b2a31b91974c5]::string::String>, fn() -> core[a373ad73a504971]::result::Result<(), alloc[2e1b2a31b91974c5]::string::String>>
[INFO] [stdout]   15:     0x58192f0d6665 - test[aada8e7e76ba119b]::run_test::{closure#0}
[INFO] [stdout]   16:     0x58192f0cff54 - std[617be2ca0a6fd877]::sys::backtrace::__rust_begin_short_backtrace::<test[aada8e7e76ba119b]::run_test::{closure#1}, ()>
[INFO] [stdout]   17:     0x58192f0d96f2 - <std[617be2ca0a6fd877]::thread::lifecycle::spawn_unchecked<test[aada8e7e76ba119b]::run_test::{closure#1}, ()>::{closure#1} as core[a373ad73a504971]::ops::function::FnOnce<()>>::call_once::{shim:vtable#0}
[INFO] [stdout]   18:     0x58192f143f9f - <std[617be2ca0a6fd877]::sys::thread::unix::Thread>::new::thread_start
[INFO] [stdout]   19:     0x78ad8085ddfa - <unknown>
[INFO] [stdout]   20:     0x78ad808f13d4 - clone
[INFO] [stdout]   21:                0x0 - <unknown>
[INFO] [stdout] 
[INFO] [stdout] ---- data_structure::union_find::test::solve_dsl_1_a stdout ----
[INFO] [stdout] 
[INFO] [stdout] thread 'data_structure::union_find::test::solve_dsl_1_a' (335) panicked at src/utils/test_helper.rs:68:10:
[INFO] [stdout] called `Result::unwrap()` on an `Err` value: Os { code: 2, kind: NotFound, message: "No such file or directory" }
[INFO] [stdout] stack backtrace:
[INFO] [stdout]    0:     0x58192f144741 - <<std[617be2ca0a6fd877]::sys::backtrace::BacktraceLock>::print::DisplayBacktrace as core[a373ad73a504971]::fmt::Display>::fmt
[INFO] [stdout]    1:     0x58192f159c9a - core[a373ad73a504971]::fmt::write
[INFO] [stdout]    2:     0x58192f148cfc - <alloc[2e1b2a31b91974c5]::vec::Vec<u8> as core[a373ad73a504971]::io::write::Write>::write_fmt
[INFO] [stdout]    3:     0x58192f120746 - std[617be2ca0a6fd877]::panicking::default_hook::{closure#0}
[INFO] [stdout]    4:     0x58192f13cbc9 - std[617be2ca0a6fd877]::panicking::default_hook
[INFO] [stdout]    5:     0x58192f0d6040 - test[aada8e7e76ba119b]::test_main_inner::{closure#0}
[INFO] [stdout]    6:     0x58192f13cd82 - std[617be2ca0a6fd877]::panicking::panic_with_hook
[INFO] [stdout]    7:     0x58192f1207f2 - std[617be2ca0a6fd877]::panicking::panic_handler::{closure#0}
[INFO] [stdout]    8:     0x58192f119439 - std[617be2ca0a6fd877]::sys::backtrace::__rust_end_short_backtrace::<std[617be2ca0a6fd877]::panicking::panic_handler::{closure#0}, !>
[INFO] [stdout]    9:     0x58192f1213fd - __rustc[ea4f61d10b84890b]::rust_begin_unwind
[INFO] [stdout]   10:     0x58192f15a3fc - core[a373ad73a504971]::panicking::panic_fmt
[INFO] [stdout]   11:     0x58192f15a1d2 - core[a373ad73a504971]::result::unwrap_failed
[INFO] [stdout]   12:     0x58192f08e914 - competitive_programming_rs[ae95824273be0ebd]::utils::test_helper::read_from_directory
[INFO] [stdout]   13:     0x58192f0a32ac - <competitive_programming_rs[ae95824273be0ebd]::data_structure::union_find::test::solve_dsl_1_a::{closure#0} as core[a373ad73a504971]::ops::function::FnOnce<()>>::call_once
[INFO] [stdout]   14:     0x58192f0c948b - test[aada8e7e76ba119b]::__rust_begin_short_backtrace::<core[a373ad73a504971]::result::Result<(), alloc[2e1b2a31b91974c5]::string::String>, fn() -> core[a373ad73a504971]::result::Result<(), alloc[2e1b2a31b91974c5]::string::String>>
[INFO] [stdout]   15:     0x58192f0d6665 - test[aada8e7e76ba119b]::run_test::{closure#0}
[INFO] [stdout]   16:     0x58192f0cff54 - std[617be2ca0a6fd877]::sys::backtrace::__rust_begin_short_backtrace::<test[aada8e7e76ba119b]::run_test::{closure#1}, ()>
[INFO] [stdout]   17:     0x58192f0d96f2 - <std[617be2ca0a6fd877]::thread::lifecycle::spawn_unchecked<test[aada8e7e76ba119b]::run_test::{closure#1}, ()>::{closure#1} as core[a373ad73a504971]::ops::function::FnOnce<()>>::call_once::{shim:vtable#0}
[INFO] [stdout]   18:     0x58192f143f9f - <std[617be2ca0a6fd877]::sys::thread::unix::Thread>::new::thread_start
[INFO] [stdout]   19:     0x78ad8085ddfa - <unknown>
[INFO] [stdout]   20:     0x78ad808f13d4 - clone
[INFO] [stdout]   21:                0x0 - <unknown>
[INFO] [stdout] 
[INFO] [stdout] ---- geometry::tests::solve_cgl_2_c stdout ----
[INFO] [stdout] 
[INFO] [stdout] thread 'geometry::tests::solve_cgl_2_c' (339) panicked at src/utils/test_helper.rs:68:10:
[INFO] [stdout] called `Result::unwrap()` on an `Err` value: Os { code: 2, kind: NotFound, message: "No such file or directory" }
[INFO] [stdout] stack backtrace:
[INFO] [stdout]    0:     0x58192f144741 - <<std[617be2ca0a6fd877]::sys::backtrace::BacktraceLock>::print::DisplayBacktrace as core[a373ad73a504971]::fmt::Display>::fmt
[INFO] [stdout]    1:     0x58192f159c9a - core[a373ad73a504971]::fmt::write
[INFO] [stdout]    2:     0x58192f148cfc - <alloc[2e1b2a31b91974c5]::vec::Vec<u8> as core[a373ad73a504971]::io::write::Write>::write_fmt
[INFO] [stdout]    3:     0x58192f120746 - std[617be2ca0a6fd877]::panicking::default_hook::{closure#0}
[INFO] [stdout]    4:     0x58192f13cbc9 - std[617be2ca0a6fd877]::panicking::default_hook
[INFO] [stdout]    5:     0x58192f0d6040 - test[aada8e7e76ba119b]::test_main_inner::{closure#0}
[INFO] [stdout]    6:     0x58192f13cd82 - std[617be2ca0a6fd877]::panicking::panic_with_hook
[INFO] [stdout]    7:     0x58192f1207f2 - std[617be2ca0a6fd877]::panicking::panic_handler::{closure#0}
[INFO] [stdout]    8:     0x58192f119439 - std[617be2ca0a6fd877]::sys::backtrace::__rust_end_short_backtrace::<std[617be2ca0a6fd877]::panicking::panic_handler::{closure#0}, !>
[INFO] [stdout]    9:     0x58192f1213fd - __rustc[ea4f61d10b84890b]::rust_begin_unwind
[INFO] [stdout]   10:     0x58192f15a3fc - core[a373ad73a504971]::panicking::panic_fmt
[INFO] [stdout]   11:     0x58192f15a1d2 - core[a373ad73a504971]::result::unwrap_failed
[INFO] [stdout]   12:     0x58192f08e914 - competitive_programming_rs[ae95824273be0ebd]::utils::test_helper::read_from_directory
[INFO] [stdout]   13:     0x58192f0a321c - <competitive_programming_rs[ae95824273be0ebd]::geometry::tests::solve_cgl_2_c::{closure#0} as core[a373ad73a504971]::ops::function::FnOnce<()>>::call_once
[INFO] [stdout]   14:     0x58192f0c948b - test[aada8e7e76ba119b]::__rust_begin_short_backtrace::<core[a373ad73a504971]::result::Result<(), alloc[2e1b2a31b91974c5]::string::String>, fn() -> core[a373ad73a504971]::result::Result<(), alloc[2e1b2a31b91974c5]::string::String>>
[INFO] [stdout]   15:     0x58192f0d6665 - test[aada8e7e76ba119b]::run_test::{closure#0}
[INFO] [stdout]   16:     0x58192f0cff54 - std[617be2ca0a6fd877]::sys::backtrace::__rust_begin_short_backtrace::<test[aada8e7e76ba119b]::run_test::{closure#1}, ()>
[INFO] [stdout]   17:     0x58192f0d96f2 - <std[617be2ca0a6fd877]::thread::lifecycle::spawn_unchecked<test[aada8e7e76ba119b]::run_test::{closure#1}, ()>::{closure#1} as core[a373ad73a504971]::ops::function::FnOnce<()>>::call_once::{shim:vtable#0}
[INFO] [stdout]   18:     0x58192f143f9f - <std[617be2ca0a6fd877]::sys::thread::unix::Thread>::new::thread_start
[INFO] [stdout]   19:     0x78ad8085ddfa - <unknown>
[INFO] [stdout]   20:     0x78ad808f13d4 - clone
[INFO] [stdout]   21:                0x0 - <unknown>
[INFO] [stdout] 
[INFO] [stdout] ---- graph::lca::tests::solve_grl_5_c stdout ----
[INFO] [stdout] 
[INFO] [stdout] thread 'graph::lca::tests::solve_grl_5_c' (343) panicked at src/utils/test_helper.rs:68:10:
[INFO] [stdout] called `Result::unwrap()` on an `Err` value: Os { code: 2, kind: NotFound, message: "No such file or directory" }
[INFO] [stdout] stack backtrace:
[INFO] [stdout]    0:     0x58192f144741 - <<std[617be2ca0a6fd877]::sys::backtrace::BacktraceLock>::print::DisplayBacktrace as core[a373ad73a504971]::fmt::Display>::fmt
[INFO] [stdout]    1:     0x58192f159c9a - core[a373ad73a504971]::fmt::write
[INFO] [stdout]    2:     0x58192f148cfc - <alloc[2e1b2a31b91974c5]::vec::Vec<u8> as core[a373ad73a504971]::io::write::Write>::write_fmt
[INFO] [stdout]    3:     0x58192f120746 - std[617be2ca0a6fd877]::panicking::default_hook::{closure#0}
[INFO] [stdout]    4:     0x58192f13cbc9 - std[617be2ca0a6fd877]::panicking::default_hook
[INFO] [stdout]    5:     0x58192f0d6040 - test[aada8e7e76ba119b]::test_main_inner::{closure#0}
[INFO] [stdout]    6:     0x58192f13cd82 - std[617be2ca0a6fd877]::panicking::panic_with_hook
[INFO] [stdout]    7:     0x58192f1207f2 - std[617be2ca0a6fd877]::panicking::panic_handler::{closure#0}
[INFO] [stdout]    8:     0x58192f119439 - std[617be2ca0a6fd877]::sys::backtrace::__rust_end_short_backtrace::<std[617be2ca0a6fd877]::panicking::panic_handler::{closure#0}, !>
[INFO] [stdout]    9:     0x58192f1213fd - __rustc[ea4f61d10b84890b]::rust_begin_unwind
[INFO] [stdout]   10:     0x58192f15a3fc - core[a373ad73a504971]::panicking::panic_fmt
[INFO] [stdout]   11:     0x58192f15a1d2 - core[a373ad73a504971]::result::unwrap_failed
[INFO] [stdout]   12:     0x58192f08e914 - competitive_programming_rs[ae95824273be0ebd]::utils::test_helper::read_from_directory
[INFO] [stdout]   13:     0x58192f0a60dc - <competitive_programming_rs[ae95824273be0ebd]::graph::lca::tests::solve_grl_5_c::{closure#0} as core[a373ad73a504971]::ops::function::FnOnce<()>>::call_once
[INFO] [stdout]   14:     0x58192f0c948b - test[aada8e7e76ba119b]::__rust_begin_short_backtrace::<core[a373ad73a504971]::result::Result<(), alloc[2e1b2a31b91974c5]::string::String>, fn() -> core[a373ad73a504971]::result::Result<(), alloc[2e1b2a31b91974c5]::string::String>>
[INFO] [stdout]   15:     0x58192f0d6665 - test[aada8e7e76ba119b]::run_test::{closure#0}
[INFO] [stdout]   16:     0x58192f0cff54 - std[617be2ca0a6fd877]::sys::backtrace::__rust_begin_short_backtrace::<test[aada8e7e76ba119b]::run_test::{closure#1}, ()>
[INFO] [stdout]   17:     0x58192f0d96f2 - <std[617be2ca0a6fd877]::thread::lifecycle::spawn_unchecked<test[aada8e7e76ba119b]::run_test::{closure#1}, ()>::{closure#1} as core[a373ad73a504971]::ops::function::FnOnce<()>>::call_once::{shim:vtable#0}
[INFO] [stdout]   18:     0x58192f143f9f - <std[617be2ca0a6fd877]::sys::thread::unix::Thread>::new::thread_start
[INFO] [stdout]   19:     0x78ad8085ddfa - <unknown>
[INFO] [stdout]   20:     0x78ad808f13d4 - clone
[INFO] [stdout]   21:                0x0 - <unknown>
[INFO] [stdout] 
[INFO] [stdout] ---- graph::maximum_flow::tests::solve_grl_6_a stdout ----
[INFO] [stdout] 
[INFO] [stdout] thread 'graph::maximum_flow::tests::solve_grl_6_a' (344) panicked at src/utils/test_helper.rs:68:10:
[INFO] [stdout] called `Result::unwrap()` on an `Err` value: Os { code: 2, kind: NotFound, message: "No such file or directory" }
[INFO] [stdout] stack backtrace:
[INFO] [stdout]    0:     0x58192f144741 - <<std[617be2ca0a6fd877]::sys::backtrace::BacktraceLock>::print::DisplayBacktrace as core[a373ad73a504971]::fmt::Display>::fmt
[INFO] [stdout]    1:     0x58192f159c9a - core[a373ad73a504971]::fmt::write
[INFO] [stdout]    2:     0x58192f148cfc - <alloc[2e1b2a31b91974c5]::vec::Vec<u8> as core[a373ad73a504971]::io::write::Write>::write_fmt
[INFO] [stdout]    3:     0x58192f120746 - std[617be2ca0a6fd877]::panicking::default_hook::{closure#0}
[INFO] [stdout]    4:     0x58192f13cbc9 - std[617be2ca0a6fd877]::panicking::default_hook
[INFO] [stdout]    5:     0x58192f0d6040 - test[aada8e7e76ba119b]::test_main_inner::{closure#0}
[INFO] [stdout]    6:     0x58192f13cd82 - std[617be2ca0a6fd877]::panicking::panic_with_hook
[INFO] [stdout]    7:     0x58192f1207f2 - std[617be2ca0a6fd877]::panicking::panic_handler::{closure#0}
[INFO] [stdout]    8:     0x58192f119439 - std[617be2ca0a6fd877]::sys::backtrace::__rust_end_short_backtrace::<std[617be2ca0a6fd877]::panicking::panic_handler::{closure#0}, !>
[INFO] [stdout]    9:     0x58192f1213fd - __rustc[ea4f61d10b84890b]::rust_begin_unwind
[INFO] [stdout]   10:     0x58192f15a3fc - core[a373ad73a504971]::panicking::panic_fmt
[INFO] [stdout]   11:     0x58192f15a1d2 - core[a373ad73a504971]::result::unwrap_failed
[INFO] [stdout]   12:     0x58192f08e914 - competitive_programming_rs[ae95824273be0ebd]::utils::test_helper::read_from_directory
[INFO] [stdout]   13:     0x58192f0a5c5c - <competitive_programming_rs[ae95824273be0ebd]::graph::maximum_flow::tests::solve_grl_6_a::{closure#0} as core[a373ad73a504971]::ops::function::FnOnce<()>>::call_once
[INFO] [stdout]   14:     0x58192f0c948b - test[aada8e7e76ba119b]::__rust_begin_short_backtrace::<core[a373ad73a504971]::result::Result<(), alloc[2e1b2a31b91974c5]::string::String>, fn() -> core[a373ad73a504971]::result::Result<(), alloc[2e1b2a31b91974c5]::string::String>>
[INFO] [stdout]   15:     0x58192f0d6665 - test[aada8e7e76ba119b]::run_test::{closure#0}
[INFO] [stdout]   16:     0x58192f0cff54 - std[617be2ca0a6fd877]::sys::backtrace::__rust_begin_short_backtrace::<test[aada8e7e76ba119b]::run_test::{closure#1}, ()>
[INFO] [stdout]   17:     0x58192f0d96f2 - <std[617be2ca0a6fd877]::thread::lifecycle::spawn_unchecked<test[aada8e7e76ba119b]::run_test::{closure#1}, ()>::{closure#1} as core[a373ad73a504971]::ops::function::FnOnce<()>>::call_once::{shim:vtable#0}
[INFO] [stdout]   18:     0x58192f143f9f - <std[617be2ca0a6fd877]::sys::thread::unix::Thread>::new::thread_start
[INFO] [stdout]   19:     0x78ad8085ddfa - <unknown>
[INFO] [stdout]   20:     0x78ad808f13d4 - clone
[INFO] [stdout]   21:                0x0 - <unknown>
[INFO] [stdout] 
[INFO] [stdout] ---- graph::min_cost_flow::tests::solve_grl_6_b stdout ----
[INFO] [stdout] 
[INFO] [stdout] thread 'graph::min_cost_flow::tests::solve_grl_6_b' (345) panicked at src/utils/test_helper.rs:68:10:
[INFO] [stdout] called `Result::unwrap()` on an `Err` value: Os { code: 2, kind: NotFound, message: "No such file or directory" }
[INFO] [stdout] stack backtrace:
[INFO] [stdout]    0:     0x58192f144741 - <<std[617be2ca0a6fd877]::sys::backtrace::BacktraceLock>::print::DisplayBacktrace as core[a373ad73a504971]::fmt::Display>::fmt
[INFO] [stdout]    1:     0x58192f159c9a - core[a373ad73a504971]::fmt::write
[INFO] [stdout]    2:     0x58192f148cfc - <alloc[2e1b2a31b91974c5]::vec::Vec<u8> as core[a373ad73a504971]::io::write::Write>::write_fmt
[INFO] [stdout]    3:     0x58192f120746 - std[617be2ca0a6fd877]::panicking::default_hook::{closure#0}
[INFO] [stdout]    4:     0x58192f13cbc9 - std[617be2ca0a6fd877]::panicking::default_hook
[INFO] [stdout]    5:     0x58192f0d6040 - test[aada8e7e76ba119b]::test_main_inner::{closure#0}
[INFO] [stdout]    6:     0x58192f13cd82 - std[617be2ca0a6fd877]::panicking::panic_with_hook
[INFO] [stdout]    7:     0x58192f1207f2 - std[617be2ca0a6fd877]::panicking::panic_handler::{closure#0}
[INFO] [stdout]    8:     0x58192f119439 - std[617be2ca0a6fd877]::sys::backtrace::__rust_end_short_backtrace::<std[617be2ca0a6fd877]::panicking::panic_handler::{closure#0}, !>
[INFO] [stdout]    9:     0x58192f1213fd - __rustc[ea4f61d10b84890b]::rust_begin_unwind
[INFO] [stdout]   10:     0x58192f15a3fc - core[a373ad73a504971]::panicking::panic_fmt
[INFO] [stdout]   11:     0x58192f15a1d2 - core[a373ad73a504971]::result::unwrap_failed
[INFO] [stdout]   12:     0x58192f08e914 - competitive_programming_rs[ae95824273be0ebd]::utils::test_helper::read_from_directory
[INFO] [stdout]   13:     0x58192f0a5cec - <competitive_programming_rs[ae95824273be0ebd]::graph::min_cost_flow::tests::solve_grl_6_b::{closure#0} as core[a373ad73a504971]::ops::function::FnOnce<()>>::call_once
[INFO] [stdout]   14:     0x58192f0c948b - test[aada8e7e76ba119b]::__rust_begin_short_backtrace::<core[a373ad73a504971]::result::Result<(), alloc[2e1b2a31b91974c5]::string::String>, fn() -> core[a373ad73a504971]::result::Result<(), alloc[2e1b2a31b91974c5]::string::String>>
[INFO] [stdout]   15:     0x58192f0d6665 - test[aada8e7e76ba119b]::run_test::{closure#0}
[INFO] [stdout]   16:     0x58192f0cff54 - std[617be2ca0a6fd877]::sys::backtrace::__rust_begin_short_backtrace::<test[aada8e7e76ba119b]::run_test::{closure#1}, ()>
[INFO] [stdout]   17:     0x58192f0d96f2 - <std[617be2ca0a6fd877]::thread::lifecycle::spawn_unchecked<test[aada8e7e76ba119b]::run_test::{closure#1}, ()>::{closure#1} as core[a373ad73a504971]::ops::function::FnOnce<()>>::call_once::{shim:vtable#0}
[INFO] [stdout]   18:     0x58192f143f9f - <std[617be2ca0a6fd877]::sys::thread::unix::Thread>::new::thread_start
[INFO] [stdout]   19:     0x78ad8085ddfa - <unknown>
[INFO] [stdout]   20:     0x78ad808f13d4 - clone
[INFO] [stdout]   21:                0x0 - <unknown>
[INFO] [stdout] 
[INFO] [stdout] ---- graph::bridge_detection::tests::solve_grl_3_a stdout ----
[INFO] [stdout] 
[INFO] [stdout] thread 'graph::bridge_detection::tests::solve_grl_3_a' (340) panicked at src/utils/test_helper.rs:68:10:
[INFO] [stdout] called `Result::unwrap()` on an `Err` value: Os { code: 2, kind: NotFound, message: "No such file or directory" }
[INFO] [stdout] stack backtrace:
[INFO] [stdout]    0:     0x58192f144741 - <<std[617be2ca0a6fd877]::sys::backtrace::BacktraceLock>::print::DisplayBacktrace as core[a373ad73a504971]::fmt::Display>::fmt
[INFO] [stdout]    1:     0x58192f159c9a - core[a373ad73a504971]::fmt::write
[INFO] [stdout]    2:     0x58192f148cfc - <alloc[2e1b2a31b91974c5]::vec::Vec<u8> as core[a373ad73a504971]::io::write::Write>::write_fmt
[INFO] [stdout]    3:     0x58192f120746 - std[617be2ca0a6fd877]::panicking::default_hook::{closure#0}
[INFO] [stdout]    4:     0x58192f13cbc9 - std[617be2ca0a6fd877]::panicking::default_hook
[INFO] [stdout]    5:     0x58192f0d6040 - test[aada8e7e76ba119b]::test_main_inner::{closure#0}
[INFO] [stdout]    6:     0x58192f13cd82 - std[617be2ca0a6fd877]::panicking::panic_with_hook
[INFO] [stdout]    7:     0x58192f1207f2 - std[617be2ca0a6fd877]::panicking::panic_handler::{closure#0}
[INFO] [stdout]    8:     0x58192f119439 - std[617be2ca0a6fd877]::sys::backtrace::__rust_end_short_backtrace::<std[617be2ca0a6fd877]::panicking::panic_handler::{closure#0}, !>
[INFO] [stdout]    9:     0x58192f1213fd - __rustc[ea4f61d10b84890b]::rust_begin_unwind
[INFO] [stdout]   10:     0x58192f15a3fc - core[a373ad73a504971]::panicking::panic_fmt
[INFO] [stdout]   11:     0x58192f15a1d2 - core[a373ad73a504971]::result::unwrap_failed
[INFO] [stdout]   12:     0x58192f08e914 - competitive_programming_rs[ae95824273be0ebd]::utils::test_helper::read_from_directory
[INFO] [stdout]   13:     0x58192f0a5e9c - <competitive_programming_rs[ae95824273be0ebd]::graph::bridge_detection::tests::solve_grl_3_a::{closure#0} as core[a373ad73a504971]::ops::function::FnOnce<()>>::call_once
[INFO] [stdout]   14:     0x58192f0c948b - test[aada8e7e76ba119b]::__rust_begin_short_backtrace::<core[a373ad73a504971]::result::Result<(), alloc[2e1b2a31b91974c5]::string::String>, fn() -> core[a373ad73a504971]::result::Result<(), alloc[2e1b2a31b91974c5]::string::String>>
[INFO] [stdout]   15:     0x58192f0d6665 - test[aada8e7e76ba119b]::run_test::{closure#0}
[INFO] [stdout]   16:     0x58192f0cff54 - std[617be2ca0a6fd877]::sys::backtrace::__rust_begin_short_backtrace::<test[aada8e7e76ba119b]::run_test::{closure#1}, ()>
[INFO] [stdout]   17:     0x58192f0d96f2 - <std[617be2ca0a6fd877]::thread::lifecycle::spawn_unchecked<test[aada8e7e76ba119b]::run_test::{closure#1}, ()>::{closure#1} as core[a373ad73a504971]::ops::function::FnOnce<()>>::call_once::{shim:vtable#0}
[INFO] [stdout]   18:     0x58192f143f9f - <std[617be2ca0a6fd877]::sys::thread::unix::Thread>::new::thread_start
[INFO] [stdout]   19:     0x78ad8085ddfa - <unknown>
[INFO] [stdout]   20:     0x78ad808f13d4 - clone
[INFO] [stdout]   21:                0x0 - <unknown>
[INFO] [stdout] 
[INFO] [stdout] ---- graph::cost_scaling_push_relabel::tests::solve_grl_6_b stdout ----
[INFO] [stdout] 
[INFO] [stdout] thread 'graph::cost_scaling_push_relabel::tests::solve_grl_6_b' (342) panicked at src/utils/test_helper.rs:68:10:
[INFO] [stdout] called `Result::unwrap()` on an `Err` value: Os { code: 2, kind: NotFound, message: "No such file or directory" }
[INFO] [stdout] stack backtrace:
[INFO] [stdout]    0:     0x58192f144741 - <<std[617be2ca0a6fd877]::sys::backtrace::BacktraceLock>::print::DisplayBacktrace as core[a373ad73a504971]::fmt::Display>::fmt
[INFO] [stdout]    1:     0x58192f159c9a - core[a373ad73a504971]::fmt::write
[INFO] [stdout]    2:     0x58192f148cfc - <alloc[2e1b2a31b91974c5]::vec::Vec<u8> as core[a373ad73a504971]::io::write::Write>::write_fmt
[INFO] [stdout]    3:     0x58192f120746 - std[617be2ca0a6fd877]::panicking::default_hook::{closure#0}
[INFO] [stdout]    4:     0x58192f13cbc9 - std[617be2ca0a6fd877]::panicking::default_hook
[INFO] [stdout]    5:     0x58192f0d6040 - test[aada8e7e76ba119b]::test_main_inner::{closure#0}
[INFO] [stdout]    6:     0x58192f13cd82 - std[617be2ca0a6fd877]::panicking::panic_with_hook
[INFO] [stdout]    7:     0x58192f1207f2 - std[617be2ca0a6fd877]::panicking::panic_handler::{closure#0}
[INFO] [stdout]    8:     0x58192f119439 - std[617be2ca0a6fd877]::sys::backtrace::__rust_end_short_backtrace::<std[617be2ca0a6fd877]::panicking::panic_handler::{closure#0}, !>
[INFO] [stdout]    9:     0x58192f1213fd - __rustc[ea4f61d10b84890b]::rust_begin_unwind
[INFO] [stdout]   10:     0x58192f15a3fc - core[a373ad73a504971]::panicking::panic_fmt
[INFO] [stdout]   11:     0x58192f15a1d2 - core[a373ad73a504971]::result::unwrap_failed
[INFO] [stdout]   12:     0x58192f08e914 - competitive_programming_rs[ae95824273be0ebd]::utils::test_helper::read_from_directory
[INFO] [stdout]   13:     0x58192f0a5fbc - <competitive_programming_rs[ae95824273be0ebd]::graph::cost_scaling_push_relabel::tests::solve_grl_6_b::{closure#0} as core[a373ad73a504971]::ops::function::FnOnce<()>>::call_once
[INFO] [stdout]   14:     0x58192f0c948b - test[aada8e7e76ba119b]::__rust_begin_short_backtrace::<core[a373ad73a504971]::result::Result<(), alloc[2e1b2a31b91974c5]::string::String>, fn() -> core[a373ad73a504971]::result::Result<(), alloc[2e1b2a31b91974c5]::string::String>>
[INFO] [stdout]   15:     0x58192f0d6665 - test[aada8e7e76ba119b]::run_test::{closure#0}
[INFO] [stdout]   16:     0x58192f0cff54 - std[617be2ca0a6fd877]::sys::backtrace::__rust_begin_short_backtrace::<test[aada8e7e76ba119b]::run_test::{closure#1}, ()>
[INFO] [stdout]   17:     0x58192f0d96f2 - <std[617be2ca0a6fd877]::thread::lifecycle::spawn_unchecked<test[aada8e7e76ba119b]::run_test::{closure#1}, ()>::{closure#1} as core[a373ad73a504971]::ops::function::FnOnce<()>>::call_once::{shim:vtable#0}
[INFO] [stdout]   18:     0x58192f143f9f - <std[617be2ca0a6fd877]::sys::thread::unix::Thread>::new::thread_start
[INFO] [stdout]   19:     0x78ad8085ddfa - <unknown>
[INFO] [stdout]   20:     0x78ad808f13d4 - clone
[INFO] [stdout]   21:                0x0 - <unknown>
[INFO] [stdout] 
[INFO] [stdout] ---- graph::min_cost_flow::tests::solve_grl_6_b_negative stdout ----
[INFO] [stdout] 
[INFO] [stdout] thread 'graph::min_cost_flow::tests::solve_grl_6_b_negative' (346) panicked at src/utils/test_helper.rs:68:10:
[INFO] [stdout] called `Result::unwrap()` on an `Err` value: Os { code: 2, kind: NotFound, message: "No such file or directory" }
[INFO] [stdout] stack backtrace:
[INFO] [stdout]    0:     0x58192f144741 - <<std[617be2ca0a6fd877]::sys::backtrace::BacktraceLock>::print::DisplayBacktrace as core[a373ad73a504971]::fmt::Display>::fmt
[INFO] [stdout]    1:     0x58192f159c9a - core[a373ad73a504971]::fmt::write
[INFO] [stdout]    2:     0x58192f148cfc - <alloc[2e1b2a31b91974c5]::vec::Vec<u8> as core[a373ad73a504971]::io::write::Write>::write_fmt
[INFO] [stdout]    3:     0x58192f120746 - std[617be2ca0a6fd877]::panicking::default_hook::{closure#0}
[INFO] [stdout]    4:     0x58192f13cbc9 - std[617be2ca0a6fd877]::panicking::default_hook
[INFO] [stdout]    5:     0x58192f0d6040 - test[aada8e7e76ba119b]::test_main_inner::{closure#0}
[INFO] [stdout]    6:     0x58192f13cd82 - std[617be2ca0a6fd877]::panicking::panic_with_hook
[INFO] [stdout]    7:     0x58192f1207f2 - std[617be2ca0a6fd877]::panicking::panic_handler::{closure#0}
[INFO] [stdout]    8:     0x58192f119439 - std[617be2ca0a6fd877]::sys::backtrace::__rust_end_short_backtrace::<std[617be2ca0a6fd877]::panicking::panic_handler::{closure#0}, !>
[INFO] [stdout]    9:     0x58192f1213fd - __rustc[ea4f61d10b84890b]::rust_begin_unwind
[INFO] [stdout]   10:     0x58192f15a3fc - core[a373ad73a504971]::panicking::panic_fmt
[INFO] [stdout]   11:     0x58192f15a1d2 - core[a373ad73a504971]::result::unwrap_failed
[INFO] [stdout]   12:     0x58192f08e914 - competitive_programming_rs[ae95824273be0ebd]::utils::test_helper::read_from_directory
[INFO] [stdout]   13:     0x58192f0a5d7c - <competitive_programming_rs[ae95824273be0ebd]::graph::min_cost_flow::tests::solve_grl_6_b_negative::{closure#0} as core[a373ad73a504971]::ops::function::FnOnce<()>>::call_once
[INFO] [stdout]   14:     0x58192f0c948b - test[aada8e7e76ba119b]::__rust_begin_short_backtrace::<core[a373ad73a504971]::result::Result<(), alloc[2e1b2a31b91974c5]::string::String>, fn() -> core[a373ad73a504971]::result::Result<(), alloc[2e1b2a31b91974c5]::string::String>>
[INFO] [stdout]   15:     0x58192f0d6665 - test[aada8e7e76ba119b]::run_test::{closure#0}
[INFO] [stdout]   16:     0x58192f0cff54 - std[617be2ca0a6fd877]::sys::backtrace::__rust_begin_short_backtrace::<test[aada8e7e76ba119b]::run_test::{closure#1}, ()>
[INFO] [stdout]   17:     0x58192f0d96f2 - <std[617be2ca0a6fd877]::thread::lifecycle::spawn_unchecked<test[aada8e7e76ba119b]::run_test::{closure#1}, ()>::{closure#1} as core[a373ad73a504971]::ops::function::FnOnce<()>>::call_once::{shim:vtable#0}
[INFO] [stdout]   18:     0x58192f143f9f - <std[617be2ca0a6fd877]::sys::thread::unix::Thread>::new::thread_start
[INFO] [stdout]   19:     0x78ad8085ddfa - <unknown>
[INFO] [stdout]   20:     0x78ad808f13d4 - clone
[INFO] [stdout]   21:                0x0 - <unknown>
[INFO] [stdout] 
[INFO] [stdout] ---- geometry::minimum_bounding_circle::tests::solve_aoj2423 stdout ----
[INFO] [stdout] 
[INFO] [stdout] thread 'geometry::minimum_bounding_circle::tests::solve_aoj2423' (338) panicked at src/utils/test_helper.rs:68:10:
[INFO] [stdout] called `Result::unwrap()` on an `Err` value: Os { code: 2, kind: NotFound, message: "No such file or directory" }
[INFO] [stdout] stack backtrace:
[INFO] [stdout]    0:     0x58192f144741 - <<std[617be2ca0a6fd877]::sys::backtrace::BacktraceLock>::print::DisplayBacktrace as core[a373ad73a504971]::fmt::Display>::fmt
[INFO] [stdout]    1:     0x58192f159c9a - core[a373ad73a504971]::fmt::write
[INFO] [stdout]    2:     0x58192f148cfc - <alloc[2e1b2a31b91974c5]::vec::Vec<u8> as core[a373ad73a504971]::io::write::Write>::write_fmt
[INFO] [stdout]    3:     0x58192f120746 - std[617be2ca0a6fd877]::panicking::default_hook::{closure#0}
[INFO] [stdout]    4:     0x58192f13cbc9 - std[617be2ca0a6fd877]::panicking::default_hook
[INFO] [stdout]    5:     0x58192f0d6040 - test[aada8e7e76ba119b]::test_main_inner::{closure#0}
[INFO] [stdout]    6:     0x58192f13cd82 - std[617be2ca0a6fd877]::panicking::panic_with_hook
[INFO] [stdout]    7:     0x58192f1207f2 - std[617be2ca0a6fd877]::panicking::panic_handler::{closure#0}
[INFO] [stdout]    8:     0x58192f119439 - std[617be2ca0a6fd877]::sys::backtrace::__rust_end_short_backtrace::<std[617be2ca0a6fd877]::panicking::panic_handler::{closure#0}, !>
[INFO] [stdout]    9:     0x58192f1213fd - __rustc[ea4f61d10b84890b]::rust_begin_unwind
[INFO] [stdout]   10:     0x58192f15a3fc - core[a373ad73a504971]::panicking::panic_fmt
[INFO] [stdout]   11:     0x58192f15a1d2 - core[a373ad73a504971]::result::unwrap_failed
[INFO] [stdout]   12:     0x58192f08e914 - competitive_programming_rs[ae95824273be0ebd]::utils::test_helper::read_from_directory
[INFO] [stdout]   13:     0x58192f0a6b2c - <competitive_programming_rs[ae95824273be0ebd]::geometry::minimum_bounding_circle::tests::solve_aoj2423::{closure#0} as core[a373ad73a504971]::ops::function::FnOnce<()>>::call_once
[INFO] [stdout]   14:     0x58192f0c948b - test[aada8e7e76ba119b]::__rust_begin_short_backtrace::<core[a373ad73a504971]::result::Result<(), alloc[2e1b2a31b91974c5]::string::String>, fn() -> core[a373ad73a504971]::result::Result<(), alloc[2e1b2a31b91974c5]::string::String>>
[INFO] [stdout]   15:     0x58192f0d6665 - test[aada8e7e76ba119b]::run_test::{closure#0}
[INFO] [stdout]   16:     0x58192f0cff54 - std[617be2ca0a6fd877]::sys::backtrace::__rust_begin_short_backtrace::<test[aada8e7e76ba119b]::run_test::{closure#1}, ()>
[INFO] [stdout]   17:     0x58192f0d96f2 - <std[617be2ca0a6fd877]::thread::lifecycle::spawn_unchecked<test[aada8e7e76ba119b]::run_test::{closure#1}, ()>::{closure#1} as core[a373ad73a504971]::ops::function::FnOnce<()>>::call_once::{shim:vtable#0}
[INFO] [stdout]   18:     0x58192f143f9f - <std[617be2ca0a6fd877]::sys::thread::unix::Thread>::new::thread_start
[INFO] [stdout]   19:     0x78ad8085ddfa - <unknown>
[INFO] [stdout]   20:     0x78ad808f13d4 - clone
[INFO] [stdout]   21:                0x0 - <unknown>
[INFO] [stdout] 
[INFO] [stdout] ---- geometry::convex_hull::test::solve_cgl_4_a stdout ----
[INFO] [stdout] 
[INFO] [stdout] thread 'geometry::convex_hull::test::solve_cgl_4_a' (337) panicked at src/utils/test_helper.rs:68:10:
[INFO] [stdout] called `Result::unwrap()` on an `Err` value: Os { code: 2, kind: NotFound, message: "No such file or directory" }
[INFO] [stdout] stack backtrace:
[INFO] [stdout]    0:     0x58192f144741 - <<std[617be2ca0a6fd877]::sys::backtrace::BacktraceLock>::print::DisplayBacktrace as core[a373ad73a504971]::fmt::Display>::fmt
[INFO] [stdout]    1:     0x58192f159c9a - core[a373ad73a504971]::fmt::write
[INFO] [stdout]    2:     0x58192f148cfc - <alloc[2e1b2a31b91974c5]::vec::Vec<u8> as core[a373ad73a504971]::io::write::Write>::write_fmt
[INFO] [stdout]    3:     0x58192f120746 - std[617be2ca0a6fd877]::panicking::default_hook::{closure#0}
[INFO] [stdout]    4:     0x58192f13cbc9 - std[617be2ca0a6fd877]::panicking::default_hook
[INFO] [stdout]    5:     0x58192f0d6040 - test[aada8e7e76ba119b]::test_main_inner::{closure#0}
[INFO] [stdout]    6:     0x58192f13cd82 - std[617be2ca0a6fd877]::panicking::panic_with_hook
[INFO] [stdout]    7:     0x58192f1207f2 - std[617be2ca0a6fd877]::panicking::panic_handler::{closure#0}
[INFO] [stdout]    8:     0x58192f119439 - std[617be2ca0a6fd877]::sys::backtrace::__rust_end_short_backtrace::<std[617be2ca0a6fd877]::panicking::panic_handler::{closure#0}, !>
[INFO] [stdout]    9:     0x58192f1213fd - __rustc[ea4f61d10b84890b]::rust_begin_unwind
[INFO] [stdout]   10:     0x58192f15a3fc - core[a373ad73a504971]::panicking::panic_fmt
[INFO] [stdout]   11:     0x58192f15a1d2 - core[a373ad73a504971]::result::unwrap_failed
[INFO] [stdout]   12:     0x58192f08e914 - competitive_programming_rs[ae95824273be0ebd]::utils::test_helper::read_from_directory
[INFO] [stdout]   13:     0x58192f0a6a9c - <competitive_programming_rs[ae95824273be0ebd]::geometry::convex_hull::test::solve_cgl_4_a::{closure#0} as core[a373ad73a504971]::ops::function::FnOnce<()>>::call_once
[INFO] [stdout]   14:     0x58192f0c948b - test[aada8e7e76ba119b]::__rust_begin_short_backtrace::<core[a373ad73a504971]::result::Result<(), alloc[2e1b2a31b91974c5]::string::String>, fn() -> core[a373ad73a504971]::result::Result<(), alloc[2e1b2a31b91974c5]::string::String>>
[INFO] [stdout]   15:     0x58192f0d6665 - test[aada8e7e76ba119b]::run_test::{closure#0}
[INFO] [stdout]   16:     0x58192f0cff54 - std[617be2ca0a6fd877]::sys::backtrace::__rust_begin_short_backtrace::<test[aada8e7e76ba119b]::run_test::{closure#1}, ()>
[INFO] [stdout]   17:     0x58192f0d96f2 - <std[617be2ca0a6fd877]::thread::lifecycle::spawn_unchecked<test[aada8e7e76ba119b]::run_test::{closure#1}, ()>::{closure#1} as core[a373ad73a504971]::ops::function::FnOnce<()>>::call_once::{shim:vtable#0}
[INFO] [stdout]   18:     0x58192f143f9f - <std[617be2ca0a6fd877]::sys::thread::unix::Thread>::new::thread_start
[INFO] [stdout]   19:     0x78ad8085ddfa - <unknown>
[INFO] [stdout]   20:     0x78ad808f13d4 - clone
[INFO] [stdout]   21:                0x0 - <unknown>
[INFO] [stdout] 
[INFO] [stdout] ---- graph::strongly_connected_components::tests::solve_grl_3_c stdout ----
[INFO] [stdout] 
[INFO] [stdout] thread 'graph::strongly_connected_components::tests::solve_grl_3_c' (349) panicked at src/utils/test_helper.rs:68:10:
[INFO] [stdout] called `Result::unwrap()` on an `Err` value: Os { code: 2, kind: NotFound, message: "No such file or directory" }
[INFO] [stdout] stack backtrace:
[INFO] [stdout]    0:     0x58192f144741 - <<std[617be2ca0a6fd877]::sys::backtrace::BacktraceLock>::print::DisplayBacktrace as core[a373ad73a504971]::fmt::Display>::fmt
[INFO] [stdout]    1:     0x58192f159c9a - core[a373ad73a504971]::fmt::write
[INFO] [stdout]    2:     0x58192f148cfc - <alloc[2e1b2a31b91974c5]::vec::Vec<u8> as core[a373ad73a504971]::io::write::Write>::write_fmt
[INFO] [stdout]    3:     0x58192f120746 - std[617be2ca0a6fd877]::panicking::default_hook::{closure#0}
[INFO] [stdout]    4:     0x58192f13cbc9 - std[617be2ca0a6fd877]::panicking::default_hook
[INFO] [stdout]    5:     0x58192f0d6040 - test[aada8e7e76ba119b]::test_main_inner::{closure#0}
[INFO] [stdout]    6:     0x58192f13cd82 - std[617be2ca0a6fd877]::panicking::panic_with_hook
[INFO] [stdout]    7:     0x58192f1207f2 - std[617be2ca0a6fd877]::panicking::panic_handler::{closure#0}
[INFO] [stdout]    8:     0x58192f119439 - std[617be2ca0a6fd877]::sys::backtrace::__rust_end_short_backtrace::<std[617be2ca0a6fd877]::panicking::panic_handler::{closure#0}, !>
[INFO] [stdout]    9:     0x58192f1213fd - __rustc[ea4f61d10b84890b]::rust_begin_unwind
[INFO] [stdout]   10:     0x58192f15a3fc - core[a373ad73a504971]::panicking::panic_fmt
[INFO] [stdout]   11:     0x58192f15a1d2 - core[a373ad73a504971]::result::unwrap_failed
[INFO] [stdout]   12:     0x58192f08e914 - competitive_programming_rs[ae95824273be0ebd]::utils::test_helper::read_from_directory
[INFO] [stdout]   13:     0x58192f0a604c - <competitive_programming_rs[ae95824273be0ebd]::graph::strongly_connected_components::tests::solve_grl_3_c::{closure#0} as core[a373ad73a504971]::ops::function::FnOnce<()>>::call_once
[INFO] [stdout]   14:     0x58192f0c948b - test[aada8e7e76ba119b]::__rust_begin_short_backtrace::<core[a373ad73a504971]::result::Result<(), alloc[2e1b2a31b91974c5]::string::String>, fn() -> core[a373ad73a504971]::result::Result<(), alloc[2e1b2a31b91974c5]::string::String>>
[INFO] [stdout]   15:     0x58192f0d6665 - test[aada8e7e76ba119b]::run_test::{closure#0}
[INFO] [stdout]   16:     0x58192f0cff54 - std[617be2ca0a6fd877]::sys::backtrace::__rust_begin_short_backtrace::<test[aada8e7e76ba119b]::run_test::{closure#1}, ()>
[INFO] [stdout]   17:     0x58192f0d96f2 - <std[617be2ca0a6fd877]::thread::lifecycle::spawn_unchecked<test[aada8e7e76ba119b]::run_test::{closure#1}, ()>::{closure#1} as core[a373ad73a504971]::ops::function::FnOnce<()>>::call_once::{shim:vtable#0}
[INFO] [stdout]   18:     0x58192f143f9f - <std[617be2ca0a6fd877]::sys::thread::unix::Thread>::new::thread_start
[INFO] [stdout]   19:     0x78ad8085ddfa - <unknown>
[INFO] [stdout]   20:     0x78ad808f13d4 - clone
[INFO] [stdout]   21:                0x0 - <unknown>
[INFO] [stdout] 
[INFO] [stdout] ---- graph::shortest_path::tests::solve_grl_1_b stdout ----
[INFO] [stdout] 
[INFO] [stdout] thread 'graph::shortest_path::tests::solve_grl_1_b' (348) panicked at src/utils/test_helper.rs:68:10:
[INFO] [stdout] called `Result::unwrap()` on an `Err` value: Os { code: 2, kind: NotFound, message: "No such file or directory" }
[INFO] [stdout] stack backtrace:
[INFO] [stdout]    0:     0x58192f144741 - <<std[617be2ca0a6fd877]::sys::backtrace::BacktraceLock>::print::DisplayBacktrace as core[a373ad73a504971]::fmt::Display>::fmt
[INFO] [stdout]    1:     0x58192f159c9a - core[a373ad73a504971]::fmt::write
[INFO] [stdout]    2:     0x58192f148cfc - <alloc[2e1b2a31b91974c5]::vec::Vec<u8> as core[a373ad73a504971]::io::write::Write>::write_fmt
[INFO] [stdout]    3:     0x58192f120746 - std[617be2ca0a6fd877]::panicking::default_hook::{closure#0}
[INFO] [stdout]    4:     0x58192f13cbc9 - std[617be2ca0a6fd877]::panicking::default_hook
[INFO] [stdout]    5:     0x58192f0d6040 - test[aada8e7e76ba119b]::test_main_inner::{closure#0}
[INFO] [stdout]    6:     0x58192f13cd82 - std[617be2ca0a6fd877]::panicking::panic_with_hook
[INFO] [stdout]    7:     0x58192f1207f2 - std[617be2ca0a6fd877]::panicking::panic_handler::{closure#0}
[INFO] [stdout]    8:     0x58192f119439 - std[617be2ca0a6fd877]::sys::backtrace::__rust_end_short_backtrace::<std[617be2ca0a6fd877]::panicking::panic_handler::{closure#0}, !>
[INFO] [stdout]    9:     0x58192f1213fd - __rustc[ea4f61d10b84890b]::rust_begin_unwind
[INFO] [stdout]   10:     0x58192f15a3fc - core[a373ad73a504971]::panicking::panic_fmt
[INFO] [stdout]   11:     0x58192f15a1d2 - core[a373ad73a504971]::result::unwrap_failed
[INFO] [stdout]   12:     0x58192f08e914 - competitive_programming_rs[ae95824273be0ebd]::utils::test_helper::read_from_directory
[INFO] [stdout]   13:     0x58192f0a5e0c - <competitive_programming_rs[ae95824273be0ebd]::graph::shortest_path::tests::solve_grl_1_b::{closure#0} as core[a373ad73a504971]::ops::function::FnOnce<()>>::call_once
[INFO] [stdout]   14:     0x58192f0c948b - test[aada8e7e76ba119b]::__rust_begin_short_backtrace::<core[a373ad73a504971]::result::Result<(), alloc[2e1b2a31b91974c5]::string::String>, fn() -> core[a373ad73a504971]::result::Result<(), alloc[2e1b2a31b91974c5]::string::String>>
[INFO] [stdout]   15:     0x58192f0d6665 - test[aada8e7e76ba119b]::run_test::{closure#0}
[INFO] [stdout]   16:     0x58192f0cff54 - std[617be2ca0a6fd877]::sys::backtrace::__rust_begin_short_backtrace::<test[aada8e7e76ba119b]::run_test::{closure#1}, ()>
[INFO] [stdout]   17:     0x58192f0d96f2 - <std[617be2ca0a6fd877]::thread::lifecycle::spawn_unchecked<test[aada8e7e76ba119b]::run_test::{closure#1}, ()>::{closure#1} as core[a373ad73a504971]::ops::function::FnOnce<()>>::call_once::{shim:vtable#0}
[INFO] [stdout]   18:     0x58192f143f9f - <std[617be2ca0a6fd877]::sys::thread::unix::Thread>::new::thread_start
[INFO] [stdout]   19:     0x78ad8085ddfa - <unknown>
[INFO] [stdout]   20:     0x78ad808f13d4 - clone
[INFO] [stdout]   21:                0x0 - <unknown>
[INFO] [stdout] 
[INFO] [stdout] ---- math::max_rectangle::test::solve_dpl_3_b stdout ----
[INFO] [stdout] 
[INFO] [stdout] thread 'math::max_rectangle::test::solve_dpl_3_b' (361) panicked at src/utils/test_helper.rs:68:10:
[INFO] [stdout] called `Result::unwrap()` on an `Err` value: Os { code: 2, kind: NotFound, message: "No such file or directory" }
[INFO] [stdout] stack backtrace:
[INFO] [stdout]    0:     0x58192f144741 - <<std[617be2ca0a6fd877]::sys::backtrace::BacktraceLock>::print::DisplayBacktrace as core[a373ad73a504971]::fmt::Display>::fmt
[INFO] [stdout]    1:     0x58192f159c9a - core[a373ad73a504971]::fmt::write
[INFO] [stdout]    2:     0x58192f148cfc - <alloc[2e1b2a31b91974c5]::vec::Vec<u8> as core[a373ad73a504971]::io::write::Write>::write_fmt
[INFO] [stdout]    3:     0x58192f120746 - std[617be2ca0a6fd877]::panicking::default_hook::{closure#0}
[INFO] [stdout]    4:     0x58192f13cbc9 - std[617be2ca0a6fd877]::panicking::default_hook
[INFO] [stdout]    5:     0x58192f0d6040 - test[aada8e7e76ba119b]::test_main_inner::{closure#0}
[INFO] [stdout]    6:     0x58192f13cd82 - std[617be2ca0a6fd877]::panicking::panic_with_hook
[INFO] [stdout]    7:     0x58192f1207f2 - std[617be2ca0a6fd877]::panicking::panic_handler::{closure#0}
[INFO] [stdout]    8:     0x58192f119439 - std[617be2ca0a6fd877]::sys::backtrace::__rust_end_short_backtrace::<std[617be2ca0a6fd877]::panicking::panic_handler::{closure#0}, !>
[INFO] [stdout]    9:     0x58192f1213fd - __rustc[ea4f61d10b84890b]::rust_begin_unwind
[INFO] [stdout]   10:     0x58192f15a3fc - core[a373ad73a504971]::panicking::panic_fmt
[INFO] [stdout]   11:     0x58192f15a1d2 - core[a373ad73a504971]::result::unwrap_failed
[INFO] [stdout]   12:     0x58192f08e914 - competitive_programming_rs[ae95824273be0ebd]::utils::test_helper::read_from_directory
[INFO] [stdout]   13:     0x58192f0a503c - <competitive_programming_rs[ae95824273be0ebd]::math::max_rectangle::test::solve_dpl_3_b::{closure#0} as core[a373ad73a504971]::ops::function::FnOnce<()>>::call_once
[INFO] [stdout]   14:     0x58192f0c948b - test[aada8e7e76ba119b]::__rust_begin_short_backtrace::<core[a373ad73a504971]::result::Result<(), alloc[2e1b2a31b91974c5]::string::String>, fn() -> core[a373ad73a504971]::result::Result<(), alloc[2e1b2a31b91974c5]::string::String>>
[INFO] [stdout]   15:     0x58192f0d6665 - test[aada8e7e76ba119b]::run_test::{closure#0}
[INFO] [stdout]   16:     0x58192f0cff54 - std[617be2ca0a6fd877]::sys::backtrace::__rust_begin_short_backtrace::<test[aada8e7e76ba119b]::run_test::{closure#1}, ()>
[INFO] [stdout]   17:     0x58192f0d96f2 - <std[617be2ca0a6fd877]::thread::lifecycle::spawn_unchecked<test[aada8e7e76ba119b]::run_test::{closure#1}, ()>::{closure#1} as core[a373ad73a504971]::ops::function::FnOnce<()>>::call_once::{shim:vtable#0}
[INFO] [stdout]   18:     0x58192f143f9f - <std[617be2ca0a6fd877]::sys::thread::unix::Thread>::new::thread_start
[INFO] [stdout]   19:     0x78ad8085ddfa - <unknown>
[INFO] [stdout]   20:     0x78ad808f13d4 - clone
[INFO] [stdout]   21:                0x0 - <unknown>
[INFO] [stdout] 
[INFO] [stdout] 
[INFO] [stdout] failures:
[INFO] [stdout]     data_structure::suffix_array::test::jag2014summer_day4_f
[INFO] [stdout]     data_structure::union_find::test::solve_dsl_1_a
[INFO] [stdout]     geometry::circle::tests::solve_cgl_7_e
[INFO] [stdout]     geometry::convex_hull::test::solve_cgl_4_a
[INFO] [stdout]     geometry::minimum_bounding_circle::tests::solve_aoj2423
[INFO] [stdout]     geometry::tests::solve_cgl_2_c
[INFO] [stdout]     graph::bridge_detection::tests::solve_grl_3_a
[INFO] [stdout]     graph::bridge_detection::tests::solve_grl_3_b
[INFO] [stdout]     graph::cost_scaling_push_relabel::tests::solve_grl_6_b
[INFO] [stdout]     graph::lca::tests::solve_grl_5_c
[INFO] [stdout]     graph::maximum_flow::tests::solve_grl_6_a
[INFO] [stdout]     graph::min_cost_flow::tests::solve_grl_6_b
[INFO] [stdout]     graph::min_cost_flow::tests::solve_grl_6_b_negative
[INFO] [stdout]     graph::shortest_path::tests::solve_grl_1_b
[INFO] [stdout]     graph::strongly_connected_components::tests::solve_grl_3_c
[INFO] [stdout]     math::max_rectangle::test::solve_dpl_3_b
[INFO] [stdout] 
[INFO] [stdout] test result: FAILED. 50 passed; 16 failed; 0 ignored; 0 measured; 0 filtered out; finished in 9.16s
[INFO] [stdout] 
[INFO] [stderr] error: test failed, to rerun pass `--lib`
[INFO] running `Command { std: "docker" "inspect" "925da763bf384cca937dd57a7acce3ec11041350ada9acc86530c59ceb67c6ac", kill_on_drop: false }`
[INFO] running `Command { std: "docker" "rm" "-f" "925da763bf384cca937dd57a7acce3ec11041350ada9acc86530c59ceb67c6ac", kill_on_drop: false }`
[INFO] [stdout] 925da763bf384cca937dd57a7acce3ec11041350ada9acc86530c59ceb67c6ac
