[INFO] fetching crate compare-json 0.1.0...
[INFO] testing compare-json-0.1.0 against 1.100.0-beta.1+cargoflags=--release for beta-release-1.100-2
[INFO] extracting crate compare-json 0.1.0 into /workspace/builds/worker-2-tc2/source
[INFO] started tweaking crates.io crate compare-json 0.1.0
[INFO] removed 0 missing examples
[INFO] removed 0 missing tests
[INFO] finished tweaking crates.io crate compare-json 0.1.0
[INFO] tweaked toml for crates.io crate compare-json 0.1.0 written to /workspace/builds/worker-2-tc2/source/Cargo.toml
[INFO] validating manifest of crates.io crate compare-json 0.1.0 on toolchain 1.100.0-beta.1
[INFO] running `Command { std: CARGO_HOME="/workspace/cargo-home" RUSTUP_HOME="/workspace/rustup-home" "/workspace/cargo-home/bin/cargo" "+1.100.0-beta.1" "metadata" "--manifest-path" "Cargo.toml" "--no-deps", kill_on_drop: false }`
[INFO] crate crates.io crate compare-json 0.1.0 already has a lockfile, it will not be regenerated
[INFO] running `Command { std: CARGO_HOME="/workspace/cargo-home" RUSTUP_HOME="/workspace/rustup-home" "/workspace/cargo-home/bin/cargo" "+1.100.0-beta.1" "fetch" "--manifest-path" "Cargo.toml", kill_on_drop: false }`
[INFO] [stderr] warning: `package.homepage` is redundant with `package.repository`
[INFO] [stderr]   --> Cargo.toml:39:12
[INFO] [stderr]    |
[INFO] [stderr] 39 | homepage = "https://github.com/unitstack/compare-json-rust"
[INFO] [stderr]    |            ^^^^^^^^^^^^^^^^^^^^^^^^^^^^^^^^^^^^^^^^^^^^^^^^
[INFO] [stderr] ...
[INFO] [stderr] 44 | repository = "https://github.com/unitstack/compare-json-rust"
[INFO] [stderr]    |              ------------------------------------------------
[INFO] [stderr]    |
[INFO] [stderr]    = note: `cargo::redundant_homepage` is set to `warn` by default
[INFO] [stderr] help: consider removing `package.homepage`
[INFO] [stderr] warning: `compare-json` (manifest) generated 1 warning
[INFO] running `Command { std: "docker" "create" "-v" "/var/lib/crater-agent-workspace/builds/worker-2-tc2/source:/opt/rustwide/workdir:ro,Z" "-v" "/var/lib/crater-agent-workspace/builds/worker-2-tc2/target:/opt/rustwide/target:rw,Z" "-v" "/var/lib/crater-agent-workspace/cargo-home:/opt/rustwide/cargo-home:ro,Z" "-v" "/var/lib/crater-agent-workspace/rustup-home:/opt/rustwide/rustup-home:ro,Z" "-m" "1610612736" "--network" "none" "ghcr.io/rust-lang/crates-build-env/linux@sha256:77db811e55d90add9212f6832c23229e3de5f1c1f9905e8cb07319ea15df73ac" "sleep" "infinity", kill_on_drop: false }`
[INFO] [stdout] 40fd84ed58a539598d335aeb73cb512f3a3378bc84e84efff9bf5a514687c644
[INFO] running `Command { std: "docker" "start" "40fd84ed58a539598d335aeb73cb512f3a3378bc84e84efff9bf5a514687c644", kill_on_drop: false }`
[INFO] running `Command { std: "docker" "inspect" "40fd84ed58a539598d335aeb73cb512f3a3378bc84e84efff9bf5a514687c644", kill_on_drop: false }`
[INFO] running `Command { std: "docker" "exec" "-e" "SOURCE_DIR=/opt/rustwide/workdir" "-e" "CARGO_HOME=/opt/rustwide/cargo-home" "-e" "RUSTUP_HOME=/opt/rustwide/rustup-home" "-e" "CARGO_TARGET_DIR=/opt/rustwide/target" "-w" "/opt/rustwide/workdir" "--user" "0:0" "40fd84ed58a539598d335aeb73cb512f3a3378bc84e84efff9bf5a514687c644" "/opt/rustwide/cargo-home/bin/cargo" "+1.100.0-beta.1" "metadata" "--no-deps" "--format-version=1", kill_on_drop: false }`
[INFO] running `Command { std: "docker" "inspect" "40fd84ed58a539598d335aeb73cb512f3a3378bc84e84efff9bf5a514687c644", kill_on_drop: false }`
[INFO] running `Command { std: "docker" "exec" "-e" "SOURCE_DIR=/opt/rustwide/workdir" "-e" "CARGO_HOME=/opt/rustwide/cargo-home" "-e" "RUSTUP_HOME=/opt/rustwide/rustup-home" "-e" "CARGO_TARGET_DIR=/opt/rustwide/target" "-e" "CARGO_INCREMENTAL=0" "-e" "RUST_BACKTRACE=full" "-e" "RUSTFLAGS=--cap-lints=warn" "-e" "RUSTDOCFLAGS=--cap-lints=warn" "-w" "/opt/rustwide/workdir" "--user" "0:0" "40fd84ed58a539598d335aeb73cb512f3a3378bc84e84efff9bf5a514687c644" "/opt/rustwide/cargo-home/bin/cargo" "+1.100.0-beta.1" "build" "--frozen" "--message-format=json" "--release", kill_on_drop: false }`
[INFO] [stderr] warning: `package.homepage` is redundant with `package.repository`
[INFO] [stderr]   --> Cargo.toml:39:12
[INFO] [stderr]    |
[INFO] [stderr] 39 | homepage = "https://github.com/unitstack/compare-json-rust"
[INFO] [stderr]    |            ^^^^^^^^^^^^^^^^^^^^^^^^^^^^^^^^^^^^^^^^^^^^^^^^
[INFO] [stderr] ...
[INFO] [stderr] 44 | repository = "https://github.com/unitstack/compare-json-rust"
[INFO] [stderr]    |              ------------------------------------------------
[INFO] [stderr]    |
[INFO] [stderr]    = note: `cargo::redundant_homepage` is set to `warn` by default
[INFO] [stderr] help: consider removing `package.homepage`
[INFO] [stderr] warning: `compare-json` (manifest) generated 1 warning
[INFO] [stderr]    Compiling syn v2.0.117
[INFO] [stderr]    Compiling serde_json v1.0.149
[INFO] [stderr]    Compiling clap_derive v4.6.0
[INFO] [stderr]    Compiling serde_derive v1.0.228
[INFO] [stderr]    Compiling clap v4.6.0
[INFO] [stderr]    Compiling serde v1.0.228
[INFO] [stderr]    Compiling compare-json v0.1.0 (/opt/rustwide/workdir)
[INFO] [stderr]     Finished `release` profile [optimized] target(s) in 11.15s
[INFO] running `Command { std: "docker" "inspect" "40fd84ed58a539598d335aeb73cb512f3a3378bc84e84efff9bf5a514687c644", kill_on_drop: false }`
[INFO] running `Command { std: "docker" "exec" "-e" "SOURCE_DIR=/opt/rustwide/workdir" "-e" "CARGO_HOME=/opt/rustwide/cargo-home" "-e" "RUSTUP_HOME=/opt/rustwide/rustup-home" "-e" "CARGO_TARGET_DIR=/opt/rustwide/target" "-e" "CARGO_INCREMENTAL=0" "-e" "RUST_BACKTRACE=full" "-e" "RUSTFLAGS=--cap-lints=warn" "-e" "RUSTDOCFLAGS=--cap-lints=warn" "-w" "/opt/rustwide/workdir" "--user" "0:0" "40fd84ed58a539598d335aeb73cb512f3a3378bc84e84efff9bf5a514687c644" "/opt/rustwide/cargo-home/bin/cargo" "+1.100.0-beta.1" "test" "--frozen" "--no-run" "--message-format=json" "--release", kill_on_drop: false }`
[INFO] [stderr] warning: `package.homepage` is redundant with `package.repository`
[INFO] [stderr]   --> Cargo.toml:39:12
[INFO] [stderr]    |
[INFO] [stderr] 39 | homepage = "https://github.com/unitstack/compare-json-rust"
[INFO] [stderr]    |            ^^^^^^^^^^^^^^^^^^^^^^^^^^^^^^^^^^^^^^^^^^^^^^^^
[INFO] [stderr] ...
[INFO] [stderr] 44 | repository = "https://github.com/unitstack/compare-json-rust"
[INFO] [stderr]    |              ------------------------------------------------
[INFO] [stderr]    |
[INFO] [stderr]    = note: `cargo::redundant_homepage` is set to `warn` by default
[INFO] [stderr] help: consider removing `package.homepage`
[INFO] [stderr] warning: `compare-json` (manifest) generated 1 warning
[INFO] [stderr]    Compiling libc v0.2.186
[INFO] [stderr]    Compiling getrandom v0.4.2
[INFO] [stderr]    Compiling tempfile v3.27.0
[INFO] [stderr]    Compiling compare-json v0.1.0 (/opt/rustwide/workdir)
[INFO] [stderr]     Finished `release` profile [optimized] target(s) in 5.13s
[INFO] running `Command { std: "docker" "inspect" "40fd84ed58a539598d335aeb73cb512f3a3378bc84e84efff9bf5a514687c644", kill_on_drop: false }`
[INFO] running `Command { std: "docker" "exec" "-e" "SOURCE_DIR=/opt/rustwide/workdir" "-e" "CARGO_HOME=/opt/rustwide/cargo-home" "-e" "RUSTUP_HOME=/opt/rustwide/rustup-home" "-e" "CARGO_TARGET_DIR=/opt/rustwide/target" "-e" "CARGO_INCREMENTAL=0" "-e" "RUST_BACKTRACE=full" "-e" "RUSTFLAGS=--cap-lints=warn" "-e" "RUSTDOCFLAGS=--cap-lints=warn" "-w" "/opt/rustwide/workdir" "--user" "0:0" "40fd84ed58a539598d335aeb73cb512f3a3378bc84e84efff9bf5a514687c644" "/opt/rustwide/cargo-home/bin/cargo" "+1.100.0-beta.1" "test" "--frozen" "--release", kill_on_drop: false }`
[INFO] [stderr] warning: `package.homepage` is redundant with `package.repository`
[INFO] [stderr]   --> Cargo.toml:39:12
[INFO] [stderr]    |
[INFO] [stderr] 39 | homepage = "https://github.com/unitstack/compare-json-rust"
[INFO] [stderr]    |            ^^^^^^^^^^^^^^^^^^^^^^^^^^^^^^^^^^^^^^^^^^^^^^^^
[INFO] [stderr] ...
[INFO] [stderr] 44 | repository = "https://github.com/unitstack/compare-json-rust"
[INFO] [stderr]    |              ------------------------------------------------
[INFO] [stderr]    |
[INFO] [stderr]    = note: `cargo::redundant_homepage` is set to `warn` by default
[INFO] [stderr] help: consider removing `package.homepage`
[INFO] [stderr] warning: `compare-json` (manifest) generated 1 warning
[INFO] [stderr]     Finished `release` profile [optimized] target(s) in 0.07s
[INFO] [stderr]      Running unittests src/lib.rs (/opt/rustwide/target/release/build/compare-json/9bd6a2127a41cd04/out/compare_json-9bd6a2127a41cd04)
[INFO] [stdout] 
[INFO] [stdout] running 37 tests
[INFO] [stdout] test compare::tests::test_key_case_insensitive ... ok
[INFO] [stdout] test compare::tests::test_key_case_insensitive_deleted ... ok
[INFO] [stdout] test compare::tests::test_key_case_insensitive_nested ... ok
[INFO] [stdout] test compare::tests::test_lcs_shifted_arrays ... ok
[INFO] [stdout] test compare::tests::test_numeric_string_in_objects ... ok
[INFO] [stdout] test compare::tests::test_numeric_string_lcs ... ok
[INFO] [stdout] test compare::tests::test_numeric_string_negative ... ok
[INFO] [stdout] test compare::tests::test_array_value_changes ... ok
[INFO] [stdout] test compare::tests::test_nested_arrays ... ok
[INFO] [stdout] test compare::tests::test_numeric_string_non_numeric ... ok
[INFO] [stdout] test compare::tests::test_array_added_elements ... ok
[INFO] [stdout] test compare::tests::test_numeric_string_unordered ... ok
[INFO] [stdout] test compare::tests::test_same_values ... ok
[INFO] [stdout] test compare::tests::test_unordered_added_deleted ... ok
[INFO] [stdout] test compare::tests::test_object_deleted_keys ... ok
[INFO] [stdout] test compare::tests::test_object_added_keys ... ok
[INFO] [stdout] test compare::tests::test_unordered_objects ... ok
[INFO] [stdout] test compare::tests::test_lcs_identical_arrays ... ok
[INFO] [stdout] test compare::tests::test_type_changes ... ok
[INFO] [stdout] test compare::tests::test_unordered_duplicates ... ok
[INFO] [stdout] test compare::tests::test_unordered_reordered_equal ... ok
[INFO] [stdout] test compare::tests::test_value_case_insensitive_in_arrays ... ok
[INFO] [stdout] test compare::tests::test_value_changes ... ok
[INFO] [stdout] test compare::tests::test_key_case_insensitive_added ... ok
[INFO] [stdout] test compare::tests::test_lcs_objects_in_arrays ... ok
[INFO] [stdout] test compare::tests::test_value_case_insensitive ... ok
[INFO] [stdout] test utils::tests::path_segments_to_string_formats_paths ... ok
[INFO] [stdout] test compare::tests::test_value_case_insensitive_in_objects ... ok
[INFO] [stdout] test utils::tests::get_value_type_covers_all_variants ... ok
[INFO] [stdout] test compare::tests::test_lcs_no_common_elements ... ok
[INFO] [stdout] test compare::tests::test_lcs_extra_middle_element ... ok
[INFO] [stdout] test compare::tests::test_nested_object_value_changes ... ok
[INFO] [stdout] test compare::tests::test_numeric_string_equals_number ... ok
[INFO] [stdout] test compare::tests::test_numeric_string_float ... ok
[INFO] [stdout] test compare::tests::test_lcs_empty_arrays ... ok
[INFO] [stdout] test compare::tests::test_numeric_string_in_arrays ... ok
[INFO] [stdout] test compare::tests::test_array_deleted_elements ... ok
[INFO] [stdout] 
[INFO] [stdout] test result: ok. 37 passed; 0 failed; 0 ignored; 0 measured; 0 filtered out; finished in 0.01s
[INFO] [stdout] 
[INFO] [stderr]      Running unittests src/bin/cli.rs (/opt/rustwide/target/release/build/compare-json/554cb899d61d0ffb/out/compare_json-554cb899d61d0ffb)
[INFO] [stdout] 
[INFO] [stdout] running 0 tests
[INFO] [stdout] 
[INFO] [stdout] test result: ok. 0 passed; 0 failed; 0 ignored; 0 measured; 0 filtered out; finished in 0.00s
[INFO] [stdout] 
[INFO] [stderr]      Running tests/cli_e2e.rs (/opt/rustwide/target/release/build/compare-json/9c88176e23fa2238/out/cli_e2e-9c88176e23fa2238)
[INFO] [stdout] 
[INFO] [stdout] running 13 tests
[INFO] [stdout] test test_cli_output_to_file ... FAILED
[INFO] [stdout] test test_cli_json_export_with_output_file ... FAILED
[INFO] [stdout] test test_cli_compare_json_strings ... FAILED
[INFO] [stdout] test test_cli_version ... FAILED
[INFO] [stdout] test test_cli_no_differences ... FAILED
[INFO] [stdout] test test_cli_compare_json_files ... FAILED
[INFO] [stdout] test test_cli_array_compare_unordered ... FAILED
[INFO] [stdout] test test_cli_numeric_string_equals_number ... FAILED
[INFO] [stdout] test test_cli_invalid_json ... FAILED
[INFO] [stdout] test test_cli_root_level_difference ... FAILED
[INFO] [stdout] test test_cli_key_case_insensitive ... FAILED
[INFO] [stdout] test test_cli_value_case_insensitive ... FAILED
[INFO] [stdout] test test_cli_json_export ... FAILED
[INFO] [stdout] 
[INFO] [stdout] failures:
[INFO] [stdout] 
[INFO] [stdout] ---- test_cli_output_to_file stdout ----
[INFO] [stdout] 
[INFO] [stdout] thread 'test_cli_output_to_file' (535) panicked at tests/cli_e2e.rs:22:10:
[INFO] [stdout] Failed to execute: Os { code: 2, kind: NotFound, message: "No such file or directory" }
[INFO] [stdout] stack backtrace:
[INFO] [stdout]    0:     0x579dd68616b1 - <<std[617be2ca0a6fd877]::sys::backtrace::BacktraceLock>::print::DisplayBacktrace as core[a373ad73a504971]::fmt::Display>::fmt
[INFO] [stdout]    1:     0x579dd687634a - core[a373ad73a504971]::fmt::write
[INFO] [stdout]    2:     0x579dd6865b2c - <alloc[2e1b2a31b91974c5]::vec::Vec<u8> as core[a373ad73a504971]::io::write::Write>::write_fmt
[INFO] [stdout]    3:     0x579dd683c146 - std[617be2ca0a6fd877]::panicking::default_hook::{closure#0}
[INFO] [stdout]    4:     0x579dd68590e9 - std[617be2ca0a6fd877]::panicking::default_hook
[INFO] [stdout]    5:     0x579dd67f2bd0 - test[aada8e7e76ba119b]::test_main_inner::{closure#0}
[INFO] [stdout]    6:     0x579dd68592a2 - std[617be2ca0a6fd877]::panicking::panic_with_hook
[INFO] [stdout]    7:     0x579dd683c1f2 - std[617be2ca0a6fd877]::panicking::panic_handler::{closure#0}
[INFO] [stdout]    8:     0x579dd6834c59 - std[617be2ca0a6fd877]::sys::backtrace::__rust_end_short_backtrace::<std[617be2ca0a6fd877]::panicking::panic_handler::{closure#0}, !>
[INFO] [stdout]    9:     0x579dd683cdfd - __rustc[ea4f61d10b84890b]::rust_begin_unwind
[INFO] [stdout]   10:     0x579dd6876a7c - core[a373ad73a504971]::panicking::panic_fmt
[INFO] [stdout]   11:     0x579dd6876852 - core[a373ad73a504971]::result::unwrap_failed
[INFO] [stdout]   12:     0x579dd67d969b - cli_e2e[1d60f2bf57d07af]::run_cli
[INFO] [stdout]   13:     0x579dd67da6fe - <cli_e2e[1d60f2bf57d07af]::test_cli_output_to_file::{closure#0} as core[a373ad73a504971]::ops::function::FnOnce<()>>::call_once
[INFO] [stdout]   14:     0x579dd67e601b - test[aada8e7e76ba119b]::__rust_begin_short_backtrace::<core[a373ad73a504971]::result::Result<(), alloc[2e1b2a31b91974c5]::string::String>, fn() -> core[a373ad73a504971]::result::Result<(), alloc[2e1b2a31b91974c5]::string::String>>
[INFO] [stdout]   15:     0x579dd67f31f5 - test[aada8e7e76ba119b]::run_test::{closure#0}
[INFO] [stdout]   16:     0x579dd67ecae4 - std[617be2ca0a6fd877]::sys::backtrace::__rust_begin_short_backtrace::<test[aada8e7e76ba119b]::run_test::{closure#1}, ()>
[INFO] [stdout]   17:     0x579dd67f6282 - <std[617be2ca0a6fd877]::thread::lifecycle::spawn_unchecked<test[aada8e7e76ba119b]::run_test::{closure#1}, ()>::{closure#1} as core[a373ad73a504971]::ops::function::FnOnce<()>>::call_once::{shim:vtable#0}
[INFO] [stdout]   18:     0x579dd68609cf - <std[617be2ca0a6fd877]::sys::thread::unix::Thread>::new::thread_start
[INFO] [stdout]   19:     0x7f0bd3e38dfa - <unknown>
[INFO] [stdout]   20:     0x7f0bd3ecc3d4 - clone
[INFO] [stdout]   21:                0x0 - <unknown>
[INFO] [stdout] 
[INFO] [stdout] ---- test_cli_json_export_with_output_file stdout ----
[INFO] [stdout] 
[INFO] [stdout] thread 'test_cli_json_export_with_output_file' (531) panicked at tests/cli_e2e.rs:22:10:
[INFO] [stdout] Failed to execute: Os { code: 2, kind: NotFound, message: "No such file or directory" }
[INFO] [stdout] stack backtrace:
[INFO] [stdout]    0:     0x579dd68616b1 - <<std[617be2ca0a6fd877]::sys::backtrace::BacktraceLock>::print::DisplayBacktrace as core[a373ad73a504971]::fmt::Display>::fmt
[INFO] [stdout]    1:     0x579dd687634a - core[a373ad73a504971]::fmt::write
[INFO] [stdout]    2:     0x579dd6865b2c - <alloc[2e1b2a31b91974c5]::vec::Vec<u8> as core[a373ad73a504971]::io::write::Write>::write_fmt
[INFO] [stdout]    3:     0x579dd683c146 - std[617be2ca0a6fd877]::panicking::default_hook::{closure#0}
[INFO] [stdout]    4:     0x579dd68590e9 - std[617be2ca0a6fd877]::panicking::default_hook
[INFO] [stdout]    5:     0x579dd67f2bd0 - test[aada8e7e76ba119b]::test_main_inner::{closure#0}
[INFO] [stdout]    6:     0x579dd68592a2 - std[617be2ca0a6fd877]::panicking::panic_with_hook
[INFO] [stdout]    7:     0x579dd683c1f2 - std[617be2ca0a6fd877]::panicking::panic_handler::{closure#0}
[INFO] [stdout]    8:     0x579dd6834c59 - std[617be2ca0a6fd877]::sys::backtrace::__rust_end_short_backtrace::<std[617be2ca0a6fd877]::panicking::panic_handler::{closure#0}, !>
[INFO] [stdout]    9:     0x579dd683cdfd - __rustc[ea4f61d10b84890b]::rust_begin_unwind
[INFO] [stdout]   10:     0x579dd6876a7c - core[a373ad73a504971]::panicking::panic_fmt
[INFO] [stdout]   11:     0x579dd6876852 - core[a373ad73a504971]::result::unwrap_failed
[INFO] [stdout]   12:     0x579dd67d969b - cli_e2e[1d60f2bf57d07af]::run_cli
[INFO] [stdout]   13:     0x579dd67db481 - <cli_e2e[1d60f2bf57d07af]::test_cli_json_export_with_output_file::{closure#0} as core[a373ad73a504971]::ops::function::FnOnce<()>>::call_once
[INFO] [stdout]   14:     0x579dd67e601b - test[aada8e7e76ba119b]::__rust_begin_short_backtrace::<core[a373ad73a504971]::result::Result<(), alloc[2e1b2a31b91974c5]::string::String>, fn() -> core[a373ad73a504971]::result::Result<(), alloc[2e1b2a31b91974c5]::string::String>>
[INFO] [stdout]   15:     0x579dd67f31f5 - test[aada8e7e76ba119b]::run_test::{closure#0}
[INFO] [stdout]   16:     0x579dd67ecae4 - std[617be2ca0a6fd877]::sys::backtrace::__rust_begin_short_backtrace::<test[aada8e7e76ba119b]::run_test::{closure#1}, ()>
[INFO] [stdout]   17:     0x579dd67f6282 - <std[617be2ca0a6fd877]::thread::lifecycle::spawn_unchecked<test[aada8e7e76ba119b]::run_test::{closure#1}, ()>::{closure#1} as core[a373ad73a504971]::ops::function::FnOnce<()>>::call_once::{shim:vtable#0}
[INFO] [stdout]   18:     0x579dd68609cf - <std[617be2ca0a6fd877]::sys::thread::unix::Thread>::new::thread_start
[INFO] [stdout]   19:     0x7f0bd3e38dfa - <unknown>
[INFO] [stdout]   20:     0x7f0bd3ecc3d4 - clone
[INFO] [stdout]   21:                0x0 - <unknown>
[INFO] [stdout] 
[INFO] [stdout] ---- test_cli_compare_json_strings stdout ----
[INFO] [stdout] 
[INFO] [stdout] thread 'test_cli_compare_json_strings' (528) panicked at tests/cli_e2e.rs:22:10:
[INFO] [stdout] Failed to execute: Os { code: 2, kind: NotFound, message: "No such file or directory" }
[INFO] [stdout] stack backtrace:
[INFO] [stdout]    0:     0x579dd68616b1 - <<std[617be2ca0a6fd877]::sys::backtrace::BacktraceLock>::print::DisplayBacktrace as core[a373ad73a504971]::fmt::Display>::fmt
[INFO] [stdout]    1:     0x579dd687634a - core[a373ad73a504971]::fmt::write
[INFO] [stdout]    2:     0x579dd6865b2c - <alloc[2e1b2a31b91974c5]::vec::Vec<u8> as core[a373ad73a504971]::io::write::Write>::write_fmt
[INFO] [stdout]    3:     0x579dd683c146 - std[617be2ca0a6fd877]::panicking::default_hook::{closure#0}
[INFO] [stdout]    4:     0x579dd68590e9 - std[617be2ca0a6fd877]::panicking::default_hook
[INFO] [stdout]    5:     0x579dd67f2bd0 - test[aada8e7e76ba119b]::test_main_inner::{closure#0}
[INFO] [stdout]    6:     0x579dd68592a2 - std[617be2ca0a6fd877]::panicking::panic_with_hook
[INFO] [stdout]    7:     0x579dd683c1f2 - std[617be2ca0a6fd877]::panicking::panic_handler::{closure#0}
[INFO] [stdout]    8:     0x579dd6834c59 - std[617be2ca0a6fd877]::sys::backtrace::__rust_end_short_backtrace::<std[617be2ca0a6fd877]::panicking::panic_handler::{closure#0}, !>
[INFO] [stdout]    9:     0x579dd683cdfd - __rustc[ea4f61d10b84890b]::rust_begin_unwind
[INFO] [stdout]   10:     0x579dd6876a7c - core[a373ad73a504971]::panicking::panic_fmt
[INFO] [stdout]   11:     0x579dd6876852 - core[a373ad73a504971]::result::unwrap_failed
[INFO] [stdout]   12:     0x579dd67d969b - cli_e2e[1d60f2bf57d07af]::run_cli
[INFO] [stdout]   13:     0x579dd67dae45 - <cli_e2e[1d60f2bf57d07af]::test_cli_compare_json_strings::{closure#0} as core[a373ad73a504971]::ops::function::FnOnce<()>>::call_once
[INFO] [stdout]   14:     0x579dd67e601b - test[aada8e7e76ba119b]::__rust_begin_short_backtrace::<core[a373ad73a504971]::result::Result<(), alloc[2e1b2a31b91974c5]::string::String>, fn() -> core[a373ad73a504971]::result::Result<(), alloc[2e1b2a31b91974c5]::string::String>>
[INFO] [stdout]   15:     0x579dd67f31f5 - test[aada8e7e76ba119b]::run_test::{closure#0}
[INFO] [stdout]   16:     0x579dd67ecae4 - std[617be2ca0a6fd877]::sys::backtrace::__rust_begin_short_backtrace::<test[aada8e7e76ba119b]::run_test::{closure#1}, ()>
[INFO] [stdout]   17:     0x579dd67f6282 - <std[617be2ca0a6fd877]::thread::lifecycle::spawn_unchecked<test[aada8e7e76ba119b]::run_test::{closure#1}, ()>::{closure#1} as core[a373ad73a504971]::ops::function::FnOnce<()>>::call_once::{shim:vtable#0}
[INFO] [stdout]   18:     0x579dd68609cf - <std[617be2ca0a6fd877]::sys::thread::unix::Thread>::new::thread_start
[INFO] [stdout]   19:     0x7f0bd3e38dfa - <unknown>
[INFO] [stdout]   20:     0x7f0bd3ecc3d4 - clone
[INFO] [stdout]   21:                0x0 - <unknown>
[INFO] [stdout] 
[INFO] [stdout] ---- test_cli_version stdout ----
[INFO] [stdout] 
[INFO] [stdout] thread 'test_cli_version' (538) panicked at tests/cli_e2e.rs:22:10:
[INFO] [stdout] Failed to execute: Os { code: 2, kind: NotFound, message: "No such file or directory" }
[INFO] [stdout] stack backtrace:
[INFO] [stdout]    0:     0x579dd68616b1 - <<std[617be2ca0a6fd877]::sys::backtrace::BacktraceLock>::print::DisplayBacktrace as core[a373ad73a504971]::fmt::Display>::fmt
[INFO] [stdout]    1:     0x579dd687634a - core[a373ad73a504971]::fmt::write
[INFO] [stdout]    2:     0x579dd6865b2c - <alloc[2e1b2a31b91974c5]::vec::Vec<u8> as core[a373ad73a504971]::io::write::Write>::write_fmt
[INFO] [stdout]    3:     0x579dd683c146 - std[617be2ca0a6fd877]::panicking::default_hook::{closure#0}
[INFO] [stdout]    4:     0x579dd68590e9 - std[617be2ca0a6fd877]::panicking::default_hook
[INFO] [stdout]    5:     0x579dd67f2bd0 - test[aada8e7e76ba119b]::test_main_inner::{closure#0}
[INFO] [stdout]    6:     0x579dd68592a2 - std[617be2ca0a6fd877]::panicking::panic_with_hook
[INFO] [stdout]    7:     0x579dd683c1f2 - std[617be2ca0a6fd877]::panicking::panic_handler::{closure#0}
[INFO] [stdout]    8:     0x579dd6834c59 - std[617be2ca0a6fd877]::sys::backtrace::__rust_end_short_backtrace::<std[617be2ca0a6fd877]::panicking::panic_handler::{closure#0}, !>
[INFO] [stdout]    9:     0x579dd683cdfd - __rustc[ea4f61d10b84890b]::rust_begin_unwind
[INFO] [stdout]   10:     0x579dd6876a7c - core[a373ad73a504971]::panicking::panic_fmt
[INFO] [stdout]   11:     0x579dd6876852 - core[a373ad73a504971]::result::unwrap_failed
[INFO] [stdout]   12:     0x579dd67d969b - cli_e2e[1d60f2bf57d07af]::run_cli
[INFO] [stdout]   13:     0x579dd67da115 - <cli_e2e[1d60f2bf57d07af]::test_cli_version::{closure#0} as core[a373ad73a504971]::ops::function::FnOnce<()>>::call_once
[INFO] [stdout]   14:     0x579dd67e601b - test[aada8e7e76ba119b]::__rust_begin_short_backtrace::<core[a373ad73a504971]::result::Result<(), alloc[2e1b2a31b91974c5]::string::String>, fn() -> core[a373ad73a504971]::result::Result<(), alloc[2e1b2a31b91974c5]::string::String>>
[INFO] [stdout]   15:     0x579dd67f31f5 - test[aada8e7e76ba119b]::run_test::{closure#0}
[INFO] [stdout]   16:     0x579dd67ecae4 - std[617be2ca0a6fd877]::sys::backtrace::__rust_begin_short_backtrace::<test[aada8e7e76ba119b]::run_test::{closure#1}, ()>
[INFO] [stdout]   17:     0x579dd67f6282 - <std[617be2ca0a6fd877]::thread::lifecycle::spawn_unchecked<test[aada8e7e76ba119b]::run_test::{closure#1}, ()>::{closure#1} as core[a373ad73a504971]::ops::function::FnOnce<()>>::call_once::{shim:vtable#0}
[INFO] [stdout]   18:     0x579dd68609cf - <std[617be2ca0a6fd877]::sys::thread::unix::Thread>::new::thread_start
[INFO] [stdout]   19:     0x7f0bd3e38dfa - <unknown>
[INFO] [stdout]   20:     0x7f0bd3ecc3d4 - clone
[INFO] [stdout]   21:                0x0 - <unknown>
[INFO] [stdout] 
[INFO] [stdout] ---- test_cli_no_differences stdout ----
[INFO] [stdout] 
[INFO] [stdout] thread 'test_cli_no_differences' (533) panicked at tests/cli_e2e.rs:22:10:
[INFO] [stdout] Failed to execute: Os { code: 2, kind: NotFound, message: "No such file or directory" }
[INFO] [stdout] stack backtrace:
[INFO] [stdout]    0:     0x579dd68616b1 - <<std[617be2ca0a6fd877]::sys::backtrace::BacktraceLock>::print::DisplayBacktrace as core[a373ad73a504971]::fmt::Display>::fmt
[INFO] [stdout]    1:     0x579dd687634a - core[a373ad73a504971]::fmt::write
[INFO] [stdout]    2:     0x579dd6865b2c - <alloc[2e1b2a31b91974c5]::vec::Vec<u8> as core[a373ad73a504971]::io::write::Write>::write_fmt
[INFO] [stdout]    3:     0x579dd683c146 - std[617be2ca0a6fd877]::panicking::default_hook::{closure#0}
[INFO] [stdout]    4:     0x579dd68590e9 - std[617be2ca0a6fd877]::panicking::default_hook
[INFO] [stdout]    5:     0x579dd67f2bd0 - test[aada8e7e76ba119b]::test_main_inner::{closure#0}
[INFO] [stdout]    6:     0x579dd68592a2 - std[617be2ca0a6fd877]::panicking::panic_with_hook
[INFO] [stdout]    7:     0x579dd683c1f2 - std[617be2ca0a6fd877]::panicking::panic_handler::{closure#0}
[INFO] [stdout]    8:     0x579dd6834c59 - std[617be2ca0a6fd877]::sys::backtrace::__rust_end_short_backtrace::<std[617be2ca0a6fd877]::panicking::panic_handler::{closure#0}, !>
[INFO] [stdout]    9:     0x579dd683cdfd - __rustc[ea4f61d10b84890b]::rust_begin_unwind
[INFO] [stdout]   10:     0x579dd6876a7c - core[a373ad73a504971]::panicking::panic_fmt
[INFO] [stdout]   11:     0x579dd6876852 - core[a373ad73a504971]::result::unwrap_failed
[INFO] [stdout]   12:     0x579dd67d969b - cli_e2e[1d60f2bf57d07af]::run_cli
[INFO] [stdout]   13:     0x579dd67da535 - <cli_e2e[1d60f2bf57d07af]::test_cli_no_differences::{closure#0} as core[a373ad73a504971]::ops::function::FnOnce<()>>::call_once
[INFO] [stdout]   14:     0x579dd67e601b - test[aada8e7e76ba119b]::__rust_begin_short_backtrace::<core[a373ad73a504971]::result::Result<(), alloc[2e1b2a31b91974c5]::string::String>, fn() -> core[a373ad73a504971]::result::Result<(), alloc[2e1b2a31b91974c5]::string::String>>
[INFO] [stdout]   15:     0x579dd67f31f5 - test[aada8e7e76ba119b]::run_test::{closure#0}
[INFO] [stdout]   16:     0x579dd67ecae4 - std[617be2ca0a6fd877]::sys::backtrace::__rust_begin_short_backtrace::<test[aada8e7e76ba119b]::run_test::{closure#1}, ()>
[INFO] [stdout]   17:     0x579dd67f6282 - <std[617be2ca0a6fd877]::thread::lifecycle::spawn_unchecked<test[aada8e7e76ba119b]::run_test::{closure#1}, ()>::{closure#1} as core[a373ad73a504971]::ops::function::FnOnce<()>>::call_once::{shim:vtable#0}
[INFO] [stdout]   18:     0x579dd68609cf - <std[617be2ca0a6fd877]::sys::thread::unix::Thread>::new::thread_start
[INFO] [stdout]   19:     0x7f0bd3e38dfa - <unknown>
[INFO] [stdout]   20:     0x7f0bd3ecc3d4 - clone
[INFO] [stdout]   21:                0x0 - <unknown>
[INFO] [stdout] 
[INFO] [stdout] ---- test_cli_compare_json_files stdout ----
[INFO] [stdout] 
[INFO] [stdout] thread 'test_cli_compare_json_files' (527) panicked at tests/cli_e2e.rs:22:10:
[INFO] [stdout] Failed to execute: Os { code: 2, kind: NotFound, message: "No such file or directory" }
[INFO] [stdout] stack backtrace:
[INFO] [stdout]    0:     0x579dd68616b1 - <<std[617be2ca0a6fd877]::sys::backtrace::BacktraceLock>::print::DisplayBacktrace as core[a373ad73a504971]::fmt::Display>::fmt
[INFO] [stdout]    1:     0x579dd687634a - core[a373ad73a504971]::fmt::write
[INFO] [stdout]    2:     0x579dd6865b2c - <alloc[2e1b2a31b91974c5]::vec::Vec<u8> as core[a373ad73a504971]::io::write::Write>::write_fmt
[INFO] [stdout]    3:     0x579dd683c146 - std[617be2ca0a6fd877]::panicking::default_hook::{closure#0}
[INFO] [stdout]    4:     0x579dd68590e9 - std[617be2ca0a6fd877]::panicking::default_hook
[INFO] [stdout]    5:     0x579dd67f2bd0 - test[aada8e7e76ba119b]::test_main_inner::{closure#0}
[INFO] [stdout]    6:     0x579dd68592a2 - std[617be2ca0a6fd877]::panicking::panic_with_hook
[INFO] [stdout]    7:     0x579dd683c1f2 - std[617be2ca0a6fd877]::panicking::panic_handler::{closure#0}
[INFO] [stdout]    8:     0x579dd6834c59 - std[617be2ca0a6fd877]::sys::backtrace::__rust_end_short_backtrace::<std[617be2ca0a6fd877]::panicking::panic_handler::{closure#0}, !>
[INFO] [stdout]    9:     0x579dd683cdfd - __rustc[ea4f61d10b84890b]::rust_begin_unwind
[INFO] [stdout]   10:     0x579dd6876a7c - core[a373ad73a504971]::panicking::panic_fmt
[INFO] [stdout]   11:     0x579dd6876852 - core[a373ad73a504971]::result::unwrap_failed
[INFO] [stdout]   12:     0x579dd67d969b - cli_e2e[1d60f2bf57d07af]::run_cli
[INFO] [stdout]   13:     0x579dd67dab12 - <cli_e2e[1d60f2bf57d07af]::test_cli_compare_json_files::{closure#0} as core[a373ad73a504971]::ops::function::FnOnce<()>>::call_once
[INFO] [stdout]   14:     0x579dd67e601b - test[aada8e7e76ba119b]::__rust_begin_short_backtrace::<core[a373ad73a504971]::result::Result<(), alloc[2e1b2a31b91974c5]::string::String>, fn() -> core[a373ad73a504971]::result::Result<(), alloc[2e1b2a31b91974c5]::string::String>>
[INFO] [stdout]   15:     0x579dd67f31f5 - test[aada8e7e76ba119b]::run_test::{closure#0}
[INFO] [stdout]   16:     0x579dd67ecae4 - std[617be2ca0a6fd877]::sys::backtrace::__rust_begin_short_backtrace::<test[aada8e7e76ba119b]::run_test::{closure#1}, ()>
[INFO] [stdout]   17:     0x579dd67f6282 - <std[617be2ca0a6fd877]::thread::lifecycle::spawn_unchecked<test[aada8e7e76ba119b]::run_test::{closure#1}, ()>::{closure#1} as core[a373ad73a504971]::ops::function::FnOnce<()>>::call_once::{shim:vtable#0}
[INFO] [stdout]   18:     0x579dd68609cf - <std[617be2ca0a6fd877]::sys::thread::unix::Thread>::new::thread_start
[INFO] [stdout]   19:     0x7f0bd3e38dfa - <unknown>
[INFO] [stdout]   20:     0x7f0bd3ecc3d4 - clone
[INFO] [stdout]   21:                0x0 - <unknown>
[INFO] [stdout] 
[INFO] [stdout] ---- test_cli_array_compare_unordered stdout ----
[INFO] [stdout] 
[INFO] [stdout] thread 'test_cli_array_compare_unordered' (526) panicked at tests/cli_e2e.rs:22:10:
[INFO] [stdout] Failed to execute: Os { code: 2, kind: NotFound, message: "No such file or directory" }
[INFO] [stdout] stack backtrace:
[INFO] [stdout]    0:     0x579dd68616b1 - <<std[617be2ca0a6fd877]::sys::backtrace::BacktraceLock>::print::DisplayBacktrace as core[a373ad73a504971]::fmt::Display>::fmt
[INFO] [stdout]    1:     0x579dd687634a - core[a373ad73a504971]::fmt::write
[INFO] [stdout]    2:     0x579dd6865b2c - <alloc[2e1b2a31b91974c5]::vec::Vec<u8> as core[a373ad73a504971]::io::write::Write>::write_fmt
[INFO] [stdout]    3:     0x579dd683c146 - std[617be2ca0a6fd877]::panicking::default_hook::{closure#0}
[INFO] [stdout]    4:     0x579dd68590e9 - std[617be2ca0a6fd877]::panicking::default_hook
[INFO] [stdout]    5:     0x579dd67f2bd0 - test[aada8e7e76ba119b]::test_main_inner::{closure#0}
[INFO] [stdout]    6:     0x579dd68592a2 - std[617be2ca0a6fd877]::panicking::panic_with_hook
[INFO] [stdout]    7:     0x579dd683c1f2 - std[617be2ca0a6fd877]::panicking::panic_handler::{closure#0}
[INFO] [stdout]    8:     0x579dd6834c59 - std[617be2ca0a6fd877]::sys::backtrace::__rust_end_short_backtrace::<std[617be2ca0a6fd877]::panicking::panic_handler::{closure#0}, !>
[INFO] [stdout]    9:     0x579dd683cdfd - __rustc[ea4f61d10b84890b]::rust_begin_unwind
[INFO] [stdout]   10:     0x579dd6876a7c - core[a373ad73a504971]::panicking::panic_fmt
[INFO] [stdout]   11:     0x579dd6876852 - core[a373ad73a504971]::result::unwrap_failed
[INFO] [stdout]   12:     0x579dd67d969b - cli_e2e[1d60f2bf57d07af]::run_cli
[INFO] [stdout]   13:     0x579dd67db2a5 - <cli_e2e[1d60f2bf57d07af]::test_cli_array_compare_unordered::{closure#0} as core[a373ad73a504971]::ops::function::FnOnce<()>>::call_once
[INFO] [stdout]   14:     0x579dd67e601b - test[aada8e7e76ba119b]::__rust_begin_short_backtrace::<core[a373ad73a504971]::result::Result<(), alloc[2e1b2a31b91974c5]::string::String>, fn() -> core[a373ad73a504971]::result::Result<(), alloc[2e1b2a31b91974c5]::string::String>>
[INFO] [stdout]   15:     0x579dd67f31f5 - test[aada8e7e76ba119b]::run_test::{closure#0}
[INFO] [stdout]   16:     0x579dd67ecae4 - std[617be2ca0a6fd877]::sys::backtrace::__rust_begin_short_backtrace::<test[aada8e7e76ba119b]::run_test::{closure#1}, ()>
[INFO] [stdout]   17:     0x579dd67f6282 - <std[617be2ca0a6fd877]::thread::lifecycle::spawn_unchecked<test[aada8e7e76ba119b]::run_test::{closure#1}, ()>::{closure#1} as core[a373ad73a504971]::ops::function::FnOnce<()>>::call_once::{shim:vtable#0}
[INFO] [stdout]   18:     0x579dd68609cf - <std[617be2ca0a6fd877]::sys::thread::unix::Thread>::new::thread_start
[INFO] [stdout]   19:     0x7f0bd3e38dfa - <unknown>
[INFO] [stdout]   20:     0x7f0bd3ecc3d4 - clone
[INFO] [stdout]   21:                0x0 - <unknown>
[INFO] [stdout] 
[INFO] [stdout] ---- test_cli_numeric_string_equals_number stdout ----
[INFO] [stdout] 
[INFO] [stdout] thread 'test_cli_numeric_string_equals_number' (534) panicked at tests/cli_e2e.rs:22:10:
[INFO] [stdout] Failed to execute: Os { code: 2, kind: NotFound, message: "No such file or directory" }
[INFO] [stdout] stack backtrace:
[INFO] [stdout]    0:     0x579dd68616b1 - <<std[617be2ca0a6fd877]::sys::backtrace::BacktraceLock>::print::DisplayBacktrace as core[a373ad73a504971]::fmt::Display>::fmt
[INFO] [stdout]    1:     0x579dd687634a - core[a373ad73a504971]::fmt::write
[INFO] [stdout]    2:     0x579dd6865b2c - <alloc[2e1b2a31b91974c5]::vec::Vec<u8> as core[a373ad73a504971]::io::write::Write>::write_fmt
[INFO] [stdout]    3:     0x579dd683c146 - std[617be2ca0a6fd877]::panicking::default_hook::{closure#0}
[INFO] [stdout]    4:     0x579dd68590e9 - std[617be2ca0a6fd877]::panicking::default_hook
[INFO] [stdout]    5:     0x579dd67f2bd0 - test[aada8e7e76ba119b]::test_main_inner::{closure#0}
[INFO] [stdout]    6:     0x579dd68592a2 - std[617be2ca0a6fd877]::panicking::panic_with_hook
[INFO] [stdout]    7:     0x579dd683c1f2 - std[617be2ca0a6fd877]::panicking::panic_handler::{closure#0}
[INFO] [stdout]    8:     0x579dd6834c59 - std[617be2ca0a6fd877]::sys::backtrace::__rust_end_short_backtrace::<std[617be2ca0a6fd877]::panicking::panic_handler::{closure#0}, !>
[INFO] [stdout]    9:     0x579dd683cdfd - __rustc[ea4f61d10b84890b]::rust_begin_unwind
[INFO] [stdout]   10:     0x579dd6876a7c - core[a373ad73a504971]::panicking::panic_fmt
[INFO] [stdout]   11:     0x579dd6876852 - core[a373ad73a504971]::result::unwrap_failed
[INFO] [stdout]   12:     0x579dd67d969b - cli_e2e[1d60f2bf57d07af]::run_cli
[INFO] [stdout]   13:     0x579dd67dba45 - <cli_e2e[1d60f2bf57d07af]::test_cli_numeric_string_equals_number::{closure#0} as core[a373ad73a504971]::ops::function::FnOnce<()>>::call_once
[INFO] [stdout]   14:     0x579dd67e601b - test[aada8e7e76ba119b]::__rust_begin_short_backtrace::<core[a373ad73a504971]::result::Result<(), alloc[2e1b2a31b91974c5]::string::String>, fn() -> core[a373ad73a504971]::result::Result<(), alloc[2e1b2a31b91974c5]::string::String>>
[INFO] [stdout]   15:     0x579dd67f31f5 - test[aada8e7e76ba119b]::run_test::{closure#0}
[INFO] [stdout]   16:     0x579dd67ecae4 - std[617be2ca0a6fd877]::sys::backtrace::__rust_begin_short_backtrace::<test[aada8e7e76ba119b]::run_test::{closure#1}, ()>
[INFO] [stdout]   17:     0x579dd67f6282 - <std[617be2ca0a6fd877]::thread::lifecycle::spawn_unchecked<test[aada8e7e76ba119b]::run_test::{closure#1}, ()>::{closure#1} as core[a373ad73a504971]::ops::function::FnOnce<()>>::call_once::{shim:vtable#0}
[INFO] [stdout]   18:     0x579dd68609cf - <std[617be2ca0a6fd877]::sys::thread::unix::Thread>::new::thread_start
[INFO] [stdout]   19:     0x7f0bd3e38dfa - <unknown>
[INFO] [stdout]   20:     0x7f0bd3ecc3d4 - clone
[INFO] [stdout]   21:                0x0 - <unknown>
[INFO] [stdout] 
[INFO] [stdout] ---- test_cli_invalid_json stdout ----
[INFO] [stdout] 
[INFO] [stdout] thread 'test_cli_invalid_json' (529) panicked at tests/cli_e2e.rs:22:10:
[INFO] [stdout] Failed to execute: Os { code: 2, kind: NotFound, message: "No such file or directory" }
[INFO] [stdout] stack backtrace:
[INFO] [stdout]    0:     0x579dd68616b1 - <<std[617be2ca0a6fd877]::sys::backtrace::BacktraceLock>::print::DisplayBacktrace as core[a373ad73a504971]::fmt::Display>::fmt
[INFO] [stdout]    1:     0x579dd687634a - core[a373ad73a504971]::fmt::write
[INFO] [stdout]    2:     0x579dd6865b2c - <alloc[2e1b2a31b91974c5]::vec::Vec<u8> as core[a373ad73a504971]::io::write::Write>::write_fmt
[INFO] [stdout]    3:     0x579dd683c146 - std[617be2ca0a6fd877]::panicking::default_hook::{closure#0}
[INFO] [stdout]    4:     0x579dd68590e9 - std[617be2ca0a6fd877]::panicking::default_hook
[INFO] [stdout]    5:     0x579dd67f2bd0 - test[aada8e7e76ba119b]::test_main_inner::{closure#0}
[INFO] [stdout]    6:     0x579dd68592a2 - std[617be2ca0a6fd877]::panicking::panic_with_hook
[INFO] [stdout]    7:     0x579dd683c1f2 - std[617be2ca0a6fd877]::panicking::panic_handler::{closure#0}
[INFO] [stdout]    8:     0x579dd6834c59 - std[617be2ca0a6fd877]::sys::backtrace::__rust_end_short_backtrace::<std[617be2ca0a6fd877]::panicking::panic_handler::{closure#0}, !>
[INFO] [stdout]    9:     0x579dd683cdfd - __rustc[ea4f61d10b84890b]::rust_begin_unwind
[INFO] [stdout]   10:     0x579dd6876a7c - core[a373ad73a504971]::panicking::panic_fmt
[INFO] [stdout]   11:     0x579dd6876852 - core[a373ad73a504971]::result::unwrap_failed
[INFO] [stdout]   12:     0x579dd67d969b - cli_e2e[1d60f2bf57d07af]::run_cli
[INFO] [stdout]   13:     0x579dd67da49d - <cli_e2e[1d60f2bf57d07af]::test_cli_invalid_json::{closure#0} as core[a373ad73a504971]::ops::function::FnOnce<()>>::call_once
[INFO] [stdout]   14:     0x579dd67e601b - test[aada8e7e76ba119b]::__rust_begin_short_backtrace::<core[a373ad73a504971]::result::Result<(), alloc[2e1b2a31b91974c5]::string::String>, fn() -> core[a373ad73a504971]::result::Result<(), alloc[2e1b2a31b91974c5]::string::String>>
[INFO] [stdout]   15:     0x579dd67f31f5 - test[aada8e7e76ba119b]::run_test::{closure#0}
[INFO] [stdout]   16:     0x579dd67ecae4 - std[617be2ca0a6fd877]::sys::backtrace::__rust_begin_short_backtrace::<test[aada8e7e76ba119b]::run_test::{closure#1}, ()>
[INFO] [stdout]   17:     0x579dd67f6282 - <std[617be2ca0a6fd877]::thread::lifecycle::spawn_unchecked<test[aada8e7e76ba119b]::run_test::{closure#1}, ()>::{closure#1} as core[a373ad73a504971]::ops::function::FnOnce<()>>::call_once::{shim:vtable#0}
[INFO] [stdout]   18:     0x579dd68609cf - <std[617be2ca0a6fd877]::sys::thread::unix::Thread>::new::thread_start
[INFO] [stdout]   19:     0x7f0bd3e38dfa - <unknown>
[INFO] [stdout]   20:     0x7f0bd3ecc3d4 - clone
[INFO] [stdout]   21:                0x0 - <unknown>
[INFO] [stdout] 
[INFO] [stdout] ---- test_cli_root_level_difference stdout ----
[INFO] [stdout] 
[INFO] [stdout] thread 'test_cli_root_level_difference' (536) panicked at tests/cli_e2e.rs:22:10:
[INFO] [stdout] Failed to execute: Os { code: 2, kind: NotFound, message: "No such file or directory" }
[INFO] [stdout] stack backtrace:
[INFO] [stdout]    0:     0x579dd68616b1 - <<std[617be2ca0a6fd877]::sys::backtrace::BacktraceLock>::print::DisplayBacktrace as core[a373ad73a504971]::fmt::Display>::fmt
[INFO] [stdout]    1:     0x579dd687634a - core[a373ad73a504971]::fmt::write
[INFO] [stdout]    2:     0x579dd6865b2c - <alloc[2e1b2a31b91974c5]::vec::Vec<u8> as core[a373ad73a504971]::io::write::Write>::write_fmt
[INFO] [stdout]    3:     0x579dd683c146 - std[617be2ca0a6fd877]::panicking::default_hook::{closure#0}
[INFO] [stdout]    4:     0x579dd68590e9 - std[617be2ca0a6fd877]::panicking::default_hook
[INFO] [stdout]    5:     0x579dd67f2bd0 - test[aada8e7e76ba119b]::test_main_inner::{closure#0}
[INFO] [stdout]    6:     0x579dd68592a2 - std[617be2ca0a6fd877]::panicking::panic_with_hook
[INFO] [stdout]    7:     0x579dd683c1f2 - std[617be2ca0a6fd877]::panicking::panic_handler::{closure#0}
[INFO] [stdout]    8:     0x579dd6834c59 - std[617be2ca0a6fd877]::sys::backtrace::__rust_end_short_backtrace::<std[617be2ca0a6fd877]::panicking::panic_handler::{closure#0}, !>
[INFO] [stdout]    9:     0x579dd683cdfd - __rustc[ea4f61d10b84890b]::rust_begin_unwind
[INFO] [stdout]   10:     0x579dd6876a7c - core[a373ad73a504971]::panicking::panic_fmt
[INFO] [stdout]   11:     0x579dd6876852 - core[a373ad73a504971]::result::unwrap_failed
[INFO] [stdout]   12:     0x579dd67d969b - cli_e2e[1d60f2bf57d07af]::run_cli
[INFO] [stdout]   13:     0x579dd67db075 - <cli_e2e[1d60f2bf57d07af]::test_cli_root_level_difference::{closure#0} as core[a373ad73a504971]::ops::function::FnOnce<()>>::call_once
[INFO] [stdout]   14:     0x579dd67e601b - test[aada8e7e76ba119b]::__rust_begin_short_backtrace::<core[a373ad73a504971]::result::Result<(), alloc[2e1b2a31b91974c5]::string::String>, fn() -> core[a373ad73a504971]::result::Result<(), alloc[2e1b2a31b91974c5]::string::String>>
[INFO] [stdout]   15:     0x579dd67f31f5 - test[aada8e7e76ba119b]::run_test::{closure#0}
[INFO] [stdout]   16:     0x579dd67ecae4 - std[617be2ca0a6fd877]::sys::backtrace::__rust_begin_short_backtrace::<test[aada8e7e76ba119b]::run_test::{closure#1}, ()>
[INFO] [stdout]   17:     0x579dd67f6282 - <std[617be2ca0a6fd877]::thread::lifecycle::spawn_unchecked<test[aada8e7e76ba119b]::run_test::{closure#1}, ()>::{closure#1} as core[a373ad73a504971]::ops::function::FnOnce<()>>::call_once::{shim:vtable#0}
[INFO] [stdout]   18:     0x579dd68609cf - <std[617be2ca0a6fd877]::sys::thread::unix::Thread>::new::thread_start
[INFO] [stdout]   19:     0x7f0bd3e38dfa - <unknown>
[INFO] [stdout]   20:     0x7f0bd3ecc3d4 - clone
[INFO] [stdout]   21:                0x0 - <unknown>
[INFO] [stdout] 
[INFO] [stdout] ---- test_cli_key_case_insensitive stdout ----
[INFO] [stdout] 
[INFO] [stdout] thread 'test_cli_key_case_insensitive' (532) panicked at tests/cli_e2e.rs:22:10:
[INFO] [stdout] Failed to execute: Os { code: 2, kind: NotFound, message: "No such file or directory" }
[INFO] [stdout] stack backtrace:
[INFO] [stdout]    0:     0x579dd68616b1 - <<std[617be2ca0a6fd877]::sys::backtrace::BacktraceLock>::print::DisplayBacktrace as core[a373ad73a504971]::fmt::Display>::fmt
[INFO] [stdout]    1:     0x579dd687634a - core[a373ad73a504971]::fmt::write
[INFO] [stdout]    2:     0x579dd6865b2c - <alloc[2e1b2a31b91974c5]::vec::Vec<u8> as core[a373ad73a504971]::io::write::Write>::write_fmt
[INFO] [stdout]    3:     0x579dd683c146 - std[617be2ca0a6fd877]::panicking::default_hook::{closure#0}
[INFO] [stdout]    4:     0x579dd68590e9 - std[617be2ca0a6fd877]::panicking::default_hook
[INFO] [stdout]    5:     0x579dd67f2bd0 - test[aada8e7e76ba119b]::test_main_inner::{closure#0}
[INFO] [stdout]    6:     0x579dd68592a2 - std[617be2ca0a6fd877]::panicking::panic_with_hook
[INFO] [stdout]    7:     0x579dd683c1f2 - std[617be2ca0a6fd877]::panicking::panic_handler::{closure#0}
[INFO] [stdout]    8:     0x579dd6834c59 - std[617be2ca0a6fd877]::sys::backtrace::__rust_end_short_backtrace::<std[617be2ca0a6fd877]::panicking::panic_handler::{closure#0}, !>
[INFO] [stdout]    9:     0x579dd683cdfd - __rustc[ea4f61d10b84890b]::rust_begin_unwind
[INFO] [stdout]   10:     0x579dd6876a7c - core[a373ad73a504971]::panicking::panic_fmt
[INFO] [stdout]   11:     0x579dd6876852 - core[a373ad73a504971]::result::unwrap_failed
[INFO] [stdout]   12:     0x579dd67d969b - cli_e2e[1d60f2bf57d07af]::run_cli
[INFO] [stdout]   13:     0x579dd67daf75 - <cli_e2e[1d60f2bf57d07af]::test_cli_key_case_insensitive::{closure#0} as core[a373ad73a504971]::ops::function::FnOnce<()>>::call_once
[INFO] [stdout]   14:     0x579dd67e601b - test[aada8e7e76ba119b]::__rust_begin_short_backtrace::<core[a373ad73a504971]::result::Result<(), alloc[2e1b2a31b91974c5]::string::String>, fn() -> core[a373ad73a504971]::result::Result<(), alloc[2e1b2a31b91974c5]::string::String>>
[INFO] [stdout]   15:     0x579dd67f31f5 - test[aada8e7e76ba119b]::run_test::{closure#0}
[INFO] [stdout]   16:     0x579dd67ecae4 - std[617be2ca0a6fd877]::sys::backtrace::__rust_begin_short_backtrace::<test[aada8e7e76ba119b]::run_test::{closure#1}, ()>
[INFO] [stdout]   17:     0x579dd67f6282 - <std[617be2ca0a6fd877]::thread::lifecycle::spawn_unchecked<test[aada8e7e76ba119b]::run_test::{closure#1}, ()>::{closure#1} as core[a373ad73a504971]::ops::function::FnOnce<()>>::call_once::{shim:vtable#0}
[INFO] [stdout]   18:     0x579dd68609cf - <std[617be2ca0a6fd877]::sys::thread::unix::Thread>::new::thread_start
[INFO] [stdout]   19:     0x7f0bd3e38dfa - <unknown>
[INFO] [stdout]   20:     0x7f0bd3ecc3d4 - clone
[INFO] [stdout]   21:                0x0 - <unknown>
[INFO] [stdout] 
[INFO] [stdout] ---- test_cli_value_case_insensitive stdout ----
[INFO] [stdout] 
[INFO] [stdout] thread 'test_cli_value_case_insensitive' (537) panicked at tests/cli_e2e.rs:22:10:
[INFO] [stdout] Failed to execute: Os { code: 2, kind: NotFound, message: "No such file or directory" }
[INFO] [stdout] stack backtrace:
[INFO] [stdout]    0:     0x579dd68616b1 - <<std[617be2ca0a6fd877]::sys::backtrace::BacktraceLock>::print::DisplayBacktrace as core[a373ad73a504971]::fmt::Display>::fmt
[INFO] [stdout]    1:     0x579dd687634a - core[a373ad73a504971]::fmt::write
[INFO] [stdout]    2:     0x579dd6865b2c - <alloc[2e1b2a31b91974c5]::vec::Vec<u8> as core[a373ad73a504971]::io::write::Write>::write_fmt
[INFO] [stdout]    3:     0x579dd683c146 - std[617be2ca0a6fd877]::panicking::default_hook::{closure#0}
[INFO] [stdout]    4:     0x579dd68590e9 - std[617be2ca0a6fd877]::panicking::default_hook
[INFO] [stdout]    5:     0x579dd67f2bd0 - test[aada8e7e76ba119b]::test_main_inner::{closure#0}
[INFO] [stdout]    6:     0x579dd68592a2 - std[617be2ca0a6fd877]::panicking::panic_with_hook
[INFO] [stdout]    7:     0x579dd683c1f2 - std[617be2ca0a6fd877]::panicking::panic_handler::{closure#0}
[INFO] [stdout]    8:     0x579dd6834c59 - std[617be2ca0a6fd877]::sys::backtrace::__rust_end_short_backtrace::<std[617be2ca0a6fd877]::panicking::panic_handler::{closure#0}, !>
[INFO] [stdout]    9:     0x579dd683cdfd - __rustc[ea4f61d10b84890b]::rust_begin_unwind
[INFO] [stdout]   10:     0x579dd6876a7c - core[a373ad73a504971]::panicking::panic_fmt
[INFO] [stdout]   11:     0x579dd6876852 - core[a373ad73a504971]::result::unwrap_failed
[INFO] [stdout]   12:     0x579dd67d969b - cli_e2e[1d60f2bf57d07af]::run_cli
[INFO] [stdout]   13:     0x579dd67db1a5 - <cli_e2e[1d60f2bf57d07af]::test_cli_value_case_insensitive::{closure#0} as core[a373ad73a504971]::ops::function::FnOnce<()>>::call_once
[INFO] [stdout]   14:     0x579dd67e601b - test[aada8e7e76ba119b]::__rust_begin_short_backtrace::<core[a373ad73a504971]::result::Result<(), alloc[2e1b2a31b91974c5]::string::String>, fn() -> core[a373ad73a504971]::result::Result<(), alloc[2e1b2a31b91974c5]::string::String>>
[INFO] [stdout]   15:     0x579dd67f31f5 - test[aada8e7e76ba119b]::run_test::{closure#0}
[INFO] [stdout]   16:     0x579dd67ecae4 - std[617be2ca0a6fd877]::sys::backtrace::__rust_begin_short_backtrace::<test[aada8e7e76ba119b]::run_test::{closure#1}, ()>
[INFO] [stdout]   17:     0x579dd67f6282 - <std[617be2ca0a6fd877]::thread::lifecycle::spawn_unchecked<test[aada8e7e76ba119b]::run_test::{closure#1}, ()>::{closure#1} as core[a373ad73a504971]::ops::function::FnOnce<()>>::call_once::{shim:vtable#0}
[INFO] [stdout]   18:     0x579dd68609cf - <std[617be2ca0a6fd877]::sys::thread::unix::Thread>::new::thread_start
[INFO] [stdout]   19:     0x7f0bd3e38dfa - <unknown>
[INFO] [stdout]   20:     0x7f0bd3ecc3d4 - clone
[INFO] [stdout]   21:                0x0 - <unknown>
[INFO] [stdout] 
[INFO] [stdout] ---- test_cli_json_export stdout ----
[INFO] [stdout] 
[INFO] [stdout] thread 'test_cli_json_export' (530) panicked at tests/cli_e2e.rs:22:10:
[INFO] [stdout] Failed to execute: Os { code: 2, kind: NotFound, message: "No such file or directory" }
[INFO] [stdout] stack backtrace:
[INFO] [stdout]    0:     0x579dd68616b1 - <<std[617be2ca0a6fd877]::sys::backtrace::BacktraceLock>::print::DisplayBacktrace as core[a373ad73a504971]::fmt::Display>::fmt
[INFO] [stdout]    1:     0x579dd687634a - core[a373ad73a504971]::fmt::write
[INFO] [stdout]    2:     0x579dd6865b2c - <alloc[2e1b2a31b91974c5]::vec::Vec<u8> as core[a373ad73a504971]::io::write::Write>::write_fmt
[INFO] [stdout]    3:     0x579dd683c146 - std[617be2ca0a6fd877]::panicking::default_hook::{closure#0}
[INFO] [stdout]    4:     0x579dd68590e9 - std[617be2ca0a6fd877]::panicking::default_hook
[INFO] [stdout]    5:     0x579dd67f2bd0 - test[aada8e7e76ba119b]::test_main_inner::{closure#0}
[INFO] [stdout]    6:     0x579dd68592a2 - std[617be2ca0a6fd877]::panicking::panic_with_hook
[INFO] [stdout]    7:     0x579dd683c1f2 - std[617be2ca0a6fd877]::panicking::panic_handler::{closure#0}
[INFO] [stdout]    8:     0x579dd6834c59 - std[617be2ca0a6fd877]::sys::backtrace::__rust_end_short_backtrace::<std[617be2ca0a6fd877]::panicking::panic_handler::{closure#0}, !>
[INFO] [stdout]    9:     0x579dd683cdfd - __rustc[ea4f61d10b84890b]::rust_begin_unwind
[INFO] [stdout]   10:     0x579dd6876a7c - core[a373ad73a504971]::panicking::panic_fmt
[INFO] [stdout]   11:     0x579dd6876852 - core[a373ad73a504971]::result::unwrap_failed
[INFO] [stdout]   12:     0x579dd67d969b - cli_e2e[1d60f2bf57d07af]::run_cli
[INFO] [stdout]   13:     0x579dd67da213 - <cli_e2e[1d60f2bf57d07af]::test_cli_json_export::{closure#0} as core[a373ad73a504971]::ops::function::FnOnce<()>>::call_once
[INFO] [stdout]   14:     0x579dd67e601b - test[aada8e7e76ba119b]::__rust_begin_short_backtrace::<core[a373ad73a504971]::result::Result<(), alloc[2e1b2a31b91974c5]::string::String>, fn() -> core[a373ad73a504971]::result::Result<(), alloc[2e1b2a31b91974c5]::string::String>>
[INFO] [stdout]   15:     0x579dd67f31f5 - test[aada8e7e76ba119b]::run_test::{closure#0}
[INFO] [stdout]   16:     0x579dd67ecae4 - std[617be2ca0a6fd877]::sys::backtrace::__rust_begin_short_backtrace::<test[aada8e7e76ba119b]::run_test::{closure#1}, ()>
[INFO] [stdout]   17:     0x579dd67f6282 - <std[617be2ca0a6fd877]::thread::lifecycle::spawn_unchecked<test[aada8e7e76ba119b]::run_test::{closure#1}, ()>::{closure#1} as core[a373ad73a504971]::ops::function::FnOnce<()>>::call_once::{shim:vtable#0}
[INFO] [stdout]   18:     0x579dd68609cf - <std[617be2ca0a6fd877]::sys::thread::unix::Thread>::new::thread_start
[INFO] [stdout]   19:     0x7f0bd3e38dfa - <unknown>
[INFO] [stdout]   20:     0x7f0bd3ecc3d4 - clone
[INFO] [stdout]   21:                0x0 - <unknown>
[INFO] [stdout] 
[INFO] [stdout] 
[INFO] [stdout] failures:
[INFO] [stdout]     test_cli_array_compare_unordered
[INFO] [stderr] error: test failed, to rerun pass `--test cli_e2e`
[INFO] [stdout]     test_cli_compare_json_files
[INFO] [stdout]     test_cli_compare_json_strings
[INFO] [stdout]     test_cli_invalid_json
[INFO] [stdout]     test_cli_json_export
[INFO] [stdout]     test_cli_json_export_with_output_file
[INFO] [stdout]     test_cli_key_case_insensitive
[INFO] [stdout]     test_cli_no_differences
[INFO] [stdout]     test_cli_numeric_string_equals_number
[INFO] [stdout]     test_cli_output_to_file
[INFO] [stdout]     test_cli_root_level_difference
[INFO] [stdout]     test_cli_value_case_insensitive
[INFO] [stdout]     test_cli_version
[INFO] [stdout] 
[INFO] [stdout] test result: FAILED. 0 passed; 13 failed; 0 ignored; 0 measured; 0 filtered out; finished in 14.68s
[INFO] [stdout] 
[INFO] running `Command { std: "docker" "inspect" "40fd84ed58a539598d335aeb73cb512f3a3378bc84e84efff9bf5a514687c644", kill_on_drop: false }`
[INFO] running `Command { std: "docker" "rm" "-f" "40fd84ed58a539598d335aeb73cb512f3a3378bc84e84efff9bf5a514687c644", kill_on_drop: false }`
[INFO] [stdout] 40fd84ed58a539598d335aeb73cb512f3a3378bc84e84efff9bf5a514687c644
