[INFO] fetching crate compact-calendar-cli 0.2.0...
[INFO] testing compact-calendar-cli-0.2.0 against 1.99.0-beta.8+cargoflags=--release for beta-release-1.100-2
[INFO] extracting crate compact-calendar-cli 0.2.0 into /workspace/builds/worker-3-tc1/source
[INFO] started tweaking crates.io crate compact-calendar-cli 0.2.0
[INFO] removed 0 missing tests
[INFO] finished tweaking crates.io crate compact-calendar-cli 0.2.0
[INFO] tweaked toml for crates.io crate compact-calendar-cli 0.2.0 written to /workspace/builds/worker-3-tc1/source/Cargo.toml
[INFO] validating manifest of crates.io crate compact-calendar-cli 0.2.0 on toolchain 1.99.0-beta.8
[INFO] running `Command { std: CARGO_HOME="/workspace/cargo-home" RUSTUP_HOME="/workspace/rustup-home" "/workspace/cargo-home/bin/cargo" "+1.99.0-beta.8" "metadata" "--manifest-path" "Cargo.toml" "--no-deps", kill_on_drop: false }`
[INFO] crate crates.io crate compact-calendar-cli 0.2.0 already has a lockfile, it will not be regenerated
[INFO] running `Command { std: CARGO_HOME="/workspace/cargo-home" RUSTUP_HOME="/workspace/rustup-home" "/workspace/cargo-home/bin/cargo" "+1.99.0-beta.8" "fetch" "--manifest-path" "Cargo.toml", kill_on_drop: false }`
[INFO] [stderr]  Downloading crates ...
[INFO] [stderr]   Downloaded insta v1.45.1
[INFO] running `Command { std: "docker" "create" "-v" "/var/lib/crater-agent-workspace/builds/worker-3-tc1/source:/opt/rustwide/workdir:ro,Z" "-v" "/var/lib/crater-agent-workspace/builds/worker-3-tc1/target:/opt/rustwide/target:rw,Z" "-v" "/var/lib/crater-agent-workspace/cargo-home:/opt/rustwide/cargo-home:ro,Z" "-v" "/var/lib/crater-agent-workspace/rustup-home:/opt/rustwide/rustup-home:ro,Z" "-m" "1610612736" "--network" "none" "ghcr.io/rust-lang/crates-build-env/linux@sha256:77db811e55d90add9212f6832c23229e3de5f1c1f9905e8cb07319ea15df73ac" "sleep" "infinity", kill_on_drop: false }`
[INFO] [stdout] df432ec228400f7a9b13b2e382bc3d8efc78fa3412051b7bb97c6d94516c0fc4
[INFO] running `Command { std: "docker" "start" "df432ec228400f7a9b13b2e382bc3d8efc78fa3412051b7bb97c6d94516c0fc4", kill_on_drop: false }`
[INFO] running `Command { std: "docker" "inspect" "df432ec228400f7a9b13b2e382bc3d8efc78fa3412051b7bb97c6d94516c0fc4", kill_on_drop: false }`
[INFO] running `Command { std: "docker" "exec" "-e" "SOURCE_DIR=/opt/rustwide/workdir" "-e" "CARGO_HOME=/opt/rustwide/cargo-home" "-e" "RUSTUP_HOME=/opt/rustwide/rustup-home" "-e" "CARGO_TARGET_DIR=/opt/rustwide/target" "-w" "/opt/rustwide/workdir" "--user" "0:0" "df432ec228400f7a9b13b2e382bc3d8efc78fa3412051b7bb97c6d94516c0fc4" "/opt/rustwide/cargo-home/bin/cargo" "+1.99.0-beta.8" "metadata" "--no-deps" "--format-version=1", kill_on_drop: false }`
[INFO] running `Command { std: "docker" "inspect" "df432ec228400f7a9b13b2e382bc3d8efc78fa3412051b7bb97c6d94516c0fc4", kill_on_drop: false }`
[INFO] running `Command { std: "docker" "exec" "-e" "SOURCE_DIR=/opt/rustwide/workdir" "-e" "CARGO_HOME=/opt/rustwide/cargo-home" "-e" "RUSTUP_HOME=/opt/rustwide/rustup-home" "-e" "CARGO_TARGET_DIR=/opt/rustwide/target" "-e" "CARGO_INCREMENTAL=0" "-e" "RUST_BACKTRACE=full" "-e" "RUSTFLAGS=--cap-lints=warn" "-e" "RUSTDOCFLAGS=--cap-lints=warn" "-w" "/opt/rustwide/workdir" "--user" "0:0" "df432ec228400f7a9b13b2e382bc3d8efc78fa3412051b7bb97c6d94516c0fc4" "/opt/rustwide/cargo-home/bin/cargo" "+1.99.0-beta.8" "build" "--frozen" "--message-format=json" "--release", kill_on_drop: false }`
[INFO] [stderr]    Compiling proc-macro2 v1.0.104
[INFO] [stderr]    Compiling unicode-ident v1.0.22
[INFO] [stderr]    Compiling quote v1.0.42
[INFO] [stderr]    Compiling serde_core v1.0.228
[INFO] [stderr]    Compiling serde v1.0.228
[INFO] [stderr]    Compiling utf8parse v0.2.2
[INFO] [stderr]    Compiling autocfg v1.5.0
[INFO] [stderr]    Compiling is_terminal_polyfill v1.70.2
[INFO] [stderr]    Compiling colorchoice v1.0.4
[INFO] [stderr]    Compiling hashbrown v0.16.1
[INFO] [stderr]    Compiling anstyle-query v1.1.5
[INFO] [stderr]    Compiling equivalent v1.0.2
[INFO] [stderr]    Compiling anstyle v1.0.13
[INFO] [stderr]    Compiling libc v0.2.178
[INFO] [stderr]    Compiling heck v0.5.0
[INFO] [stderr]    Compiling winnow v0.7.14
[INFO] [stderr]    Compiling strsim v0.11.1
[INFO] [stderr]    Compiling anstyle-parse v0.2.7
[INFO] [stderr]    Compiling toml_write v0.1.2
[INFO] [stderr]    Compiling clap_lex v0.7.6
[INFO] [stderr]    Compiling iana-time-zone v0.1.64
[INFO] [stderr]    Compiling num-traits v0.2.19
[INFO] [stderr]    Compiling anstream v0.6.21
[INFO] [stderr]    Compiling clap_builder v4.5.53
[INFO] [stderr]    Compiling chrono v0.4.42
[INFO] [stderr]    Compiling syn v2.0.111
[INFO] [stderr]    Compiling indexmap v2.12.1
[INFO] [stderr]    Compiling serde_derive v1.0.228
[INFO] [stderr]    Compiling clap_derive v4.5.49
[INFO] [stderr]    Compiling clap v4.5.53
[INFO] [stderr]    Compiling toml_datetime v0.6.11
[INFO] [stderr]    Compiling serde_spanned v0.6.9
[INFO] [stderr]    Compiling toml_edit v0.22.27
[INFO] [stderr]    Compiling toml v0.8.23
[INFO] [stderr]    Compiling compact-calendar-cli v0.2.0 (/opt/rustwide/workdir)
[INFO] [stderr]     Finished `release` profile [optimized] target(s) in 36.10s
[INFO] running `Command { std: "docker" "inspect" "df432ec228400f7a9b13b2e382bc3d8efc78fa3412051b7bb97c6d94516c0fc4", kill_on_drop: false }`
[INFO] running `Command { std: "docker" "exec" "-e" "SOURCE_DIR=/opt/rustwide/workdir" "-e" "CARGO_HOME=/opt/rustwide/cargo-home" "-e" "RUSTUP_HOME=/opt/rustwide/rustup-home" "-e" "CARGO_TARGET_DIR=/opt/rustwide/target" "-e" "CARGO_INCREMENTAL=0" "-e" "RUST_BACKTRACE=full" "-e" "RUSTFLAGS=--cap-lints=warn" "-e" "RUSTDOCFLAGS=--cap-lints=warn" "-w" "/opt/rustwide/workdir" "--user" "0:0" "df432ec228400f7a9b13b2e382bc3d8efc78fa3412051b7bb97c6d94516c0fc4" "/opt/rustwide/cargo-home/bin/cargo" "+1.99.0-beta.8" "test" "--frozen" "--no-run" "--message-format=json" "--release", kill_on_drop: false }`
[INFO] [stderr]    Compiling getrandom v0.3.4
[INFO] [stderr]    Compiling rustix v1.1.3
[INFO] [stderr]    Compiling cfg-if v1.0.4
[INFO] [stderr]    Compiling linux-raw-sys v0.11.0
[INFO] [stderr]    Compiling bitflags v2.10.0
[INFO] [stderr]    Compiling once_cell v1.21.3
[INFO] [stderr]    Compiling fastrand v2.3.0
[INFO] [stderr]    Compiling similar v2.7.0
[INFO] [stderr]    Compiling console v0.15.11
[INFO] [stderr]    Compiling tempfile v3.24.0
[INFO] [stderr]    Compiling insta v1.45.1
[INFO] [stderr]    Compiling compact-calendar-cli v0.2.0 (/opt/rustwide/workdir)
[INFO] [stderr]     Finished `release` profile [optimized] target(s) in 16.52s
[INFO] running `Command { std: "docker" "inspect" "df432ec228400f7a9b13b2e382bc3d8efc78fa3412051b7bb97c6d94516c0fc4", kill_on_drop: false }`
[INFO] running `Command { std: "docker" "exec" "-e" "SOURCE_DIR=/opt/rustwide/workdir" "-e" "CARGO_HOME=/opt/rustwide/cargo-home" "-e" "RUSTUP_HOME=/opt/rustwide/rustup-home" "-e" "CARGO_TARGET_DIR=/opt/rustwide/target" "-e" "CARGO_INCREMENTAL=0" "-e" "RUST_BACKTRACE=full" "-e" "RUSTFLAGS=--cap-lints=warn" "-e" "RUSTDOCFLAGS=--cap-lints=warn" "-w" "/opt/rustwide/workdir" "--user" "0:0" "df432ec228400f7a9b13b2e382bc3d8efc78fa3412051b7bb97c6d94516c0fc4" "/opt/rustwide/cargo-home/bin/cargo" "+1.99.0-beta.8" "test" "--frozen" "--release", kill_on_drop: false }`
[INFO] [stderr]     Finished `release` profile [optimized] target(s) in 0.10s
[INFO] [stderr]      Running unittests src/lib.rs (/opt/rustwide/target/release/deps/compact_calendar_cli-17a7fede983ea0bb)
[INFO] [stderr]      Running unittests src/main.rs (/opt/rustwide/target/release/deps/compact_calendar_cli-65bc64edcb6a5fd3)
[INFO] [stdout] 
[INFO] [stdout] running 0 tests
[INFO] [stdout] 
[INFO] [stdout] test result: ok. 0 passed; 0 failed; 0 ignored; 0 measured; 0 filtered out; finished in 0.00s
[INFO] [stdout] 
[INFO] [stdout] 
[INFO] [stderr]      Running tests/snapshots.rs (/opt/rustwide/target/release/deps/snapshots-1c08f14655a75b07)
[INFO] [stdout] running 0 tests
[INFO] [stdout] 
[INFO] [stdout] test result: ok. 0 passed; 0 failed; 0 ignored; 0 measured; 0 filtered out; finished in 0.00s
[INFO] [stdout] 
[INFO] [stdout] 
[INFO] [stdout] running 14 tests
[INFO] [stdout] test test_empty_2024 ... ok
[INFO] [stdout] test test_single_month_february_2024_leap_year ... ok
[INFO] [stdout] test test_quarters_2024 ... ok
[INFO] [stdout] test test_empty_2025 ... ok
[INFO] [stdout] test test_quarters_2023 ... ok
[INFO] [stdout] test test_simple_2025 ... ok
[INFO] [stdout] test test_single_month_december_2026 ... ok
[INFO] [stdout] test test_single_month_by_number_march_2026 ... ok
[INFO] [stdout] test test_simple_2024 ... ok
[INFO] [stdout] test test_single_month_january_2026 ... ok
[INFO] [stdout] test test_single_month_with_events_march_2024 ... ok
[INFO] [stdout] test test_sunday_start_2024 ... ok
[INFO] [stdout] test test_three_months_with_quarters_2024 ... FAILED
[INFO] [stderr] error: test failed, to rerun pass `--test snapshots`
[INFO] [stdout] test test_current_with_following_3_months_2026 ... FAILED
[INFO] [stdout] 
[INFO] [stdout] failures:
[INFO] [stdout] 
[INFO] [stdout] ---- test_three_months_with_quarters_2024 stdout ----
[INFO] [stdout] ━━━━━━━━━━━━━━━━━━━━━━━━━━━━━━━ Snapshot Summary ━━━━━━━━━━━━━━━━━━━━━━━━━━━━━━━
[INFO] [stdout] Snapshot file: tests/snapshots/snapshots__three_months_with_quarters_2024.snap
[INFO] [stdout] Snapshot: three_months_with_quarters_2024
[INFO] [stdout] Source: tests/snapshots.rs:154
[INFO] [stdout] ────────────────────────────────────────────────────────────────────────────────
[INFO] [stdout] Expression: output
[INFO] [stdout] ────────────────────────────────────────────────────────────────────────────────
[INFO] [stdout] -old snapshot
[INFO] [stdout] +new results
[INFO] [stdout] ────────────┬───────────────────────────────────────────────────────────────────
[INFO] [stdout]     1     1 │ ┌────────────────────────────────────────────────┐
[INFO] [stdout]     2     2 │ │             COMPACT CALENDAR 2024              │
[INFO] [stdout]     3     3 │ ├────────────────────────────────────────────────┤
[INFO] [stdout]     4     4 │ │              Mon  Tue  Wed  Thu  Fri  Sat  Sun │
[INFO] [stdout]     5       │-│W01 January  │ 01   02   03   04   05   06   07 │
[INFO] [stdout]     6       │-│W02          │ 08   09   10   11   12   13   14 │
[INFO] [stdout]     7       │-│W03          │ 15   16   17   18   19   20   21 │
[INFO] [stdout]     8       │-│W04          │ 22   23   24   25   26   27   28 │
[INFO] [stdout]     9       │-│             │              ┌───────────────────┤
[INFO] [stdout]    10       │-│W05 February │ 29   30   31 │ 01   02   03   04 │
[INFO] [stdout]    11       │-│             ├──────────────┘                   │
[INFO] [stdout]    12       │-│W06          │ 05   06   07   08   09   10   11 │
[INFO] [stdout]    13       │-│W07          │ 12   13   14   15   16   17   18 │
[INFO] [stdout]    14       │-│W08          │ 19   20   21   22   23   24   25 │
[INFO] [stdout]           5 │+│             ┌────┬─────────────────────────────┤
[INFO] [stdout]           6 │+│W01 October  │ 30 │ 01   02   03   04   05   06 │
[INFO] [stdout]           7 │+│             ├────┘                             │
[INFO] [stdout]           8 │+│W02          │ 07   08   09   10   11   12   13 │
[INFO] [stdout]           9 │+│W03          │ 14   15   16   17   18   19   20 │
[INFO] [stdout]          10 │+│W04          │ 21   22   23   24   25   26   27 │
[INFO] [stdout]    15    11 │ │             │                   ┌──────────────┤
[INFO] [stdout]    16       │-│W09 March    │ 26   27   28   29 │ 01   02   03 │
[INFO] [stdout]          12 │+│W05 November │ 28   29   30   31 │ 01   02   03 │
[INFO] [stdout]    17    13 │ │             ├───────────────────┘              │
[INFO] [stdout]    18       │-│W10          │ 04   05   06   07   08   09   10 │
[INFO] [stdout]    19       │-│W11          │ 11   12   13   14   15   16   17 │
[INFO] [stdout]    20       │-│W12          │ 18   19   20   21   22   23   24 │
[INFO] [stdout]    21       │-│W13          │ 25   26   27   28   29   30   31 │
[INFO] [stdout]    22       │-└─────────────┴──────────────────────────────────┘
[INFO] [stdout]          14 │+│W06          │ 04   05   06   07   08   09   10 │
[INFO] [stdout]          15 │+│W07          │ 11   12   13   14   15   16   17 │
[INFO] [stdout]          16 │+│W08          │ 18   19   20   21   22   23   24 │
[INFO] [stdout]          17 │+│             │                             ┌────┤
[INFO] [stdout]          18 │+│W09 December │ 25   26   27   28   29   30 │ 01 │
[INFO] [stdout]          19 │+│             ├─────────────────────────────┘    │
[INFO] [stdout]          20 │+│W10          │ 02   03   04   05   06   07   08 │
[INFO] [stdout]          21 │+│W11          │ 09   10   11   12   13   14   15 │
[INFO] [stdout]          22 │+│W12          │ 16   17   18   19   20   21   22 │
[INFO] [stdout]          23 │+│W13          │ 23   24   25   26   27   28   29 │
[INFO] [stdout]          24 │+│             │         ┌────────────────────────┤
[INFO] [stdout]          25 │+│W14 January  │ 30   31 │ 01   02   03   04   05 │
[INFO] [stdout]          26 │+└─────────────┴─────────┴────────────────────────┘
[INFO] [stdout] ────────────┴───────────────────────────────────────────────────────────────────
[INFO] [stdout] 
[INFO] [stdout] thread 'test_three_months_with_quarters_2024' (1183) panicked at tests/snapshots.rs:154:5:
[INFO] [stdout] called `Result::unwrap()` on an `Err` value: FileIo(Os { code: 30, kind: ReadOnlyFilesystem, message: "Read-only file system" }, "/opt/rustwide/workdir/tests/snapshots/snapshots__three_months_with_quarters_2024.snap.new")
[INFO] [stdout] stack backtrace:
[INFO] [stdout]    0:     0x607e83dd4471 - <unknown>
[INFO] [stdout]    1:     0x607e83deb43a - <unknown>
[INFO] [stdout]    2:     0x607e83dd8e7c - <unknown>
[INFO] [stdout]    3:     0x607e83dad336 - <unknown>
[INFO] [stdout]    4:     0x607e83dcb3a9 - <unknown>
[INFO] [stdout]    5:     0x607e83d123b0 - <unknown>
[INFO] [stdout]    6:     0x607e83dcb562 - <unknown>
[INFO] [stdout]    7:     0x607e83dad3e2 - <unknown>
[INFO] [stdout]    8:     0x607e83da5c89 - <unknown>
[INFO] [stdout]    9:     0x607e83dae1fd - <unknown>
[INFO] [stdout]   10:     0x607e83debb9c - <unknown>
[INFO] [stdout]   11:     0x607e83deb972 - <unknown>
[INFO] [stdout]   12:     0x607e83c92d71 - <unknown>
[INFO] [stdout]   13:     0x607e83d0569b - <unknown>
[INFO] [stdout]   14:     0x607e83d12d05 - <unknown>
[INFO] [stdout]   15:     0x607e83d0c5c4 - <unknown>
[INFO] [stdout]   16:     0x607e83d15e62 - <unknown>
[INFO] [stdout]   17:     0x607e83dd3499 - <unknown>
[INFO] [stdout]   18:     0x736d05dbbdfa - <unknown>
[INFO] [stdout]   19:     0x736d05e4f3d4 - clone
[INFO] [stdout]   20:                0x0 - <unknown>
[INFO] [stdout] 
[INFO] [stdout] ---- test_current_with_following_3_months_2026 stdout ----
[INFO] [stdout] ━━━━━━━━━━━━━━━━━━━━━━━━━━━━━━━ Snapshot Summary ━━━━━━━━━━━━━━━━━━━━━━━━━━━━━━━
[INFO] [stdout] Snapshot file: tests/snapshots/snapshots__current_with_following_3_months_2026.snap
[INFO] [stdout] Snapshot: current_with_following_3_months_2026
[INFO] [stdout] Source: tests/snapshots.rs:133
[INFO] [stdout] ────────────────────────────────────────────────────────────────────────────────
[INFO] [stdout] Expression: output
[INFO] [stdout] ────────────────────────────────────────────────────────────────────────────────
[INFO] [stdout] -old snapshot
[INFO] [stdout] +new results
[INFO] [stdout] ────────────┬───────────────────────────────────────────────────────────────────
[INFO] [stdout]     2     2 │ │             COMPACT CALENDAR 2026              │
[INFO] [stdout]     3     3 │ ├────────────────────────────────────────────────┤
[INFO] [stdout]     4     4 │ │              Mon  Tue  Wed  Thu  Fri  Sat  Sun │
[INFO] [stdout]     5     5 │ │             ┌──────────────┬───────────────────┤
[INFO] [stdout]     6       │-│W01 January  │ 29   30   31 │ 01   02   03   04 │
[INFO] [stdout]           6 │+│W01 October  │ 28   29   30 │ 01   02   03   04 │
[INFO] [stdout]     7     7 │ │             ├──────────────┘                   │
[INFO] [stdout]     8     8 │ │W02          │ 05   06   07   08   09   10   11 │
[INFO] [stdout]     9     9 │ │W03          │ 12   13   14   15   16   17   18 │
[INFO] [stdout]    10    10 │ │W04          │ 19   20   21   22   23   24   25 │
[INFO] [stdout]    11    11 │ │             │                             ┌────┤
[INFO] [stdout]    12       │-│W05 February │ 26   27   28   29   30   31 │ 01 │
[INFO] [stdout]          12 │+│W05 November │ 26   27   28   29   30   31 │ 01 │
[INFO] [stdout]    13    13 │ │             ├─────────────────────────────┘    │
[INFO] [stdout]    14    14 │ │W06          │ 02   03   04   05   06   07   08 │
[INFO] [stdout]    15    15 │ │W07          │ 09   10   11   12   13   14   15 │
[INFO] [stdout]    16    16 │ │W08          │ 16   17   18   19   20   21   22 │
[INFO] [stdout]    17       │-│             │                             ┌────┤
[INFO] [stdout]    18       │-│W09 March    │ 23   24   25   26   27   28 │ 01 │
[INFO] [stdout]    19       │-│             ├─────────────────────────────┘    │
[INFO] [stdout]    20       │-│W10          │ 02   03   04   05   06   07   08 │
[INFO] [stdout]    21       │-│W11          │ 09   10   11   12   13   14   15 │
[INFO] [stdout]    22       │-│W12          │ 16   17   18   19   20   21   22 │
[INFO] [stdout]    23       │-│W13          │ 23   24   25   26   27   28   29 │
[INFO] [stdout]    24       │-│             │         ┌────────────────────────┤
[INFO] [stdout]    25       │-│W14 April    │ 30   31 │ 01   02   03   04   05 │
[INFO] [stdout]    26       │-│             ├─────────┘                        │
[INFO] [stdout]    27       │-│W15          │ 06   07   08   09   10   11   12 │
[INFO] [stdout]    28       │-│W16          │ 13   14   15   16   17   18   19 │
[INFO] [stdout]    29       │-│W17          │ 20   21   22   23   24   25   26 │
[INFO] [stdout]          17 │+│W09          │ 23   24   25   26   27   28   29 │
[INFO] [stdout]          18 │+│             │    ┌─────────────────────────────┤
[INFO] [stdout]          19 │+│W10 December │ 30 │ 01   02   03   04   05   06 │
[INFO] [stdout]          20 │+│             ├────┘                             │
[INFO] [stdout]          21 │+│W11          │ 07   08   09   10   11   12   13 │
[INFO] [stdout]          22 │+│W12          │ 14   15   16   17   18   19   20 │
[INFO] [stdout]          23 │+│W13          │ 21   22   23   24   25   26   27 │
[INFO] [stdout]    30    24 │ │             │                   ┌──────────────┤
[INFO] [stdout]    31       │-│W18 May      │ 27   28   29   30 │ 01   02   03 │
[INFO] [stdout]          25 │+│W14 January  │ 28   29   30   31 │ 01   02   03 │
[INFO] [stdout]    32    26 │ └─────────────┴───────────────────┴──────────────┘
[INFO] [stdout] ────────────┴───────────────────────────────────────────────────────────────────
[INFO] [stdout] 
[INFO] [stdout] thread 'test_current_with_following_3_months_2026' (1169) panicked at tests/snapshots.rs:133:5:
[INFO] [stdout] called `Result::unwrap()` on an `Err` value: FileIo(Os { code: 30, kind: ReadOnlyFilesystem, message: "Read-only file system" }, "/opt/rustwide/workdir/tests/snapshots/snapshots__current_with_following_3_months_2026.snap.new")
[INFO] [stdout] stack backtrace:
[INFO] [stdout]    0:     0x607e83dd4471 - <unknown>
[INFO] [stdout]    1:     0x607e83deb43a - <unknown>
[INFO] [stdout]    2:     0x607e83dd8e7c - <unknown>
[INFO] [stdout]    3:     0x607e83dad336 - <unknown>
[INFO] [stdout]    4:     0x607e83dcb3a9 - <unknown>
[INFO] [stdout]    5:     0x607e83d123b0 - <unknown>
[INFO] [stdout]    6:     0x607e83dcb562 - <unknown>
[INFO] [stdout]    7:     0x607e83dad3e2 - <unknown>
[INFO] [stdout]    8:     0x607e83da5c89 - <unknown>
[INFO] [stdout]    9:     0x607e83dae1fd - <unknown>
[INFO] [stdout]   10:     0x607e83debb9c - <unknown>
[INFO] [stdout]   11:     0x607e83deb972 - <unknown>
[INFO] [stdout]   12:     0x607e83c933a1 - <unknown>
[INFO] [stdout]   13:     0x607e83d0569b - <unknown>
[INFO] [stdout]   14:     0x607e83d12d05 - <unknown>
[INFO] [stdout]   15:     0x607e83d0c5c4 - <unknown>
[INFO] [stdout]   16:     0x607e83d15e62 - <unknown>
[INFO] [stdout]   17:     0x607e83dd3499 - <unknown>
[INFO] [stdout]   18:     0x736d05dbbdfa - <unknown>
[INFO] [stdout]   19:     0x736d05e4f3d4 - clone
[INFO] [stdout]   20:                0x0 - <unknown>
[INFO] [stdout] 
[INFO] [stdout] 
[INFO] [stdout] failures:
[INFO] [stdout]     test_current_with_following_3_months_2026
[INFO] [stdout]     test_three_months_with_quarters_2024
[INFO] [stdout] 
[INFO] [stdout] test result: FAILED. 12 passed; 2 failed; 0 ignored; 0 measured; 0 filtered out; finished in 0.60s
[INFO] [stdout] 
[INFO] running `Command { std: "docker" "inspect" "df432ec228400f7a9b13b2e382bc3d8efc78fa3412051b7bb97c6d94516c0fc4", kill_on_drop: false }`
[INFO] running `Command { std: "docker" "rm" "-f" "df432ec228400f7a9b13b2e382bc3d8efc78fa3412051b7bb97c6d94516c0fc4", kill_on_drop: false }`
[INFO] [stdout] df432ec228400f7a9b13b2e382bc3d8efc78fa3412051b7bb97c6d94516c0fc4
