[INFO] fetching crate codebridge-cli 0.6.0-alpha...
[INFO] testing codebridge-cli-0.6.0-alpha against 1.99.0-beta.8+cargoflags=--release for beta-release-1.100-2
[INFO] extracting crate codebridge-cli 0.6.0-alpha into /workspace/builds/worker-5-tc1/source
[INFO] removed /workspace/builds/worker-5-tc1/source/rust-toolchain.toml
[INFO] started tweaking crates.io crate codebridge-cli 0.6.0-alpha
[INFO] removed 0 missing tests
[INFO] finished tweaking crates.io crate codebridge-cli 0.6.0-alpha
[INFO] tweaked toml for crates.io crate codebridge-cli 0.6.0-alpha written to /workspace/builds/worker-5-tc1/source/Cargo.toml
[INFO] validating manifest of crates.io crate codebridge-cli 0.6.0-alpha on toolchain 1.99.0-beta.8
[INFO] running `Command { std: CARGO_HOME="/workspace/cargo-home" RUSTUP_HOME="/workspace/rustup-home" "/workspace/cargo-home/bin/cargo" "+1.99.0-beta.8" "metadata" "--manifest-path" "Cargo.toml" "--no-deps", kill_on_drop: false }`
[INFO] crate crates.io crate codebridge-cli 0.6.0-alpha already has a lockfile, it will not be regenerated
[INFO] running `Command { std: CARGO_HOME="/workspace/cargo-home" RUSTUP_HOME="/workspace/rustup-home" "/workspace/cargo-home/bin/cargo" "+1.99.0-beta.8" "fetch" "--manifest-path" "Cargo.toml", kill_on_drop: false }`
[INFO] [stderr]     Updating crates.io index
[INFO] [stderr]  Downloading crates ...
[INFO] [stderr]   Downloaded rstest v0.19.0
[INFO] [stderr]   Downloaded rstest_macros v0.19.0
[INFO] [stderr]   Downloaded mockall_double v0.3.1
[INFO] [stderr]   Downloaded mockall v0.13.1
[INFO] [stderr]   Downloaded mockall_derive v0.13.1
[INFO] [stderr]   Downloaded doc-comment v0.3.4
[INFO] [stderr]   Downloaded libz-sys v1.1.23
[INFO] running `Command { std: "docker" "create" "-v" "/var/lib/crater-agent-workspace/builds/worker-5-tc1/source:/opt/rustwide/workdir:ro,Z" "-v" "/var/lib/crater-agent-workspace/builds/worker-5-tc1/target:/opt/rustwide/target:rw,Z" "-v" "/var/lib/crater-agent-workspace/cargo-home:/opt/rustwide/cargo-home:ro,Z" "-v" "/var/lib/crater-agent-workspace/rustup-home:/opt/rustwide/rustup-home:ro,Z" "-m" "1610612736" "--network" "none" "ghcr.io/rust-lang/crates-build-env/linux@sha256:77db811e55d90add9212f6832c23229e3de5f1c1f9905e8cb07319ea15df73ac" "sleep" "infinity", kill_on_drop: false }`
[INFO] [stdout] cb59faca6308034eb8a830f73383722f89c1c1c0c438d5afc029d7a594f4d41e
[INFO] running `Command { std: "docker" "start" "cb59faca6308034eb8a830f73383722f89c1c1c0c438d5afc029d7a594f4d41e", kill_on_drop: false }`
[INFO] running `Command { std: "docker" "inspect" "cb59faca6308034eb8a830f73383722f89c1c1c0c438d5afc029d7a594f4d41e", kill_on_drop: false }`
[INFO] running `Command { std: "docker" "exec" "-e" "SOURCE_DIR=/opt/rustwide/workdir" "-e" "CARGO_HOME=/opt/rustwide/cargo-home" "-e" "RUSTUP_HOME=/opt/rustwide/rustup-home" "-e" "CARGO_TARGET_DIR=/opt/rustwide/target" "-w" "/opt/rustwide/workdir" "--user" "0:0" "cb59faca6308034eb8a830f73383722f89c1c1c0c438d5afc029d7a594f4d41e" "/opt/rustwide/cargo-home/bin/cargo" "+1.99.0-beta.8" "metadata" "--no-deps" "--format-version=1", kill_on_drop: false }`
[INFO] running `Command { std: "docker" "inspect" "cb59faca6308034eb8a830f73383722f89c1c1c0c438d5afc029d7a594f4d41e", kill_on_drop: false }`
[INFO] running `Command { std: "docker" "exec" "-e" "SOURCE_DIR=/opt/rustwide/workdir" "-e" "CARGO_HOME=/opt/rustwide/cargo-home" "-e" "RUSTUP_HOME=/opt/rustwide/rustup-home" "-e" "CARGO_TARGET_DIR=/opt/rustwide/target" "-e" "CARGO_INCREMENTAL=0" "-e" "RUST_BACKTRACE=full" "-e" "RUSTFLAGS=--cap-lints=warn" "-e" "RUSTDOCFLAGS=--cap-lints=warn" "-w" "/opt/rustwide/workdir" "--user" "0:0" "cb59faca6308034eb8a830f73383722f89c1c1c0c438d5afc029d7a594f4d41e" "/opt/rustwide/cargo-home/bin/cargo" "+1.99.0-beta.8" "build" "--frozen" "--message-format=json" "--release", kill_on_drop: false }`
[INFO] [stderr]    Compiling libc v0.2.182
[INFO] [stderr]    Compiling http v1.4.0
[INFO] [stderr]    Compiling aho-corasick v1.1.4
[INFO] [stderr]    Compiling regex-syntax v0.8.9
[INFO] [stderr]    Compiling syn v2.0.115
[INFO] [stderr]    Compiling bitflags v2.11.0
[INFO] [stderr]    Compiling getrandom v0.4.1
[INFO] [stderr]    Compiling futures-channel v0.3.32
[INFO] [stderr]    Compiling slab v0.4.12
[INFO] [stderr]    Compiling crossbeam-epoch v0.9.18
[INFO] [stderr]    Compiling bstr v1.12.1
[INFO] [stderr]    Compiling clap_lex v1.0.0
[INFO] [stderr]    Compiling serde_json v1.0.149
[INFO] [stderr]    Compiling serde_path_to_error v0.1.20
[INFO] [stderr]    Compiling futures-util v0.3.32
[INFO] [stderr]    Compiling rustix v1.1.3
[INFO] [stderr]    Compiling clap_builder v4.5.58
[INFO] [stderr]    Compiling crossbeam-deque v0.8.6
[INFO] [stderr]    Compiling errno v0.3.14
[INFO] [stderr]    Compiling parking_lot_core v0.9.12
[INFO] [stderr]    Compiling mio v1.1.1
[INFO] [stderr]    Compiling socket2 v0.6.2
[INFO] [stderr]    Compiling dirs-sys v0.5.0
[INFO] [stderr]    Compiling http-body v1.0.1
[INFO] [stderr]    Compiling signal-hook-registry v1.4.8
[INFO] [stderr]    Compiling http-body-util v0.1.3
[INFO] [stderr]    Compiling jobserver v0.1.34
[INFO] [stderr]    Compiling uuid v1.21.0
[INFO] [stderr]    Compiling parking_lot v0.12.5
[INFO] [stderr]    Compiling dirs v6.0.0
[INFO] [stderr]    Compiling tower-http v0.6.8
[INFO] [stderr]    Compiling cc v1.2.56
[INFO] [stderr]    Compiling regex-automata v0.4.14
[INFO] [stderr]    Compiling tempfile v3.25.0
[INFO] [stderr]    Compiling openssl-sys v0.9.111
[INFO] [stderr]    Compiling libz-sys v1.1.23
[INFO] [stderr]    Compiling libssh2-sys v0.3.1
[INFO] [stderr]    Compiling libgit2-sys v0.18.3+1.9.2
[INFO] [stderr]    Compiling synstructure v0.13.2
[INFO] [stderr]    Compiling zerovec-derive v0.11.2
[INFO] [stderr]    Compiling displaydoc v0.2.5
[INFO] [stderr]    Compiling zerofrom-derive v0.1.6
[INFO] [stderr]    Compiling yoke-derive v0.8.1
[INFO] [stderr]    Compiling tracing-attributes v0.1.31
[INFO] [stderr]    Compiling tokio-macros v2.6.0
[INFO] [stderr]    Compiling serde_derive v1.0.228
[INFO] [stderr]    Compiling clap_derive v4.5.55
[INFO] [stderr]    Compiling async-trait v0.1.89
[INFO] [stderr]    Compiling tokio v1.49.0
[INFO] [stderr]    Compiling zerofrom v0.1.6
[INFO] [stderr]    Compiling yoke v0.8.1
[INFO] [stderr]    Compiling zerovec v0.11.5
[INFO] [stderr]    Compiling zerotrie v0.2.3
[INFO] [stderr]    Compiling tracing v0.1.44
[INFO] [stderr]    Compiling axum-core v0.5.6
[INFO] [stderr]    Compiling matchers v0.2.0
[INFO] [stderr]    Compiling globset v0.4.18
[INFO] [stderr]    Compiling tracing-subscriber v0.3.22
[INFO] [stderr]    Compiling tinystr v0.8.2
[INFO] [stderr]    Compiling potential_utf v0.1.4
[INFO] [stderr]    Compiling icu_collections v2.1.1
[INFO] [stderr]    Compiling icu_locale_core v2.1.1
[INFO] [stderr]    Compiling ignore v0.4.25
[INFO] [stderr]    Compiling clap v4.5.58
[INFO] [stderr]    Compiling icu_provider v2.1.1
[INFO] [stderr]    Compiling serde v1.0.228
[INFO] [stderr]    Compiling icu_normalizer v2.1.1
[INFO] [stderr]    Compiling icu_properties v2.1.2
[INFO] [stderr]    Compiling serde_urlencoded v0.7.1
[INFO] [stderr]    Compiling idna_adapter v1.2.1
[INFO] [stderr]    Compiling idna v1.1.0
[INFO] [stderr]    Compiling hyper v1.8.1
[INFO] [stderr]    Compiling tower v0.5.3
[INFO] [stderr]    Compiling url v2.5.8
[INFO] [stderr]    Compiling hyper-util v0.1.20
[INFO] [stderr]    Compiling axum v0.8.8
[INFO] [stderr]    Compiling git2 v0.20.4
[INFO] [stderr]    Compiling codebridge-cli v0.6.0-alpha (/opt/rustwide/workdir)
[INFO] [stderr]     Finished `release` profile [optimized] target(s) in 2m 22s
[INFO] running `Command { std: "docker" "inspect" "cb59faca6308034eb8a830f73383722f89c1c1c0c438d5afc029d7a594f4d41e", kill_on_drop: false }`
[INFO] running `Command { std: "docker" "exec" "-e" "SOURCE_DIR=/opt/rustwide/workdir" "-e" "CARGO_HOME=/opt/rustwide/cargo-home" "-e" "RUSTUP_HOME=/opt/rustwide/rustup-home" "-e" "CARGO_TARGET_DIR=/opt/rustwide/target" "-e" "CARGO_INCREMENTAL=0" "-e" "RUST_BACKTRACE=full" "-e" "RUSTFLAGS=--cap-lints=warn" "-e" "RUSTDOCFLAGS=--cap-lints=warn" "-w" "/opt/rustwide/workdir" "--user" "0:0" "cb59faca6308034eb8a830f73383722f89c1c1c0c438d5afc029d7a594f4d41e" "/opt/rustwide/cargo-home/bin/cargo" "+1.99.0-beta.8" "test" "--frozen" "--no-run" "--message-format=json" "--release", kill_on_drop: false }`
[INFO] [stderr]    Compiling regex-syntax v0.8.9
[INFO] [stderr]    Compiling futures-macro v0.3.32
[INFO] [stderr]    Compiling tokio-util v0.7.18
[INFO] [stderr]    Compiling zerocopy v0.8.39
[INFO] [stderr]    Compiling getrandom v0.3.4
[INFO] [stderr]    Compiling semver v1.0.27
[INFO] [stderr]    Compiling aho-corasick v1.1.4
[INFO] [stderr]    Compiling predicates-core v1.0.10
[INFO] [stderr]    Compiling mockall_derive v0.13.1
[INFO] [stderr]    Compiling doc-comment v0.3.4
[INFO] [stderr]    Compiling termtree v0.5.1
[INFO] [stderr]    Compiling difflib v0.4.0
[INFO] [stderr]    Compiling wait-timeout v0.2.1
[INFO] [stderr]    Compiling bit-vec v0.8.0
[INFO] [stderr]    Compiling glob v0.3.3
[INFO] [stderr]    Compiling rand_core v0.9.5
[INFO] [stderr]    Compiling predicates-tree v1.0.13
[INFO] [stderr]    Compiling sdd v3.0.10
[INFO] [stderr]    Compiling rusty-fork v0.3.1
[INFO] [stderr]    Compiling rustc_version v0.4.1
[INFO] [stderr]    Compiling bit-set v0.8.0
[INFO] [stderr]    Compiling rand_xorshift v0.4.0
[INFO] [stderr]    Compiling assert-json-diff v2.0.2
[INFO] [stderr]    Compiling predicates v3.1.4
[INFO] [stderr]    Compiling scc v2.4.0
[INFO] [stderr]    Compiling rstest_macros v0.19.0
[INFO] [stderr]    Compiling serial_test_derive v3.4.0
[INFO] [stderr]    Compiling fragile v2.0.1
[INFO] [stderr]    Compiling similar v2.7.0
[INFO] [stderr]    Compiling unarray v0.1.4
[INFO] [stderr]    Compiling downcast v0.11.0
[INFO] [stderr]    Compiling futures-util v0.3.32
[INFO] [stderr]    Compiling h2 v0.4.13
[INFO] [stderr]    Compiling mockall_double v0.3.1
[INFO] [stderr]    Compiling regex-automata v0.4.14
[INFO] [stderr]    Compiling mockall v0.13.1
[INFO] [stderr]    Compiling tower v0.5.3
[INFO] [stderr]    Compiling futures-executor v0.3.32
[INFO] [stderr]    Compiling futures v0.3.32
[INFO] [stderr]    Compiling serial_test v3.4.0
[INFO] [stderr]    Compiling regex v1.12.3
[INFO] [stderr]    Compiling ppv-lite86 v0.2.21
[INFO] [stderr]    Compiling rand_chacha v0.9.0
[INFO] [stderr]    Compiling rand v0.9.2
[INFO] [stderr]    Compiling hyper v1.8.1
[INFO] [stderr]    Compiling globset v0.4.18
[INFO] [stderr]    Compiling matchers v0.2.0
[INFO] [stderr]    Compiling tracing-subscriber v0.3.22
[INFO] [stderr]    Compiling proptest v1.10.0
[INFO] [stderr]    Compiling ignore v0.4.25
[INFO] [stderr]    Compiling rstest v0.19.0
[INFO] [stderr]    Compiling hyper-util v0.1.20
[INFO] [stderr]    Compiling axum v0.8.8
[INFO] [stderr]    Compiling globwalk v0.9.1
[INFO] [stderr]    Compiling assert_fs v1.1.3
[INFO] [stderr]    Compiling mockito v1.7.2
[INFO] [stderr]    Compiling codebridge-cli v0.6.0-alpha (/opt/rustwide/workdir)
[INFO] [stderr]     Finished `release` profile [optimized] target(s) in 1m 48s
[INFO] running `Command { std: "docker" "inspect" "cb59faca6308034eb8a830f73383722f89c1c1c0c438d5afc029d7a594f4d41e", kill_on_drop: false }`
[INFO] running `Command { std: "docker" "exec" "-e" "SOURCE_DIR=/opt/rustwide/workdir" "-e" "CARGO_HOME=/opt/rustwide/cargo-home" "-e" "RUSTUP_HOME=/opt/rustwide/rustup-home" "-e" "CARGO_TARGET_DIR=/opt/rustwide/target" "-e" "CARGO_INCREMENTAL=0" "-e" "RUST_BACKTRACE=full" "-e" "RUSTFLAGS=--cap-lints=warn" "-e" "RUSTDOCFLAGS=--cap-lints=warn" "-w" "/opt/rustwide/workdir" "--user" "0:0" "cb59faca6308034eb8a830f73383722f89c1c1c0c438d5afc029d7a594f4d41e" "/opt/rustwide/cargo-home/bin/cargo" "+1.99.0-beta.8" "test" "--frozen" "--release", kill_on_drop: false }`
[INFO] [stderr]     Finished `release` profile [optimized] target(s) in 0.29s
[INFO] [stderr]      Running unittests src/lib.rs (/opt/rustwide/target/release/deps/codebridge_cli-a69137c136b6e7d6)
[INFO] [stdout] 
[INFO] [stdout] running 109 tests
[INFO] [stdout] test actions::create_directory::tests::test_create_directory_traversal ... ok
[INFO] [stdout] test actions::delete_file::tests::test_delete_file_not_found ... ok
[INFO] [stdout] test actions::create_directory::tests::test_create_directory_nested ... ok
[INFO] [stdout] test actions::create_directory::tests::test_create_directory_single ... ok
[INFO] [stdout] test actions::delete_file::tests::test_delete_directory ... ok
[INFO] [stdout] test actions::delete_file::tests::test_delete_file_traversal ... ok
[INFO] [stdout] test actions::delete_file::tests::test_delete_file_success ... ok
[INFO] [stdout] test actions::create_directory::tests::test_create_directory_existing ... ok
[INFO] [stdout] test actions::git::tests::test_handle_diff_not_a_repo ... ok
[INFO] [stdout] test actions::git::tests::test_handle_status_not_a_repo ... ok
[INFO] [stdout] test actions::git::tests::test_handle_init_failure ... ok
[INFO] [stdout] test actions::git::tests::test_handle_init_success ... ok
[INFO] [stdout] test actions::git_worktree::tests::test_handle_add_success ... FAILED
[INFO] [stdout] test actions::git::tests::test_handle_add_missing_file ... FAILED
[INFO] [stdout] test actions::git::tests::test_handle_add ... FAILED
[INFO] [stdout] test actions::git_worktree::tests::test_handle_add_branch_already_exists ... FAILED
[INFO] [stdout] test actions::git::tests::test_handle_commit ... FAILED
[INFO] [stdout] test actions::git_worktree::tests::test_handle_list_empty ... FAILED
[INFO] [stdout] test actions::git::tests::test_handle_status_error_from_git2 ... FAILED
[INFO] [stdout] test actions::git::tests::test_handle_commit_no_changes ... FAILED
[INFO] [stdout] test actions::git::tests::test_handle_diff_staged ... FAILED
[INFO] [stdout] test actions::git::tests::test_handle_status_in_repo ... FAILED
[INFO] [stdout] test actions::git::tests::test_handle_diff_unstaged ... FAILED
[INFO] [stdout] test actions::git::tests::test_handle_push_remote_not_found ... FAILED
[INFO] [stdout] test actions::list_directory::tests::test_list_directory_not_found ... ok
[INFO] [stdout] test actions::git::tests::test_handle_push ... FAILED
[INFO] [stdout] test actions::git_worktree::tests::test_handle_list_with_worktrees ... FAILED
[INFO] [stdout] test actions::git_worktree::tests::test_handle_add_new_branch ... FAILED
[INFO] [stdout] test actions::list_directory::tests::test_list_directory_file_path ... ok
[INFO] [stdout] test actions::run_script::tests::test_language_not_allowed ... ok
[INFO] [stdout] test actions::read_file::tests::test_read_file_not_found ... ok
[INFO] [stdout] test actions::run_script::tests::test_unsupported_language ... ok
[INFO] [stdout] test actions::read_file::tests::test_read_file_traversal ... FAILED
[INFO] [stdout] test actions::list_directory::tests::test_list_directory_traversal ... FAILED
[INFO] [stdout] test actions::git_worktree::tests::test_handle_merge_already_up_to_date ... FAILED
[INFO] [stdout] test actions::write_file::tests::test_write_file_traversal ... FAILED
[INFO] [stdout] test actions::git_worktree::tests::test_handle_merge_fast_forward ... FAILED
[INFO] [stdout] test actions::git_worktree::tests::test_handle_merge_preview ... FAILED
[INFO] [stdout] test actions::git_worktree::tests::test_handle_merge_branch_not_found ... FAILED
[INFO] [stdout] test actions::write_file::tests::test_write_file_new ... ok
[INFO] [stdout] test actions::write_file::tests::test_write_file_overwrite ... ok
[INFO] [stdout] test build::tests::test_execution_failure ... ok
[INFO] [stdout] test build::tests::test_empty_command ... ok
[INFO] [stdout] test build::tests::test_fallback_to_stderr ... ok
[INFO] [stdout] test actions::read_file::tests::test_read_file_success ... ok
[INFO] [stdout] test actions::git_worktree::tests::test_handle_remove_success ... FAILED
[INFO] [stdout] test build::tests::test_rust_json_errors ... ok
[INFO] [stdout] test actions::git_worktree::tests::test_handle_merge_with_conflict ... FAILED
[INFO] [stdout] test build::tests::test_simple_bash_failure ... ok
[INFO] [stdout] test build_detector::tests::count_root_files_empty_dir ... ok
[INFO] [stdout] test build::tests::test_simple_bash_success ... ok
[INFO] [stdout] test actions::git_worktree::tests::test_handle_remove_not_found ... FAILED
[INFO] [stdout] test build_detector::tests::detect_documentation ... ok
[INFO] [stdout] test build_detector::tests::count_root_files_mixed ... ok
[INFO] [stdout] test build_detector::tests::detect_node ... ok
[INFO] [stdout] test actions::list_directory::tests::test_list_directory_root ... ok
[INFO] [stdout] test build_detector::tests::detect_python_with_setup_py ... ok
[INFO] [stdout] test build_detector::tests::detect_unknown_with_other_files ... ok
[INFO] [stdout] test build_detector::tests::detect_rust ... ok
[INFO] [stdout] test build_detector::tests::detect_unknown_empty_dir ... ok
[INFO] [stdout] test build_detector::tests::detect_documentation_with_other_files ... ok
[INFO] [stdout] test build_detector::tests::detect_python_with_requirements ... ok
[INFO] [stdout] test build_detector::tests::get_build_command_auto_node ... ok
[INFO] [stdout] test build_detector::tests::get_build_command_auto_python ... ok
[INFO] [stdout] test build_detector::tests::get_build_command_test::case_1 ... ok
[INFO] [stdout] test build::tests::test_rust_json_warnings ... ok
[INFO] [stdout] test build_detector::tests::get_build_command_auto_documentation ... ok
[INFO] [stdout] test actions::list_directory::tests::test_list_directory_subdir ... ok
[INFO] [stdout] test build_detector::tests::get_build_command_auto_unknown ... ok
[INFO] [stdout] test build_detector::tests::get_build_command_test::case_3 ... ok
[INFO] [stdout] test actions::git_worktree::tests::test_handle_remove_force ... FAILED
[INFO] [stdout] test actions::write_file::tests::test_write_file_with_dirs ... ok
[INFO] [stdout] test build_detector::tests::get_build_command_test::case_4 ... ok
[INFO] [stdout] test build_detector::tests::get_build_command_test::case_5 ... ok
[INFO] [stdout] test build_detector::tests::get_build_command_empty_string ... ok
[INFO] [stdout] test script_executor::tests::test_execute_script_disabled ... ok
[INFO] [stdout] test script_executor::tests::test_from_str ... ok
[INFO] [stdout] test build_detector::tests::get_build_command_test::case_2 ... ok
[INFO] [stdout] test build_detector::tests::get_build_command_auto_rust ... ok
[INFO] [stdout] test build_detector::tests::get_build_command_user_provided ... ok
[INFO] [stdout] test security::tests::safe_join_parametrized::case_1 ... ok
[INFO] [stdout] test security::tests::safe_join_parametrized::case_4 ... ok
[INFO] [stdout] test security::tests::safe_join_parametrized::case_2 ... ok
[INFO] [stdout] test script_executor::tests::test_deno_success ... ok
[INFO] [stdout] test script_executor::tests::test_deno_network_disabled ... ok
[INFO] [stdout] test security::tests::safe_join_valid_path ... ok
[INFO] [stdout] test security::tests::safe_join_traversal_too_many_parents ... ok
[INFO] [stdout] test security::tests::safe_join_parametrized::case_3 ... ok
[INFO] [stdout] test security::tests::safe_join_with_dot ... ok
[INFO] [stdout] test security::tests::safe_join_parametrized::case_5 ... ok
[INFO] [stdout] test security::tests::validate_path_existing_file ... ok
[INFO] [stdout] test security::tests::safe_join_root_does_not_exist ... ok
[INFO] [stdout] test security::tests::validate_worktree_path_base_does_not_exist ... ok
[INFO] [stdout] test security::tests::safe_join_traversal_attempt ... ok
[INFO] [stdout] test script_executor::tests::test_deno_network_enabled ... ok
[INFO] [stdout] test security::tests::validate_path_symlink_outside ... ok
[INFO] [stdout] test security::tests::validate_path_nonexistent_file ... ok
[INFO] [stdout] test security::tests::validate_path_symlink_inside ... ok
[INFO] [stdout] test security::tests::validate_worktree_path_nonexistent_dir ... ok
[INFO] [stdout] test security::tests::validate_worktree_path_traversal ... ok
[INFO] [stdout] test actions::run_script::tests::test_bash_success ... ok
[INFO] [stdout] test script_executor::tests::test_with_args ... ok
[INFO] [stdout] test script_executor::tests::test_failure_exit_code ... ok
[INFO] [stdout] test script_executor::tests::test_bash_success ... ok
[INFO] [stdout] test security::tests::validate_worktree_path_valid ... ok
[INFO] [stdout] test script_executor::tests::test_python_success ... ok
[INFO] [stdout] test actions::run_script::tests::test_python_success ... ok
[INFO] [stdout] test security::tests::safe_join_never_panics ... ok
[INFO] [stdout] test script_executor::tests::test_timeout ... ok
[INFO] [stdout] 
[INFO] [stdout] failures:
[INFO] [stdout] 
[INFO] [stdout] ---- actions::git_worktree::tests::test_handle_add_success stdout ----
[INFO] [stdout] 
[INFO] [stdout] thread 'actions::git_worktree::tests::test_handle_add_success' (3848) panicked at src/actions/git_worktree.rs:476:40:
[INFO] [stdout] called `Result::unwrap()` on an `Err` value: Error { code: -3, klass: 7, message: "config value 'user.name' was not found" }
[INFO] [stdout] stack backtrace:
[INFO] [stdout]    0:     0x63784b7c3441 - <<std[70759c8f55707aa4]::sys::backtrace::BacktraceLock>::print::DisplayBacktrace as core[df12db4294e9bfd3]::fmt::Display>::fmt
[INFO] [stdout]    1:     0x63784b7da02a - core[df12db4294e9bfd3]::fmt::write
[INFO] [stdout]    2:     0x63784b7c80bc - <alloc[2182bb758b4b3781]::vec::Vec<u8> as core[df12db4294e9bfd3]::io::write::Write>::write_fmt
[INFO] [stdout]    3:     0x63784b79c616 - std[70759c8f55707aa4]::panicking::default_hook::{closure#0}
[INFO] [stdout]    4:     0x63784b7ba599 - std[70759c8f55707aa4]::panicking::default_hook
[INFO] [stdout]    5:     0x63784b5d3f00 - test[9d35eded1c95d3be]::test_main_inner::<test[9d35eded1c95d3be]::test_main_static::{closure#0}>::{closure#0}
[INFO] [stdout]    6:     0x63784b7ba8c2 - std[70759c8f55707aa4]::panicking::panic_with_hook
[INFO] [stdout]    7:     0x63784b79c6c2 - std[70759c8f55707aa4]::panicking::panic_handler::{closure#0}
[INFO] [stdout]    8:     0x63784b794ed9 - std[70759c8f55707aa4]::sys::backtrace::__rust_end_short_backtrace::<std[70759c8f55707aa4]::panicking::panic_handler::{closure#0}, !>
[INFO] [stdout]    9:     0x63784b79d44d - __rustc[8fa7c3cbc660c2b3]::rust_begin_unwind
[INFO] [stdout]   10:     0x63784b7da80c - core[df12db4294e9bfd3]::panicking::panic_fmt
[INFO] [stdout]   11:     0x63784b7da5e2 - core[df12db4294e9bfd3]::result::unwrap_failed
[INFO] [stdout]   12:     0x63784b568046 - codebridge_cli[fa25d9b0f98d3f72]::actions::git_worktree::tests::init_repo_with_branches
[INFO] [stdout]   13:     0x63784b55f821 - codebridge_cli[fa25d9b0f98d3f72]::actions::git_worktree::tests::test_handle_add_success::{closure#0}
[INFO] [stdout]   14:     0x63784b5bfec3 - <tokio[6b1cf446f17177b2]::runtime::scheduler::current_thread::Context>::enter::<core[df12db4294e9bfd3]::task::poll::Poll<()>, <tokio[6b1cf446f17177b2]::runtime::scheduler::current_thread::CoreGuard>::block_on<core[df12db4294e9bfd3]::pin::Pin<&mut core[df12db4294e9bfd3]::pin::Pin<&mut dyn core[df12db4294e9bfd3]::future::future::Future<Output = ()>>>>::{closure#0}::{closure#0}>
[INFO] [stdout]   15:     0x63784b59f32c - <tokio[6b1cf446f17177b2]::runtime::context::scoped::Scoped<tokio[6b1cf446f17177b2]::runtime::scheduler::Context>>::set::<<tokio[6b1cf446f17177b2]::runtime::scheduler::current_thread::CoreGuard>::enter<<tokio[6b1cf446f17177b2]::runtime::scheduler::current_thread::CoreGuard>::block_on<core[df12db4294e9bfd3]::pin::Pin<&mut core[df12db4294e9bfd3]::pin::Pin<&mut dyn core[df12db4294e9bfd3]::future::future::Future<Output = ()>>>>::{closure#0}, core[df12db4294e9bfd3]::option::Option<()>>::{closure#0}, (alloc[2182bb758b4b3781]::boxed::Box<tokio[6b1cf446f17177b2]::runtime::scheduler::current_thread::Core>, core[df12db4294e9bfd3]::option::Option<()>)>
[INFO] [stdout]   16:     0x63784b5c0217 - <tokio[6b1cf446f17177b2]::runtime::scheduler::current_thread::CoreGuard>::block_on::<core[df12db4294e9bfd3]::pin::Pin<&mut core[df12db4294e9bfd3]::pin::Pin<&mut dyn core[df12db4294e9bfd3]::future::future::Future<Output = ()>>>>
[INFO] [stdout]   17:     0x63784b58284d - tokio[6b1cf446f17177b2]::runtime::context::runtime::enter_runtime::<<tokio[6b1cf446f17177b2]::runtime::scheduler::current_thread::CurrentThread>::block_on<core[df12db4294e9bfd3]::pin::Pin<&mut dyn core[df12db4294e9bfd3]::future::future::Future<Output = ()>>>::{closure#0}, ()>
[INFO] [stdout]   18:     0x63784b5b8155 - <tokio[6b1cf446f17177b2]::runtime::runtime::Runtime>::block_on::<core[df12db4294e9bfd3]::pin::Pin<&mut dyn core[df12db4294e9bfd3]::future::future::Future<Output = ()>>>
[INFO] [stdout]   19:     0x63784b5687eb - codebridge_cli[fa25d9b0f98d3f72]::actions::git_worktree::tests::test_handle_add_success
[INFO] [stdout]   20:     0x63784b5929c9 - <codebridge_cli[fa25d9b0f98d3f72]::actions::git_worktree::tests::test_handle_add_success::{closure#0} as core[df12db4294e9bfd3]::ops::function::FnOnce<()>>::call_once
[INFO] [stdout]   21:     0x63784b5c71eb - test[9d35eded1c95d3be]::__rust_begin_short_backtrace::<core[df12db4294e9bfd3]::result::Result<(), alloc[2182bb758b4b3781]::string::String>, fn() -> core[df12db4294e9bfd3]::result::Result<(), alloc[2182bb758b4b3781]::string::String>>
[INFO] [stdout]   22:     0x63784b5d4855 - test[9d35eded1c95d3be]::run_test::{closure#0}
[INFO] [stdout]   23:     0x63784b5ce114 - std[70759c8f55707aa4]::sys::backtrace::__rust_begin_short_backtrace::<test[9d35eded1c95d3be]::run_test::{closure#1}, ()>
[INFO] [stdout]   24:     0x63784b5d79b2 - <std[70759c8f55707aa4]::thread::lifecycle::spawn_unchecked<test[9d35eded1c95d3be]::run_test::{closure#1}, ()>::{closure#1} as core[df12db4294e9bfd3]::ops::function::FnOnce<()>>::call_once::{shim:vtable#0}
[INFO] [stdout]   25:     0x63784b7c2779 - <std[70759c8f55707aa4]::sys::thread::unix::Thread>::new::thread_start
[INFO] [stdout]   26:     0x7734bc59bdfa - <unknown>
[INFO] [stdout]   27:     0x7734bc62f3d4 - clone
[INFO] [stdout]   28:                0x0 - <unknown>
[INFO] [stdout] 
[INFO] [stdout] ---- actions::git::tests::test_handle_add_missing_file stdout ----
[INFO] [stdout] 
[INFO] [stdout] thread 'actions::git::tests::test_handle_add_missing_file' (3832) panicked at src/actions/git.rs:398:40:
[INFO] [stdout] called `Result::unwrap()` on an `Err` value: Error { code: -3, klass: 7, message: "config value 'user.name' was not found" }
[INFO] [stdout] stack backtrace:
[INFO] [stdout]    0:     0x63784b7c3441 - <<std[70759c8f55707aa4]::sys::backtrace::BacktraceLock>::print::DisplayBacktrace as core[df12db4294e9bfd3]::fmt::Display>::fmt
[INFO] [stdout]    1:     0x63784b7da02a - core[df12db4294e9bfd3]::fmt::write
[INFO] [stdout]    2:     0x63784b7c80bc - <alloc[2182bb758b4b3781]::vec::Vec<u8> as core[df12db4294e9bfd3]::io::write::Write>::write_fmt
[INFO] [stdout]    3:     0x63784b79c616 - std[70759c8f55707aa4]::panicking::default_hook::{closure#0}
[INFO] [stdout]    4:     0x63784b7ba599 - std[70759c8f55707aa4]::panicking::default_hook
[INFO] [stdout]    5:     0x63784b5d3f00 - test[9d35eded1c95d3be]::test_main_inner::<test[9d35eded1c95d3be]::test_main_static::{closure#0}>::{closure#0}
[INFO] [stdout]    6:     0x63784b7ba8c2 - std[70759c8f55707aa4]::panicking::panic_with_hook
[INFO] [stdout]    7:     0x63784b79c6c2 - std[70759c8f55707aa4]::panicking::panic_handler::{closure#0}
[INFO] [stdout]    8:     0x63784b794ed9 - std[70759c8f55707aa4]::sys::backtrace::__rust_end_short_backtrace::<std[70759c8f55707aa4]::panicking::panic_handler::{closure#0}, !>
[INFO] [stdout]    9:     0x63784b79d44d - __rustc[8fa7c3cbc660c2b3]::rust_begin_unwind
[INFO] [stdout]   10:     0x63784b7da80c - core[df12db4294e9bfd3]::panicking::panic_fmt
[INFO] [stdout]   11:     0x63784b7da5e2 - core[df12db4294e9bfd3]::result::unwrap_failed
[INFO] [stdout]   12:     0x63784b57ef26 - codebridge_cli[fa25d9b0f98d3f72]::actions::git::tests::init_test_repo
[INFO] [stdout]   13:     0x63784b57d0be - codebridge_cli[fa25d9b0f98d3f72]::actions::git::tests::test_handle_add_missing_file::{closure#0}
[INFO] [stdout]   14:     0x63784b5bfec3 - <tokio[6b1cf446f17177b2]::runtime::scheduler::current_thread::Context>::enter::<core[df12db4294e9bfd3]::task::poll::Poll<()>, <tokio[6b1cf446f17177b2]::runtime::scheduler::current_thread::CoreGuard>::block_on<core[df12db4294e9bfd3]::pin::Pin<&mut core[df12db4294e9bfd3]::pin::Pin<&mut dyn core[df12db4294e9bfd3]::future::future::Future<Output = ()>>>>::{closure#0}::{closure#0}>
[INFO] [stdout]   15:     0x63784b59f32c - <tokio[6b1cf446f17177b2]::runtime::context::scoped::Scoped<tokio[6b1cf446f17177b2]::runtime::scheduler::Context>>::set::<<tokio[6b1cf446f17177b2]::runtime::scheduler::current_thread::CoreGuard>::enter<<tokio[6b1cf446f17177b2]::runtime::scheduler::current_thread::CoreGuard>::block_on<core[df12db4294e9bfd3]::pin::Pin<&mut core[df12db4294e9bfd3]::pin::Pin<&mut dyn core[df12db4294e9bfd3]::future::future::Future<Output = ()>>>>::{closure#0}, core[df12db4294e9bfd3]::option::Option<()>>::{closure#0}, (alloc[2182bb758b4b3781]::boxed::Box<tokio[6b1cf446f17177b2]::runtime::scheduler::current_thread::Core>, core[df12db4294e9bfd3]::option::Option<()>)>
[INFO] [stdout]   16:     0x63784b5c0217 - <tokio[6b1cf446f17177b2]::runtime::scheduler::current_thread::CoreGuard>::block_on::<core[df12db4294e9bfd3]::pin::Pin<&mut core[df12db4294e9bfd3]::pin::Pin<&mut dyn core[df12db4294e9bfd3]::future::future::Future<Output = ()>>>>
[INFO] [stdout]   17:     0x63784b58284d - tokio[6b1cf446f17177b2]::runtime::context::runtime::enter_runtime::<<tokio[6b1cf446f17177b2]::runtime::scheduler::current_thread::CurrentThread>::block_on<core[df12db4294e9bfd3]::pin::Pin<&mut dyn core[df12db4294e9bfd3]::future::future::Future<Output = ()>>>::{closure#0}, ()>
[INFO] [stdout]   18:     0x63784b5b8155 - <tokio[6b1cf446f17177b2]::runtime::runtime::Runtime>::block_on::<core[df12db4294e9bfd3]::pin::Pin<&mut dyn core[df12db4294e9bfd3]::future::future::Future<Output = ()>>>
[INFO] [stdout]   19:     0x63784b57fd9b - codebridge_cli[fa25d9b0f98d3f72]::actions::git::tests::test_handle_add_missing_file
[INFO] [stdout]   20:     0x63784b592d89 - <codebridge_cli[fa25d9b0f98d3f72]::actions::git::tests::test_handle_add_missing_file::{closure#0} as core[df12db4294e9bfd3]::ops::function::FnOnce<()>>::call_once
[INFO] [stdout]   21:     0x63784b5c71eb - test[9d35eded1c95d3be]::__rust_begin_short_backtrace::<core[df12db4294e9bfd3]::result::Result<(), alloc[2182bb758b4b3781]::string::String>, fn() -> core[df12db4294e9bfd3]::result::Result<(), alloc[2182bb758b4b3781]::string::String>>
[INFO] [stdout]   22:     0x63784b5d4855 - test[9d35eded1c95d3be]::run_test::{closure#0}
[INFO] [stdout]   23:     0x63784b5ce114 - std[70759c8f55707aa4]::sys::backtrace::__rust_begin_short_backtrace::<test[9d35eded1c95d3be]::run_test::{closure#1}, ()>
[INFO] [stdout]   24:     0x63784b5d79b2 - <std[70759c8f55707aa4]::thread::lifecycle::spawn_unchecked<test[9d35eded1c95d3be]::run_test::{closure#1}, ()>::{closure#1} as core[df12db4294e9bfd3]::ops::function::FnOnce<()>>::call_once::{shim:vtable#0}
[INFO] [stdout]   25:     0x63784b7c2779 - <std[70759c8f55707aa4]::sys::thread::unix::Thread>::new::thread_start
[INFO] [stdout]   26:     0x7734bc59bdfa - <unknown>
[INFO] [stdout]   27:     0x7734bc62f3d4 - clone
[INFO] [stdout]   28:                0x0 - <unknown>
[INFO] [stdout] 
[INFO] [stdout] ---- actions::git::tests::test_handle_add stdout ----
[INFO] [stdout] 
[INFO] [stdout] thread 'actions::git::tests::test_handle_add' (3831) panicked at src/actions/git.rs:398:40:
[INFO] [stdout] called `Result::unwrap()` on an `Err` value: Error { code: -3, klass: 7, message: "config value 'user.name' was not found" }
[INFO] [stdout] stack backtrace:
[INFO] [stdout]    0:     0x63784b7c3441 - <<std[70759c8f55707aa4]::sys::backtrace::BacktraceLock>::print::DisplayBacktrace as core[df12db4294e9bfd3]::fmt::Display>::fmt
[INFO] [stdout]    1:     0x63784b7da02a - core[df12db4294e9bfd3]::fmt::write
[INFO] [stdout]    2:     0x63784b7c80bc - <alloc[2182bb758b4b3781]::vec::Vec<u8> as core[df12db4294e9bfd3]::io::write::Write>::write_fmt
[INFO] [stdout]    3:     0x63784b79c616 - std[70759c8f55707aa4]::panicking::default_hook::{closure#0}
[INFO] [stdout]    4:     0x63784b7ba599 - std[70759c8f55707aa4]::panicking::default_hook
[INFO] [stdout]    5:     0x63784b5d3f00 - test[9d35eded1c95d3be]::test_main_inner::<test[9d35eded1c95d3be]::test_main_static::{closure#0}>::{closure#0}
[INFO] [stdout]    6:     0x63784b7ba8c2 - std[70759c8f55707aa4]::panicking::panic_with_hook
[INFO] [stdout]    7:     0x63784b79c6c2 - std[70759c8f55707aa4]::panicking::panic_handler::{closure#0}
[INFO] [stdout]    8:     0x63784b794ed9 - std[70759c8f55707aa4]::sys::backtrace::__rust_end_short_backtrace::<std[70759c8f55707aa4]::panicking::panic_handler::{closure#0}, !>
[INFO] [stdout]    9:     0x63784b79d44d - __rustc[8fa7c3cbc660c2b3]::rust_begin_unwind
[INFO] [stdout]   10:     0x63784b7da80c - core[df12db4294e9bfd3]::panicking::panic_fmt
[INFO] [stdout]   11:     0x63784b7da5e2 - core[df12db4294e9bfd3]::result::unwrap_failed
[INFO] [stdout]   12:     0x63784b57ef26 - codebridge_cli[fa25d9b0f98d3f72]::actions::git::tests::init_test_repo
[INFO] [stdout]   13:     0x63784b579921 - codebridge_cli[fa25d9b0f98d3f72]::actions::git::tests::test_handle_add::{closure#0}
[INFO] [stdout]   14:     0x63784b5bfec3 - <tokio[6b1cf446f17177b2]::runtime::scheduler::current_thread::Context>::enter::<core[df12db4294e9bfd3]::task::poll::Poll<()>, <tokio[6b1cf446f17177b2]::runtime::scheduler::current_thread::CoreGuard>::block_on<core[df12db4294e9bfd3]::pin::Pin<&mut core[df12db4294e9bfd3]::pin::Pin<&mut dyn core[df12db4294e9bfd3]::future::future::Future<Output = ()>>>>::{closure#0}::{closure#0}>
[INFO] [stdout]   15:     0x63784b59f32c - <tokio[6b1cf446f17177b2]::runtime::context::scoped::Scoped<tokio[6b1cf446f17177b2]::runtime::scheduler::Context>>::set::<<tokio[6b1cf446f17177b2]::runtime::scheduler::current_thread::CoreGuard>::enter<<tokio[6b1cf446f17177b2]::runtime::scheduler::current_thread::CoreGuard>::block_on<core[df12db4294e9bfd3]::pin::Pin<&mut core[df12db4294e9bfd3]::pin::Pin<&mut dyn core[df12db4294e9bfd3]::future::future::Future<Output = ()>>>>::{closure#0}, core[df12db4294e9bfd3]::option::Option<()>>::{closure#0}, (alloc[2182bb758b4b3781]::boxed::Box<tokio[6b1cf446f17177b2]::runtime::scheduler::current_thread::Core>, core[df12db4294e9bfd3]::option::Option<()>)>
[INFO] [stdout]   16:     0x63784b5c0217 - <tokio[6b1cf446f17177b2]::runtime::scheduler::current_thread::CoreGuard>::block_on::<core[df12db4294e9bfd3]::pin::Pin<&mut core[df12db4294e9bfd3]::pin::Pin<&mut dyn core[df12db4294e9bfd3]::future::future::Future<Output = ()>>>>
[INFO] [stdout]   17:     0x63784b58284d - tokio[6b1cf446f17177b2]::runtime::context::runtime::enter_runtime::<<tokio[6b1cf446f17177b2]::runtime::scheduler::current_thread::CurrentThread>::block_on<core[df12db4294e9bfd3]::pin::Pin<&mut dyn core[df12db4294e9bfd3]::future::future::Future<Output = ()>>>::{closure#0}, ()>
[INFO] [stdout]   18:     0x63784b5b8155 - <tokio[6b1cf446f17177b2]::runtime::runtime::Runtime>::block_on::<core[df12db4294e9bfd3]::pin::Pin<&mut dyn core[df12db4294e9bfd3]::future::future::Future<Output = ()>>>
[INFO] [stdout]   19:     0x63784b57f16b - codebridge_cli[fa25d9b0f98d3f72]::actions::git::tests::test_handle_add
[INFO] [stdout]   20:     0x63784b592c69 - <codebridge_cli[fa25d9b0f98d3f72]::actions::git::tests::test_handle_add::{closure#0} as core[df12db4294e9bfd3]::ops::function::FnOnce<()>>::call_once
[INFO] [stdout]   21:     0x63784b5c71eb - test[9d35eded1c95d3be]::__rust_begin_short_backtrace::<core[df12db4294e9bfd3]::result::Result<(), alloc[2182bb758b4b3781]::string::String>, fn() -> core[df12db4294e9bfd3]::result::Result<(), alloc[2182bb758b4b3781]::string::String>>
[INFO] [stdout]   22:     0x63784b5d4855 - test[9d35eded1c95d3be]::run_test::{closure#0}
[INFO] [stdout]   23:     0x63784b5ce114 - std[70759c8f55707aa4]::sys::backtrace::__rust_begin_short_backtrace::<test[9d35eded1c95d3be]::run_test::{closure#1}, ()>
[INFO] [stdout]   24:     0x63784b5d79b2 - <std[70759c8f55707aa4]::thread::lifecycle::spawn_unchecked<test[9d35eded1c95d3be]::run_test::{closure#1}, ()>::{closure#1} as core[df12db4294e9bfd3]::ops::function::FnOnce<()>>::call_once::{shim:vtable#0}
[INFO] [stdout]   25:     0x63784b7c2779 - <std[70759c8f55707aa4]::sys::thread::unix::Thread>::new::thread_start
[INFO] [stdout]   26:     0x7734bc59bdfa - <unknown>
[INFO] [stdout]   27:     0x7734bc62f3d4 - clone
[INFO] [stdout]   28:                0x0 - <unknown>
[INFO] [stdout] 
[INFO] [stdout] ---- actions::git_worktree::tests::test_handle_add_branch_already_exists stdout ----
[INFO] [stdout] 
[INFO] [stdout] thread 'actions::git_worktree::tests::test_handle_add_branch_already_exists' (3846) panicked at src/actions/git_worktree.rs:476:40:
[INFO] [stdout] called `Result::unwrap()` on an `Err` value: Error { code: -3, klass: 7, message: "config value 'user.name' was not found" }
[INFO] [stdout] stack backtrace:
[INFO] [stdout]    0:     0x63784b7c3441 - <<std[70759c8f55707aa4]::sys::backtrace::BacktraceLock>::print::DisplayBacktrace as core[df12db4294e9bfd3]::fmt::Display>::fmt
[INFO] [stdout]    1:     0x63784b7da02a - core[df12db4294e9bfd3]::fmt::write
[INFO] [stdout]    2:     0x63784b7c80bc - <alloc[2182bb758b4b3781]::vec::Vec<u8> as core[df12db4294e9bfd3]::io::write::Write>::write_fmt
[INFO] [stdout]    3:     0x63784b79c616 - std[70759c8f55707aa4]::panicking::default_hook::{closure#0}
[INFO] [stdout]    4:     0x63784b7ba599 - std[70759c8f55707aa4]::panicking::default_hook
[INFO] [stdout]    5:     0x63784b5d3f00 - test[9d35eded1c95d3be]::test_main_inner::<test[9d35eded1c95d3be]::test_main_static::{closure#0}>::{closure#0}
[INFO] [stdout]    6:     0x63784b7ba8c2 - std[70759c8f55707aa4]::panicking::panic_with_hook
[INFO] [stdout]    7:     0x63784b79c6c2 - std[70759c8f55707aa4]::panicking::panic_handler::{closure#0}
[INFO] [stdout]    8:     0x63784b794ed9 - std[70759c8f55707aa4]::sys::backtrace::__rust_end_short_backtrace::<std[70759c8f55707aa4]::panicking::panic_handler::{closure#0}, !>
[INFO] [stdout]    9:     0x63784b79d44d - __rustc[8fa7c3cbc660c2b3]::rust_begin_unwind
[INFO] [stdout]   10:     0x63784b7da80c - core[df12db4294e9bfd3]::panicking::panic_fmt
[INFO] [stdout]   11:     0x63784b7da5e2 - core[df12db4294e9bfd3]::result::unwrap_failed
[INFO] [stdout]   12:     0x63784b568046 - codebridge_cli[fa25d9b0f98d3f72]::actions::git_worktree::tests::init_repo_with_branches
[INFO] [stdout]   13:     0x63784b566f8c - codebridge_cli[fa25d9b0f98d3f72]::actions::git_worktree::tests::test_handle_add_branch_already_exists::{closure#0}
[INFO] [stdout]   14:     0x63784b5bfec3 - <tokio[6b1cf446f17177b2]::runtime::scheduler::current_thread::Context>::enter::<core[df12db4294e9bfd3]::task::poll::Poll<()>, <tokio[6b1cf446f17177b2]::runtime::scheduler::current_thread::CoreGuard>::block_on<core[df12db4294e9bfd3]::pin::Pin<&mut core[df12db4294e9bfd3]::pin::Pin<&mut dyn core[df12db4294e9bfd3]::future::future::Future<Output = ()>>>>::{closure#0}::{closure#0}>
[INFO] [stdout]   15:     0x63784b59f32c - <tokio[6b1cf446f17177b2]::runtime::context::scoped::Scoped<tokio[6b1cf446f17177b2]::runtime::scheduler::Context>>::set::<<tokio[6b1cf446f17177b2]::runtime::scheduler::current_thread::CoreGuard>::enter<<tokio[6b1cf446f17177b2]::runtime::scheduler::current_thread::CoreGuard>::block_on<core[df12db4294e9bfd3]::pin::Pin<&mut core[df12db4294e9bfd3]::pin::Pin<&mut dyn core[df12db4294e9bfd3]::future::future::Future<Output = ()>>>>::{closure#0}, core[df12db4294e9bfd3]::option::Option<()>>::{closure#0}, (alloc[2182bb758b4b3781]::boxed::Box<tokio[6b1cf446f17177b2]::runtime::scheduler::current_thread::Core>, core[df12db4294e9bfd3]::option::Option<()>)>
[INFO] [stdout]   16:     0x63784b5c0217 - <tokio[6b1cf446f17177b2]::runtime::scheduler::current_thread::CoreGuard>::block_on::<core[df12db4294e9bfd3]::pin::Pin<&mut core[df12db4294e9bfd3]::pin::Pin<&mut dyn core[df12db4294e9bfd3]::future::future::Future<Output = ()>>>>
[INFO] [stdout]   17:     0x63784b58284d - tokio[6b1cf446f17177b2]::runtime::context::runtime::enter_runtime::<<tokio[6b1cf446f17177b2]::runtime::scheduler::current_thread::CurrentThread>::block_on<core[df12db4294e9bfd3]::pin::Pin<&mut dyn core[df12db4294e9bfd3]::future::future::Future<Output = ()>>>::{closure#0}, ()>
[INFO] [stdout]   18:     0x63784b5b8155 - <tokio[6b1cf446f17177b2]::runtime::runtime::Runtime>::block_on::<core[df12db4294e9bfd3]::pin::Pin<&mut dyn core[df12db4294e9bfd3]::future::future::Future<Output = ()>>>
[INFO] [stdout]   19:     0x63784b56965b - codebridge_cli[fa25d9b0f98d3f72]::actions::git_worktree::tests::test_handle_add_branch_already_exists
[INFO] [stdout]   20:     0x63784b592b29 - <codebridge_cli[fa25d9b0f98d3f72]::actions::git_worktree::tests::test_handle_add_branch_already_exists::{closure#0} as core[df12db4294e9bfd3]::ops::function::FnOnce<()>>::call_once
[INFO] [stdout]   21:     0x63784b5c71eb - test[9d35eded1c95d3be]::__rust_begin_short_backtrace::<core[df12db4294e9bfd3]::result::Result<(), alloc[2182bb758b4b3781]::string::String>, fn() -> core[df12db4294e9bfd3]::result::Result<(), alloc[2182bb758b4b3781]::string::String>>
[INFO] [stdout]   22:     0x63784b5d4855 - test[9d35eded1c95d3be]::run_test::{closure#0}
[INFO] [stdout]   23:     0x63784b5ce114 - std[70759c8f55707aa4]::sys::backtrace::__rust_begin_short_backtrace::<test[9d35eded1c95d3be]::run_test::{closure#1}, ()>
[INFO] [stdout]   24:     0x63784b5d79b2 - <std[70759c8f55707aa4]::thread::lifecycle::spawn_unchecked<test[9d35eded1c95d3be]::run_test::{closure#1}, ()>::{closure#1} as core[df12db4294e9bfd3]::ops::function::FnOnce<()>>::call_once::{shim:vtable#0}
[INFO] [stdout]   25:     0x63784b7c2779 - <std[70759c8f55707aa4]::sys::thread::unix::Thread>::new::thread_start
[INFO] [stdout]   26:     0x7734bc59bdfa - <unknown>
[INFO] [stdout]   27:     0x7734bc62f3d4 - clone
[INFO] [stdout]   28:                0x0 - <unknown>
[INFO] [stdout] 
[INFO] [stdout] ---- actions::git::tests::test_handle_commit stdout ----
[INFO] [stdout] 
[INFO] [stdout] thread 'actions::git::tests::test_handle_commit' (3833) panicked at src/actions/git.rs:398:40:
[INFO] [stdout] called `Result::unwrap()` on an `Err` value: Error { code: -3, klass: 7, message: "config value 'user.name' was not found" }
[INFO] [stdout] stack backtrace:
[INFO] [stdout]    0:     0x63784b7c3441 - <<std[70759c8f55707aa4]::sys::backtrace::BacktraceLock>::print::DisplayBacktrace as core[df12db4294e9bfd3]::fmt::Display>::fmt
[INFO] [stdout]    1:     0x63784b7da02a - core[df12db4294e9bfd3]::fmt::write
[INFO] [stdout]    2:     0x63784b7c80bc - <alloc[2182bb758b4b3781]::vec::Vec<u8> as core[df12db4294e9bfd3]::io::write::Write>::write_fmt
[INFO] [stdout]    3:     0x63784b79c616 - std[70759c8f55707aa4]::panicking::default_hook::{closure#0}
[INFO] [stdout]    4:     0x63784b7ba599 - std[70759c8f55707aa4]::panicking::default_hook
[INFO] [stdout]    5:     0x63784b5d3f00 - test[9d35eded1c95d3be]::test_main_inner::<test[9d35eded1c95d3be]::test_main_static::{closure#0}>::{closure#0}
[INFO] [stdout]    6:     0x63784b7ba8c2 - std[70759c8f55707aa4]::panicking::panic_with_hook
[INFO] [stdout]    7:     0x63784b79c6c2 - std[70759c8f55707aa4]::panicking::panic_handler::{closure#0}
[INFO] [stdout]    8:     0x63784b794ed9 - std[70759c8f55707aa4]::sys::backtrace::__rust_end_short_backtrace::<std[70759c8f55707aa4]::panicking::panic_handler::{closure#0}, !>
[INFO] [stdout]    9:     0x63784b79d44d - __rustc[8fa7c3cbc660c2b3]::rust_begin_unwind
[INFO] [stdout]   10:     0x63784b7da80c - core[df12db4294e9bfd3]::panicking::panic_fmt
[INFO] [stdout]   11:     0x63784b7da5e2 - core[df12db4294e9bfd3]::result::unwrap_failed
[INFO] [stdout]   12:     0x63784b57ef26 - codebridge_cli[fa25d9b0f98d3f72]::actions::git::tests::init_test_repo
[INFO] [stdout]   13:     0x63784b57aa6e - codebridge_cli[fa25d9b0f98d3f72]::actions::git::tests::test_handle_commit::{closure#0}
[INFO] [stdout]   14:     0x63784b5bfec3 - <tokio[6b1cf446f17177b2]::runtime::scheduler::current_thread::Context>::enter::<core[df12db4294e9bfd3]::task::poll::Poll<()>, <tokio[6b1cf446f17177b2]::runtime::scheduler::current_thread::CoreGuard>::block_on<core[df12db4294e9bfd3]::pin::Pin<&mut core[df12db4294e9bfd3]::pin::Pin<&mut dyn core[df12db4294e9bfd3]::future::future::Future<Output = ()>>>>::{closure#0}::{closure#0}>
[INFO] [stdout]   15:     0x63784b59f32c - <tokio[6b1cf446f17177b2]::runtime::context::scoped::Scoped<tokio[6b1cf446f17177b2]::runtime::scheduler::Context>>::set::<<tokio[6b1cf446f17177b2]::runtime::scheduler::current_thread::CoreGuard>::enter<<tokio[6b1cf446f17177b2]::runtime::scheduler::current_thread::CoreGuard>::block_on<core[df12db4294e9bfd3]::pin::Pin<&mut core[df12db4294e9bfd3]::pin::Pin<&mut dyn core[df12db4294e9bfd3]::future::future::Future<Output = ()>>>>::{closure#0}, core[df12db4294e9bfd3]::option::Option<()>>::{closure#0}, (alloc[2182bb758b4b3781]::boxed::Box<tokio[6b1cf446f17177b2]::runtime::scheduler::current_thread::Core>, core[df12db4294e9bfd3]::option::Option<()>)>
[INFO] [stdout]   16:     0x63784b5c0217 - <tokio[6b1cf446f17177b2]::runtime::scheduler::current_thread::CoreGuard>::block_on::<core[df12db4294e9bfd3]::pin::Pin<&mut core[df12db4294e9bfd3]::pin::Pin<&mut dyn core[df12db4294e9bfd3]::future::future::Future<Output = ()>>>>
[INFO] [stdout]   17:     0x63784b58284d - tokio[6b1cf446f17177b2]::runtime::context::runtime::enter_runtime::<<tokio[6b1cf446f17177b2]::runtime::scheduler::current_thread::CurrentThread>::block_on<core[df12db4294e9bfd3]::pin::Pin<&mut dyn core[df12db4294e9bfd3]::future::future::Future<Output = ()>>>::{closure#0}, ()>
[INFO] [stdout]   18:     0x63784b5b8155 - <tokio[6b1cf446f17177b2]::runtime::runtime::Runtime>::block_on::<core[df12db4294e9bfd3]::pin::Pin<&mut dyn core[df12db4294e9bfd3]::future::future::Future<Output = ()>>>
[INFO] [stdout]   19:     0x63784b57f40b - codebridge_cli[fa25d9b0f98d3f72]::actions::git::tests::test_handle_commit
[INFO] [stdout]   20:     0x63784b592ca9 - <codebridge_cli[fa25d9b0f98d3f72]::actions::git::tests::test_handle_commit::{closure#0} as core[df12db4294e9bfd3]::ops::function::FnOnce<()>>::call_once
[INFO] [stdout]   21:     0x63784b5c71eb - test[9d35eded1c95d3be]::__rust_begin_short_backtrace::<core[df12db4294e9bfd3]::result::Result<(), alloc[2182bb758b4b3781]::string::String>, fn() -> core[df12db4294e9bfd3]::result::Result<(), alloc[2182bb758b4b3781]::string::String>>
[INFO] [stdout]   22:     0x63784b5d4855 - test[9d35eded1c95d3be]::run_test::{closure#0}
[INFO] [stdout]   23:     0x63784b5ce114 - std[70759c8f55707aa4]::sys::backtrace::__rust_begin_short_backtrace::<test[9d35eded1c95d3be]::run_test::{closure#1}, ()>
[INFO] [stdout]   24:     0x63784b5d79b2 - <std[70759c8f55707aa4]::thread::lifecycle::spawn_unchecked<test[9d35eded1c95d3be]::run_test::{closure#1}, ()>::{closure#1} as core[df12db4294e9bfd3]::ops::function::FnOnce<()>>::call_once::{shim:vtable#0}
[INFO] [stdout]   25:     0x63784b7c2779 - <std[70759c8f55707aa4]::sys::thread::unix::Thread>::new::thread_start
[INFO] [stdout]   26:     0x7734bc59bdfa - <unknown>
[INFO] [stdout]   27:     0x7734bc62f3d4 - clone
[INFO] [stdout]   28:                0x0 - <unknown>
[INFO] [stdout] 
[INFO] [stdout] ---- actions::git_worktree::tests::test_handle_list_empty stdout ----
[INFO] [stdout] 
[INFO] [stdout] thread 'actions::git_worktree::tests::test_handle_list_empty' (3849) panicked at src/actions/git_worktree.rs:476:40:
[INFO] [stdout] called `Result::unwrap()` on an `Err` value: Error { code: -3, klass: 7, message: "config value 'user.name' was not found" }
[INFO] [stdout] stack backtrace:
[INFO] [stdout]    0:     0x63784b7c3441 - <<std[70759c8f55707aa4]::sys::backtrace::BacktraceLock>::print::DisplayBacktrace as core[df12db4294e9bfd3]::fmt::Display>::fmt
[INFO] [stdout]    1:     0x63784b7da02a - core[df12db4294e9bfd3]::fmt::write
[INFO] [stdout]    2:     0x63784b7c80bc - <alloc[2182bb758b4b3781]::vec::Vec<u8> as core[df12db4294e9bfd3]::io::write::Write>::write_fmt
[INFO] [stdout]    3:     0x63784b79c616 - std[70759c8f55707aa4]::panicking::default_hook::{closure#0}
[INFO] [stdout]    4:     0x63784b7ba599 - std[70759c8f55707aa4]::panicking::default_hook
[INFO] [stdout]    5:     0x63784b5d3f00 - test[9d35eded1c95d3be]::test_main_inner::<test[9d35eded1c95d3be]::test_main_static::{closure#0}>::{closure#0}
[INFO] [stdout]    6:     0x63784b7ba8c2 - std[70759c8f55707aa4]::panicking::panic_with_hook
[INFO] [stdout]    7:     0x63784b79c6c2 - std[70759c8f55707aa4]::panicking::panic_handler::{closure#0}
[INFO] [stdout]    8:     0x63784b794ed9 - std[70759c8f55707aa4]::sys::backtrace::__rust_end_short_backtrace::<std[70759c8f55707aa4]::panicking::panic_handler::{closure#0}, !>
[INFO] [stdout]    9:     0x63784b79d44d - __rustc[8fa7c3cbc660c2b3]::rust_begin_unwind
[INFO] [stdout]   10:     0x63784b7da80c - core[df12db4294e9bfd3]::panicking::panic_fmt
[INFO] [stdout]   11:     0x63784b7da5e2 - core[df12db4294e9bfd3]::result::unwrap_failed
[INFO] [stdout]   12:     0x63784b568046 - codebridge_cli[fa25d9b0f98d3f72]::actions::git_worktree::tests::init_repo_with_branches
[INFO] [stdout]   13:     0x63784b55f27e - codebridge_cli[fa25d9b0f98d3f72]::actions::git_worktree::tests::test_handle_list_empty::{closure#0}
[INFO] [stdout]   14:     0x63784b5bfec3 - <tokio[6b1cf446f17177b2]::runtime::scheduler::current_thread::Context>::enter::<core[df12db4294e9bfd3]::task::poll::Poll<()>, <tokio[6b1cf446f17177b2]::runtime::scheduler::current_thread::CoreGuard>::block_on<core[df12db4294e9bfd3]::pin::Pin<&mut core[df12db4294e9bfd3]::pin::Pin<&mut dyn core[df12db4294e9bfd3]::future::future::Future<Output = ()>>>>::{closure#0}::{closure#0}>
[INFO] [stdout]   15:     0x63784b59f32c - <tokio[6b1cf446f17177b2]::runtime::context::scoped::Scoped<tokio[6b1cf446f17177b2]::runtime::scheduler::Context>>::set::<<tokio[6b1cf446f17177b2]::runtime::scheduler::current_thread::CoreGuard>::enter<<tokio[6b1cf446f17177b2]::runtime::scheduler::current_thread::CoreGuard>::block_on<core[df12db4294e9bfd3]::pin::Pin<&mut core[df12db4294e9bfd3]::pin::Pin<&mut dyn core[df12db4294e9bfd3]::future::future::Future<Output = ()>>>>::{closure#0}, core[df12db4294e9bfd3]::option::Option<()>>::{closure#0}, (alloc[2182bb758b4b3781]::boxed::Box<tokio[6b1cf446f17177b2]::runtime::scheduler::current_thread::Core>, core[df12db4294e9bfd3]::option::Option<()>)>
[INFO] [stdout]   16:     0x63784b5c0217 - <tokio[6b1cf446f17177b2]::runtime::scheduler::current_thread::CoreGuard>::block_on::<core[df12db4294e9bfd3]::pin::Pin<&mut core[df12db4294e9bfd3]::pin::Pin<&mut dyn core[df12db4294e9bfd3]::future::future::Future<Output = ()>>>>
[INFO] [stdout]   17:     0x63784b58284d - tokio[6b1cf446f17177b2]::runtime::context::runtime::enter_runtime::<<tokio[6b1cf446f17177b2]::runtime::scheduler::current_thread::CurrentThread>::block_on<core[df12db4294e9bfd3]::pin::Pin<&mut dyn core[df12db4294e9bfd3]::future::future::Future<Output = ()>>>::{closure#0}, ()>
[INFO] [stdout]   18:     0x63784b5b8155 - <tokio[6b1cf446f17177b2]::runtime::runtime::Runtime>::block_on::<core[df12db4294e9bfd3]::pin::Pin<&mut dyn core[df12db4294e9bfd3]::future::future::Future<Output = ()>>>
[INFO] [stdout]   19:     0x63784b56869b - codebridge_cli[fa25d9b0f98d3f72]::actions::git_worktree::tests::test_handle_list_empty
[INFO] [stdout]   20:     0x63784b5929a9 - <codebridge_cli[fa25d9b0f98d3f72]::actions::git_worktree::tests::test_handle_list_empty::{closure#0} as core[df12db4294e9bfd3]::ops::function::FnOnce<()>>::call_once
[INFO] [stdout]   21:     0x63784b5c71eb - test[9d35eded1c95d3be]::__rust_begin_short_backtrace::<core[df12db4294e9bfd3]::result::Result<(), alloc[2182bb758b4b3781]::string::String>, fn() -> core[df12db4294e9bfd3]::result::Result<(), alloc[2182bb758b4b3781]::string::String>>
[INFO] [stdout]   22:     0x63784b5d4855 - test[9d35eded1c95d3be]::run_test::{closure#0}
[INFO] [stdout]   23:     0x63784b5ce114 - std[70759c8f55707aa4]::sys::backtrace::__rust_begin_short_backtrace::<test[9d35eded1c95d3be]::run_test::{closure#1}, ()>
[INFO] [stdout]   24:     0x63784b5d79b2 - <std[70759c8f55707aa4]::thread::lifecycle::spawn_unchecked<test[9d35eded1c95d3be]::run_test::{closure#1}, ()>::{closure#1} as core[df12db4294e9bfd3]::ops::function::FnOnce<()>>::call_once::{shim:vtable#0}
[INFO] [stdout]   25:     0x63784b7c2779 - <std[70759c8f55707aa4]::sys::thread::unix::Thread>::new::thread_start
[INFO] [stdout]   26:     0x7734bc59bdfa - <unknown>
[INFO] [stdout]   27:     0x7734bc62f3d4 - clone
[INFO] [stdout]   28:                0x0 - <unknown>
[INFO] [stdout] 
[INFO] [stdout] ---- actions::git::tests::test_handle_status_error_from_git2 stdout ----
[INFO] [stdout] 
[INFO] [stdout] thread 'actions::git::tests::test_handle_status_error_from_git2' (3842) panicked at src/actions/git.rs:398:40:
[INFO] [stdout] called `Result::unwrap()` on an `Err` value: Error { code: -3, klass: 7, message: "config value 'user.name' was not found" }
[INFO] [stdout] stack backtrace:
[INFO] [stdout]    0:     0x63784b7c3441 - <<std[70759c8f55707aa4]::sys::backtrace::BacktraceLock>::print::DisplayBacktrace as core[df12db4294e9bfd3]::fmt::Display>::fmt
[INFO] [stdout]    1:     0x63784b7da02a - core[df12db4294e9bfd3]::fmt::write
[INFO] [stdout]    2:     0x63784b7c80bc - <alloc[2182bb758b4b3781]::vec::Vec<u8> as core[df12db4294e9bfd3]::io::write::Write>::write_fmt
[INFO] [stdout]    3:     0x63784b79c616 - std[70759c8f55707aa4]::panicking::default_hook::{closure#0}
[INFO] [stdout]    4:     0x63784b7ba599 - std[70759c8f55707aa4]::panicking::default_hook
[INFO] [stdout]    5:     0x63784b5d3f00 - test[9d35eded1c95d3be]::test_main_inner::<test[9d35eded1c95d3be]::test_main_static::{closure#0}>::{closure#0}
[INFO] [stdout]    6:     0x63784b7ba8c2 - std[70759c8f55707aa4]::panicking::panic_with_hook
[INFO] [stdout]    7:     0x63784b79c6c2 - std[70759c8f55707aa4]::panicking::panic_handler::{closure#0}
[INFO] [stdout]    8:     0x63784b794ed9 - std[70759c8f55707aa4]::sys::backtrace::__rust_end_short_backtrace::<std[70759c8f55707aa4]::panicking::panic_handler::{closure#0}, !>
[INFO] [stdout]    9:     0x63784b79d44d - __rustc[8fa7c3cbc660c2b3]::rust_begin_unwind
[INFO] [stdout]   10:     0x63784b7da80c - core[df12db4294e9bfd3]::panicking::panic_fmt
[INFO] [stdout]   11:     0x63784b7da5e2 - core[df12db4294e9bfd3]::result::unwrap_failed
[INFO] [stdout]   12:     0x63784b57ef26 - codebridge_cli[fa25d9b0f98d3f72]::actions::git::tests::init_test_repo
[INFO] [stdout]   13:     0x63784b57e4d9 - codebridge_cli[fa25d9b0f98d3f72]::actions::git::tests::test_handle_status_error_from_git2::{closure#0}
[INFO] [stdout]   14:     0x63784b5bfec3 - <tokio[6b1cf446f17177b2]::runtime::scheduler::current_thread::Context>::enter::<core[df12db4294e9bfd3]::task::poll::Poll<()>, <tokio[6b1cf446f17177b2]::runtime::scheduler::current_thread::CoreGuard>::block_on<core[df12db4294e9bfd3]::pin::Pin<&mut core[df12db4294e9bfd3]::pin::Pin<&mut dyn core[df12db4294e9bfd3]::future::future::Future<Output = ()>>>>::{closure#0}::{closure#0}>
[INFO] [stdout]   15:     0x63784b59f32c - <tokio[6b1cf446f17177b2]::runtime::context::scoped::Scoped<tokio[6b1cf446f17177b2]::runtime::scheduler::Context>>::set::<<tokio[6b1cf446f17177b2]::runtime::scheduler::current_thread::CoreGuard>::enter<<tokio[6b1cf446f17177b2]::runtime::scheduler::current_thread::CoreGuard>::block_on<core[df12db4294e9bfd3]::pin::Pin<&mut core[df12db4294e9bfd3]::pin::Pin<&mut dyn core[df12db4294e9bfd3]::future::future::Future<Output = ()>>>>::{closure#0}, core[df12db4294e9bfd3]::option::Option<()>>::{closure#0}, (alloc[2182bb758b4b3781]::boxed::Box<tokio[6b1cf446f17177b2]::runtime::scheduler::current_thread::Core>, core[df12db4294e9bfd3]::option::Option<()>)>
[INFO] [stdout]   16:     0x63784b5c0217 - <tokio[6b1cf446f17177b2]::runtime::scheduler::current_thread::CoreGuard>::block_on::<core[df12db4294e9bfd3]::pin::Pin<&mut core[df12db4294e9bfd3]::pin::Pin<&mut dyn core[df12db4294e9bfd3]::future::future::Future<Output = ()>>>>
[INFO] [stdout]   17:     0x63784b58284d - tokio[6b1cf446f17177b2]::runtime::context::runtime::enter_runtime::<<tokio[6b1cf446f17177b2]::runtime::scheduler::current_thread::CurrentThread>::block_on<core[df12db4294e9bfd3]::pin::Pin<&mut dyn core[df12db4294e9bfd3]::future::future::Future<Output = ()>>>::{closure#0}, ()>
[INFO] [stdout]   18:     0x63784b5b8155 - <tokio[6b1cf446f17177b2]::runtime::runtime::Runtime>::block_on::<core[df12db4294e9bfd3]::pin::Pin<&mut dyn core[df12db4294e9bfd3]::future::future::Future<Output = ()>>>
[INFO] [stdout]   19:     0x63784b58033b - codebridge_cli[fa25d9b0f98d3f72]::actions::git::tests::test_handle_status_error_from_git2
[INFO] [stdout]   20:     0x63784b592e09 - <codebridge_cli[fa25d9b0f98d3f72]::actions::git::tests::test_handle_status_error_from_git2::{closure#0} as core[df12db4294e9bfd3]::ops::function::FnOnce<()>>::call_once
[INFO] [stdout]   21:     0x63784b5c71eb - test[9d35eded1c95d3be]::__rust_begin_short_backtrace::<core[df12db4294e9bfd3]::result::Result<(), alloc[2182bb758b4b3781]::string::String>, fn() -> core[df12db4294e9bfd3]::result::Result<(), alloc[2182bb758b4b3781]::string::String>>
[INFO] [stdout]   22:     0x63784b5d4855 - test[9d35eded1c95d3be]::run_test::{closure#0}
[INFO] [stdout]   23:     0x63784b5ce114 - std[70759c8f55707aa4]::sys::backtrace::__rust_begin_short_backtrace::<test[9d35eded1c95d3be]::run_test::{closure#1}, ()>
[INFO] [stdout]   24:     0x63784b5d79b2 - <std[70759c8f55707aa4]::thread::lifecycle::spawn_unchecked<test[9d35eded1c95d3be]::run_test::{closure#1}, ()>::{closure#1} as core[df12db4294e9bfd3]::ops::function::FnOnce<()>>::call_once::{shim:vtable#0}
[INFO] [stdout]   25:     0x63784b7c2779 - <std[70759c8f55707aa4]::sys::thread::unix::Thread>::new::thread_start
[INFO] [stdout]   26:     0x7734bc59bdfa - <unknown>
[INFO] [stdout]   27:     0x7734bc62f3d4 - clone
[INFO] [stdout]   28:                0x0 - <unknown>
[INFO] [stdout] 
[INFO] [stdout] ---- actions::git::tests::test_handle_commit_no_changes stdout ----
[INFO] [stdout] 
[INFO] [stdout] thread 'actions::git::tests::test_handle_commit_no_changes' (3834) panicked at src/actions/git.rs:398:40:
[INFO] [stdout] called `Result::unwrap()` on an `Err` value: Error { code: -3, klass: 7, message: "config value 'user.name' was not found" }
[INFO] [stdout] stack backtrace:
[INFO] [stdout]    0:     0x63784b7c3441 - <<std[70759c8f55707aa4]::sys::backtrace::BacktraceLock>::print::DisplayBacktrace as core[df12db4294e9bfd3]::fmt::Display>::fmt
[INFO] [stdout]    1:     0x63784b7da02a - core[df12db4294e9bfd3]::fmt::write
[INFO] [stdout]    2:     0x63784b7c80bc - <alloc[2182bb758b4b3781]::vec::Vec<u8> as core[df12db4294e9bfd3]::io::write::Write>::write_fmt
[INFO] [stdout]    3:     0x63784b79c616 - std[70759c8f55707aa4]::panicking::default_hook::{closure#0}
[INFO] [stdout]    4:     0x63784b7ba599 - std[70759c8f55707aa4]::panicking::default_hook
[INFO] [stdout]    5:     0x63784b5d3f00 - test[9d35eded1c95d3be]::test_main_inner::<test[9d35eded1c95d3be]::test_main_static::{closure#0}>::{closure#0}
[INFO] [stdout]    6:     0x63784b7ba8c2 - std[70759c8f55707aa4]::panicking::panic_with_hook
[INFO] [stdout]    7:     0x63784b79c6c2 - std[70759c8f55707aa4]::panicking::panic_handler::{closure#0}
[INFO] [stdout]    8:     0x63784b794ed9 - std[70759c8f55707aa4]::sys::backtrace::__rust_end_short_backtrace::<std[70759c8f55707aa4]::panicking::panic_handler::{closure#0}, !>
[INFO] [stdout]    9:     0x63784b79d44d - __rustc[8fa7c3cbc660c2b3]::rust_begin_unwind
[INFO] [stdout]   10:     0x63784b7da80c - core[df12db4294e9bfd3]::panicking::panic_fmt
[INFO] [stdout]   11:     0x63784b7da5e2 - core[df12db4294e9bfd3]::result::unwrap_failed
[INFO] [stdout]   12:     0x63784b57ef26 - codebridge_cli[fa25d9b0f98d3f72]::actions::git::tests::init_test_repo
[INFO] [stdout]   13:     0x63784b57d60e - codebridge_cli[fa25d9b0f98d3f72]::actions::git::tests::test_handle_commit_no_changes::{closure#0}
[INFO] [stdout]   14:     0x63784b5bfec3 - <tokio[6b1cf446f17177b2]::runtime::scheduler::current_thread::Context>::enter::<core[df12db4294e9bfd3]::task::poll::Poll<()>, <tokio[6b1cf446f17177b2]::runtime::scheduler::current_thread::CoreGuard>::block_on<core[df12db4294e9bfd3]::pin::Pin<&mut core[df12db4294e9bfd3]::pin::Pin<&mut dyn core[df12db4294e9bfd3]::future::future::Future<Output = ()>>>>::{closure#0}::{closure#0}>
[INFO] [stdout]   15:     0x63784b59f32c - <tokio[6b1cf446f17177b2]::runtime::context::scoped::Scoped<tokio[6b1cf446f17177b2]::runtime::scheduler::Context>>::set::<<tokio[6b1cf446f17177b2]::runtime::scheduler::current_thread::CoreGuard>::enter<<tokio[6b1cf446f17177b2]::runtime::scheduler::current_thread::CoreGuard>::block_on<core[df12db4294e9bfd3]::pin::Pin<&mut core[df12db4294e9bfd3]::pin::Pin<&mut dyn core[df12db4294e9bfd3]::future::future::Future<Output = ()>>>>::{closure#0}, core[df12db4294e9bfd3]::option::Option<()>>::{closure#0}, (alloc[2182bb758b4b3781]::boxed::Box<tokio[6b1cf446f17177b2]::runtime::scheduler::current_thread::Core>, core[df12db4294e9bfd3]::option::Option<()>)>
[INFO] [stdout]   16:     0x63784b5c0217 - <tokio[6b1cf446f17177b2]::runtime::scheduler::current_thread::CoreGuard>::block_on::<core[df12db4294e9bfd3]::pin::Pin<&mut core[df12db4294e9bfd3]::pin::Pin<&mut dyn core[df12db4294e9bfd3]::future::future::Future<Output = ()>>>>
[INFO] [stdout]   17:     0x63784b58284d - tokio[6b1cf446f17177b2]::runtime::context::runtime::enter_runtime::<<tokio[6b1cf446f17177b2]::runtime::scheduler::current_thread::CurrentThread>::block_on<core[df12db4294e9bfd3]::pin::Pin<&mut dyn core[df12db4294e9bfd3]::future::future::Future<Output = ()>>>::{closure#0}, ()>
[INFO] [stdout]   18:     0x63784b5b8155 - <tokio[6b1cf446f17177b2]::runtime::runtime::Runtime>::block_on::<core[df12db4294e9bfd3]::pin::Pin<&mut dyn core[df12db4294e9bfd3]::future::future::Future<Output = ()>>>
[INFO] [stdout]   19:     0x63784b57feeb - codebridge_cli[fa25d9b0f98d3f72]::actions::git::tests::test_handle_commit_no_changes
[INFO] [stdout]   20:     0x63784b592da9 - <codebridge_cli[fa25d9b0f98d3f72]::actions::git::tests::test_handle_commit_no_changes::{closure#0} as core[df12db4294e9bfd3]::ops::function::FnOnce<()>>::call_once
[INFO] [stdout]   21:     0x63784b5c71eb - test[9d35eded1c95d3be]::__rust_begin_short_backtrace::<core[df12db4294e9bfd3]::result::Result<(), alloc[2182bb758b4b3781]::string::String>, fn() -> core[df12db4294e9bfd3]::result::Result<(), alloc[2182bb758b4b3781]::string::String>>
[INFO] [stdout]   22:     0x63784b5d4855 - test[9d35eded1c95d3be]::run_test::{closure#0}
[INFO] [stdout]   23:     0x63784b5ce114 - std[70759c8f55707aa4]::sys::backtrace::__rust_begin_short_backtrace::<test[9d35eded1c95d3be]::run_test::{closure#1}, ()>
[INFO] [stdout]   24:     0x63784b5d79b2 - <std[70759c8f55707aa4]::thread::lifecycle::spawn_unchecked<test[9d35eded1c95d3be]::run_test::{closure#1}, ()>::{closure#1} as core[df12db4294e9bfd3]::ops::function::FnOnce<()>>::call_once::{shim:vtable#0}
[INFO] [stdout]   25:     0x63784b7c2779 - <std[70759c8f55707aa4]::sys::thread::unix::Thread>::new::thread_start
[INFO] [stdout]   26:     0x7734bc59bdfa - <unknown>
[INFO] [stdout]   27:     0x7734bc62f3d4 - clone
[INFO] [stdout]   28:                0x0 - <unknown>
[INFO] [stdout] 
[INFO] [stdout] ---- actions::git::tests::test_handle_diff_staged stdout ----
[INFO] [stdout] 
[INFO] [stdout] thread 'actions::git::tests::test_handle_diff_staged' (3836) panicked at src/actions/git.rs:398:40:
[INFO] [stdout] called `Result::unwrap()` on an `Err` value: Error { code: -3, klass: 7, message: "config value 'user.name' was not found" }
[INFO] [stdout] stack backtrace:
[INFO] [stdout]    0:     0x63784b7c3441 - <<std[70759c8f55707aa4]::sys::backtrace::BacktraceLock>::print::DisplayBacktrace as core[df12db4294e9bfd3]::fmt::Display>::fmt
[INFO] [stdout]    1:     0x63784b7da02a - core[df12db4294e9bfd3]::fmt::write
[INFO] [stdout]    2:     0x63784b7c80bc - <alloc[2182bb758b4b3781]::vec::Vec<u8> as core[df12db4294e9bfd3]::io::write::Write>::write_fmt
[INFO] [stdout]    3:     0x63784b79c616 - std[70759c8f55707aa4]::panicking::default_hook::{closure#0}
[INFO] [stdout]    4:     0x63784b7ba599 - std[70759c8f55707aa4]::panicking::default_hook
[INFO] [stdout]    5:     0x63784b5d3f00 - test[9d35eded1c95d3be]::test_main_inner::<test[9d35eded1c95d3be]::test_main_static::{closure#0}>::{closure#0}
[INFO] [stdout]    6:     0x63784b7ba8c2 - std[70759c8f55707aa4]::panicking::panic_with_hook
[INFO] [stdout]    7:     0x63784b79c6c2 - std[70759c8f55707aa4]::panicking::panic_handler::{closure#0}
[INFO] [stdout]    8:     0x63784b794ed9 - std[70759c8f55707aa4]::sys::backtrace::__rust_end_short_backtrace::<std[70759c8f55707aa4]::panicking::panic_handler::{closure#0}, !>
[INFO] [stdout]    9:     0x63784b79d44d - __rustc[8fa7c3cbc660c2b3]::rust_begin_unwind
[INFO] [stdout]   10:     0x63784b7da80c - core[df12db4294e9bfd3]::panicking::panic_fmt
[INFO] [stdout]   11:     0x63784b7da5e2 - core[df12db4294e9bfd3]::result::unwrap_failed
[INFO] [stdout]   12:     0x63784b57ef26 - codebridge_cli[fa25d9b0f98d3f72]::actions::git::tests::init_test_repo
[INFO] [stdout]   13:     0x63784b57b35e - codebridge_cli[fa25d9b0f98d3f72]::actions::git::tests::test_handle_diff_staged::{closure#0}
[INFO] [stdout]   14:     0x63784b5bfec3 - <tokio[6b1cf446f17177b2]::runtime::scheduler::current_thread::Context>::enter::<core[df12db4294e9bfd3]::task::poll::Poll<()>, <tokio[6b1cf446f17177b2]::runtime::scheduler::current_thread::CoreGuard>::block_on<core[df12db4294e9bfd3]::pin::Pin<&mut core[df12db4294e9bfd3]::pin::Pin<&mut dyn core[df12db4294e9bfd3]::future::future::Future<Output = ()>>>>::{closure#0}::{closure#0}>
[INFO] [stdout]   15:     0x63784b59f32c - <tokio[6b1cf446f17177b2]::runtime::context::scoped::Scoped<tokio[6b1cf446f17177b2]::runtime::scheduler::Context>>::set::<<tokio[6b1cf446f17177b2]::runtime::scheduler::current_thread::CoreGuard>::enter<<tokio[6b1cf446f17177b2]::runtime::scheduler::current_thread::CoreGuard>::block_on<core[df12db4294e9bfd3]::pin::Pin<&mut core[df12db4294e9bfd3]::pin::Pin<&mut dyn core[df12db4294e9bfd3]::future::future::Future<Output = ()>>>>::{closure#0}, core[df12db4294e9bfd3]::option::Option<()>>::{closure#0}, (alloc[2182bb758b4b3781]::boxed::Box<tokio[6b1cf446f17177b2]::runtime::scheduler::current_thread::Core>, core[df12db4294e9bfd3]::option::Option<()>)>
[INFO] [stdout]   16:     0x63784b5c0217 - <tokio[6b1cf446f17177b2]::runtime::scheduler::current_thread::CoreGuard>::block_on::<core[df12db4294e9bfd3]::pin::Pin<&mut core[df12db4294e9bfd3]::pin::Pin<&mut dyn core[df12db4294e9bfd3]::future::future::Future<Output = ()>>>>
[INFO] [stdout]   17:     0x63784b58284d - tokio[6b1cf446f17177b2]::runtime::context::runtime::enter_runtime::<<tokio[6b1cf446f17177b2]::runtime::scheduler::current_thread::CurrentThread>::block_on<core[df12db4294e9bfd3]::pin::Pin<&mut dyn core[df12db4294e9bfd3]::future::future::Future<Output = ()>>>::{closure#0}, ()>
[INFO] [stdout]   18:     0x63784b5b8155 - <tokio[6b1cf446f17177b2]::runtime::runtime::Runtime>::block_on::<core[df12db4294e9bfd3]::pin::Pin<&mut dyn core[df12db4294e9bfd3]::future::future::Future<Output = ()>>>
[INFO] [stdout]   19:     0x63784b57f55b - codebridge_cli[fa25d9b0f98d3f72]::actions::git::tests::test_handle_diff_staged
[INFO] [stdout]   20:     0x63784b592cc9 - <codebridge_cli[fa25d9b0f98d3f72]::actions::git::tests::test_handle_diff_staged::{closure#0} as core[df12db4294e9bfd3]::ops::function::FnOnce<()>>::call_once
[INFO] [stdout]   21:     0x63784b5c71eb - test[9d35eded1c95d3be]::__rust_begin_short_backtrace::<core[df12db4294e9bfd3]::result::Result<(), alloc[2182bb758b4b3781]::string::String>, fn() -> core[df12db4294e9bfd3]::result::Result<(), alloc[2182bb758b4b3781]::string::String>>
[INFO] [stdout]   22:     0x63784b5d4855 - test[9d35eded1c95d3be]::run_test::{closure#0}
[INFO] [stdout]   23:     0x63784b5ce114 - std[70759c8f55707aa4]::sys::backtrace::__rust_begin_short_backtrace::<test[9d35eded1c95d3be]::run_test::{closure#1}, ()>
[INFO] [stdout]   24:     0x63784b5d79b2 - <std[70759c8f55707aa4]::thread::lifecycle::spawn_unchecked<test[9d35eded1c95d3be]::run_test::{closure#1}, ()>::{closure#1} as core[df12db4294e9bfd3]::ops::function::FnOnce<()>>::call_once::{shim:vtable#0}
[INFO] [stdout]   25:     0x63784b7c2779 - <std[70759c8f55707aa4]::sys::thread::unix::Thread>::new::thread_start
[INFO] [stdout]   26:     0x7734bc59bdfa - <unknown>
[INFO] [stdout]   27:     0x7734bc62f3d4 - clone
[INFO] [stdout]   28:                0x0 - <unknown>
[INFO] [stdout] 
[INFO] [stdout] ---- actions::git::tests::test_handle_status_in_repo stdout ----
[INFO] [stdout] 
[INFO] [stdout] thread 'actions::git::tests::test_handle_status_in_repo' (3844) panicked at src/actions/git.rs:398:40:
[INFO] [stdout] called `Result::unwrap()` on an `Err` value: Error { code: -3, klass: 7, message: "config value 'user.name' was not found" }
[INFO] [stdout] stack backtrace:
[INFO] [stdout]    0:     0x63784b7c3441 - <<std[70759c8f55707aa4]::sys::backtrace::BacktraceLock>::print::DisplayBacktrace as core[df12db4294e9bfd3]::fmt::Display>::fmt
[INFO] [stdout]    1:     0x63784b7da02a - core[df12db4294e9bfd3]::fmt::write
[INFO] [stdout]    2:     0x63784b7c80bc - <alloc[2182bb758b4b3781]::vec::Vec<u8> as core[df12db4294e9bfd3]::io::write::Write>::write_fmt
[INFO] [stdout]    3:     0x63784b79c616 - std[70759c8f55707aa4]::panicking::default_hook::{closure#0}
[INFO] [stdout]    4:     0x63784b7ba599 - std[70759c8f55707aa4]::panicking::default_hook
[INFO] [stdout]    5:     0x63784b5d3f00 - test[9d35eded1c95d3be]::test_main_inner::<test[9d35eded1c95d3be]::test_main_static::{closure#0}>::{closure#0}
[INFO] [stdout]    6:     0x63784b7ba8c2 - std[70759c8f55707aa4]::panicking::panic_with_hook
[INFO] [stdout]    7:     0x63784b79c6c2 - std[70759c8f55707aa4]::panicking::panic_handler::{closure#0}
[INFO] [stdout]    8:     0x63784b794ed9 - std[70759c8f55707aa4]::sys::backtrace::__rust_end_short_backtrace::<std[70759c8f55707aa4]::panicking::panic_handler::{closure#0}, !>
[INFO] [stdout]    9:     0x63784b79d44d - __rustc[8fa7c3cbc660c2b3]::rust_begin_unwind
[INFO] [stdout]   10:     0x63784b7da80c - core[df12db4294e9bfd3]::panicking::panic_fmt
[INFO] [stdout]   11:     0x63784b7da5e2 - core[df12db4294e9bfd3]::result::unwrap_failed
[INFO] [stdout]   12:     0x63784b57ef26 - codebridge_cli[fa25d9b0f98d3f72]::actions::git::tests::init_test_repo
[INFO] [stdout]   13:     0x63784b57c74e - codebridge_cli[fa25d9b0f98d3f72]::actions::git::tests::test_handle_status_in_repo::{closure#0}
[INFO] [stdout]   14:     0x63784b5bfec3 - <tokio[6b1cf446f17177b2]::runtime::scheduler::current_thread::Context>::enter::<core[df12db4294e9bfd3]::task::poll::Poll<()>, <tokio[6b1cf446f17177b2]::runtime::scheduler::current_thread::CoreGuard>::block_on<core[df12db4294e9bfd3]::pin::Pin<&mut core[df12db4294e9bfd3]::pin::Pin<&mut dyn core[df12db4294e9bfd3]::future::future::Future<Output = ()>>>>::{closure#0}::{closure#0}>
[INFO] [stdout]   15:     0x63784b59f32c - <tokio[6b1cf446f17177b2]::runtime::context::scoped::Scoped<tokio[6b1cf446f17177b2]::runtime::scheduler::Context>>::set::<<tokio[6b1cf446f17177b2]::runtime::scheduler::current_thread::CoreGuard>::enter<<tokio[6b1cf446f17177b2]::runtime::scheduler::current_thread::CoreGuard>::block_on<core[df12db4294e9bfd3]::pin::Pin<&mut core[df12db4294e9bfd3]::pin::Pin<&mut dyn core[df12db4294e9bfd3]::future::future::Future<Output = ()>>>>::{closure#0}, core[df12db4294e9bfd3]::option::Option<()>>::{closure#0}, (alloc[2182bb758b4b3781]::boxed::Box<tokio[6b1cf446f17177b2]::runtime::scheduler::current_thread::Core>, core[df12db4294e9bfd3]::option::Option<()>)>
[INFO] [stdout]   16:     0x63784b5c0217 - <tokio[6b1cf446f17177b2]::runtime::scheduler::current_thread::CoreGuard>::block_on::<core[df12db4294e9bfd3]::pin::Pin<&mut core[df12db4294e9bfd3]::pin::Pin<&mut dyn core[df12db4294e9bfd3]::future::future::Future<Output = ()>>>>
[INFO] [stdout]   17:     0x63784b58284d - tokio[6b1cf446f17177b2]::runtime::context::runtime::enter_runtime::<<tokio[6b1cf446f17177b2]::runtime::scheduler::current_thread::CurrentThread>::block_on<core[df12db4294e9bfd3]::pin::Pin<&mut dyn core[df12db4294e9bfd3]::future::future::Future<Output = ()>>>::{closure#0}, ()>
[INFO] [stdout]   18:     0x63784b5b8155 - <tokio[6b1cf446f17177b2]::runtime::runtime::Runtime>::block_on::<core[df12db4294e9bfd3]::pin::Pin<&mut dyn core[df12db4294e9bfd3]::future::future::Future<Output = ()>>>
[INFO] [stdout]   19:     0x63784b57fafb - codebridge_cli[fa25d9b0f98d3f72]::actions::git::tests::test_handle_status_in_repo
[INFO] [stdout]   20:     0x63784b592d49 - <codebridge_cli[fa25d9b0f98d3f72]::actions::git::tests::test_handle_status_in_repo::{closure#0} as core[df12db4294e9bfd3]::ops::function::FnOnce<()>>::call_once
[INFO] [stdout]   21:     0x63784b5c71eb - test[9d35eded1c95d3be]::__rust_begin_short_backtrace::<core[df12db4294e9bfd3]::result::Result<(), alloc[2182bb758b4b3781]::string::String>, fn() -> core[df12db4294e9bfd3]::result::Result<(), alloc[2182bb758b4b3781]::string::String>>
[INFO] [stdout]   22:     0x63784b5d4855 - test[9d35eded1c95d3be]::run_test::{closure#0}
[INFO] [stdout]   23:     0x63784b5ce114 - std[70759c8f55707aa4]::sys::backtrace::__rust_begin_short_backtrace::<test[9d35eded1c95d3be]::run_test::{closure#1}, ()>
[INFO] [stdout]   24:     0x63784b5d79b2 - <std[70759c8f55707aa4]::thread::lifecycle::spawn_unchecked<test[9d35eded1c95d3be]::run_test::{closure#1}, ()>::{closure#1} as core[df12db4294e9bfd3]::ops::function::FnOnce<()>>::call_once::{shim:vtable#0}
[INFO] [stdout]   25:     0x63784b7c2779 - <std[70759c8f55707aa4]::sys::thread::unix::Thread>::new::thread_start
[INFO] [stdout]   26:     0x7734bc59bdfa - <unknown>
[INFO] [stdout]   27:     0x7734bc62f3d4 - clone
[INFO] [stdout]   28:                0x0 - <unknown>
[INFO] [stdout] 
[INFO] [stdout] ---- actions::git::tests::test_handle_diff_unstaged stdout ----
[INFO] [stdout] 
[INFO] [stdout] thread 'actions::git::tests::test_handle_diff_unstaged' (3837) panicked at src/actions/git.rs:398:40:
[INFO] [stdout] called `Result::unwrap()` on an `Err` value: Error { code: -3, klass: 7, message: "config value 'user.name' was not found" }
[INFO] [stdout] stack backtrace:
[INFO] [stdout]    0:     0x63784b7c3441 - <<std[70759c8f55707aa4]::sys::backtrace::BacktraceLock>::print::DisplayBacktrace as core[df12db4294e9bfd3]::fmt::Display>::fmt
[INFO] [stdout]    1:     0x63784b7da02a - core[df12db4294e9bfd3]::fmt::write
[INFO] [stdout]    2:     0x63784b7c80bc - <alloc[2182bb758b4b3781]::vec::Vec<u8> as core[df12db4294e9bfd3]::io::write::Write>::write_fmt
[INFO] [stdout]    3:     0x63784b79c616 - std[70759c8f55707aa4]::panicking::default_hook::{closure#0}
[INFO] [stdout]    4:     0x63784b7ba599 - std[70759c8f55707aa4]::panicking::default_hook
[INFO] [stdout]    5:     0x63784b5d3f00 - test[9d35eded1c95d3be]::test_main_inner::<test[9d35eded1c95d3be]::test_main_static::{closure#0}>::{closure#0}
[INFO] [stdout]    6:     0x63784b7ba8c2 - std[70759c8f55707aa4]::panicking::panic_with_hook
[INFO] [stdout]    7:     0x63784b79c6c2 - std[70759c8f55707aa4]::panicking::panic_handler::{closure#0}
[INFO] [stdout]    8:     0x63784b794ed9 - std[70759c8f55707aa4]::sys::backtrace::__rust_end_short_backtrace::<std[70759c8f55707aa4]::panicking::panic_handler::{closure#0}, !>
[INFO] [stdout]    9:     0x63784b79d44d - __rustc[8fa7c3cbc660c2b3]::rust_begin_unwind
[INFO] [stdout]   10:     0x63784b7da80c - core[df12db4294e9bfd3]::panicking::panic_fmt
[INFO] [stdout]   11:     0x63784b7da5e2 - core[df12db4294e9bfd3]::result::unwrap_failed
[INFO] [stdout]   12:     0x63784b57ef26 - codebridge_cli[fa25d9b0f98d3f72]::actions::git::tests::init_test_repo
[INFO] [stdout]   13:     0x63784b57c29b - codebridge_cli[fa25d9b0f98d3f72]::actions::git::tests::test_handle_diff_unstaged::{closure#0}
[INFO] [stdout]   14:     0x63784b5bfec3 - <tokio[6b1cf446f17177b2]::runtime::scheduler::current_thread::Context>::enter::<core[df12db4294e9bfd3]::task::poll::Poll<()>, <tokio[6b1cf446f17177b2]::runtime::scheduler::current_thread::CoreGuard>::block_on<core[df12db4294e9bfd3]::pin::Pin<&mut core[df12db4294e9bfd3]::pin::Pin<&mut dyn core[df12db4294e9bfd3]::future::future::Future<Output = ()>>>>::{closure#0}::{closure#0}>
[INFO] [stdout]   15:     0x63784b59f32c - <tokio[6b1cf446f17177b2]::runtime::context::scoped::Scoped<tokio[6b1cf446f17177b2]::runtime::scheduler::Context>>::set::<<tokio[6b1cf446f17177b2]::runtime::scheduler::current_thread::CoreGuard>::enter<<tokio[6b1cf446f17177b2]::runtime::scheduler::current_thread::CoreGuard>::block_on<core[df12db4294e9bfd3]::pin::Pin<&mut core[df12db4294e9bfd3]::pin::Pin<&mut dyn core[df12db4294e9bfd3]::future::future::Future<Output = ()>>>>::{closure#0}, core[df12db4294e9bfd3]::option::Option<()>>::{closure#0}, (alloc[2182bb758b4b3781]::boxed::Box<tokio[6b1cf446f17177b2]::runtime::scheduler::current_thread::Core>, core[df12db4294e9bfd3]::option::Option<()>)>
[INFO] [stdout]   16:     0x63784b5c0217 - <tokio[6b1cf446f17177b2]::runtime::scheduler::current_thread::CoreGuard>::block_on::<core[df12db4294e9bfd3]::pin::Pin<&mut core[df12db4294e9bfd3]::pin::Pin<&mut dyn core[df12db4294e9bfd3]::future::future::Future<Output = ()>>>>
[INFO] [stdout]   17:     0x63784b58284d - tokio[6b1cf446f17177b2]::runtime::context::runtime::enter_runtime::<<tokio[6b1cf446f17177b2]::runtime::scheduler::current_thread::CurrentThread>::block_on<core[df12db4294e9bfd3]::pin::Pin<&mut dyn core[df12db4294e9bfd3]::future::future::Future<Output = ()>>>::{closure#0}, ()>
[INFO] [stdout]   18:     0x63784b5b8155 - <tokio[6b1cf446f17177b2]::runtime::runtime::Runtime>::block_on::<core[df12db4294e9bfd3]::pin::Pin<&mut dyn core[df12db4294e9bfd3]::future::future::Future<Output = ()>>>
[INFO] [stdout]   19:     0x63784b57f9ab - codebridge_cli[fa25d9b0f98d3f72]::actions::git::tests::test_handle_diff_unstaged
[INFO] [stdout]   20:     0x63784b592d29 - <codebridge_cli[fa25d9b0f98d3f72]::actions::git::tests::test_handle_diff_unstaged::{closure#0} as core[df12db4294e9bfd3]::ops::function::FnOnce<()>>::call_once
[INFO] [stdout]   21:     0x63784b5c71eb - test[9d35eded1c95d3be]::__rust_begin_short_backtrace::<core[df12db4294e9bfd3]::result::Result<(), alloc[2182bb758b4b3781]::string::String>, fn() -> core[df12db4294e9bfd3]::result::Result<(), alloc[2182bb758b4b3781]::string::String>>
[INFO] [stdout]   22:     0x63784b5d4855 - test[9d35eded1c95d3be]::run_test::{closure#0}
[INFO] [stdout]   23:     0x63784b5ce114 - std[70759c8f55707aa4]::sys::backtrace::__rust_begin_short_backtrace::<test[9d35eded1c95d3be]::run_test::{closure#1}, ()>
[INFO] [stdout]   24:     0x63784b5d79b2 - <std[70759c8f55707aa4]::thread::lifecycle::spawn_unchecked<test[9d35eded1c95d3be]::run_test::{closure#1}, ()>::{closure#1} as core[df12db4294e9bfd3]::ops::function::FnOnce<()>>::call_once::{shim:vtable#0}
[INFO] [stdout]   25:     0x63784b7c2779 - <std[70759c8f55707aa4]::sys::thread::unix::Thread>::new::thread_start
[INFO] [stdout]   26:     0x7734bc59bdfa - <unknown>
[INFO] [stdout]   27:     0x7734bc62f3d4 - clone
[INFO] [stdout]   28:                0x0 - <unknown>
[INFO] [stdout] 
[INFO] [stdout] ---- actions::git::tests::test_handle_push_remote_not_found stdout ----
[INFO] [stdout] 
[INFO] [stdout] thread 'actions::git::tests::test_handle_push_remote_not_found' (3841) panicked at src/actions/git.rs:398:40:
[INFO] [stdout] called `Result::unwrap()` on an `Err` value: Error { code: -3, klass: 7, message: "config value 'user.name' was not found" }
[INFO] [stdout] stack backtrace:
[INFO] [stdout]    0:     0x63784b7c3441 - <<std[70759c8f55707aa4]::sys::backtrace::BacktraceLock>::print::DisplayBacktrace as core[df12db4294e9bfd3]::fmt::Display>::fmt
[INFO] [stdout]    1:     0x63784b7da02a - core[df12db4294e9bfd3]::fmt::write
[INFO] [stdout]    2:     0x63784b7c80bc - <alloc[2182bb758b4b3781]::vec::Vec<u8> as core[df12db4294e9bfd3]::io::write::Write>::write_fmt
[INFO] [stdout]    3:     0x63784b79c616 - std[70759c8f55707aa4]::panicking::default_hook::{closure#0}
[INFO] [stdout]    4:     0x63784b7ba599 - std[70759c8f55707aa4]::panicking::default_hook
[INFO] [stdout]    5:     0x63784b5d3f00 - test[9d35eded1c95d3be]::test_main_inner::<test[9d35eded1c95d3be]::test_main_static::{closure#0}>::{closure#0}
[INFO] [stdout]    6:     0x63784b7ba8c2 - std[70759c8f55707aa4]::panicking::panic_with_hook
[INFO] [stdout]    7:     0x63784b79c6c2 - std[70759c8f55707aa4]::panicking::panic_handler::{closure#0}
[INFO] [stdout]    8:     0x63784b794ed9 - std[70759c8f55707aa4]::sys::backtrace::__rust_end_short_backtrace::<std[70759c8f55707aa4]::panicking::panic_handler::{closure#0}, !>
[INFO] [stdout]    9:     0x63784b79d44d - __rustc[8fa7c3cbc660c2b3]::rust_begin_unwind
[INFO] [stdout]   10:     0x63784b7da80c - core[df12db4294e9bfd3]::panicking::panic_fmt
[INFO] [stdout]   11:     0x63784b7da5e2 - core[df12db4294e9bfd3]::result::unwrap_failed
[INFO] [stdout]   12:     0x63784b57ef26 - codebridge_cli[fa25d9b0f98d3f72]::actions::git::tests::init_test_repo
[INFO] [stdout]   13:     0x63784b57dfbe - codebridge_cli[fa25d9b0f98d3f72]::actions::git::tests::test_handle_push_remote_not_found::{closure#0}
[INFO] [stdout]   14:     0x63784b5bfec3 - <tokio[6b1cf446f17177b2]::runtime::scheduler::current_thread::Context>::enter::<core[df12db4294e9bfd3]::task::poll::Poll<()>, <tokio[6b1cf446f17177b2]::runtime::scheduler::current_thread::CoreGuard>::block_on<core[df12db4294e9bfd3]::pin::Pin<&mut core[df12db4294e9bfd3]::pin::Pin<&mut dyn core[df12db4294e9bfd3]::future::future::Future<Output = ()>>>>::{closure#0}::{closure#0}>
[INFO] [stdout]   15:     0x63784b59f32c - <tokio[6b1cf446f17177b2]::runtime::context::scoped::Scoped<tokio[6b1cf446f17177b2]::runtime::scheduler::Context>>::set::<<tokio[6b1cf446f17177b2]::runtime::scheduler::current_thread::CoreGuard>::enter<<tokio[6b1cf446f17177b2]::runtime::scheduler::current_thread::CoreGuard>::block_on<core[df12db4294e9bfd3]::pin::Pin<&mut core[df12db4294e9bfd3]::pin::Pin<&mut dyn core[df12db4294e9bfd3]::future::future::Future<Output = ()>>>>::{closure#0}, core[df12db4294e9bfd3]::option::Option<()>>::{closure#0}, (alloc[2182bb758b4b3781]::boxed::Box<tokio[6b1cf446f17177b2]::runtime::scheduler::current_thread::Core>, core[df12db4294e9bfd3]::option::Option<()>)>
[INFO] [stdout]   16:     0x63784b5c0217 - <tokio[6b1cf446f17177b2]::runtime::scheduler::current_thread::CoreGuard>::block_on::<core[df12db4294e9bfd3]::pin::Pin<&mut core[df12db4294e9bfd3]::pin::Pin<&mut dyn core[df12db4294e9bfd3]::future::future::Future<Output = ()>>>>
[INFO] [stdout]   17:     0x63784b58284d - tokio[6b1cf446f17177b2]::runtime::context::runtime::enter_runtime::<<tokio[6b1cf446f17177b2]::runtime::scheduler::current_thread::CurrentThread>::block_on<core[df12db4294e9bfd3]::pin::Pin<&mut dyn core[df12db4294e9bfd3]::future::future::Future<Output = ()>>>::{closure#0}, ()>
[INFO] [stdout]   18:     0x63784b5b8155 - <tokio[6b1cf446f17177b2]::runtime::runtime::Runtime>::block_on::<core[df12db4294e9bfd3]::pin::Pin<&mut dyn core[df12db4294e9bfd3]::future::future::Future<Output = ()>>>
[INFO] [stdout]   19:     0x63784b5801eb - codebridge_cli[fa25d9b0f98d3f72]::actions::git::tests::test_handle_push_remote_not_found
[INFO] [stdout]   20:     0x63784b592de9 - <codebridge_cli[fa25d9b0f98d3f72]::actions::git::tests::test_handle_push_remote_not_found::{closure#0} as core[df12db4294e9bfd3]::ops::function::FnOnce<()>>::call_once
[INFO] [stdout]   21:     0x63784b5c71eb - test[9d35eded1c95d3be]::__rust_begin_short_backtrace::<core[df12db4294e9bfd3]::result::Result<(), alloc[2182bb758b4b3781]::string::String>, fn() -> core[df12db4294e9bfd3]::result::Result<(), alloc[2182bb758b4b3781]::string::String>>
[INFO] [stdout]   22:     0x63784b5d4855 - test[9d35eded1c95d3be]::run_test::{closure#0}
[INFO] [stdout]   23:     0x63784b5ce114 - std[70759c8f55707aa4]::sys::backtrace::__rust_begin_short_backtrace::<test[9d35eded1c95d3be]::run_test::{closure#1}, ()>
[INFO] [stdout]   24:     0x63784b5d79b2 - <std[70759c8f55707aa4]::thread::lifecycle::spawn_unchecked<test[9d35eded1c95d3be]::run_test::{closure#1}, ()>::{closure#1} as core[df12db4294e9bfd3]::ops::function::FnOnce<()>>::call_once::{shim:vtable#0}
[INFO] [stdout]   25:     0x63784b7c2779 - <std[70759c8f55707aa4]::sys::thread::unix::Thread>::new::thread_start
[INFO] [stdout]   26:     0x7734bc59bdfa - <unknown>
[INFO] [stdout]   27:     0x7734bc62f3d4 - clone
[INFO] [stdout]   28:                0x0 - <unknown>
[INFO] [stdout] 
[INFO] [stdout] ---- actions::git::tests::test_handle_push stdout ----
[INFO] [stdout] 
[INFO] [stdout] thread 'actions::git::tests::test_handle_push' (3840) panicked at src/actions/git.rs:398:40:
[INFO] [stdout] called `Result::unwrap()` on an `Err` value: Error { code: -3, klass: 7, message: "config value 'user.name' was not found" }
[INFO] [stdout] stack backtrace:
[INFO] [stdout]    0:     0x63784b7c3441 - <<std[70759c8f55707aa4]::sys::backtrace::BacktraceLock>::print::DisplayBacktrace as core[df12db4294e9bfd3]::fmt::Display>::fmt
[INFO] [stdout]    1:     0x63784b7da02a - core[df12db4294e9bfd3]::fmt::write
[INFO] [stdout]    2:     0x63784b7c80bc - <alloc[2182bb758b4b3781]::vec::Vec<u8> as core[df12db4294e9bfd3]::io::write::Write>::write_fmt
[INFO] [stdout]    3:     0x63784b79c616 - std[70759c8f55707aa4]::panicking::default_hook::{closure#0}
[INFO] [stdout]    4:     0x63784b7ba599 - std[70759c8f55707aa4]::panicking::default_hook
[INFO] [stdout]    5:     0x63784b5d3f00 - test[9d35eded1c95d3be]::test_main_inner::<test[9d35eded1c95d3be]::test_main_static::{closure#0}>::{closure#0}
[INFO] [stdout]    6:     0x63784b7ba8c2 - std[70759c8f55707aa4]::panicking::panic_with_hook
[INFO] [stdout]    7:     0x63784b79c6c2 - std[70759c8f55707aa4]::panicking::panic_handler::{closure#0}
[INFO] [stdout]    8:     0x63784b794ed9 - std[70759c8f55707aa4]::sys::backtrace::__rust_end_short_backtrace::<std[70759c8f55707aa4]::panicking::panic_handler::{closure#0}, !>
[INFO] [stdout]    9:     0x63784b79d44d - __rustc[8fa7c3cbc660c2b3]::rust_begin_unwind
[INFO] [stdout]   10:     0x63784b7da80c - core[df12db4294e9bfd3]::panicking::panic_fmt
[INFO] [stdout]   11:     0x63784b7da5e2 - core[df12db4294e9bfd3]::result::unwrap_failed
[INFO] [stdout]   12:     0x63784b57ef26 - codebridge_cli[fa25d9b0f98d3f72]::actions::git::tests::init_test_repo
[INFO] [stdout]   13:     0x63784b57a04d - codebridge_cli[fa25d9b0f98d3f72]::actions::git::tests::test_handle_push::{closure#0}
[INFO] [stdout]   14:     0x63784b5bfec3 - <tokio[6b1cf446f17177b2]::runtime::scheduler::current_thread::Context>::enter::<core[df12db4294e9bfd3]::task::poll::Poll<()>, <tokio[6b1cf446f17177b2]::runtime::scheduler::current_thread::CoreGuard>::block_on<core[df12db4294e9bfd3]::pin::Pin<&mut core[df12db4294e9bfd3]::pin::Pin<&mut dyn core[df12db4294e9bfd3]::future::future::Future<Output = ()>>>>::{closure#0}::{closure#0}>
[INFO] [stdout]   15:     0x63784b59f32c - <tokio[6b1cf446f17177b2]::runtime::context::scoped::Scoped<tokio[6b1cf446f17177b2]::runtime::scheduler::Context>>::set::<<tokio[6b1cf446f17177b2]::runtime::scheduler::current_thread::CoreGuard>::enter<<tokio[6b1cf446f17177b2]::runtime::scheduler::current_thread::CoreGuard>::block_on<core[df12db4294e9bfd3]::pin::Pin<&mut core[df12db4294e9bfd3]::pin::Pin<&mut dyn core[df12db4294e9bfd3]::future::future::Future<Output = ()>>>>::{closure#0}, core[df12db4294e9bfd3]::option::Option<()>>::{closure#0}, (alloc[2182bb758b4b3781]::boxed::Box<tokio[6b1cf446f17177b2]::runtime::scheduler::current_thread::Core>, core[df12db4294e9bfd3]::option::Option<()>)>
[INFO] [stdout]   16:     0x63784b5c0217 - <tokio[6b1cf446f17177b2]::runtime::scheduler::current_thread::CoreGuard>::block_on::<core[df12db4294e9bfd3]::pin::Pin<&mut core[df12db4294e9bfd3]::pin::Pin<&mut dyn core[df12db4294e9bfd3]::future::future::Future<Output = ()>>>>
[INFO] [stdout]   17:     0x63784b58284d - tokio[6b1cf446f17177b2]::runtime::context::runtime::enter_runtime::<<tokio[6b1cf446f17177b2]::runtime::scheduler::current_thread::CurrentThread>::block_on<core[df12db4294e9bfd3]::pin::Pin<&mut dyn core[df12db4294e9bfd3]::future::future::Future<Output = ()>>>::{closure#0}, ()>
[INFO] [stdout]   18:     0x63784b5b8155 - <tokio[6b1cf446f17177b2]::runtime::runtime::Runtime>::block_on::<core[df12db4294e9bfd3]::pin::Pin<&mut dyn core[df12db4294e9bfd3]::future::future::Future<Output = ()>>>
[INFO] [stdout]   19:     0x63784b57f2bb - codebridge_cli[fa25d9b0f98d3f72]::actions::git::tests::test_handle_push
[INFO] [stdout]   20:     0x63784b592c89 - <codebridge_cli[fa25d9b0f98d3f72]::actions::git::tests::test_handle_push::{closure#0} as core[df12db4294e9bfd3]::ops::function::FnOnce<()>>::call_once
[INFO] [stdout]   21:     0x63784b5c71eb - test[9d35eded1c95d3be]::__rust_begin_short_backtrace::<core[df12db4294e9bfd3]::result::Result<(), alloc[2182bb758b4b3781]::string::String>, fn() -> core[df12db4294e9bfd3]::result::Result<(), alloc[2182bb758b4b3781]::string::String>>
[INFO] [stdout]   22:     0x63784b5d4855 - test[9d35eded1c95d3be]::run_test::{closure#0}
[INFO] [stdout]   23:     0x63784b5ce114 - std[70759c8f55707aa4]::sys::backtrace::__rust_begin_short_backtrace::<test[9d35eded1c95d3be]::run_test::{closure#1}, ()>
[INFO] [stdout]   24:     0x63784b5d79b2 - <std[70759c8f55707aa4]::thread::lifecycle::spawn_unchecked<test[9d35eded1c95d3be]::run_test::{closure#1}, ()>::{closure#1} as core[df12db4294e9bfd3]::ops::function::FnOnce<()>>::call_once::{shim:vtable#0}
[INFO] [stdout]   25:     0x63784b7c2779 - <std[70759c8f55707aa4]::sys::thread::unix::Thread>::new::thread_start
[INFO] [stdout]   26:     0x7734bc59bdfa - <unknown>
[INFO] [stdout]   27:     0x7734bc62f3d4 - clone
[INFO] [stdout]   28:                0x0 - <unknown>
[INFO] [stdout] 
[INFO] [stdout] ---- actions::git_worktree::tests::test_handle_list_with_worktrees stdout ----
[INFO] [stdout] 
[INFO] [stdout] thread 'actions::git_worktree::tests::test_handle_list_with_worktrees' (3850) panicked at src/actions/git_worktree.rs:476:40:
[INFO] [stdout] called `Result::unwrap()` on an `Err` value: Error { code: -3, klass: 7, message: "config value 'user.name' was not found" }
[INFO] [stdout] stack backtrace:
[INFO] [stdout]    0:     0x63784b7c3441 - <<std[70759c8f55707aa4]::sys::backtrace::BacktraceLock>::print::DisplayBacktrace as core[df12db4294e9bfd3]::fmt::Display>::fmt
[INFO] [stdout]    1:     0x63784b7da02a - core[df12db4294e9bfd3]::fmt::write
[INFO] [stdout]    2:     0x63784b7c80bc - <alloc[2182bb758b4b3781]::vec::Vec<u8> as core[df12db4294e9bfd3]::io::write::Write>::write_fmt
[INFO] [stdout]    3:     0x63784b79c616 - std[70759c8f55707aa4]::panicking::default_hook::{closure#0}
[INFO] [stdout]    4:     0x63784b7ba599 - std[70759c8f55707aa4]::panicking::default_hook
[INFO] [stdout]    5:     0x63784b5d3f00 - test[9d35eded1c95d3be]::test_main_inner::<test[9d35eded1c95d3be]::test_main_static::{closure#0}>::{closure#0}
[INFO] [stdout]    6:     0x63784b7ba8c2 - std[70759c8f55707aa4]::panicking::panic_with_hook
[INFO] [stdout]    7:     0x63784b79c6c2 - std[70759c8f55707aa4]::panicking::panic_handler::{closure#0}
[INFO] [stdout]    8:     0x63784b794ed9 - std[70759c8f55707aa4]::sys::backtrace::__rust_end_short_backtrace::<std[70759c8f55707aa4]::panicking::panic_handler::{closure#0}, !>
[INFO] [stdout]    9:     0x63784b79d44d - __rustc[8fa7c3cbc660c2b3]::rust_begin_unwind
[INFO] [stdout]   10:     0x63784b7da80c - core[df12db4294e9bfd3]::panicking::panic_fmt
[INFO] [stdout]   11:     0x63784b7da5e2 - core[df12db4294e9bfd3]::result::unwrap_failed
[INFO] [stdout]   12:     0x63784b568046 - codebridge_cli[fa25d9b0f98d3f72]::actions::git_worktree::tests::init_repo_with_branches
[INFO] [stdout]   13:     0x63784b563b21 - codebridge_cli[fa25d9b0f98d3f72]::actions::git_worktree::tests::test_handle_list_with_worktrees::{closure#0}
[INFO] [stdout]   14:     0x63784b5bfec3 - <tokio[6b1cf446f17177b2]::runtime::scheduler::current_thread::Context>::enter::<core[df12db4294e9bfd3]::task::poll::Poll<()>, <tokio[6b1cf446f17177b2]::runtime::scheduler::current_thread::CoreGuard>::block_on<core[df12db4294e9bfd3]::pin::Pin<&mut core[df12db4294e9bfd3]::pin::Pin<&mut dyn core[df12db4294e9bfd3]::future::future::Future<Output = ()>>>>::{closure#0}::{closure#0}>
[INFO] [stdout]   15:     0x63784b59f32c - <tokio[6b1cf446f17177b2]::runtime::context::scoped::Scoped<tokio[6b1cf446f17177b2]::runtime::scheduler::Context>>::set::<<tokio[6b1cf446f17177b2]::runtime::scheduler::current_thread::CoreGuard>::enter<<tokio[6b1cf446f17177b2]::runtime::scheduler::current_thread::CoreGuard>::block_on<core[df12db4294e9bfd3]::pin::Pin<&mut core[df12db4294e9bfd3]::pin::Pin<&mut dyn core[df12db4294e9bfd3]::future::future::Future<Output = ()>>>>::{closure#0}, core[df12db4294e9bfd3]::option::Option<()>>::{closure#0}, (alloc[2182bb758b4b3781]::boxed::Box<tokio[6b1cf446f17177b2]::runtime::scheduler::current_thread::Core>, core[df12db4294e9bfd3]::option::Option<()>)>
[INFO] [stdout]   16:     0x63784b5c0217 - <tokio[6b1cf446f17177b2]::runtime::scheduler::current_thread::CoreGuard>::block_on::<core[df12db4294e9bfd3]::pin::Pin<&mut core[df12db4294e9bfd3]::pin::Pin<&mut dyn core[df12db4294e9bfd3]::future::future::Future<Output = ()>>>>
[INFO] [stdout]   17:     0x63784b58284d - tokio[6b1cf446f17177b2]::runtime::context::runtime::enter_runtime::<<tokio[6b1cf446f17177b2]::runtime::scheduler::current_thread::CurrentThread>::block_on<core[df12db4294e9bfd3]::pin::Pin<&mut dyn core[df12db4294e9bfd3]::future::future::Future<Output = ()>>>::{closure#0}, ()>
[INFO] [stdout]   18:     0x63784b5b8155 - <tokio[6b1cf446f17177b2]::runtime::runtime::Runtime>::block_on::<core[df12db4294e9bfd3]::pin::Pin<&mut dyn core[df12db4294e9bfd3]::future::future::Future<Output = ()>>>
[INFO] [stdout]   19:     0x63784b56911b - codebridge_cli[fa25d9b0f98d3f72]::actions::git_worktree::tests::test_handle_list_with_worktrees
[INFO] [stdout]   20:     0x63784b592aa9 - <codebridge_cli[fa25d9b0f98d3f72]::actions::git_worktree::tests::test_handle_list_with_worktrees::{closure#0} as core[df12db4294e9bfd3]::ops::function::FnOnce<()>>::call_once
[INFO] [stdout]   21:     0x63784b5c71eb - test[9d35eded1c95d3be]::__rust_begin_short_backtrace::<core[df12db4294e9bfd3]::result::Result<(), alloc[2182bb758b4b3781]::string::String>, fn() -> core[df12db4294e9bfd3]::result::Result<(), alloc[2182bb758b4b3781]::string::String>>
[INFO] [stdout]   22:     0x63784b5d4855 - test[9d35eded1c95d3be]::run_test::{closure#0}
[INFO] [stdout]   23:     0x63784b5ce114 - std[70759c8f55707aa4]::sys::backtrace::__rust_begin_short_backtrace::<test[9d35eded1c95d3be]::run_test::{closure#1}, ()>
[INFO] [stdout]   24:     0x63784b5d79b2 - <std[70759c8f55707aa4]::thread::lifecycle::spawn_unchecked<test[9d35eded1c95d3be]::run_test::{closure#1}, ()>::{closure#1} as core[df12db4294e9bfd3]::ops::function::FnOnce<()>>::call_once::{shim:vtable#0}
[INFO] [stdout]   25:     0x63784b7c2779 - <std[70759c8f55707aa4]::sys::thread::unix::Thread>::new::thread_start
[INFO] [stdout]   26:     0x7734bc59bdfa - <unknown>
[INFO] [stdout]   27:     0x7734bc62f3d4 - clone
[INFO] [stdout]   28:                0x0 - <unknown>
[INFO] [stdout] 
[INFO] [stdout] ---- actions::git_worktree::tests::test_handle_add_new_branch stdout ----
[INFO] [stdout] 
[INFO] [stdout] thread 'actions::git_worktree::tests::test_handle_add_new_branch' (3847) panicked at src/actions/git_worktree.rs:476:40:
[INFO] [stdout] called `Result::unwrap()` on an `Err` value: Error { code: -3, klass: 7, message: "config value 'user.name' was not found" }
[INFO] [stdout] stack backtrace:
[INFO] [stdout]    0:     0x63784b7c3441 - <<std[70759c8f55707aa4]::sys::backtrace::BacktraceLock>::print::DisplayBacktrace as core[df12db4294e9bfd3]::fmt::Display>::fmt
[INFO] [stdout]    1:     0x63784b7da02a - core[df12db4294e9bfd3]::fmt::write
[INFO] [stdout]    2:     0x63784b7c80bc - <alloc[2182bb758b4b3781]::vec::Vec<u8> as core[df12db4294e9bfd3]::io::write::Write>::write_fmt
[INFO] [stdout]    3:     0x63784b79c616 - std[70759c8f55707aa4]::panicking::default_hook::{closure#0}
[INFO] [stdout]    4:     0x63784b7ba599 - std[70759c8f55707aa4]::panicking::default_hook
[INFO] [stdout]    5:     0x63784b5d3f00 - test[9d35eded1c95d3be]::test_main_inner::<test[9d35eded1c95d3be]::test_main_static::{closure#0}>::{closure#0}
[INFO] [stdout]    6:     0x63784b7ba8c2 - std[70759c8f55707aa4]::panicking::panic_with_hook
[INFO] [stdout]    7:     0x63784b79c6c2 - std[70759c8f55707aa4]::panicking::panic_handler::{closure#0}
[INFO] [stdout]    8:     0x63784b794ed9 - std[70759c8f55707aa4]::sys::backtrace::__rust_end_short_backtrace::<std[70759c8f55707aa4]::panicking::panic_handler::{closure#0}, !>
[INFO] [stdout]    9:     0x63784b79d44d - __rustc[8fa7c3cbc660c2b3]::rust_begin_unwind
[INFO] [stdout]   10:     0x63784b7da80c - core[df12db4294e9bfd3]::panicking::panic_fmt
[INFO] [stdout]   11:     0x63784b7da5e2 - core[df12db4294e9bfd3]::result::unwrap_failed
[INFO] [stdout]   12:     0x63784b568046 - codebridge_cli[fa25d9b0f98d3f72]::actions::git_worktree::tests::init_repo_with_branches
[INFO] [stdout]   13:     0x63784b561dbc - codebridge_cli[fa25d9b0f98d3f72]::actions::git_worktree::tests::test_handle_add_new_branch::{closure#0}
[INFO] [stdout]   14:     0x63784b5bfec3 - <tokio[6b1cf446f17177b2]::runtime::scheduler::current_thread::Context>::enter::<core[df12db4294e9bfd3]::task::poll::Poll<()>, <tokio[6b1cf446f17177b2]::runtime::scheduler::current_thread::CoreGuard>::block_on<core[df12db4294e9bfd3]::pin::Pin<&mut core[df12db4294e9bfd3]::pin::Pin<&mut dyn core[df12db4294e9bfd3]::future::future::Future<Output = ()>>>>::{closure#0}::{closure#0}>
[INFO] [stdout]   15:     0x63784b59f32c - <tokio[6b1cf446f17177b2]::runtime::context::scoped::Scoped<tokio[6b1cf446f17177b2]::runtime::scheduler::Context>>::set::<<tokio[6b1cf446f17177b2]::runtime::scheduler::current_thread::CoreGuard>::enter<<tokio[6b1cf446f17177b2]::runtime::scheduler::current_thread::CoreGuard>::block_on<core[df12db4294e9bfd3]::pin::Pin<&mut core[df12db4294e9bfd3]::pin::Pin<&mut dyn core[df12db4294e9bfd3]::future::future::Future<Output = ()>>>>::{closure#0}, core[df12db4294e9bfd3]::option::Option<()>>::{closure#0}, (alloc[2182bb758b4b3781]::boxed::Box<tokio[6b1cf446f17177b2]::runtime::scheduler::current_thread::Core>, core[df12db4294e9bfd3]::option::Option<()>)>
[INFO] [stderr] error: test failed, to rerun pass `--lib`
[INFO] [stdout]   16:     0x63784b5c0217 - <tokio[6b1cf446f17177b2]::runtime::scheduler::current_thread::CoreGuard>::block_on::<core[df12db4294e9bfd3]::pin::Pin<&mut core[df12db4294e9bfd3]::pin::Pin<&mut dyn core[df12db4294e9bfd3]::future::future::Future<Output = ()>>>>
[INFO] [stdout]   17:     0x63784b58284d - tokio[6b1cf446f17177b2]::runtime::context::runtime::enter_runtime::<<tokio[6b1cf446f17177b2]::runtime::scheduler::current_thread::CurrentThread>::block_on<core[df12db4294e9bfd3]::pin::Pin<&mut dyn core[df12db4294e9bfd3]::future::future::Future<Output = ()>>>::{closure#0}, ()>
[INFO] [stdout]   18:     0x63784b5b8155 - <tokio[6b1cf446f17177b2]::runtime::runtime::Runtime>::block_on::<core[df12db4294e9bfd3]::pin::Pin<&mut dyn core[df12db4294e9bfd3]::future::future::Future<Output = ()>>>
[INFO] [stdout]   19:     0x63784b568bdb - codebridge_cli[fa25d9b0f98d3f72]::actions::git_worktree::tests::test_handle_add_new_branch
[INFO] [stdout]   20:     0x63784b592a29 - <codebridge_cli[fa25d9b0f98d3f72]::actions::git_worktree::tests::test_handle_add_new_branch::{closure#0} as core[df12db4294e9bfd3]::ops::function::FnOnce<()>>::call_once
[INFO] [stdout]   21:     0x63784b5c71eb - test[9d35eded1c95d3be]::__rust_begin_short_backtrace::<core[df12db4294e9bfd3]::result::Result<(), alloc[2182bb758b4b3781]::string::String>, fn() -> core[df12db4294e9bfd3]::result::Result<(), alloc[2182bb758b4b3781]::string::String>>
[INFO] [stdout]   22:     0x63784b5d4855 - test[9d35eded1c95d3be]::run_test::{closure#0}
[INFO] [stdout]   23:     0x63784b5ce114 - std[70759c8f55707aa4]::sys::backtrace::__rust_begin_short_backtrace::<test[9d35eded1c95d3be]::run_test::{closure#1}, ()>
[INFO] [stdout]   24:     0x63784b5d79b2 - <std[70759c8f55707aa4]::thread::lifecycle::spawn_unchecked<test[9d35eded1c95d3be]::run_test::{closure#1}, ()>::{closure#1} as core[df12db4294e9bfd3]::ops::function::FnOnce<()>>::call_once::{shim:vtable#0}
[INFO] [stdout]   25:     0x63784b7c2779 - <std[70759c8f55707aa4]::sys::thread::unix::Thread>::new::thread_start
[INFO] [stdout]   26:     0x7734bc59bdfa - <unknown>
[INFO] [stdout]   27:     0x7734bc62f3d4 - clone
[INFO] [stdout]   28:                0x0 - <unknown>
[INFO] [stdout] 
[INFO] [stdout] ---- actions::read_file::tests::test_read_file_traversal stdout ----
[INFO] [stdout] 
[INFO] [stdout] thread 'actions::read_file::tests::test_read_file_traversal' (3866) panicked at src/actions/read_file.rs:101:9:
[INFO] [stdout] Error: Not found: Path not found: ../outside/secret.txt
[INFO] [stdout] stack backtrace:
[INFO] [stdout]    0:     0x63784b7c3441 - <<std[70759c8f55707aa4]::sys::backtrace::BacktraceLock>::print::DisplayBacktrace as core[df12db4294e9bfd3]::fmt::Display>::fmt
[INFO] [stdout]    1:     0x63784b7da02a - core[df12db4294e9bfd3]::fmt::write
[INFO] [stdout]    2:     0x63784b7c80bc - <alloc[2182bb758b4b3781]::vec::Vec<u8> as core[df12db4294e9bfd3]::io::write::Write>::write_fmt
[INFO] [stdout]    3:     0x63784b79c616 - std[70759c8f55707aa4]::panicking::default_hook::{closure#0}
[INFO] [stdout]    4:     0x63784b7ba599 - std[70759c8f55707aa4]::panicking::default_hook
[INFO] [stdout]    5:     0x63784b5d3f00 - test[9d35eded1c95d3be]::test_main_inner::<test[9d35eded1c95d3be]::test_main_static::{closure#0}>::{closure#0}
[INFO] [stdout]    6:     0x63784b7ba8c2 - std[70759c8f55707aa4]::panicking::panic_with_hook
[INFO] [stdout]    7:     0x63784b79c6c2 - std[70759c8f55707aa4]::panicking::panic_handler::{closure#0}
[INFO] [stdout]    8:     0x63784b794ed9 - std[70759c8f55707aa4]::sys::backtrace::__rust_end_short_backtrace::<std[70759c8f55707aa4]::panicking::panic_handler::{closure#0}, !>
[INFO] [stdout]    9:     0x63784b79d44d - __rustc[8fa7c3cbc660c2b3]::rust_begin_unwind
[INFO] [stdout]   10:     0x63784b7da80c - core[df12db4294e9bfd3]::panicking::panic_fmt
[INFO] [stdout]   11:     0x63784b59dc2a - codebridge_cli[fa25d9b0f98d3f72]::actions::read_file::tests::test_read_file_traversal::{closure#0}
[INFO] [stdout]   12:     0x63784b5bfec3 - <tokio[6b1cf446f17177b2]::runtime::scheduler::current_thread::Context>::enter::<core[df12db4294e9bfd3]::task::poll::Poll<()>, <tokio[6b1cf446f17177b2]::runtime::scheduler::current_thread::CoreGuard>::block_on<core[df12db4294e9bfd3]::pin::Pin<&mut core[df12db4294e9bfd3]::pin::Pin<&mut dyn core[df12db4294e9bfd3]::future::future::Future<Output = ()>>>>::{closure#0}::{closure#0}>
[INFO] [stdout]   13:     0x63784b59f32c - <tokio[6b1cf446f17177b2]::runtime::context::scoped::Scoped<tokio[6b1cf446f17177b2]::runtime::scheduler::Context>>::set::<<tokio[6b1cf446f17177b2]::runtime::scheduler::current_thread::CoreGuard>::enter<<tokio[6b1cf446f17177b2]::runtime::scheduler::current_thread::CoreGuard>::block_on<core[df12db4294e9bfd3]::pin::Pin<&mut core[df12db4294e9bfd3]::pin::Pin<&mut dyn core[df12db4294e9bfd3]::future::future::Future<Output = ()>>>>::{closure#0}, core[df12db4294e9bfd3]::option::Option<()>>::{closure#0}, (alloc[2182bb758b4b3781]::boxed::Box<tokio[6b1cf446f17177b2]::runtime::scheduler::current_thread::Core>, core[df12db4294e9bfd3]::option::Option<()>)>
[INFO] [stdout]   14:     0x63784b5c0217 - <tokio[6b1cf446f17177b2]::runtime::scheduler::current_thread::CoreGuard>::block_on::<core[df12db4294e9bfd3]::pin::Pin<&mut core[df12db4294e9bfd3]::pin::Pin<&mut dyn core[df12db4294e9bfd3]::future::future::Future<Output = ()>>>>
[INFO] [stdout]   15:     0x63784b58284d - tokio[6b1cf446f17177b2]::runtime::context::runtime::enter_runtime::<<tokio[6b1cf446f17177b2]::runtime::scheduler::current_thread::CurrentThread>::block_on<core[df12db4294e9bfd3]::pin::Pin<&mut dyn core[df12db4294e9bfd3]::future::future::Future<Output = ()>>>::{closure#0}, ()>
[INFO] [stdout]   16:     0x63784b5b8155 - <tokio[6b1cf446f17177b2]::runtime::runtime::Runtime>::block_on::<core[df12db4294e9bfd3]::pin::Pin<&mut dyn core[df12db4294e9bfd3]::future::future::Future<Output = ()>>>
[INFO] [stdout]   17:     0x63784b59e29b - codebridge_cli[fa25d9b0f98d3f72]::actions::read_file::tests::test_read_file_traversal
[INFO] [stdout]   18:     0x63784b592e69 - <codebridge_cli[fa25d9b0f98d3f72]::actions::read_file::tests::test_read_file_traversal::{closure#0} as core[df12db4294e9bfd3]::ops::function::FnOnce<()>>::call_once
[INFO] [stdout]   19:     0x63784b5c71eb - test[9d35eded1c95d3be]::__rust_begin_short_backtrace::<core[df12db4294e9bfd3]::result::Result<(), alloc[2182bb758b4b3781]::string::String>, fn() -> core[df12db4294e9bfd3]::result::Result<(), alloc[2182bb758b4b3781]::string::String>>
[INFO] [stdout]   20:     0x63784b5d4855 - test[9d35eded1c95d3be]::run_test::{closure#0}
[INFO] [stdout]   21:     0x63784b5ce114 - std[70759c8f55707aa4]::sys::backtrace::__rust_begin_short_backtrace::<test[9d35eded1c95d3be]::run_test::{closure#1}, ()>
[INFO] [stdout]   22:     0x63784b5d79b2 - <std[70759c8f55707aa4]::thread::lifecycle::spawn_unchecked<test[9d35eded1c95d3be]::run_test::{closure#1}, ()>::{closure#1} as core[df12db4294e9bfd3]::ops::function::FnOnce<()>>::call_once::{shim:vtable#0}
[INFO] [stdout]   23:     0x63784b7c2779 - <std[70759c8f55707aa4]::sys::thread::unix::Thread>::new::thread_start
[INFO] [stdout]   24:     0x7734bc59bdfa - <unknown>
[INFO] [stdout]   25:     0x7734bc62f3d4 - clone
[INFO] [stdout]   26:                0x0 - <unknown>
[INFO] [stdout] 
[INFO] [stdout] ---- actions::list_directory::tests::test_list_directory_traversal stdout ----
[INFO] [stdout] 
[INFO] [stdout] thread 'actions::list_directory::tests::test_list_directory_traversal' (3863) panicked at src/actions/list_directory.rs:175:9:
[INFO] [stdout] Error: Not found: Path not found: ../outside
[INFO] [stdout] stack backtrace:
[INFO] [stdout]    0:     0x63784b7c3441 - <<std[70759c8f55707aa4]::sys::backtrace::BacktraceLock>::print::DisplayBacktrace as core[df12db4294e9bfd3]::fmt::Display>::fmt
[INFO] [stdout]    1:     0x63784b7da02a - core[df12db4294e9bfd3]::fmt::write
[INFO] [stdout]    2:     0x63784b7c80bc - <alloc[2182bb758b4b3781]::vec::Vec<u8> as core[df12db4294e9bfd3]::io::write::Write>::write_fmt
[INFO] [stdout]    3:     0x63784b79c616 - std[70759c8f55707aa4]::panicking::default_hook::{closure#0}
[INFO] [stdout]    4:     0x63784b7ba599 - std[70759c8f55707aa4]::panicking::default_hook
[INFO] [stdout]    5:     0x63784b5d3f00 - test[9d35eded1c95d3be]::test_main_inner::<test[9d35eded1c95d3be]::test_main_static::{closure#0}>::{closure#0}
[INFO] [stdout]    6:     0x63784b7ba8c2 - std[70759c8f55707aa4]::panicking::panic_with_hook
[INFO] [stdout]    7:     0x63784b79c6c2 - std[70759c8f55707aa4]::panicking::panic_handler::{closure#0}
[INFO] [stdout]    8:     0x63784b794ed9 - std[70759c8f55707aa4]::sys::backtrace::__rust_end_short_backtrace::<std[70759c8f55707aa4]::panicking::panic_handler::{closure#0}, !>
[INFO] [stdout]    9:     0x63784b79d44d - __rustc[8fa7c3cbc660c2b3]::rust_begin_unwind
[INFO] [stdout]   10:     0x63784b7da80c - core[df12db4294e9bfd3]::panicking::panic_fmt
[INFO] [stdout]   11:     0x63784b597d8d - codebridge_cli[fa25d9b0f98d3f72]::actions::list_directory::tests::test_list_directory_traversal::{closure#0}
[INFO] [stdout]   12:     0x63784b5bfec3 - <tokio[6b1cf446f17177b2]::runtime::scheduler::current_thread::Context>::enter::<core[df12db4294e9bfd3]::task::poll::Poll<()>, <tokio[6b1cf446f17177b2]::runtime::scheduler::current_thread::CoreGuard>::block_on<core[df12db4294e9bfd3]::pin::Pin<&mut core[df12db4294e9bfd3]::pin::Pin<&mut dyn core[df12db4294e9bfd3]::future::future::Future<Output = ()>>>>::{closure#0}::{closure#0}>
[INFO] [stdout]   13:     0x63784b59f32c - <tokio[6b1cf446f17177b2]::runtime::context::scoped::Scoped<tokio[6b1cf446f17177b2]::runtime::scheduler::Context>>::set::<<tokio[6b1cf446f17177b2]::runtime::scheduler::current_thread::CoreGuard>::enter<<tokio[6b1cf446f17177b2]::runtime::scheduler::current_thread::CoreGuard>::block_on<core[df12db4294e9bfd3]::pin::Pin<&mut core[df12db4294e9bfd3]::pin::Pin<&mut dyn core[df12db4294e9bfd3]::future::future::Future<Output = ()>>>>::{closure#0}, core[df12db4294e9bfd3]::option::Option<()>>::{closure#0}, (alloc[2182bb758b4b3781]::boxed::Box<tokio[6b1cf446f17177b2]::runtime::scheduler::current_thread::Core>, core[df12db4294e9bfd3]::option::Option<()>)>
[INFO] [stdout]   14:     0x63784b5c0217 - <tokio[6b1cf446f17177b2]::runtime::scheduler::current_thread::CoreGuard>::block_on::<core[df12db4294e9bfd3]::pin::Pin<&mut core[df12db4294e9bfd3]::pin::Pin<&mut dyn core[df12db4294e9bfd3]::future::future::Future<Output = ()>>>>
[INFO] [stdout]   15:     0x63784b58284d - tokio[6b1cf446f17177b2]::runtime::context::runtime::enter_runtime::<<tokio[6b1cf446f17177b2]::runtime::scheduler::current_thread::CurrentThread>::block_on<core[df12db4294e9bfd3]::pin::Pin<&mut dyn core[df12db4294e9bfd3]::future::future::Future<Output = ()>>>::{closure#0}, ()>
[INFO] [stdout]   16:     0x63784b5b8155 - <tokio[6b1cf446f17177b2]::runtime::runtime::Runtime>::block_on::<core[df12db4294e9bfd3]::pin::Pin<&mut dyn core[df12db4294e9bfd3]::future::future::Future<Output = ()>>>
[INFO] [stdout]   17:     0x63784b59861b - codebridge_cli[fa25d9b0f98d3f72]::actions::list_directory::tests::test_list_directory_traversal
[INFO] [stdout]   18:     0x63784b592bc9 - <codebridge_cli[fa25d9b0f98d3f72]::actions::list_directory::tests::test_list_directory_traversal::{closure#0} as core[df12db4294e9bfd3]::ops::function::FnOnce<()>>::call_once
[INFO] [stdout]   19:     0x63784b5c71eb - test[9d35eded1c95d3be]::__rust_begin_short_backtrace::<core[df12db4294e9bfd3]::result::Result<(), alloc[2182bb758b4b3781]::string::String>, fn() -> core[df12db4294e9bfd3]::result::Result<(), alloc[2182bb758b4b3781]::string::String>>
[INFO] [stdout]   20:     0x63784b5d4855 - test[9d35eded1c95d3be]::run_test::{closure#0}
[INFO] [stdout]   21:     0x63784b5ce114 - std[70759c8f55707aa4]::sys::backtrace::__rust_begin_short_backtrace::<test[9d35eded1c95d3be]::run_test::{closure#1}, ()>
[INFO] [stdout]   22:     0x63784b5d79b2 - <std[70759c8f55707aa4]::thread::lifecycle::spawn_unchecked<test[9d35eded1c95d3be]::run_test::{closure#1}, ()>::{closure#1} as core[df12db4294e9bfd3]::ops::function::FnOnce<()>>::call_once::{shim:vtable#0}
[INFO] [stdout]   23:     0x63784b7c2779 - <std[70759c8f55707aa4]::sys::thread::unix::Thread>::new::thread_start
[INFO] [stdout]   24:     0x7734bc59bdfa - <unknown>
[INFO] [stdout]   25:     0x7734bc62f3d4 - clone
[INFO] [stdout]   26:                0x0 - <unknown>
[INFO] [stdout] 
[INFO] [stdout] ---- actions::git_worktree::tests::test_handle_merge_already_up_to_date stdout ----
[INFO] [stdout] 
[INFO] [stdout] thread 'actions::git_worktree::tests::test_handle_merge_already_up_to_date' (3851) panicked at src/actions/git_worktree.rs:476:40:
[INFO] [stdout] called `Result::unwrap()` on an `Err` value: Error { code: -3, klass: 7, message: "config value 'user.name' was not found" }
[INFO] [stdout] stack backtrace:
[INFO] [stdout]    0:     0x63784b7c3441 - <<std[70759c8f55707aa4]::sys::backtrace::BacktraceLock>::print::DisplayBacktrace as core[df12db4294e9bfd3]::fmt::Display>::fmt
[INFO] [stdout]    1:     0x63784b7da02a - core[df12db4294e9bfd3]::fmt::write
[INFO] [stdout]    2:     0x63784b7c80bc - <alloc[2182bb758b4b3781]::vec::Vec<u8> as core[df12db4294e9bfd3]::io::write::Write>::write_fmt
[INFO] [stdout]    3:     0x63784b79c616 - std[70759c8f55707aa4]::panicking::default_hook::{closure#0}
[INFO] [stdout]    4:     0x63784b7ba599 - std[70759c8f55707aa4]::panicking::default_hook
[INFO] [stdout]    5:     0x63784b5d3f00 - test[9d35eded1c95d3be]::test_main_inner::<test[9d35eded1c95d3be]::test_main_static::{closure#0}>::{closure#0}
[INFO] [stdout]    6:     0x63784b7ba8c2 - std[70759c8f55707aa4]::panicking::panic_with_hook
[INFO] [stdout]    7:     0x63784b79c6c2 - std[70759c8f55707aa4]::panicking::panic_handler::{closure#0}
[INFO] [stdout]    8:     0x63784b794ed9 - std[70759c8f55707aa4]::sys::backtrace::__rust_end_short_backtrace::<std[70759c8f55707aa4]::panicking::panic_handler::{closure#0}, !>
[INFO] [stdout]    9:     0x63784b79d44d - __rustc[8fa7c3cbc660c2b3]::rust_begin_unwind
[INFO] [stdout]   10:     0x63784b7da80c - core[df12db4294e9bfd3]::panicking::panic_fmt
[INFO] [stdout]   11:     0x63784b7da5e2 - core[df12db4294e9bfd3]::result::unwrap_failed
[INFO] [stdout]   12:     0x63784b568046 - codebridge_cli[fa25d9b0f98d3f72]::actions::git_worktree::tests::init_repo_with_branches
[INFO] [stdout]   13:     0x63784b5666b1 - codebridge_cli[fa25d9b0f98d3f72]::actions::git_worktree::tests::test_handle_merge_already_up_to_date::{closure#0}
[INFO] [stdout]   14:     0x63784b5bfec3 - <tokio[6b1cf446f17177b2]::runtime::scheduler::current_thread::Context>::enter::<core[df12db4294e9bfd3]::task::poll::Poll<()>, <tokio[6b1cf446f17177b2]::runtime::scheduler::current_thread::CoreGuard>::block_on<core[df12db4294e9bfd3]::pin::Pin<&mut core[df12db4294e9bfd3]::pin::Pin<&mut dyn core[df12db4294e9bfd3]::future::future::Future<Output = ()>>>>::{closure#0}::{closure#0}>
[INFO] [stdout]   15:     0x63784b59f32c - <tokio[6b1cf446f17177b2]::runtime::context::scoped::Scoped<tokio[6b1cf446f17177b2]::runtime::scheduler::Context>>::set::<<tokio[6b1cf446f17177b2]::runtime::scheduler::current_thread::CoreGuard>::enter<<tokio[6b1cf446f17177b2]::runtime::scheduler::current_thread::CoreGuard>::block_on<core[df12db4294e9bfd3]::pin::Pin<&mut core[df12db4294e9bfd3]::pin::Pin<&mut dyn core[df12db4294e9bfd3]::future::future::Future<Output = ()>>>>::{closure#0}, core[df12db4294e9bfd3]::option::Option<()>>::{closure#0}, (alloc[2182bb758b4b3781]::boxed::Box<tokio[6b1cf446f17177b2]::runtime::scheduler::current_thread::Core>, core[df12db4294e9bfd3]::option::Option<()>)>
[INFO] [stdout]   16:     0x63784b5c0217 - <tokio[6b1cf446f17177b2]::runtime::scheduler::current_thread::CoreGuard>::block_on::<core[df12db4294e9bfd3]::pin::Pin<&mut core[df12db4294e9bfd3]::pin::Pin<&mut dyn core[df12db4294e9bfd3]::future::future::Future<Output = ()>>>>
[INFO] [stdout]   17:     0x63784b58284d - tokio[6b1cf446f17177b2]::runtime::context::runtime::enter_runtime::<<tokio[6b1cf446f17177b2]::runtime::scheduler::current_thread::CurrentThread>::block_on<core[df12db4294e9bfd3]::pin::Pin<&mut dyn core[df12db4294e9bfd3]::future::future::Future<Output = ()>>>::{closure#0}, ()>
[INFO] [stdout]   18:     0x63784b5b8155 - <tokio[6b1cf446f17177b2]::runtime::runtime::Runtime>::block_on::<core[df12db4294e9bfd3]::pin::Pin<&mut dyn core[df12db4294e9bfd3]::future::future::Future<Output = ()>>>
[INFO] [stdout]   19:     0x63784b56950b - codebridge_cli[fa25d9b0f98d3f72]::actions::git_worktree::tests::test_handle_merge_already_up_to_date
[INFO] [stdout]   20:     0x63784b592b09 - <codebridge_cli[fa25d9b0f98d3f72]::actions::git_worktree::tests::test_handle_merge_already_up_to_date::{closure#0} as core[df12db4294e9bfd3]::ops::function::FnOnce<()>>::call_once
[INFO] [stdout]   21:     0x63784b5c71eb - test[9d35eded1c95d3be]::__rust_begin_short_backtrace::<core[df12db4294e9bfd3]::result::Result<(), alloc[2182bb758b4b3781]::string::String>, fn() -> core[df12db4294e9bfd3]::result::Result<(), alloc[2182bb758b4b3781]::string::String>>
[INFO] [stdout]   22:     0x63784b5d4855 - test[9d35eded1c95d3be]::run_test::{closure#0}
[INFO] [stdout]   23:     0x63784b5ce114 - std[70759c8f55707aa4]::sys::backtrace::__rust_begin_short_backtrace::<test[9d35eded1c95d3be]::run_test::{closure#1}, ()>
[INFO] [stdout]   24:     0x63784b5d79b2 - <std[70759c8f55707aa4]::thread::lifecycle::spawn_unchecked<test[9d35eded1c95d3be]::run_test::{closure#1}, ()>::{closure#1} as core[df12db4294e9bfd3]::ops::function::FnOnce<()>>::call_once::{shim:vtable#0}
[INFO] [stdout]   25:     0x63784b7c2779 - <std[70759c8f55707aa4]::sys::thread::unix::Thread>::new::thread_start
[INFO] [stdout]   26:     0x7734bc59bdfa - <unknown>
[INFO] [stdout]   27:     0x7734bc62f3d4 - clone
[INFO] [stdout]   28:                0x0 - <unknown>
[INFO] [stdout] 
[INFO] [stdout] ---- actions::write_file::tests::test_write_file_traversal stdout ----
[INFO] [stdout] 
[INFO] [stdout] thread 'actions::write_file::tests::test_write_file_traversal' (3878) panicked at src/actions/write_file.rs:131:9:
[INFO] [stdout] Error: Forbidden: Path outside project root
[INFO] [stdout] stack backtrace:
[INFO] [stdout]    0:     0x63784b7c3441 - <<std[70759c8f55707aa4]::sys::backtrace::BacktraceLock>::print::DisplayBacktrace as core[df12db4294e9bfd3]::fmt::Display>::fmt
[INFO] [stdout]    1:     0x63784b7da02a - core[df12db4294e9bfd3]::fmt::write
[INFO] [stdout]    2:     0x63784b7c80bc - <alloc[2182bb758b4b3781]::vec::Vec<u8> as core[df12db4294e9bfd3]::io::write::Write>::write_fmt
[INFO] [stdout]    3:     0x63784b79c616 - std[70759c8f55707aa4]::panicking::default_hook::{closure#0}
[INFO] [stdout]    4:     0x63784b7ba599 - std[70759c8f55707aa4]::panicking::default_hook
[INFO] [stdout]    5:     0x63784b5d3f00 - test[9d35eded1c95d3be]::test_main_inner::<test[9d35eded1c95d3be]::test_main_static::{closure#0}>::{closure#0}
[INFO] [stdout]    6:     0x63784b7ba8c2 - std[70759c8f55707aa4]::panicking::panic_with_hook
[INFO] [stdout]    7:     0x63784b79c6c2 - std[70759c8f55707aa4]::panicking::panic_handler::{closure#0}
[INFO] [stdout]    8:     0x63784b794ed9 - std[70759c8f55707aa4]::sys::backtrace::__rust_end_short_backtrace::<std[70759c8f55707aa4]::panicking::panic_handler::{closure#0}, !>
[INFO] [stdout]    9:     0x63784b79d44d - __rustc[8fa7c3cbc660c2b3]::rust_begin_unwind
[INFO] [stdout]   10:     0x63784b7da80c - core[df12db4294e9bfd3]::panicking::panic_fmt
[INFO] [stdout]   11:     0x63784b5b1584 - codebridge_cli[fa25d9b0f98d3f72]::actions::write_file::tests::test_write_file_traversal::{closure#0}
[INFO] [stdout]   12:     0x63784b5bfec3 - <tokio[6b1cf446f17177b2]::runtime::scheduler::current_thread::Context>::enter::<core[df12db4294e9bfd3]::task::poll::Poll<()>, <tokio[6b1cf446f17177b2]::runtime::scheduler::current_thread::CoreGuard>::block_on<core[df12db4294e9bfd3]::pin::Pin<&mut core[df12db4294e9bfd3]::pin::Pin<&mut dyn core[df12db4294e9bfd3]::future::future::Future<Output = ()>>>>::{closure#0}::{closure#0}>
[INFO] [stdout]   13:     0x63784b59f32c - <tokio[6b1cf446f17177b2]::runtime::context::scoped::Scoped<tokio[6b1cf446f17177b2]::runtime::scheduler::Context>>::set::<<tokio[6b1cf446f17177b2]::runtime::scheduler::current_thread::CoreGuard>::enter<<tokio[6b1cf446f17177b2]::runtime::scheduler::current_thread::CoreGuard>::block_on<core[df12db4294e9bfd3]::pin::Pin<&mut core[df12db4294e9bfd3]::pin::Pin<&mut dyn core[df12db4294e9bfd3]::future::future::Future<Output = ()>>>>::{closure#0}, core[df12db4294e9bfd3]::option::Option<()>>::{closure#0}, (alloc[2182bb758b4b3781]::boxed::Box<tokio[6b1cf446f17177b2]::runtime::scheduler::current_thread::Core>, core[df12db4294e9bfd3]::option::Option<()>)>
[INFO] [stdout]   14:     0x63784b5c0217 - <tokio[6b1cf446f17177b2]::runtime::scheduler::current_thread::CoreGuard>::block_on::<core[df12db4294e9bfd3]::pin::Pin<&mut core[df12db4294e9bfd3]::pin::Pin<&mut dyn core[df12db4294e9bfd3]::future::future::Future<Output = ()>>>>
[INFO] [stdout]   15:     0x63784b58284d - tokio[6b1cf446f17177b2]::runtime::context::runtime::enter_runtime::<<tokio[6b1cf446f17177b2]::runtime::scheduler::current_thread::CurrentThread>::block_on<core[df12db4294e9bfd3]::pin::Pin<&mut dyn core[df12db4294e9bfd3]::future::future::Future<Output = ()>>>::{closure#0}, ()>
[INFO] [stdout]   16:     0x63784b5b8155 - <tokio[6b1cf446f17177b2]::runtime::runtime::Runtime>::block_on::<core[df12db4294e9bfd3]::pin::Pin<&mut dyn core[df12db4294e9bfd3]::future::future::Future<Output = ()>>>
[INFO] [stdout]   17:     0x63784b5b269b - codebridge_cli[fa25d9b0f98d3f72]::actions::write_file::tests::test_write_file_traversal
[INFO] [stdout]   18:     0x63784b5928e9 - <codebridge_cli[fa25d9b0f98d3f72]::actions::write_file::tests::test_write_file_traversal::{closure#0} as core[df12db4294e9bfd3]::ops::function::FnOnce<()>>::call_once
[INFO] [stdout]   19:     0x63784b5c71eb - test[9d35eded1c95d3be]::__rust_begin_short_backtrace::<core[df12db4294e9bfd3]::result::Result<(), alloc[2182bb758b4b3781]::string::String>, fn() -> core[df12db4294e9bfd3]::result::Result<(), alloc[2182bb758b4b3781]::string::String>>
[INFO] [stdout]   20:     0x63784b5d4855 - test[9d35eded1c95d3be]::run_test::{closure#0}
[INFO] [stdout]   21:     0x63784b5ce114 - std[70759c8f55707aa4]::sys::backtrace::__rust_begin_short_backtrace::<test[9d35eded1c95d3be]::run_test::{closure#1}, ()>
[INFO] [stdout]   22:     0x63784b5d79b2 - <std[70759c8f55707aa4]::thread::lifecycle::spawn_unchecked<test[9d35eded1c95d3be]::run_test::{closure#1}, ()>::{closure#1} as core[df12db4294e9bfd3]::ops::function::FnOnce<()>>::call_once::{shim:vtable#0}
[INFO] [stdout]   23:     0x63784b7c2779 - <std[70759c8f55707aa4]::sys::thread::unix::Thread>::new::thread_start
[INFO] [stdout]   24:     0x7734bc59bdfa - <unknown>
[INFO] [stdout]   25:     0x7734bc62f3d4 - clone
[INFO] [stdout]   26:                0x0 - <unknown>
[INFO] [stdout] 
[INFO] [stdout] ---- actions::git_worktree::tests::test_handle_merge_fast_forward stdout ----
[INFO] [stdout] 
[INFO] [stdout] thread 'actions::git_worktree::tests::test_handle_merge_fast_forward' (3853) panicked at src/actions/git_worktree.rs:476:40:
[INFO] [stdout] called `Result::unwrap()` on an `Err` value: Error { code: -3, klass: 7, message: "config value 'user.name' was not found" }
[INFO] [stdout] stack backtrace:
[INFO] [stdout]    0:     0x63784b7c3441 - <<std[70759c8f55707aa4]::sys::backtrace::BacktraceLock>::print::DisplayBacktrace as core[df12db4294e9bfd3]::fmt::Display>::fmt
[INFO] [stdout]    1:     0x63784b7da02a - core[df12db4294e9bfd3]::fmt::write
[INFO] [stdout]    2:     0x63784b7c80bc - <alloc[2182bb758b4b3781]::vec::Vec<u8> as core[df12db4294e9bfd3]::io::write::Write>::write_fmt
[INFO] [stdout]    3:     0x63784b79c616 - std[70759c8f55707aa4]::panicking::default_hook::{closure#0}
[INFO] [stdout]    4:     0x63784b7ba599 - std[70759c8f55707aa4]::panicking::default_hook
[INFO] [stdout]    5:     0x63784b5d3f00 - test[9d35eded1c95d3be]::test_main_inner::<test[9d35eded1c95d3be]::test_main_static::{closure#0}>::{closure#0}
[INFO] [stdout]    6:     0x63784b7ba8c2 - std[70759c8f55707aa4]::panicking::panic_with_hook
[INFO] [stdout]    7:     0x63784b79c6c2 - std[70759c8f55707aa4]::panicking::panic_handler::{closure#0}
[INFO] [stdout]    8:     0x63784b794ed9 - std[70759c8f55707aa4]::sys::backtrace::__rust_end_short_backtrace::<std[70759c8f55707aa4]::panicking::panic_handler::{closure#0}, !>
[INFO] [stdout]    9:     0x63784b79d44d - __rustc[8fa7c3cbc660c2b3]::rust_begin_unwind
[INFO] [stdout]   10:     0x63784b7da80c - core[df12db4294e9bfd3]::panicking::panic_fmt
[INFO] [stdout]   11:     0x63784b7da5e2 - core[df12db4294e9bfd3]::result::unwrap_failed
[INFO] [stdout]   12:     0x63784b568046 - codebridge_cli[fa25d9b0f98d3f72]::actions::git_worktree::tests::init_repo_with_branches
[INFO] [stdout]   13:     0x63784b563158 - codebridge_cli[fa25d9b0f98d3f72]::actions::git_worktree::tests::test_handle_merge_fast_forward::{closure#0}
[INFO] [stdout]   14:     0x63784b5bfec3 - <tokio[6b1cf446f17177b2]::runtime::scheduler::current_thread::Context>::enter::<core[df12db4294e9bfd3]::task::poll::Poll<()>, <tokio[6b1cf446f17177b2]::runtime::scheduler::current_thread::CoreGuard>::block_on<core[df12db4294e9bfd3]::pin::Pin<&mut core[df12db4294e9bfd3]::pin::Pin<&mut dyn core[df12db4294e9bfd3]::future::future::Future<Output = ()>>>>::{closure#0}::{closure#0}>
[INFO] [stdout]   15:     0x63784b59f32c - <tokio[6b1cf446f17177b2]::runtime::context::scoped::Scoped<tokio[6b1cf446f17177b2]::runtime::scheduler::Context>>::set::<<tokio[6b1cf446f17177b2]::runtime::scheduler::current_thread::CoreGuard>::enter<<tokio[6b1cf446f17177b2]::runtime::scheduler::current_thread::CoreGuard>::block_on<core[df12db4294e9bfd3]::pin::Pin<&mut core[df12db4294e9bfd3]::pin::Pin<&mut dyn core[df12db4294e9bfd3]::future::future::Future<Output = ()>>>>::{closure#0}, core[df12db4294e9bfd3]::option::Option<()>>::{closure#0}, (alloc[2182bb758b4b3781]::boxed::Box<tokio[6b1cf446f17177b2]::runtime::scheduler::current_thread::Core>, core[df12db4294e9bfd3]::option::Option<()>)>
[INFO] [stdout]   16:     0x63784b5c0217 - <tokio[6b1cf446f17177b2]::runtime::scheduler::current_thread::CoreGuard>::block_on::<core[df12db4294e9bfd3]::pin::Pin<&mut core[df12db4294e9bfd3]::pin::Pin<&mut dyn core[df12db4294e9bfd3]::future::future::Future<Output = ()>>>>
[INFO] [stdout]   17:     0x63784b58284d - tokio[6b1cf446f17177b2]::runtime::context::runtime::enter_runtime::<<tokio[6b1cf446f17177b2]::runtime::scheduler::current_thread::CurrentThread>::block_on<core[df12db4294e9bfd3]::pin::Pin<&mut dyn core[df12db4294e9bfd3]::future::future::Future<Output = ()>>>::{closure#0}, ()>
[INFO] [stdout]   18:     0x63784b5b8155 - <tokio[6b1cf446f17177b2]::runtime::runtime::Runtime>::block_on::<core[df12db4294e9bfd3]::pin::Pin<&mut dyn core[df12db4294e9bfd3]::future::future::Future<Output = ()>>>
[INFO] [stdout]   19:     0x63784b568fcb - codebridge_cli[fa25d9b0f98d3f72]::actions::git_worktree::tests::test_handle_merge_fast_forward
[INFO] [stdout]   20:     0x63784b592a89 - <codebridge_cli[fa25d9b0f98d3f72]::actions::git_worktree::tests::test_handle_merge_fast_forward::{closure#0} as core[df12db4294e9bfd3]::ops::function::FnOnce<()>>::call_once
[INFO] [stdout]   21:     0x63784b5c71eb - test[9d35eded1c95d3be]::__rust_begin_short_backtrace::<core[df12db4294e9bfd3]::result::Result<(), alloc[2182bb758b4b3781]::string::String>, fn() -> core[df12db4294e9bfd3]::result::Result<(), alloc[2182bb758b4b3781]::string::String>>
[INFO] [stdout]   22:     0x63784b5d4855 - test[9d35eded1c95d3be]::run_test::{closure#0}
[INFO] [stdout]   23:     0x63784b5ce114 - std[70759c8f55707aa4]::sys::backtrace::__rust_begin_short_backtrace::<test[9d35eded1c95d3be]::run_test::{closure#1}, ()>
[INFO] [stdout]   24:     0x63784b5d79b2 - <std[70759c8f55707aa4]::thread::lifecycle::spawn_unchecked<test[9d35eded1c95d3be]::run_test::{closure#1}, ()>::{closure#1} as core[df12db4294e9bfd3]::ops::function::FnOnce<()>>::call_once::{shim:vtable#0}
[INFO] [stdout]   25:     0x63784b7c2779 - <std[70759c8f55707aa4]::sys::thread::unix::Thread>::new::thread_start
[INFO] [stdout]   26:     0x7734bc59bdfa - <unknown>
[INFO] [stdout]   27:     0x7734bc62f3d4 - clone
[INFO] [stdout]   28:                0x0 - <unknown>
[INFO] [stdout] 
[INFO] [stdout] ---- actions::git_worktree::tests::test_handle_merge_preview stdout ----
[INFO] [stdout] 
[INFO] [stdout] thread 'actions::git_worktree::tests::test_handle_merge_preview' (3854) panicked at src/actions/git_worktree.rs:476:40:
[INFO] [stdout] called `Result::unwrap()` on an `Err` value: Error { code: -3, klass: 7, message: "config value 'user.name' was not found" }
[INFO] [stdout] stack backtrace:
[INFO] [stdout]    0:     0x63784b7c3441 - <<std[70759c8f55707aa4]::sys::backtrace::BacktraceLock>::print::DisplayBacktrace as core[df12db4294e9bfd3]::fmt::Display>::fmt
[INFO] [stdout]    1:     0x63784b7da02a - core[df12db4294e9bfd3]::fmt::write
[INFO] [stdout]    2:     0x63784b7c80bc - <alloc[2182bb758b4b3781]::vec::Vec<u8> as core[df12db4294e9bfd3]::io::write::Write>::write_fmt
[INFO] [stdout]    3:     0x63784b79c616 - std[70759c8f55707aa4]::panicking::default_hook::{closure#0}
[INFO] [stdout]    4:     0x63784b7ba599 - std[70759c8f55707aa4]::panicking::default_hook
[INFO] [stdout]    5:     0x63784b5d3f00 - test[9d35eded1c95d3be]::test_main_inner::<test[9d35eded1c95d3be]::test_main_static::{closure#0}>::{closure#0}
[INFO] [stdout]    6:     0x63784b7ba8c2 - std[70759c8f55707aa4]::panicking::panic_with_hook
[INFO] [stdout]    7:     0x63784b79c6c2 - std[70759c8f55707aa4]::panicking::panic_handler::{closure#0}
[INFO] [stdout]    8:     0x63784b794ed9 - std[70759c8f55707aa4]::sys::backtrace::__rust_end_short_backtrace::<std[70759c8f55707aa4]::panicking::panic_handler::{closure#0}, !>
[INFO] [stdout]    9:     0x63784b79d44d - __rustc[8fa7c3cbc660c2b3]::rust_begin_unwind
[INFO] [stdout]   10:     0x63784b7da80c - core[df12db4294e9bfd3]::panicking::panic_fmt
[INFO] [stdout]   11:     0x63784b7da5e2 - core[df12db4294e9bfd3]::result::unwrap_failed
[INFO] [stdout]   12:     0x63784b568046 - codebridge_cli[fa25d9b0f98d3f72]::actions::git_worktree::tests::init_repo_with_branches
[INFO] [stdout]   13:     0x63784b560cd8 - codebridge_cli[fa25d9b0f98d3f72]::actions::git_worktree::tests::test_handle_merge_preview::{closure#0}
[INFO] [stdout]   14:     0x63784b5bfec3 - <tokio[6b1cf446f17177b2]::runtime::scheduler::current_thread::Context>::enter::<core[df12db4294e9bfd3]::task::poll::Poll<()>, <tokio[6b1cf446f17177b2]::runtime::scheduler::current_thread::CoreGuard>::block_on<core[df12db4294e9bfd3]::pin::Pin<&mut core[df12db4294e9bfd3]::pin::Pin<&mut dyn core[df12db4294e9bfd3]::future::future::Future<Output = ()>>>>::{closure#0}::{closure#0}>
[INFO] [stdout]   15:     0x63784b59f32c - <tokio[6b1cf446f17177b2]::runtime::context::scoped::Scoped<tokio[6b1cf446f17177b2]::runtime::scheduler::Context>>::set::<<tokio[6b1cf446f17177b2]::runtime::scheduler::current_thread::CoreGuard>::enter<<tokio[6b1cf446f17177b2]::runtime::scheduler::current_thread::CoreGuard>::block_on<core[df12db4294e9bfd3]::pin::Pin<&mut core[df12db4294e9bfd3]::pin::Pin<&mut dyn core[df12db4294e9bfd3]::future::future::Future<Output = ()>>>>::{closure#0}, core[df12db4294e9bfd3]::option::Option<()>>::{closure#0}, (alloc[2182bb758b4b3781]::boxed::Box<tokio[6b1cf446f17177b2]::runtime::scheduler::current_thread::Core>, core[df12db4294e9bfd3]::option::Option<()>)>
[INFO] [stdout]   16:     0x63784b5c0217 - <tokio[6b1cf446f17177b2]::runtime::scheduler::current_thread::CoreGuard>::block_on::<core[df12db4294e9bfd3]::pin::Pin<&mut core[df12db4294e9bfd3]::pin::Pin<&mut dyn core[df12db4294e9bfd3]::future::future::Future<Output = ()>>>>
[INFO] [stdout]   17:     0x63784b58284d - tokio[6b1cf446f17177b2]::runtime::context::runtime::enter_runtime::<<tokio[6b1cf446f17177b2]::runtime::scheduler::current_thread::CurrentThread>::block_on<core[df12db4294e9bfd3]::pin::Pin<&mut dyn core[df12db4294e9bfd3]::future::future::Future<Output = ()>>>::{closure#0}, ()>
[INFO] [stdout]   18:     0x63784b5b8155 - <tokio[6b1cf446f17177b2]::runtime::runtime::Runtime>::block_on::<core[df12db4294e9bfd3]::pin::Pin<&mut dyn core[df12db4294e9bfd3]::future::future::Future<Output = ()>>>
[INFO] [stdout]   19:     0x63784b568a8b - codebridge_cli[fa25d9b0f98d3f72]::actions::git_worktree::tests::test_handle_merge_preview
[INFO] [stdout]   20:     0x63784b592a09 - <codebridge_cli[fa25d9b0f98d3f72]::actions::git_worktree::tests::test_handle_merge_preview::{closure#0} as core[df12db4294e9bfd3]::ops::function::FnOnce<()>>::call_once
[INFO] [stdout]   21:     0x63784b5c71eb - test[9d35eded1c95d3be]::__rust_begin_short_backtrace::<core[df12db4294e9bfd3]::result::Result<(), alloc[2182bb758b4b3781]::string::String>, fn() -> core[df12db4294e9bfd3]::result::Result<(), alloc[2182bb758b4b3781]::string::String>>
[INFO] [stdout]   22:     0x63784b5d4855 - test[9d35eded1c95d3be]::run_test::{closure#0}
[INFO] [stdout]   23:     0x63784b5ce114 - std[70759c8f55707aa4]::sys::backtrace::__rust_begin_short_backtrace::<test[9d35eded1c95d3be]::run_test::{closure#1}, ()>
[INFO] [stdout]   24:     0x63784b5d79b2 - <std[70759c8f55707aa4]::thread::lifecycle::spawn_unchecked<test[9d35eded1c95d3be]::run_test::{closure#1}, ()>::{closure#1} as core[df12db4294e9bfd3]::ops::function::FnOnce<()>>::call_once::{shim:vtable#0}
[INFO] [stdout]   25:     0x63784b7c2779 - <std[70759c8f55707aa4]::sys::thread::unix::Thread>::new::thread_start
[INFO] [stdout]   26:     0x7734bc59bdfa - <unknown>
[INFO] [stdout]   27:     0x7734bc62f3d4 - clone
[INFO] [stdout]   28:                0x0 - <unknown>
[INFO] [stdout] 
[INFO] [stdout] ---- actions::git_worktree::tests::test_handle_merge_branch_not_found stdout ----
[INFO] [stdout] 
[INFO] [stdout] thread 'actions::git_worktree::tests::test_handle_merge_branch_not_found' (3852) panicked at src/actions/git_worktree.rs:476:40:
[INFO] [stdout] called `Result::unwrap()` on an `Err` value: Error { code: -3, klass: 7, message: "config value 'user.name' was not found" }
[INFO] [stdout] stack backtrace:
[INFO] [stdout]    0:     0x63784b7c3441 - <<std[70759c8f55707aa4]::sys::backtrace::BacktraceLock>::print::DisplayBacktrace as core[df12db4294e9bfd3]::fmt::Display>::fmt
[INFO] [stdout]    1:     0x63784b7da02a - core[df12db4294e9bfd3]::fmt::write
[INFO] [stdout]    2:     0x63784b7c80bc - <alloc[2182bb758b4b3781]::vec::Vec<u8> as core[df12db4294e9bfd3]::io::write::Write>::write_fmt
[INFO] [stdout]    3:     0x63784b79c616 - std[70759c8f55707aa4]::panicking::default_hook::{closure#0}
[INFO] [stdout]    4:     0x63784b7ba599 - std[70759c8f55707aa4]::panicking::default_hook
[INFO] [stdout]    5:     0x63784b5d3f00 - test[9d35eded1c95d3be]::test_main_inner::<test[9d35eded1c95d3be]::test_main_static::{closure#0}>::{closure#0}
[INFO] [stdout]    6:     0x63784b7ba8c2 - std[70759c8f55707aa4]::panicking::panic_with_hook
[INFO] [stdout]    7:     0x63784b79c6c2 - std[70759c8f55707aa4]::panicking::panic_handler::{closure#0}
[INFO] [stdout]    8:     0x63784b794ed9 - std[70759c8f55707aa4]::sys::backtrace::__rust_end_short_backtrace::<std[70759c8f55707aa4]::panicking::panic_handler::{closure#0}, !>
[INFO] [stdout]    9:     0x63784b79d44d - __rustc[8fa7c3cbc660c2b3]::rust_begin_unwind
[INFO] [stdout]   10:     0x63784b7da80c - core[df12db4294e9bfd3]::panicking::panic_fmt
[INFO] [stdout]   11:     0x63784b7da5e2 - core[df12db4294e9bfd3]::result::unwrap_failed
[INFO] [stdout]   12:     0x63784b568046 - codebridge_cli[fa25d9b0f98d3f72]::actions::git_worktree::tests::init_repo_with_branches
[INFO] [stdout]   13:     0x63784b565dd1 - codebridge_cli[fa25d9b0f98d3f72]::actions::git_worktree::tests::test_handle_merge_branch_not_found::{closure#0}
[INFO] [stdout]   14:     0x63784b5bfec3 - <tokio[6b1cf446f17177b2]::runtime::scheduler::current_thread::Context>::enter::<core[df12db4294e9bfd3]::task::poll::Poll<()>, <tokio[6b1cf446f17177b2]::runtime::scheduler::current_thread::CoreGuard>::block_on<core[df12db4294e9bfd3]::pin::Pin<&mut core[df12db4294e9bfd3]::pin::Pin<&mut dyn core[df12db4294e9bfd3]::future::future::Future<Output = ()>>>>::{closure#0}::{closure#0}>
[INFO] [stdout]   15:     0x63784b59f32c - <tokio[6b1cf446f17177b2]::runtime::context::scoped::Scoped<tokio[6b1cf446f17177b2]::runtime::scheduler::Context>>::set::<<tokio[6b1cf446f17177b2]::runtime::scheduler::current_thread::CoreGuard>::enter<<tokio[6b1cf446f17177b2]::runtime::scheduler::current_thread::CoreGuard>::block_on<core[df12db4294e9bfd3]::pin::Pin<&mut core[df12db4294e9bfd3]::pin::Pin<&mut dyn core[df12db4294e9bfd3]::future::future::Future<Output = ()>>>>::{closure#0}, core[df12db4294e9bfd3]::option::Option<()>>::{closure#0}, (alloc[2182bb758b4b3781]::boxed::Box<tokio[6b1cf446f17177b2]::runtime::scheduler::current_thread::Core>, core[df12db4294e9bfd3]::option::Option<()>)>
[INFO] [stdout]   16:     0x63784b5c0217 - <tokio[6b1cf446f17177b2]::runtime::scheduler::current_thread::CoreGuard>::block_on::<core[df12db4294e9bfd3]::pin::Pin<&mut core[df12db4294e9bfd3]::pin::Pin<&mut dyn core[df12db4294e9bfd3]::future::future::Future<Output = ()>>>>
[INFO] [stdout]   17:     0x63784b58284d - tokio[6b1cf446f17177b2]::runtime::context::runtime::enter_runtime::<<tokio[6b1cf446f17177b2]::runtime::scheduler::current_thread::CurrentThread>::block_on<core[df12db4294e9bfd3]::pin::Pin<&mut dyn core[df12db4294e9bfd3]::future::future::Future<Output = ()>>>::{closure#0}, ()>
[INFO] [stdout]   18:     0x63784b5b8155 - <tokio[6b1cf446f17177b2]::runtime::runtime::Runtime>::block_on::<core[df12db4294e9bfd3]::pin::Pin<&mut dyn core[df12db4294e9bfd3]::future::future::Future<Output = ()>>>
[INFO] [stdout]   19:     0x63784b5693bb - codebridge_cli[fa25d9b0f98d3f72]::actions::git_worktree::tests::test_handle_merge_branch_not_found
[INFO] [stdout]   20:     0x63784b592ae9 - <codebridge_cli[fa25d9b0f98d3f72]::actions::git_worktree::tests::test_handle_merge_branch_not_found::{closure#0} as core[df12db4294e9bfd3]::ops::function::FnOnce<()>>::call_once
[INFO] [stdout]   21:     0x63784b5c71eb - test[9d35eded1c95d3be]::__rust_begin_short_backtrace::<core[df12db4294e9bfd3]::result::Result<(), alloc[2182bb758b4b3781]::string::String>, fn() -> core[df12db4294e9bfd3]::result::Result<(), alloc[2182bb758b4b3781]::string::String>>
[INFO] [stdout]   22:     0x63784b5d4855 - test[9d35eded1c95d3be]::run_test::{closure#0}
[INFO] [stdout]   23:     0x63784b5ce114 - std[70759c8f55707aa4]::sys::backtrace::__rust_begin_short_backtrace::<test[9d35eded1c95d3be]::run_test::{closure#1}, ()>
[INFO] [stdout]   24:     0x63784b5d79b2 - <std[70759c8f55707aa4]::thread::lifecycle::spawn_unchecked<test[9d35eded1c95d3be]::run_test::{closure#1}, ()>::{closure#1} as core[df12db4294e9bfd3]::ops::function::FnOnce<()>>::call_once::{shim:vtable#0}
[INFO] [stdout]   25:     0x63784b7c2779 - <std[70759c8f55707aa4]::sys::thread::unix::Thread>::new::thread_start
[INFO] [stdout]   26:     0x7734bc59bdfa - <unknown>
[INFO] [stdout]   27:     0x7734bc62f3d4 - clone
[INFO] [stdout]   28:                0x0 - <unknown>
[INFO] [stdout] 
[INFO] [stdout] ---- actions::git_worktree::tests::test_handle_remove_success stdout ----
[INFO] [stdout] 
[INFO] [stdout] thread 'actions::git_worktree::tests::test_handle_remove_success' (3858) panicked at src/actions/git_worktree.rs:476:40:
[INFO] [stdout] called `Result::unwrap()` on an `Err` value: Error { code: -3, klass: 7, message: "config value 'user.name' was not found" }
[INFO] [stdout] stack backtrace:
[INFO] [stdout]    0:     0x63784b7c3441 - <<std[70759c8f55707aa4]::sys::backtrace::BacktraceLock>::print::DisplayBacktrace as core[df12db4294e9bfd3]::fmt::Display>::fmt
[INFO] [stdout]    1:     0x63784b7da02a - core[df12db4294e9bfd3]::fmt::write
[INFO] [stdout]    2:     0x63784b7c80bc - <alloc[2182bb758b4b3781]::vec::Vec<u8> as core[df12db4294e9bfd3]::io::write::Write>::write_fmt
[INFO] [stdout]    3:     0x63784b79c616 - std[70759c8f55707aa4]::panicking::default_hook::{closure#0}
[INFO] [stdout]    4:     0x63784b7ba599 - std[70759c8f55707aa4]::panicking::default_hook
[INFO] [stdout]    5:     0x63784b5d3f00 - test[9d35eded1c95d3be]::test_main_inner::<test[9d35eded1c95d3be]::test_main_static::{closure#0}>::{closure#0}
[INFO] [stdout]    6:     0x63784b7ba8c2 - std[70759c8f55707aa4]::panicking::panic_with_hook
[INFO] [stdout]    7:     0x63784b79c6c2 - std[70759c8f55707aa4]::panicking::panic_handler::{closure#0}
[INFO] [stdout]    8:     0x63784b794ed9 - std[70759c8f55707aa4]::sys::backtrace::__rust_end_short_backtrace::<std[70759c8f55707aa4]::panicking::panic_handler::{closure#0}, !>
[INFO] [stdout]    9:     0x63784b79d44d - __rustc[8fa7c3cbc660c2b3]::rust_begin_unwind
[INFO] [stdout]   10:     0x63784b7da80c - core[df12db4294e9bfd3]::panicking::panic_fmt
[INFO] [stdout]   11:     0x63784b7da5e2 - core[df12db4294e9bfd3]::result::unwrap_failed
[INFO] [stdout]   12:     0x63784b568046 - codebridge_cli[fa25d9b0f98d3f72]::actions::git_worktree::tests::init_repo_with_branches
[INFO] [stdout]   13:     0x63784b5622e8 - codebridge_cli[fa25d9b0f98d3f72]::actions::git_worktree::tests::test_handle_remove_success::{closure#0}
[INFO] [stdout]   14:     0x63784b5bfec3 - <tokio[6b1cf446f17177b2]::runtime::scheduler::current_thread::Context>::enter::<core[df12db4294e9bfd3]::task::poll::Poll<()>, <tokio[6b1cf446f17177b2]::runtime::scheduler::current_thread::CoreGuard>::block_on<core[df12db4294e9bfd3]::pin::Pin<&mut core[df12db4294e9bfd3]::pin::Pin<&mut dyn core[df12db4294e9bfd3]::future::future::Future<Output = ()>>>>::{closure#0}::{closure#0}>
[INFO] [stdout]   15:     0x63784b59f32c - <tokio[6b1cf446f17177b2]::runtime::context::scoped::Scoped<tokio[6b1cf446f17177b2]::runtime::scheduler::Context>>::set::<<tokio[6b1cf446f17177b2]::runtime::scheduler::current_thread::CoreGuard>::enter<<tokio[6b1cf446f17177b2]::runtime::scheduler::current_thread::CoreGuard>::block_on<core[df12db4294e9bfd3]::pin::Pin<&mut core[df12db4294e9bfd3]::pin::Pin<&mut dyn core[df12db4294e9bfd3]::future::future::Future<Output = ()>>>>::{closure#0}, core[df12db4294e9bfd3]::option::Option<()>>::{closure#0}, (alloc[2182bb758b4b3781]::boxed::Box<tokio[6b1cf446f17177b2]::runtime::scheduler::current_thread::Core>, core[df12db4294e9bfd3]::option::Option<()>)>
[INFO] [stdout]   16:     0x63784b5c0217 - <tokio[6b1cf446f17177b2]::runtime::scheduler::current_thread::CoreGuard>::block_on::<core[df12db4294e9bfd3]::pin::Pin<&mut core[df12db4294e9bfd3]::pin::Pin<&mut dyn core[df12db4294e9bfd3]::future::future::Future<Output = ()>>>>
[INFO] [stdout]   17:     0x63784b58284d - tokio[6b1cf446f17177b2]::runtime::context::runtime::enter_runtime::<<tokio[6b1cf446f17177b2]::runtime::scheduler::current_thread::CurrentThread>::block_on<core[df12db4294e9bfd3]::pin::Pin<&mut dyn core[df12db4294e9bfd3]::future::future::Future<Output = ()>>>::{closure#0}, ()>
[INFO] [stdout]   18:     0x63784b5b8155 - <tokio[6b1cf446f17177b2]::runtime::runtime::Runtime>::block_on::<core[df12db4294e9bfd3]::pin::Pin<&mut dyn core[df12db4294e9bfd3]::future::future::Future<Output = ()>>>
[INFO] [stdout]   19:     0x63784b568d2b - codebridge_cli[fa25d9b0f98d3f72]::actions::git_worktree::tests::test_handle_remove_success
[INFO] [stdout]   20:     0x63784b592a49 - <codebridge_cli[fa25d9b0f98d3f72]::actions::git_worktree::tests::test_handle_remove_success::{closure#0} as core[df12db4294e9bfd3]::ops::function::FnOnce<()>>::call_once
[INFO] [stdout]   21:     0x63784b5c71eb - test[9d35eded1c95d3be]::__rust_begin_short_backtrace::<core[df12db4294e9bfd3]::result::Result<(), alloc[2182bb758b4b3781]::string::String>, fn() -> core[df12db4294e9bfd3]::result::Result<(), alloc[2182bb758b4b3781]::string::String>>
[INFO] [stdout]   22:     0x63784b5d4855 - test[9d35eded1c95d3be]::run_test::{closure#0}
[INFO] [stdout]   23:     0x63784b5ce114 - std[70759c8f55707aa4]::sys::backtrace::__rust_begin_short_backtrace::<test[9d35eded1c95d3be]::run_test::{closure#1}, ()>
[INFO] [stdout]   24:     0x63784b5d79b2 - <std[70759c8f55707aa4]::thread::lifecycle::spawn_unchecked<test[9d35eded1c95d3be]::run_test::{closure#1}, ()>::{closure#1} as core[df12db4294e9bfd3]::ops::function::FnOnce<()>>::call_once::{shim:vtable#0}
[INFO] [stdout]   25:     0x63784b7c2779 - <std[70759c8f55707aa4]::sys::thread::unix::Thread>::new::thread_start
[INFO] [stdout]   26:     0x7734bc59bdfa - <unknown>
[INFO] [stdout]   27:     0x7734bc62f3d4 - clone
[INFO] [stdout]   28:                0x0 - <unknown>
[INFO] [stdout] 
[INFO] [stdout] ---- actions::git_worktree::tests::test_handle_merge_with_conflict stdout ----
[INFO] [stdout] 
[INFO] [stdout] thread 'actions::git_worktree::tests::test_handle_merge_with_conflict' (3855) panicked at src/actions/git_worktree.rs:476:40:
[INFO] [stdout] called `Result::unwrap()` on an `Err` value: Error { code: -3, klass: 7, message: "config value 'user.name' was not found" }
[INFO] [stdout] stack backtrace:
[INFO] [stdout]    0:     0x63784b7c3441 - <<std[70759c8f55707aa4]::sys::backtrace::BacktraceLock>::print::DisplayBacktrace as core[df12db4294e9bfd3]::fmt::Display>::fmt
[INFO] [stdout]    1:     0x63784b7da02a - core[df12db4294e9bfd3]::fmt::write
[INFO] [stdout]    2:     0x63784b7c80bc - <alloc[2182bb758b4b3781]::vec::Vec<u8> as core[df12db4294e9bfd3]::io::write::Write>::write_fmt
[INFO] [stdout]    3:     0x63784b79c616 - std[70759c8f55707aa4]::panicking::default_hook::{closure#0}
[INFO] [stdout]    4:     0x63784b7ba599 - std[70759c8f55707aa4]::panicking::default_hook
[INFO] [stdout]    5:     0x63784b5d3f00 - test[9d35eded1c95d3be]::test_main_inner::<test[9d35eded1c95d3be]::test_main_static::{closure#0}>::{closure#0}
[INFO] [stdout]    6:     0x63784b7ba8c2 - std[70759c8f55707aa4]::panicking::panic_with_hook
[INFO] [stdout]    7:     0x63784b79c6c2 - std[70759c8f55707aa4]::panicking::panic_handler::{closure#0}
[INFO] [stdout]    8:     0x63784b794ed9 - std[70759c8f55707aa4]::sys::backtrace::__rust_end_short_backtrace::<std[70759c8f55707aa4]::panicking::panic_handler::{closure#0}, !>
[INFO] [stdout]    9:     0x63784b79d44d - __rustc[8fa7c3cbc660c2b3]::rust_begin_unwind
[INFO] [stdout]   10:     0x63784b7da80c - core[df12db4294e9bfd3]::panicking::panic_fmt
[INFO] [stdout]   11:     0x63784b7da5e2 - core[df12db4294e9bfd3]::result::unwrap_failed
[INFO] [stdout]   12:     0x63784b568046 - codebridge_cli[fa25d9b0f98d3f72]::actions::git_worktree::tests::init_repo_with_branches
[INFO] [stdout]   13:     0x63784b5643f8 - codebridge_cli[fa25d9b0f98d3f72]::actions::git_worktree::tests::test_handle_merge_with_conflict::{closure#0}
[INFO] [stdout]   14:     0x63784b5bfec3 - <tokio[6b1cf446f17177b2]::runtime::scheduler::current_thread::Context>::enter::<core[df12db4294e9bfd3]::task::poll::Poll<()>, <tokio[6b1cf446f17177b2]::runtime::scheduler::current_thread::CoreGuard>::block_on<core[df12db4294e9bfd3]::pin::Pin<&mut core[df12db4294e9bfd3]::pin::Pin<&mut dyn core[df12db4294e9bfd3]::future::future::Future<Output = ()>>>>::{closure#0}::{closure#0}>
[INFO] [stdout]   15:     0x63784b59f32c - <tokio[6b1cf446f17177b2]::runtime::context::scoped::Scoped<tokio[6b1cf446f17177b2]::runtime::scheduler::Context>>::set::<<tokio[6b1cf446f17177b2]::runtime::scheduler::current_thread::CoreGuard>::enter<<tokio[6b1cf446f17177b2]::runtime::scheduler::current_thread::CoreGuard>::block_on<core[df12db4294e9bfd3]::pin::Pin<&mut core[df12db4294e9bfd3]::pin::Pin<&mut dyn core[df12db4294e9bfd3]::future::future::Future<Output = ()>>>>::{closure#0}, core[df12db4294e9bfd3]::option::Option<()>>::{closure#0}, (alloc[2182bb758b4b3781]::boxed::Box<tokio[6b1cf446f17177b2]::runtime::scheduler::current_thread::Core>, core[df12db4294e9bfd3]::option::Option<()>)>
[INFO] [stdout]   16:     0x63784b5c0217 - <tokio[6b1cf446f17177b2]::runtime::scheduler::current_thread::CoreGuard>::block_on::<core[df12db4294e9bfd3]::pin::Pin<&mut core[df12db4294e9bfd3]::pin::Pin<&mut dyn core[df12db4294e9bfd3]::future::future::Future<Output = ()>>>>
[INFO] [stdout]   17:     0x63784b58284d - tokio[6b1cf446f17177b2]::runtime::context::runtime::enter_runtime::<<tokio[6b1cf446f17177b2]::runtime::scheduler::current_thread::CurrentThread>::block_on<core[df12db4294e9bfd3]::pin::Pin<&mut dyn core[df12db4294e9bfd3]::future::future::Future<Output = ()>>>::{closure#0}, ()>
[INFO] [stdout]   18:     0x63784b5b8155 - <tokio[6b1cf446f17177b2]::runtime::runtime::Runtime>::block_on::<core[df12db4294e9bfd3]::pin::Pin<&mut dyn core[df12db4294e9bfd3]::future::future::Future<Output = ()>>>
[INFO] [stdout]   19:     0x63784b56926b - codebridge_cli[fa25d9b0f98d3f72]::actions::git_worktree::tests::test_handle_merge_with_conflict
[INFO] [stdout]   20:     0x63784b592ac9 - <codebridge_cli[fa25d9b0f98d3f72]::actions::git_worktree::tests::test_handle_merge_with_conflict::{closure#0} as core[df12db4294e9bfd3]::ops::function::FnOnce<()>>::call_once
[INFO] [stdout]   21:     0x63784b5c71eb - test[9d35eded1c95d3be]::__rust_begin_short_backtrace::<core[df12db4294e9bfd3]::result::Result<(), alloc[2182bb758b4b3781]::string::String>, fn() -> core[df12db4294e9bfd3]::result::Result<(), alloc[2182bb758b4b3781]::string::String>>
[INFO] [stdout]   22:     0x63784b5d4855 - test[9d35eded1c95d3be]::run_test::{closure#0}
[INFO] [stdout]   23:     0x63784b5ce114 - std[70759c8f55707aa4]::sys::backtrace::__rust_begin_short_backtrace::<test[9d35eded1c95d3be]::run_test::{closure#1}, ()>
[INFO] [stdout]   24:     0x63784b5d79b2 - <std[70759c8f55707aa4]::thread::lifecycle::spawn_unchecked<test[9d35eded1c95d3be]::run_test::{closure#1}, ()>::{closure#1} as core[df12db4294e9bfd3]::ops::function::FnOnce<()>>::call_once::{shim:vtable#0}
[INFO] [stdout]   25:     0x63784b7c2779 - <std[70759c8f55707aa4]::sys::thread::unix::Thread>::new::thread_start
[INFO] [stdout]   26:     0x7734bc59bdfa - <unknown>
[INFO] [stdout]   27:     0x7734bc62f3d4 - clone
[INFO] [stdout]   28:                0x0 - <unknown>
[INFO] [stdout] 
[INFO] [stdout] ---- actions::git_worktree::tests::test_handle_remove_not_found stdout ----
[INFO] [stdout] 
[INFO] [stdout] thread 'actions::git_worktree::tests::test_handle_remove_not_found' (3857) panicked at src/actions/git_worktree.rs:476:40:
[INFO] [stdout] called `Result::unwrap()` on an `Err` value: Error { code: -3, klass: 7, message: "config value 'user.name' was not found" }
[INFO] [stdout] stack backtrace:
[INFO] [stdout]    0:     0x63784b7c3441 - <<std[70759c8f55707aa4]::sys::backtrace::BacktraceLock>::print::DisplayBacktrace as core[df12db4294e9bfd3]::fmt::Display>::fmt
[INFO] [stdout]    1:     0x63784b7da02a - core[df12db4294e9bfd3]::fmt::write
[INFO] [stdout]    2:     0x63784b7c80bc - <alloc[2182bb758b4b3781]::vec::Vec<u8> as core[df12db4294e9bfd3]::io::write::Write>::write_fmt
[INFO] [stdout]    3:     0x63784b79c616 - std[70759c8f55707aa4]::panicking::default_hook::{closure#0}
[INFO] [stdout]    4:     0x63784b7ba599 - std[70759c8f55707aa4]::panicking::default_hook
[INFO] [stdout]    5:     0x63784b5d3f00 - test[9d35eded1c95d3be]::test_main_inner::<test[9d35eded1c95d3be]::test_main_static::{closure#0}>::{closure#0}
[INFO] [stdout]    6:     0x63784b7ba8c2 - std[70759c8f55707aa4]::panicking::panic_with_hook
[INFO] [stdout]    7:     0x63784b79c6c2 - std[70759c8f55707aa4]::panicking::panic_handler::{closure#0}
[INFO] [stdout]    8:     0x63784b794ed9 - std[70759c8f55707aa4]::sys::backtrace::__rust_end_short_backtrace::<std[70759c8f55707aa4]::panicking::panic_handler::{closure#0}, !>
[INFO] [stdout]    9:     0x63784b79d44d - __rustc[8fa7c3cbc660c2b3]::rust_begin_unwind
[INFO] [stdout]   10:     0x63784b7da80c - core[df12db4294e9bfd3]::panicking::panic_fmt
[INFO] [stdout]   11:     0x63784b7da5e2 - core[df12db4294e9bfd3]::result::unwrap_failed
[INFO] [stdout]   12:     0x63784b568046 - codebridge_cli[fa25d9b0f98d3f72]::actions::git_worktree::tests::init_repo_with_branches
[INFO] [stdout]   13:     0x63784b562d77 - codebridge_cli[fa25d9b0f98d3f72]::actions::git_worktree::tests::test_handle_remove_not_found::{closure#0}
[INFO] [stdout]   14:     0x63784b5bfec3 - <tokio[6b1cf446f17177b2]::runtime::scheduler::current_thread::Context>::enter::<core[df12db4294e9bfd3]::task::poll::Poll<()>, <tokio[6b1cf446f17177b2]::runtime::scheduler::current_thread::CoreGuard>::block_on<core[df12db4294e9bfd3]::pin::Pin<&mut core[df12db4294e9bfd3]::pin::Pin<&mut dyn core[df12db4294e9bfd3]::future::future::Future<Output = ()>>>>::{closure#0}::{closure#0}>
[INFO] [stdout]   15:     0x63784b59f32c - <tokio[6b1cf446f17177b2]::runtime::context::scoped::Scoped<tokio[6b1cf446f17177b2]::runtime::scheduler::Context>>::set::<<tokio[6b1cf446f17177b2]::runtime::scheduler::current_thread::CoreGuard>::enter<<tokio[6b1cf446f17177b2]::runtime::scheduler::current_thread::CoreGuard>::block_on<core[df12db4294e9bfd3]::pin::Pin<&mut core[df12db4294e9bfd3]::pin::Pin<&mut dyn core[df12db4294e9bfd3]::future::future::Future<Output = ()>>>>::{closure#0}, core[df12db4294e9bfd3]::option::Option<()>>::{closure#0}, (alloc[2182bb758b4b3781]::boxed::Box<tokio[6b1cf446f17177b2]::runtime::scheduler::current_thread::Core>, core[df12db4294e9bfd3]::option::Option<()>)>
[INFO] [stdout]   16:     0x63784b5c0217 - <tokio[6b1cf446f17177b2]::runtime::scheduler::current_thread::CoreGuard>::block_on::<core[df12db4294e9bfd3]::pin::Pin<&mut core[df12db4294e9bfd3]::pin::Pin<&mut dyn core[df12db4294e9bfd3]::future::future::Future<Output = ()>>>>
[INFO] [stdout]   17:     0x63784b58284d - tokio[6b1cf446f17177b2]::runtime::context::runtime::enter_runtime::<<tokio[6b1cf446f17177b2]::runtime::scheduler::current_thread::CurrentThread>::block_on<core[df12db4294e9bfd3]::pin::Pin<&mut dyn core[df12db4294e9bfd3]::future::future::Future<Output = ()>>>::{closure#0}, ()>
[INFO] [stdout]   18:     0x63784b5b8155 - <tokio[6b1cf446f17177b2]::runtime::runtime::Runtime>::block_on::<core[df12db4294e9bfd3]::pin::Pin<&mut dyn core[df12db4294e9bfd3]::future::future::Future<Output = ()>>>
[INFO] [stdout]   19:     0x63784b568e7b - codebridge_cli[fa25d9b0f98d3f72]::actions::git_worktree::tests::test_handle_remove_not_found
[INFO] [stdout]   20:     0x63784b592a69 - <codebridge_cli[fa25d9b0f98d3f72]::actions::git_worktree::tests::test_handle_remove_not_found::{closure#0} as core[df12db4294e9bfd3]::ops::function::FnOnce<()>>::call_once
[INFO] [stdout]   21:     0x63784b5c71eb - test[9d35eded1c95d3be]::__rust_begin_short_backtrace::<core[df12db4294e9bfd3]::result::Result<(), alloc[2182bb758b4b3781]::string::String>, fn() -> core[df12db4294e9bfd3]::result::Result<(), alloc[2182bb758b4b3781]::string::String>>
[INFO] [stdout]   22:     0x63784b5d4855 - test[9d35eded1c95d3be]::run_test::{closure#0}
[INFO] [stdout]   23:     0x63784b5ce114 - std[70759c8f55707aa4]::sys::backtrace::__rust_begin_short_backtrace::<test[9d35eded1c95d3be]::run_test::{closure#1}, ()>
[INFO] [stdout]   24:     0x63784b5d79b2 - <std[70759c8f55707aa4]::thread::lifecycle::spawn_unchecked<test[9d35eded1c95d3be]::run_test::{closure#1}, ()>::{closure#1} as core[df12db4294e9bfd3]::ops::function::FnOnce<()>>::call_once::{shim:vtable#0}
[INFO] [stdout]   25:     0x63784b7c2779 - <std[70759c8f55707aa4]::sys::thread::unix::Thread>::new::thread_start
[INFO] [stdout]   26:     0x7734bc59bdfa - <unknown>
[INFO] [stdout]   27:     0x7734bc62f3d4 - clone
[INFO] [stdout]   28:                0x0 - <unknown>
[INFO] [stdout] 
[INFO] [stdout] ---- actions::git_worktree::tests::test_handle_remove_force stdout ----
[INFO] [stdout] 
[INFO] [stdout] thread 'actions::git_worktree::tests::test_handle_remove_force' (3856) panicked at src/actions/git_worktree.rs:476:40:
[INFO] [stdout] called `Result::unwrap()` on an `Err` value: Error { code: -3, klass: 7, message: "config value 'user.name' was not found" }
[INFO] [stdout] stack backtrace:
[INFO] [stdout]    0:     0x63784b7c3441 - <<std[70759c8f55707aa4]::sys::backtrace::BacktraceLock>::print::DisplayBacktrace as core[df12db4294e9bfd3]::fmt::Display>::fmt
[INFO] [stdout]    1:     0x63784b7da02a - core[df12db4294e9bfd3]::fmt::write
[INFO] [stdout]    2:     0x63784b7c80bc - <alloc[2182bb758b4b3781]::vec::Vec<u8> as core[df12db4294e9bfd3]::io::write::Write>::write_fmt
[INFO] [stdout]    3:     0x63784b79c616 - std[70759c8f55707aa4]::panicking::default_hook::{closure#0}
[INFO] [stdout]    4:     0x63784b7ba599 - std[70759c8f55707aa4]::panicking::default_hook
[INFO] [stdout]    5:     0x63784b5d3f00 - test[9d35eded1c95d3be]::test_main_inner::<test[9d35eded1c95d3be]::test_main_static::{closure#0}>::{closure#0}
[INFO] [stdout]    6:     0x63784b7ba8c2 - std[70759c8f55707aa4]::panicking::panic_with_hook
[INFO] [stdout]    7:     0x63784b79c6c2 - std[70759c8f55707aa4]::panicking::panic_handler::{closure#0}
[INFO] [stdout]    8:     0x63784b794ed9 - std[70759c8f55707aa4]::sys::backtrace::__rust_end_short_backtrace::<std[70759c8f55707aa4]::panicking::panic_handler::{closure#0}, !>
[INFO] [stdout]    9:     0x63784b79d44d - __rustc[8fa7c3cbc660c2b3]::rust_begin_unwind
[INFO] [stdout]   10:     0x63784b7da80c - core[df12db4294e9bfd3]::panicking::panic_fmt
[INFO] [stdout]   11:     0x63784b7da5e2 - core[df12db4294e9bfd3]::result::unwrap_failed
[INFO] [stdout]   12:     0x63784b568046 - codebridge_cli[fa25d9b0f98d3f72]::actions::git_worktree::tests::init_repo_with_branches
[INFO] [stdout]   13:     0x63784b560015 - codebridge_cli[fa25d9b0f98d3f72]::actions::git_worktree::tests::test_handle_remove_force::{closure#0}
[INFO] [stdout]   14:     0x63784b5bfec3 - <tokio[6b1cf446f17177b2]::runtime::scheduler::current_thread::Context>::enter::<core[df12db4294e9bfd3]::task::poll::Poll<()>, <tokio[6b1cf446f17177b2]::runtime::scheduler::current_thread::CoreGuard>::block_on<core[df12db4294e9bfd3]::pin::Pin<&mut core[df12db4294e9bfd3]::pin::Pin<&mut dyn core[df12db4294e9bfd3]::future::future::Future<Output = ()>>>>::{closure#0}::{closure#0}>
[INFO] [stdout]   15:     0x63784b59f32c - <tokio[6b1cf446f17177b2]::runtime::context::scoped::Scoped<tokio[6b1cf446f17177b2]::runtime::scheduler::Context>>::set::<<tokio[6b1cf446f17177b2]::runtime::scheduler::current_thread::CoreGuard>::enter<<tokio[6b1cf446f17177b2]::runtime::scheduler::current_thread::CoreGuard>::block_on<core[df12db4294e9bfd3]::pin::Pin<&mut core[df12db4294e9bfd3]::pin::Pin<&mut dyn core[df12db4294e9bfd3]::future::future::Future<Output = ()>>>>::{closure#0}, core[df12db4294e9bfd3]::option::Option<()>>::{closure#0}, (alloc[2182bb758b4b3781]::boxed::Box<tokio[6b1cf446f17177b2]::runtime::scheduler::current_thread::Core>, core[df12db4294e9bfd3]::option::Option<()>)>
[INFO] [stdout]   16:     0x63784b5c0217 - <tokio[6b1cf446f17177b2]::runtime::scheduler::current_thread::CoreGuard>::block_on::<core[df12db4294e9bfd3]::pin::Pin<&mut core[df12db4294e9bfd3]::pin::Pin<&mut dyn core[df12db4294e9bfd3]::future::future::Future<Output = ()>>>>
[INFO] [stdout]   17:     0x63784b58284d - tokio[6b1cf446f17177b2]::runtime::context::runtime::enter_runtime::<<tokio[6b1cf446f17177b2]::runtime::scheduler::current_thread::CurrentThread>::block_on<core[df12db4294e9bfd3]::pin::Pin<&mut dyn core[df12db4294e9bfd3]::future::future::Future<Output = ()>>>::{closure#0}, ()>
[INFO] [stdout]   18:     0x63784b5b8155 - <tokio[6b1cf446f17177b2]::runtime::runtime::Runtime>::block_on::<core[df12db4294e9bfd3]::pin::Pin<&mut dyn core[df12db4294e9bfd3]::future::future::Future<Output = ()>>>
[INFO] [stdout]   19:     0x63784b56893b - codebridge_cli[fa25d9b0f98d3f72]::actions::git_worktree::tests::test_handle_remove_force
[INFO] [stdout]   20:     0x63784b5929e9 - <codebridge_cli[fa25d9b0f98d3f72]::actions::git_worktree::tests::test_handle_remove_force::{closure#0} as core[df12db4294e9bfd3]::ops::function::FnOnce<()>>::call_once
[INFO] [stdout]   21:     0x63784b5c71eb - test[9d35eded1c95d3be]::__rust_begin_short_backtrace::<core[df12db4294e9bfd3]::result::Result<(), alloc[2182bb758b4b3781]::string::String>, fn() -> core[df12db4294e9bfd3]::result::Result<(), alloc[2182bb758b4b3781]::string::String>>
[INFO] [stdout]   22:     0x63784b5d4855 - test[9d35eded1c95d3be]::run_test::{closure#0}
[INFO] [stdout]   23:     0x63784b5ce114 - std[70759c8f55707aa4]::sys::backtrace::__rust_begin_short_backtrace::<test[9d35eded1c95d3be]::run_test::{closure#1}, ()>
[INFO] [stdout]   24:     0x63784b5d79b2 - <std[70759c8f55707aa4]::thread::lifecycle::spawn_unchecked<test[9d35eded1c95d3be]::run_test::{closure#1}, ()>::{closure#1} as core[df12db4294e9bfd3]::ops::function::FnOnce<()>>::call_once::{shim:vtable#0}
[INFO] [stdout]   25:     0x63784b7c2779 - <std[70759c8f55707aa4]::sys::thread::unix::Thread>::new::thread_start
[INFO] [stdout]   26:     0x7734bc59bdfa - <unknown>
[INFO] [stdout]   27:     0x7734bc62f3d4 - clone
[INFO] [stdout]   28:                0x0 - <unknown>
[INFO] [stdout] 
[INFO] [stdout] 
[INFO] [stdout] failures:
[INFO] [stdout]     actions::git::tests::test_handle_add
[INFO] [stdout]     actions::git::tests::test_handle_add_missing_file
[INFO] [stdout]     actions::git::tests::test_handle_commit
[INFO] [stdout]     actions::git::tests::test_handle_commit_no_changes
[INFO] [stdout]     actions::git::tests::test_handle_diff_staged
[INFO] [stdout]     actions::git::tests::test_handle_diff_unstaged
[INFO] [stdout]     actions::git::tests::test_handle_push
[INFO] [stdout]     actions::git::tests::test_handle_push_remote_not_found
[INFO] [stdout]     actions::git::tests::test_handle_status_error_from_git2
[INFO] [stdout]     actions::git::tests::test_handle_status_in_repo
[INFO] [stdout]     actions::git_worktree::tests::test_handle_add_branch_already_exists
[INFO] [stdout]     actions::git_worktree::tests::test_handle_add_new_branch
[INFO] [stdout]     actions::git_worktree::tests::test_handle_add_success
[INFO] [stdout]     actions::git_worktree::tests::test_handle_list_empty
[INFO] [stdout]     actions::git_worktree::tests::test_handle_list_with_worktrees
[INFO] [stdout]     actions::git_worktree::tests::test_handle_merge_already_up_to_date
[INFO] [stdout]     actions::git_worktree::tests::test_handle_merge_branch_not_found
[INFO] [stdout]     actions::git_worktree::tests::test_handle_merge_fast_forward
[INFO] [stdout]     actions::git_worktree::tests::test_handle_merge_preview
[INFO] [stdout]     actions::git_worktree::tests::test_handle_merge_with_conflict
[INFO] [stdout]     actions::git_worktree::tests::test_handle_remove_force
[INFO] [stdout]     actions::git_worktree::tests::test_handle_remove_not_found
[INFO] [stdout]     actions::git_worktree::tests::test_handle_remove_success
[INFO] [stdout]     actions::list_directory::tests::test_list_directory_traversal
[INFO] [stdout]     actions::read_file::tests::test_read_file_traversal
[INFO] [stdout]     actions::write_file::tests::test_write_file_traversal
[INFO] [stdout] 
[INFO] [stdout] test result: FAILED. 83 passed; 26 failed; 0 ignored; 0 measured; 0 filtered out; finished in 1.16s
[INFO] [stdout] 
[INFO] running `Command { std: "docker" "inspect" "cb59faca6308034eb8a830f73383722f89c1c1c0c438d5afc029d7a594f4d41e", kill_on_drop: false }`
[INFO] running `Command { std: "docker" "rm" "-f" "cb59faca6308034eb8a830f73383722f89c1c1c0c438d5afc029d7a594f4d41e", kill_on_drop: false }`
[INFO] [stdout] cb59faca6308034eb8a830f73383722f89c1c1c0c438d5afc029d7a594f4d41e
