[INFO] fetching crate cocmd 1.0.82...
[INFO] testing cocmd-1.0.82 against 1.100.0-beta.1+cargoflags=--release for beta-release-1.100-2
[INFO] extracting crate cocmd 1.0.82 into /workspace/builds/worker-0-tc2/source
[INFO] started tweaking crates.io crate cocmd 1.0.82
[INFO] finished tweaking crates.io crate cocmd 1.0.82
[INFO] tweaked toml for crates.io crate cocmd 1.0.82 written to /workspace/builds/worker-0-tc2/source/Cargo.toml
[INFO] validating manifest of crates.io crate cocmd 1.0.82 on toolchain 1.100.0-beta.1
[INFO] running `Command { std: CARGO_HOME="/workspace/cargo-home" RUSTUP_HOME="/workspace/rustup-home" "/workspace/cargo-home/bin/cargo" "+1.100.0-beta.1" "metadata" "--manifest-path" "Cargo.toml" "--no-deps", kill_on_drop: false }`
[INFO] crate crates.io crate cocmd 1.0.82 already has a lockfile, it will not be regenerated
[INFO] running `Command { std: CARGO_HOME="/workspace/cargo-home" RUSTUP_HOME="/workspace/rustup-home" "/workspace/cargo-home/bin/cargo" "+1.100.0-beta.1" "fetch" "--manifest-path" "Cargo.toml", kill_on_drop: false }`
[INFO] running `Command { std: "docker" "create" "-v" "/var/lib/crater-agent-workspace/builds/worker-0-tc2/source:/opt/rustwide/workdir:ro,Z" "-v" "/var/lib/crater-agent-workspace/builds/worker-0-tc2/target:/opt/rustwide/target:rw,Z" "-v" "/var/lib/crater-agent-workspace/cargo-home:/opt/rustwide/cargo-home:ro,Z" "-v" "/var/lib/crater-agent-workspace/rustup-home:/opt/rustwide/rustup-home:ro,Z" "-m" "1610612736" "--network" "none" "ghcr.io/rust-lang/crates-build-env/linux@sha256:77db811e55d90add9212f6832c23229e3de5f1c1f9905e8cb07319ea15df73ac" "sleep" "infinity", kill_on_drop: false }`
[INFO] [stdout] ff778cbc4dc985a792a24ab1572e462b11b502d53ef0796f4be14dca310182d9
[INFO] running `Command { std: "docker" "start" "ff778cbc4dc985a792a24ab1572e462b11b502d53ef0796f4be14dca310182d9", kill_on_drop: false }`
[INFO] running `Command { std: "docker" "inspect" "ff778cbc4dc985a792a24ab1572e462b11b502d53ef0796f4be14dca310182d9", kill_on_drop: false }`
[INFO] running `Command { std: "docker" "exec" "-e" "SOURCE_DIR=/opt/rustwide/workdir" "-e" "CARGO_HOME=/opt/rustwide/cargo-home" "-e" "RUSTUP_HOME=/opt/rustwide/rustup-home" "-e" "CARGO_TARGET_DIR=/opt/rustwide/target" "-w" "/opt/rustwide/workdir" "--user" "0:0" "ff778cbc4dc985a792a24ab1572e462b11b502d53ef0796f4be14dca310182d9" "/opt/rustwide/cargo-home/bin/cargo" "+1.100.0-beta.1" "metadata" "--no-deps" "--format-version=1", kill_on_drop: false }`
[INFO] running `Command { std: "docker" "inspect" "ff778cbc4dc985a792a24ab1572e462b11b502d53ef0796f4be14dca310182d9", kill_on_drop: false }`
[INFO] running `Command { std: "docker" "exec" "-e" "SOURCE_DIR=/opt/rustwide/workdir" "-e" "CARGO_HOME=/opt/rustwide/cargo-home" "-e" "RUSTUP_HOME=/opt/rustwide/rustup-home" "-e" "CARGO_TARGET_DIR=/opt/rustwide/target" "-e" "CARGO_INCREMENTAL=0" "-e" "RUST_BACKTRACE=full" "-e" "RUSTFLAGS=--cap-lints=warn" "-e" "RUSTDOCFLAGS=--cap-lints=warn" "-w" "/opt/rustwide/workdir" "--user" "0:0" "ff778cbc4dc985a792a24ab1572e462b11b502d53ef0796f4be14dca310182d9" "/opt/rustwide/cargo-home/bin/cargo" "+1.100.0-beta.1" "build" "--frozen" "--message-format=json" "--release", kill_on_drop: false }`
[INFO] [stderr]    Compiling libc v0.2.148
[INFO] [stderr]    Compiling proc-macro2 v1.0.67
[INFO] [stderr]    Compiling pkg-config v0.3.27
[INFO] [stderr]    Compiling log v0.4.20
[INFO] [stderr]    Compiling once_cell v1.18.0
[INFO] [stderr]    Compiling bitflags v2.4.0
[INFO] [stderr]    Compiling scopeguard v1.2.0
[INFO] [stderr]    Compiling futures-core v0.3.28
[INFO] [stderr]    Compiling lock_api v0.4.10
[INFO] [stderr]    Compiling signal-hook v0.3.17
[INFO] [stderr]    Compiling serde v1.0.188
[INFO] [stderr]    Compiling parking_lot_core v0.9.8
[INFO] [stderr]    Compiling smallvec v1.11.1
[INFO] [stderr]    Compiling futures-task v0.3.28
[INFO] [stderr]    Compiling tracing-core v0.1.31
[INFO] [stderr]    Compiling indexmap v1.9.3
[INFO] [stderr]    Compiling memoffset v0.9.0
[INFO] [stderr]    Compiling memchr v2.6.4
[INFO] [stderr]    Compiling rustix v0.38.14
[INFO] [stderr]    Compiling futures-util v0.3.28
[INFO] [stderr]    Compiling openssl v0.10.57
[INFO] [stderr]    Compiling mio v0.8.8
[INFO] [stderr]    Compiling quote v1.0.33
[INFO] [stderr]    Compiling num_cpus v1.16.0
[INFO] [stderr]    Compiling socket2 v0.5.4
[INFO] [stderr]    Compiling jobserver v0.1.26
[INFO] [stderr]    Compiling syn v2.0.37
[INFO] [stderr]    Compiling signal-hook-registry v1.4.1
[INFO] [stderr]    Compiling cc v1.0.83
[INFO] [stderr]    Compiling tokio v1.32.0
[INFO] [stderr]    Compiling openssl-src v300.1.5+3.1.3
[INFO] [stderr]    Compiling http v0.2.9
[INFO] [stderr]    Compiling parking_lot v0.12.1
[INFO] [stderr]    Compiling signal-hook-mio v0.2.3
[INFO] [stderr]    Compiling aho-corasick v1.1.1
[INFO] [stderr]    Compiling tracing v0.1.37
[INFO] [stderr]    Compiling openssl-sys v0.9.93
[INFO] [stderr]    Compiling zstd-sys v2.0.8+zstd.1.5.5
[INFO] [stderr]    Compiling crossbeam-epoch v0.9.15
[INFO] [stderr]    Compiling strsim v0.10.0
[INFO] [stderr]    Compiling linux-raw-sys v0.4.7
[INFO] [stderr]    Compiling futures-channel v0.3.28
[INFO] [stderr]    Compiling regex-syntax v0.7.5
[INFO] [stderr]    Compiling futures-io v0.3.28
[INFO] [stderr]    Compiling utf8parse v0.2.1
[INFO] [stderr]    Compiling hashbrown v0.12.3
[INFO] [stderr]    Compiling futures-sink v0.3.28
[INFO] [stderr]    Compiling cpufeatures v0.2.9
[INFO] [stderr]    Compiling darling_core v0.20.3
[INFO] [stderr]    Compiling serde_derive v1.0.188
[INFO] [stderr]    Compiling openssl-macros v0.1.1
[INFO] [stderr]    Compiling regex-automata v0.3.9
[INFO] [stderr]    Compiling tokio-util v0.7.9
[INFO] [stderr]    Compiling anstyle-parse v0.2.1
[INFO] [stderr]    Compiling bzip2-sys v0.1.11+1.0.8
[INFO] [stderr]    Compiling anstyle-query v1.0.0
[INFO] [stderr]    Compiling colorchoice v1.0.0
[INFO] [stderr]    Compiling anstyle v1.0.3
[INFO] [stderr]    Compiling crc32fast v1.3.2
[INFO] [stderr]    Compiling thiserror v1.0.49
[INFO] [stderr]    Compiling crossbeam-queue v0.3.8
[INFO] [stderr]    Compiling zstd-safe v5.0.2+zstd.1.5.2
[INFO] [stderr]    Compiling anstream v0.6.4
[INFO] [stderr]    Compiling regex v1.9.6
[INFO] [stderr]    Compiling h2 v0.3.21
[INFO] [stderr]    Compiling darling_macro v0.20.3
[INFO] [stderr]    Compiling thiserror-impl v1.0.49
[INFO] [stderr]    Compiling http-body v0.4.5
[INFO] [stderr]    Compiling socket2 v0.4.9
[INFO] [stderr]    Compiling inout v0.1.3
[INFO] [stderr]    Compiling serde_json v1.0.107
[INFO] [stderr]    Compiling execute-command-tokens v0.1.6
[INFO] [stderr]    Compiling unicode-bidi v0.3.13
[INFO] [stderr]    Compiling base64ct v1.6.0
[INFO] [stderr]    Compiling rand_core v0.6.4
[INFO] [stderr]    Compiling clap_lex v0.5.1
[INFO] [stderr]    Compiling clap_builder v4.4.6
[INFO] [stderr]    Compiling miniz_oxide v0.7.1
[INFO] [stderr]    Compiling password-hash v0.4.2
[INFO] [stderr]    Compiling idna v0.4.0
[INFO] [stderr]    Compiling crossterm v0.23.2
[INFO] [stderr]    Compiling execute-command-macro-impl v0.1.9
[INFO] [stderr]    Compiling cipher v0.4.4
[INFO] [stderr]    Compiling darling v0.20.3
[INFO] [stderr]    Compiling strum_macros v0.25.2
[INFO] [stderr]    Compiling lazy-regex-proc_macros v3.0.1
[INFO] [stderr]    Compiling crossbeam-deque v0.8.3
[INFO] [stderr]    Compiling hyper v0.14.27
[INFO] [stderr]    Compiling clap_derive v4.4.2
[INFO] [stderr]    Compiling sha2 v0.10.8
[INFO] [stderr]    Compiling hmac v0.12.1
[INFO] [stderr]    Compiling crossbeam-channel v0.5.8
[INFO] [stderr]    Compiling either v1.9.0
[INFO] [stderr]    Compiling deranged v0.3.8
[INFO] [stderr]    Compiling anyhow v1.0.75
[INFO] [stderr]    Compiling hashbrown v0.14.1
[INFO] [stderr]    Compiling time v0.3.29
[INFO] [stderr]    Compiling clap v4.4.6
[INFO] [stderr]    Compiling dirs-sys v0.4.1
[INFO] [stderr]    Compiling indexmap v2.0.2
[INFO] [stderr]    Compiling console v0.15.7
[INFO] [stderr]    Compiling tempfile v3.8.0
[INFO] [stderr]    Compiling itertools v0.11.0
[INFO] [stderr]    Compiling crossbeam v0.8.2
[INFO] [stderr]    Compiling pbkdf2 v0.11.0
[INFO] [stderr]    Compiling strum v0.25.0
[INFO] [stderr]    Compiling flate2 v1.0.27
[INFO] [stderr]    Compiling bzip2 v0.4.4
[INFO] [stderr]    Compiling lazy-regex v3.0.2
[INFO] [stderr]    Compiling coolor v0.5.0
[INFO] [stderr]    Compiling serde_with_macros v3.4.0
[INFO] [stderr]    Compiling aes v0.8.3
[INFO] [stderr]    Compiling execute-command-macro v0.1.8
[INFO] [stderr]    Compiling url v2.4.1
[INFO] [stderr]    Compiling serde_urlencoded v0.7.1
[INFO] [stderr]    Compiling is-terminal v0.4.9
[INFO] [stderr]    Compiling sha1 v0.10.5
[INFO] [stderr]    Compiling crossterm v0.27.0
[INFO] [stderr]    Compiling rand v0.4.6
[INFO] [stderr]    Compiling minimad v0.13.0
[INFO] [stderr]    Compiling encoding_rs v0.8.33
[INFO] [stderr]    Compiling indoc v2.0.4
[INFO] [stderr]    Compiling ipnet v2.8.0
[INFO] [stderr]    Compiling constant_time_eq v0.1.5
[INFO] [stderr]    Compiling base64 v0.21.4
[INFO] [stderr]    Compiling remove_dir_all v0.5.3
[INFO] [stderr]    Compiling zeroize v1.6.0
[INFO] [stderr]    Compiling unsafe-libyaml v0.2.9
[INFO] [stderr]    Compiling unicode-segmentation v1.10.1
[INFO] [stderr]    Compiling termcolor v1.3.0
[INFO] [stderr]    Compiling shell-words v1.1.0
[INFO] [stderr]    Compiling execute v0.2.12
[INFO] [stderr]    Compiling dialoguer v0.11.0
[INFO] [stderr]    Compiling env_logger v0.10.0
[INFO] [stderr]    Compiling ratatui v0.23.0
[INFO] [stderr]    Compiling serde_yaml v0.9.25
[INFO] [stderr]    Compiling tempdir v0.3.7
[INFO] [stderr]    Compiling termimad v0.24.1
[INFO] [stderr]    Compiling serde_with v3.4.0
[INFO] [stderr]    Compiling dirs v5.0.1
[INFO] [stderr]    Compiling clap-markdown v0.1.3
[INFO] [stderr]    Compiling maplit v1.0.2
[INFO] [stderr]    Compiling natord v1.0.9
[INFO] [stderr]    Compiling exitcode v1.1.2
[INFO] [stderr]    Compiling fs_extra v1.3.0
[INFO] [stderr]    Compiling glob v0.3.1
[INFO] [stderr]    Compiling zstd v0.11.2+zstd.1.5.2
[INFO] [stderr]    Compiling zip v0.6.6
[INFO] [stderr]    Compiling native-tls v0.2.11
[INFO] [stderr]    Compiling tokio-native-tls v0.3.1
[INFO] [stderr]    Compiling hyper-tls v0.5.0
[INFO] [stderr]    Compiling reqwest v0.11.22
[INFO] [stderr]    Compiling cocmd v1.0.82 (/opt/rustwide/workdir)
[INFO] [stdout] warning: methods `package` and `is_provider_git` are never used
[INFO] [stdout]   --> src/package_provider/mod.rs:37:8
[INFO] [stdout]    |
[INFO] [stdout] 35 | pub trait PackageProvider {
[INFO] [stdout]    |           --------------- methods in this trait
[INFO] [stdout] 36 |     fn name(&self) -> String;
[INFO] [stdout] 37 |     fn package(&self) -> String;
[INFO] [stdout]    |        ^^^^^^^
[INFO] [stdout] ...
[INFO] [stdout] 54 |     fn is_provider_git(&self) -> bool {
[INFO] [stdout]    |        ^^^^^^^^^^^^^^^
[INFO] [stdout]    |
[INFO] [stdout]    = note: `#[warn(dead_code)]` (part of `#[warn(unused)]`) on by default
[INFO] [stdout] 
[INFO] [stdout] 
[INFO] [stdout] warning: field `package` is never read
[INFO] [stdout]   --> src/package_provider/local.rs:28:5
[INFO] [stdout]    |
[INFO] [stdout] 27 | pub struct LocalPackageProvider {
[INFO] [stdout]    |            -------------------- field in this struct
[INFO] [stdout] 28 |     package: String,
[INFO] [stdout]    |     ^^^^^^^
[INFO] [stdout] 
[INFO] [stdout] 
[INFO] [stdout] warning: field `0` is never read
[INFO] [stdout]   --> src/tui_app/event.rs:18:11
[INFO] [stdout]    |
[INFO] [stdout] 18 |     Mouse(MouseEvent),
[INFO] [stdout]    |     ----- ^^^^^^^^^^
[INFO] [stdout]    |     |
[INFO] [stdout]    |     field in this variant
[INFO] [stdout]    |
[INFO] [stdout]    = note: `Event` has derived impls for the traits `Debug` and `Clone`, but these are intentionally ignored during dead code analysis
[INFO] [stdout] help: consider changing the field to be of unit type to suppress this warning while preserving the field numbering, or remove the field
[INFO] [stdout]    |
[INFO] [stdout] 18 -     Mouse(MouseEvent),
[INFO] [stdout] 18 +     Mouse(()),
[INFO] [stdout]    |
[INFO] [stdout] 
[INFO] [stdout] 
[INFO] [stdout] warning: fields `0` and `1` are never read
[INFO] [stdout]   --> src/tui_app/event.rs:20:12
[INFO] [stdout]    |
[INFO] [stdout] 20 |     Resize(u16, u16),
[INFO] [stdout]    |     ------ ^^^  ^^^
[INFO] [stdout]    |     |
[INFO] [stdout]    |     fields in this variant
[INFO] [stdout]    |
[INFO] [stdout]    = note: `Event` has derived impls for the traits `Debug` and `Clone`, but these are intentionally ignored during dead code analysis
[INFO] [stdout] help: consider changing the fields to be of unit type to suppress this warning while preserving the field numbering, or remove the fields
[INFO] [stdout]    |
[INFO] [stdout] 20 -     Resize(u16, u16),
[INFO] [stdout] 20 +     Resize((), ()),
[INFO] [stdout]    |
[INFO] [stdout] 
[INFO] [stdout] 
[INFO] [stderr] warning: unused dependency `execute`
[INFO] [stderr]   --> Cargo.toml:32:15
[INFO] [stderr]    |
[INFO] [stderr] 32 | [dependencies.execute]
[INFO] [stderr]    |               ^^^^^^^^
[INFO] [stderr]    |
[INFO] [stderr]    = note: `cargo::unused_dependencies` is set to `warn` by default
[INFO] [stderr] help: consider removing the dependency on `execute`
[INFO] [stderr] warning: unused dependency `exitcode`
[INFO] [stderr]   --> Cargo.toml:35:15
[INFO] [stderr]    |
[INFO] [stderr] 35 | [dependencies.exitcode]
[INFO] [stderr]    |               ^^^^^^^^^
[INFO] [stderr]    |
[INFO] [stderr] help: consider removing the dependency on `exitcode`
[INFO] [stderr] warning: unused dependency `fs_extra`
[INFO] [stderr]   --> Cargo.toml:38:15
[INFO] [stderr]    |
[INFO] [stderr] 38 | [dependencies.fs_extra]
[INFO] [stderr]    |               ^^^^^^^^^
[INFO] [stderr]    |
[INFO] [stderr] help: consider removing the dependency on `fs_extra`
[INFO] [stderr] warning: unused dependency `glob`
[INFO] [stderr]   --> Cargo.toml:41:15
[INFO] [stderr]    |
[INFO] [stderr] 41 | [dependencies.glob]
[INFO] [stderr]    |               ^^^^^
[INFO] [stderr]    |
[INFO] [stderr] help: consider removing the dependency on `glob`
[INFO] [stderr] warning: unused dependency `maplit`
[INFO] [stderr]   --> Cargo.toml:60:15
[INFO] [stderr]    |
[INFO] [stderr] 60 | [dependencies.maplit]
[INFO] [stderr]    |               ^^^^^^^
[INFO] [stderr]    |
[INFO] [stderr] help: consider removing the dependency on `maplit`
[INFO] [stderr] warning: unused dependency `tempdir`
[INFO] [stderr]    --> Cargo.toml:101:15
[INFO] [stderr]     |
[INFO] [stderr] 101 | [dependencies.tempdir]
[INFO] [stderr]     |               ^^^^^^^^
[INFO] [stderr]     |
[INFO] [stderr] help: consider removing the dependency on `tempdir`
[INFO] [stderr] warning: `cocmd` (manifest) generated 6 warnings
[INFO] [stderr]     Finished `release` profile [optimized] target(s) in 8m 36s
[INFO] running `Command { std: "docker" "inspect" "ff778cbc4dc985a792a24ab1572e462b11b502d53ef0796f4be14dca310182d9", kill_on_drop: false }`
[INFO] running `Command { std: "docker" "exec" "-e" "SOURCE_DIR=/opt/rustwide/workdir" "-e" "CARGO_HOME=/opt/rustwide/cargo-home" "-e" "RUSTUP_HOME=/opt/rustwide/rustup-home" "-e" "CARGO_TARGET_DIR=/opt/rustwide/target" "-e" "CARGO_INCREMENTAL=0" "-e" "RUST_BACKTRACE=full" "-e" "RUSTFLAGS=--cap-lints=warn" "-e" "RUSTDOCFLAGS=--cap-lints=warn" "-w" "/opt/rustwide/workdir" "--user" "0:0" "ff778cbc4dc985a792a24ab1572e462b11b502d53ef0796f4be14dca310182d9" "/opt/rustwide/cargo-home/bin/cargo" "+1.100.0-beta.1" "test" "--frozen" "--no-run" "--message-format=json" "--release", kill_on_drop: false }`
[INFO] [stderr]    Compiling temp_testdir v0.2.3
[INFO] [stderr]    Compiling cocmd v1.0.82 (/opt/rustwide/workdir)
[INFO] [stdout] warning: method `package` is never used
[INFO] [stdout]   --> src/package_provider/mod.rs:37:8
[INFO] [stdout]    |
[INFO] [stdout] 35 | pub trait PackageProvider {
[INFO] [stdout]    |           --------------- method in this trait
[INFO] [stdout] 36 |     fn name(&self) -> String;
[INFO] [stdout] 37 |     fn package(&self) -> String;
[INFO] [stdout]    |        ^^^^^^^
[INFO] [stdout]    |
[INFO] [stdout]    = note: `#[warn(dead_code)]` (part of `#[warn(unused)]`) on by default
[INFO] [stdout] 
[INFO] [stdout] 
[INFO] [stdout] warning: field `package` is never read
[INFO] [stdout]   --> src/package_provider/local.rs:28:5
[INFO] [stdout]    |
[INFO] [stdout] 27 | pub struct LocalPackageProvider {
[INFO] [stdout]    |            -------------------- field in this struct
[INFO] [stdout] 28 |     package: String,
[INFO] [stdout]    |     ^^^^^^^
[INFO] [stdout] 
[INFO] [stdout] 
[INFO] [stdout] warning: field `0` is never read
[INFO] [stdout]   --> src/tui_app/event.rs:18:11
[INFO] [stdout]    |
[INFO] [stdout] 18 |     Mouse(MouseEvent),
[INFO] [stdout]    |     ----- ^^^^^^^^^^
[INFO] [stdout]    |     |
[INFO] [stdout]    |     field in this variant
[INFO] [stdout]    |
[INFO] [stdout]    = note: `Event` has derived impls for the traits `Debug` and `Clone`, but these are intentionally ignored during dead code analysis
[INFO] [stdout] help: consider changing the field to be of unit type to suppress this warning while preserving the field numbering, or remove the field
[INFO] [stdout]    |
[INFO] [stdout] 18 -     Mouse(MouseEvent),
[INFO] [stdout] 18 +     Mouse(()),
[INFO] [stdout]    |
[INFO] [stdout] 
[INFO] [stdout] 
[INFO] [stdout] warning: fields `0` and `1` are never read
[INFO] [stdout]   --> src/tui_app/event.rs:20:12
[INFO] [stdout]    |
[INFO] [stdout] 20 |     Resize(u16, u16),
[INFO] [stdout]    |     ------ ^^^  ^^^
[INFO] [stdout]    |     |
[INFO] [stdout]    |     fields in this variant
[INFO] [stdout]    |
[INFO] [stdout]    = note: `Event` has derived impls for the traits `Debug` and `Clone`, but these are intentionally ignored during dead code analysis
[INFO] [stdout] help: consider changing the fields to be of unit type to suppress this warning while preserving the field numbering, or remove the fields
[INFO] [stdout]    |
[INFO] [stdout] 20 -     Resize(u16, u16),
[INFO] [stdout] 20 +     Resize((), ()),
[INFO] [stdout]    |
[INFO] [stdout] 
[INFO] [stdout] 
[INFO] [stderr] warning: unused dependency `execute`
[INFO] [stderr]   --> Cargo.toml:32:15
[INFO] [stderr]    |
[INFO] [stderr] 32 | [dependencies.execute]
[INFO] [stderr]    |               ^^^^^^^^
[INFO] [stderr]    |
[INFO] [stderr]    = note: `cargo::unused_dependencies` is set to `warn` by default
[INFO] [stderr] help: consider removing the dependency on `execute`
[INFO] [stderr] warning: unused dependency `exitcode`
[INFO] [stderr]   --> Cargo.toml:35:15
[INFO] [stderr]    |
[INFO] [stderr] 35 | [dependencies.exitcode]
[INFO] [stderr]    |               ^^^^^^^^^
[INFO] [stderr]    |
[INFO] [stderr] help: consider removing the dependency on `exitcode`
[INFO] [stderr] warning: unused dependency `fs_extra`
[INFO] [stderr]   --> Cargo.toml:38:15
[INFO] [stderr]    |
[INFO] [stderr] 38 | [dependencies.fs_extra]
[INFO] [stderr]    |               ^^^^^^^^^
[INFO] [stderr]    |
[INFO] [stderr] help: consider removing the dependency on `fs_extra`
[INFO] [stderr] warning: unused dependency `glob`
[INFO] [stderr]   --> Cargo.toml:41:15
[INFO] [stderr]    |
[INFO] [stderr] 41 | [dependencies.glob]
[INFO] [stderr]    |               ^^^^^
[INFO] [stderr]    |
[INFO] [stderr] help: consider removing the dependency on `glob`
[INFO] [stderr] warning: unused dependency `tempdir`
[INFO] [stderr]    --> Cargo.toml:101:15
[INFO] [stderr]     |
[INFO] [stderr] 101 | [dependencies.tempdir]
[INFO] [stderr]     |               ^^^^^^^^
[INFO] [stderr]     |
[INFO] [stderr] help: consider removing the dependency on `tempdir`
[INFO] [stderr] warning: `cocmd` (manifest) generated 5 warnings
[INFO] [stderr]     Finished `release` profile [optimized] target(s) in 11.33s
[INFO] running `Command { std: "docker" "inspect" "ff778cbc4dc985a792a24ab1572e462b11b502d53ef0796f4be14dca310182d9", kill_on_drop: false }`
[INFO] running `Command { std: "docker" "exec" "-e" "SOURCE_DIR=/opt/rustwide/workdir" "-e" "CARGO_HOME=/opt/rustwide/cargo-home" "-e" "RUSTUP_HOME=/opt/rustwide/rustup-home" "-e" "CARGO_TARGET_DIR=/opt/rustwide/target" "-e" "CARGO_INCREMENTAL=0" "-e" "RUST_BACKTRACE=full" "-e" "RUSTFLAGS=--cap-lints=warn" "-e" "RUSTDOCFLAGS=--cap-lints=warn" "-w" "/opt/rustwide/workdir" "--user" "0:0" "ff778cbc4dc985a792a24ab1572e462b11b502d53ef0796f4be14dca310182d9" "/opt/rustwide/cargo-home/bin/cargo" "+1.100.0-beta.1" "test" "--frozen" "--release", kill_on_drop: false }`
[INFO] [stderr] warning: method `package` is never used
[INFO] [stderr]   --> src/package_provider/mod.rs:37:8
[INFO] [stderr]    |
[INFO] [stderr] 35 | pub trait PackageProvider {
[INFO] [stderr]    |           --------------- method in this trait
[INFO] [stderr] 36 |     fn name(&self) -> String;
[INFO] [stderr] 37 |     fn package(&self) -> String;
[INFO] [stderr]    |        ^^^^^^^
[INFO] [stderr]    |
[INFO] [stderr]    = note: `#[warn(dead_code)]` (part of `#[warn(unused)]`) on by default
[INFO] [stderr] 
[INFO] [stderr] warning: field `package` is never read
[INFO] [stderr]   --> src/package_provider/local.rs:28:5
[INFO] [stderr]    |
[INFO] [stderr] 27 | pub struct LocalPackageProvider {
[INFO] [stderr]    |            -------------------- field in this struct
[INFO] [stderr] 28 |     package: String,
[INFO] [stderr]    |     ^^^^^^^
[INFO] [stderr] 
[INFO] [stderr] warning: field `0` is never read
[INFO] [stderr]   --> src/tui_app/event.rs:18:11
[INFO] [stderr]    |
[INFO] [stderr] 18 |     Mouse(MouseEvent),
[INFO] [stderr]    |     ----- ^^^^^^^^^^
[INFO] [stderr]    |     |
[INFO] [stderr]    |     field in this variant
[INFO] [stderr]    |
[INFO] [stderr]    = note: `Event` has derived impls for the traits `Debug` and `Clone`, but these are intentionally ignored during dead code analysis
[INFO] [stderr] help: consider changing the field to be of unit type to suppress this warning while preserving the field numbering, or remove the field
[INFO] [stderr]    |
[INFO] [stderr] 18 -     Mouse(MouseEvent),
[INFO] [stderr] 18 +     Mouse(()),
[INFO] [stderr]    |
[INFO] [stderr] 
[INFO] [stderr] warning: fields `0` and `1` are never read
[INFO] [stderr]   --> src/tui_app/event.rs:20:12
[INFO] [stderr]    |
[INFO] [stderr] 20 |     Resize(u16, u16),
[INFO] [stderr]    |     ------ ^^^  ^^^
[INFO] [stderr]    |     |
[INFO] [stderr]    |     fields in this variant
[INFO] [stderr]    |
[INFO] [stderr]    = note: `Event` has derived impls for the traits `Debug` and `Clone`, but these are intentionally ignored during dead code analysis
[INFO] [stderr] help: consider changing the fields to be of unit type to suppress this warning while preserving the field numbering, or remove the fields
[INFO] [stderr]    |
[INFO] [stderr] 20 -     Resize(u16, u16),
[INFO] [stderr] 20 +     Resize((), ()),
[INFO] [stderr]    |
[INFO] [stderr] 
[INFO] [stderr] warning: `cocmd` (bin "cocmd" test) generated 4 warnings
[INFO] [stderr] warning: unused dependency `execute`
[INFO] [stderr]   --> Cargo.toml:32:15
[INFO] [stderr]    |
[INFO] [stderr] 32 | [dependencies.execute]
[INFO] [stderr]    |               ^^^^^^^^
[INFO] [stderr]    |
[INFO] [stderr]    = note: `cargo::unused_dependencies` is set to `warn` by default
[INFO] [stderr] help: consider removing the dependency on `execute`
[INFO] [stderr] warning: unused dependency `exitcode`
[INFO] [stderr]   --> Cargo.toml:35:15
[INFO] [stderr]    |
[INFO] [stderr] 35 | [dependencies.exitcode]
[INFO] [stderr]    |               ^^^^^^^^^
[INFO] [stderr]    |
[INFO] [stderr] help: consider removing the dependency on `exitcode`
[INFO] [stderr] warning: unused dependency `fs_extra`
[INFO] [stderr]   --> Cargo.toml:38:15
[INFO] [stderr]    |
[INFO] [stderr] 38 | [dependencies.fs_extra]
[INFO] [stderr]    |               ^^^^^^^^^
[INFO] [stderr]    |
[INFO] [stderr] help: consider removing the dependency on `fs_extra`
[INFO] [stderr] warning: unused dependency `glob`
[INFO] [stderr]   --> Cargo.toml:41:15
[INFO] [stderr]    |
[INFO] [stderr] 41 | [dependencies.glob]
[INFO] [stderr]    |               ^^^^^
[INFO] [stderr]    |
[INFO] [stderr] help: consider removing the dependency on `glob`
[INFO] [stderr] warning: unused dependency `tempdir`
[INFO] [stderr]    --> Cargo.toml:101:15
[INFO] [stderr]     |
[INFO] [stderr] 101 | [dependencies.tempdir]
[INFO] [stderr]     |               ^^^^^^^^
[INFO] [stderr]     |
[INFO] [stderr] help: consider removing the dependency on `tempdir`
[INFO] [stderr] warning: `cocmd` (manifest) generated 5 warnings
[INFO] [stderr]     Finished `release` profile [optimized] target(s) in 0.26s
[INFO] [stderr]      Running unittests src/main.rs (/opt/rustwide/target/release/build/cocmd/c751ff65d29452ef/out/cocmd-c751ff65d29452ef)
[INFO] [stdout] 
[INFO] [stdout] running 22 tests
[INFO] [stdout] test core::utils::cmd::tests::test_parse_params ... ok
[INFO] [stdout] test core::utils::packages::tests::test_extract_package_name_and_version ... ok
[INFO] [stdout] test core::utils::io::tests::test_normalize_path ... ok
[INFO] [stdout] test core::utils::packages::tests::test_get_playbook_name_from_uri ... ok
[INFO] [stdout] test core::utils::packages::tests::test_get_package_name_from_uri ... ok
[INFO] [stdout] test output::tests::test_set_logging_level ... ok
[INFO] [stdout] test package_provider::tests::test_get_provider ... ok
[INFO] [stderr] [2026-10-18T06:32:59Z ERROR cocmd::core::models::settings] /tmp/rstest.5/saved_params.yaml: No such file or directory (os error 2)
[INFO] [stderr] [2026-10-18T06:32:59Z INFO  cocmd::cmd::add] Installing package "aws-s3"
[INFO] [stderr] [2026-10-18T06:32:59Z INFO  cocmd::package_provider::hub] downloading hub index...
[INFO] [stderr] [2026-10-18T06:32:59Z ERROR cocmd::core::models::settings] /root/.cocmd/saved_params.yaml: No such file or directory (os error 2)
[INFO] [stderr] /bin/sh: 2: source: not found
[INFO] [stdout] Hello, Linux
[INFO] [stdout] test runner::shell::linux_tests::test_interactive_shell_linux ... ok
[INFO] [stderr] [2026-10-18T06:32:59Z ERROR cocmd::core::models::settings] /tmp/rstest.6/saved_params.yaml: No such file or directory (os error 2)
[INFO] [stderr] [2026-10-18T06:32:59Z INFO  cocmd::cmd::add] Installing package "aws-s3@0.0.0"
[INFO] [stderr] [2026-10-18T06:32:59Z INFO  cocmd::cmd::add] Package not found locally. Downloading...
[INFO] [stderr] [2026-10-18T06:32:59Z INFO  cocmd::package_provider::hub] downloading hub index...
[INFO] [stdout] test runner::utils::tests::test_check_installed ... ok
[INFO] [stderr] [2026-10-18T06:32:59Z ERROR cocmd::core::models::settings] /tmp/rstest.7/saved_params.yaml: No such file or directory (os error 2)
[INFO] [stderr] [2026-10-18T06:32:59Z INFO  cocmd::cmd::add] Installing package "aws-s3@0.0.0"
[INFO] [stderr] [2026-10-18T06:32:59Z INFO  cocmd::cmd::add] Package not found locally. Downloading...
[INFO] [stderr] [2026-10-18T06:32:59Z INFO  cocmd::package_provider::hub] downloading hub index...
[INFO] [stderr] [2026-10-18T06:32:59Z INFO  cocmd::package_provider::hub] downloading hub index...
[INFO] [stderr] [2026-10-18T06:32:59Z INFO  cocmd::package_provider::hub] downloading hub index...
[INFO] [stdout] test package_provider::hub::tests::test_get_index ... FAILED
[INFO] [stderr] [2026-10-18T06:32:59Z ERROR cocmd::core::models::settings] /tmp/rstest.2/saved_params.yaml: No such file or directory (os error 2)
[INFO] [stderr] [2026-10-18T06:32:59Z INFO  cocmd::cmd::add] Installing package "docker"
[INFO] [stderr] [2026-10-18T06:32:59Z INFO  cocmd::package_provider::hub] downloading hub index...
[INFO] [stderr] [2026-10-18T06:32:59Z INFO  cocmd::package_provider::hub] downloading hub index...
[INFO] [stderr] [2026-10-18T06:32:59Z INFO  cocmd::package_provider::hub] downloading hub index...
[INFO] [stderr] [2026-10-18T06:32:59Z INFO  cocmd::cmd::add] Package not found locally. Downloading...
[INFO] [stderr] [2026-10-18T06:32:59Z INFO  cocmd::package_provider::hub] downloading hub index...
[INFO] [stderr] [2026-10-18T06:32:59Z ERROR cocmd::cmd::add] Error downloading package 'aws-s3@0.0.0': error sending request for url (https://github.com/cocmd/hub/releases/latest/download/package_index.json): error trying to connect: dns error: failed to lookup address information: Temporary failure in name resolution
[INFO] [stdout] test tests::test_install_specific_package ... FAILED
[INFO] [stderr] [2026-10-18T06:32:59Z ERROR cocmd::core::models::settings] /tmp/rstest.7/saved_params.yaml: No such file or directory (os error 2)
[INFO] [stderr] [2026-10-18T06:32:59Z INFO  cocmd::cmd::add] Installing package "docker@0.0.0"
[INFO] [stderr] [2026-10-18T06:32:59Z INFO  cocmd::cmd::add] Package not found locally. Downloading...
[INFO] [stderr] [2026-10-18T06:32:59Z INFO  cocmd::package_provider::hub] downloading hub index...
[INFO] [stderr] [2026-10-18T06:32:59Z ERROR cocmd::cmd::add] Error downloading package 'aws-s3@0.0.0': error sending request for url (https://github.com/cocmd/hub/releases/latest/download/package_index.json): error trying to connect: dns error: failed to lookup address information: Temporary failure in name resolution
[INFO] [stdout] test tests::test_install_latest_version_after_old ... FAILED
[INFO] [stderr] [2026-10-18T06:32:59Z ERROR cocmd::core::models::settings] /tmp/rstest.6/saved_params.yaml: No such file or directory (os error 2)
[INFO] [stderr] [2026-10-18T06:32:59Z INFO  cocmd::cmd::add] Installing package "docker"
[INFO] [stderr] [2026-10-18T06:32:59Z INFO  cocmd::package_provider::hub] downloading hub index...
[INFO] [stderr] [2026-10-18T06:33:00Z ERROR cocmd::core::models::settings] /tmp/rstest/saved_params.yaml: No such file or directory (os error 2)
[INFO] [stderr] [2026-10-18T06:33:00Z INFO  cocmd::cmd::add] Installing package "aws-s3@0.0.0"
[INFO] [stderr] [2026-10-18T06:33:00Z INFO  cocmd::cmd::add] Package not found locally. Downloading...
[INFO] [stderr] [2026-10-18T06:33:00Z INFO  cocmd::package_provider::hub] downloading hub index...
[INFO] [stdout] test package_provider::hub::tests::test_get_package ... FAILED
[INFO] [stderr] [2026-10-18T06:33:00Z ERROR cocmd::core::models::settings] /tmp/rstest.3/saved_params.yaml: No such file or directory (os error 2)
[INFO] [stderr] [2026-10-18T06:33:00Z INFO  cocmd::cmd::add] Installing package "/tmp/rstest.3/local_path"
[INFO] [stderr] [2026-10-18T06:33:00Z INFO  cocmd::cmd::add] found 1 cocmd packages in this path:
[INFO] [stderr]       - /tmp/rstest.3/local_path
[INFO] [stderr] [2026-10-18T06:33:00Z INFO  cocmd::cmd::add] Package '/tmp/rstest.3/local_path' was installed:
[INFO] [stderr] [2026-10-18T06:33:00Z INFO  cocmd::cmd::add] - ✅ 0 aliases available now
[INFO] [stderr] [2026-10-18T06:33:00Z INFO  cocmd::cmd::add] - ✅ 0 automations available now
[INFO] [stderr] [2026-10-18T06:33:00Z INFO  cocmd::cmd::add] - ✅ 0 paths available now in PATH env
[INFO] [stderr] [2026-10-18T06:33:00Z INFO  cocmd::cmd::add] - run `cocmd show package aws-s3` for more details
[INFO] [stderr] [2026-10-18T06:33:00Z INFO  cocmd::cmd::add] Installing package "aws-s3"
[INFO] [stderr] [2026-10-18T06:33:00Z INFO  cocmd::package_provider::hub] downloading hub index...
[INFO] [stdout] test package_provider::hub::tests::test_get_package_with_version_not_found ... FAILED
[INFO] [stderr] [2026-10-18T06:33:00Z ERROR cocmd::cmd::add] Error downloading package 'docker@0.0.0': error sending request for url (https://github.com/cocmd/hub/releases/latest/download/package_index.json): error trying to connect: dns error: failed to lookup address information: Temporary failure in name resolution
[INFO] [stdout] test tests::test_show_package_w_version ... FAILED
[INFO] [stderr] [2026-10-18T06:33:00Z ERROR cocmd::cmd::add] Error downloading package 'aws-s3@0.0.0': error sending request for url (https://github.com/cocmd/hub/releases/latest/download/package_index.json): error trying to connect: dns error: failed to lookup address information: Temporary failure in name resolution
[INFO] [stdout] test package_provider::hub::tests::test_get_package_not_found ... FAILED
[INFO] [stderr] [2026-10-18T06:33:00Z ERROR cocmd::cmd::add] Error downloading package 'aws-s3': error sending request for url (https://github.com/cocmd/hub/releases/latest/download/package_index.json): error trying to connect: dns error: failed to lookup address information: Temporary failure in name resolution
[INFO] [stdout] test tests::test_show_packages_after_uninstall ... FAILED
[INFO] [stdout] test tests::test_install_latest_package ... FAILED
[INFO] [stdout] test package_provider::hub::tests::test_get_package_with_version ... FAILED
[INFO] [stderr] [2026-10-18T06:33:00Z INFO  cocmd::cmd::add] Package not found locally. Downloading...
[INFO] [stderr] [2026-10-18T06:33:00Z INFO  cocmd::package_provider::hub] downloading hub index...
[INFO] [stderr] [2026-10-18T06:33:00Z INFO  cocmd::cmd::add] Package not found locally. Downloading...
[INFO] [stderr] [2026-10-18T06:33:00Z INFO  cocmd::package_provider::hub] downloading hub index...
[INFO] [stderr] [2026-10-18T06:33:00Z INFO  cocmd::cmd::add] Package not found locally. Downloading...
[INFO] [stderr] [2026-10-18T06:33:00Z INFO  cocmd::package_provider::hub] downloading hub index...
[INFO] [stderr] [2026-10-18T06:33:00Z ERROR cocmd::cmd::add] Error downloading package 'docker': error sending request for url (https://github.com/cocmd/hub/releases/latest/download/package_index.json): error trying to connect: dns error: failed to lookup address information: Temporary failure in name resolution
[INFO] [stdout] test tests::test_show_package ... FAILED
[INFO] [stderr] [2026-10-18T06:33:00Z ERROR cocmd::cmd::add] Error downloading package 'docker': error sending request for url (https://github.com/cocmd/hub/releases/latest/download/package_index.json): error trying to connect: dns error: failed to lookup address information: Temporary failure in name resolution
[INFO] [stdout] test tests::test_show_packages ... FAILED
[INFO] [stderr] [2026-10-18T06:33:00Z ERROR cocmd::cmd::add] Error downloading package 'aws-s3': error sending request for url (https://github.com/cocmd/hub/releases/latest/download/package_index.json): error trying to connect: dns error: failed to lookup address information: Temporary failure in name resolution
[INFO] [stdout] test tests::test_uninstall_package_after_double_installation ... FAILED
[INFO] [stdout] 
[INFO] [stdout] failures:
[INFO] [stdout] 
[INFO] [stdout] ---- package_provider::hub::tests::test_get_index stdout ----
[INFO] [stdout] 
[INFO] [stdout] thread 'package_provider::hub::tests::test_get_index' (11987) panicked at src/package_provider/hub.rs:260:91:
[INFO] [stdout] called `Result::unwrap()` on an `Err` value: error sending request for url (https://github.com/cocmd/hub/releases/latest/download/package_index.json): error trying to connect: dns error: failed to lookup address information: Temporary failure in name resolution
[INFO] [stdout] 
[INFO] [stdout] Caused by:
[INFO] [stdout]     0: error trying to connect: dns error: failed to lookup address information: Temporary failure in name resolution
[INFO] [stdout]     1: dns error: failed to lookup address information: Temporary failure in name resolution
[INFO] [stdout]     2: failed to lookup address information: Temporary failure in name resolution
[INFO] [stdout] stack backtrace:
[INFO] [stdout]    0:     0x605680110bd1 - <<std[617be2ca0a6fd877]::sys::backtrace::BacktraceLock>::print::DisplayBacktrace as core[a373ad73a504971]::fmt::Display>::fmt
[INFO] [stdout]    1:     0x60568012873a - core[a373ad73a504971]::fmt::write
[INFO] [stdout]    2:     0x605680115d7c - <alloc[2e1b2a31b91974c5]::vec::Vec<u8> as core[a373ad73a504971]::io::write::Write>::write_fmt
[INFO] [stdout]    3:     0x6056800e9c06 - std[617be2ca0a6fd877]::panicking::default_hook::{closure#0}
[INFO] [stdout]    4:     0x6056801079b9 - std[617be2ca0a6fd877]::panicking::default_hook
[INFO] [stdout]    5:     0x60567ffc80f0 - test[aada8e7e76ba119b]::test_main_inner::{closure#0}
[INFO] [stdout]    6:     0x605680107ce2 - std[617be2ca0a6fd877]::panicking::panic_with_hook
[INFO] [stdout]    7:     0x6056800e9cb2 - std[617be2ca0a6fd877]::panicking::panic_handler::{closure#0}
[INFO] [stdout]    8:     0x6056800e2409 - std[617be2ca0a6fd877]::sys::backtrace::__rust_end_short_backtrace::<std[617be2ca0a6fd877]::panicking::panic_handler::{closure#0}, !>
[INFO] [stdout]    9:     0x6056800eab4d - __rustc[ea4f61d10b84890b]::rust_begin_unwind
[INFO] [stdout]   10:     0x605680128f1c - core[a373ad73a504971]::panicking::panic_fmt
[INFO] [stdout]   11:     0x605680128cf2 - core[a373ad73a504971]::result::unwrap_failed
[INFO] [stdout]   12:     0x60567fac87dd - <cocmd[94b724943ac5885c]::package_provider::hub::tests::test_get_index::{closure#0} as core[a373ad73a504971]::ops::function::FnOnce<()>>::call_once
[INFO] [stdout]   13:     0x60567ffbb53b - test[aada8e7e76ba119b]::__rust_begin_short_backtrace::<core[a373ad73a504971]::result::Result<(), alloc[2e1b2a31b91974c5]::string::String>, fn() -> core[a373ad73a504971]::result::Result<(), alloc[2e1b2a31b91974c5]::string::String>>
[INFO] [stdout]   14:     0x60567ffc8715 - test[aada8e7e76ba119b]::run_test::{closure#0}
[INFO] [stdout]   15:     0x60567ffc2004 - std[617be2ca0a6fd877]::sys::backtrace::__rust_begin_short_backtrace::<test[aada8e7e76ba119b]::run_test::{closure#1}, ()>
[INFO] [stdout]   16:     0x60567ffcb7a2 - <std[617be2ca0a6fd877]::thread::lifecycle::spawn_unchecked<test[aada8e7e76ba119b]::run_test::{closure#1}, ()>::{closure#1} as core[a373ad73a504971]::ops::function::FnOnce<()>>::call_once::{shim:vtable#0}
[INFO] [stdout]   17:     0x60568010fb3f - <std[617be2ca0a6fd877]::sys::thread::unix::Thread>::new::thread_start
[INFO] [stdout]   18:     0x7d2458257dfa - <unknown>
[INFO] [stdout]   19:     0x7d24582eb3d4 - clone
[INFO] [stdout]   20:                0x0 - <unknown>
[INFO] [stdout] 
[INFO] [stdout] ---- tests::test_install_specific_package stdout ----
[INFO] [stdout] 
[INFO] [stdout] thread 'tests::test_install_specific_package' (12007) panicked at src/main.rs:304:9:
[INFO] [stdout] assertion failed: res.is_ok()
[INFO] [stdout] stack backtrace:
[INFO] [stdout]    0:     0x605680110bd1 - <<std[617be2ca0a6fd877]::sys::backtrace::BacktraceLock>::print::DisplayBacktrace as core[a373ad73a504971]::fmt::Display>::fmt
[INFO] [stdout]    1:     0x60568012873a - core[a373ad73a504971]::fmt::write
[INFO] [stdout]    2:     0x605680115d7c - <alloc[2e1b2a31b91974c5]::vec::Vec<u8> as core[a373ad73a504971]::io::write::Write>::write_fmt
[INFO] [stdout]    3:     0x6056800e9c06 - std[617be2ca0a6fd877]::panicking::default_hook::{closure#0}
[INFO] [stdout]    4:     0x6056801079b9 - std[617be2ca0a6fd877]::panicking::default_hook
[INFO] [stdout]    5:     0x60567ffc80f0 - test[aada8e7e76ba119b]::test_main_inner::{closure#0}
[INFO] [stdout]    6:     0x605680107ce2 - std[617be2ca0a6fd877]::panicking::panic_with_hook
[INFO] [stdout]    7:     0x6056800e9ce4 - std[617be2ca0a6fd877]::panicking::panic_handler::{closure#0}
[INFO] [stdout]    8:     0x6056800e2409 - std[617be2ca0a6fd877]::sys::backtrace::__rust_end_short_backtrace::<std[617be2ca0a6fd877]::panicking::panic_handler::{closure#0}, !>
[INFO] [stdout]    9:     0x6056800eab4d - __rustc[ea4f61d10b84890b]::rust_begin_unwind
[INFO] [stdout]   10:     0x605680128f1c - core[a373ad73a504971]::panicking::panic_fmt
[INFO] [stdout]   11:     0x605680128ee2 - core[a373ad73a504971]::panicking::panic
[INFO] [stdout]   12:     0x60567fac5c6a - <cocmd[94b724943ac5885c]::tests::test_install_specific_package::{closure#0} as core[a373ad73a504971]::ops::function::FnOnce<()>>::call_once
[INFO] [stdout]   13:     0x60567ffbb53b - test[aada8e7e76ba119b]::__rust_begin_short_backtrace::<core[a373ad73a504971]::result::Result<(), alloc[2e1b2a31b91974c5]::string::String>, fn() -> core[a373ad73a504971]::result::Result<(), alloc[2e1b2a31b91974c5]::string::String>>
[INFO] [stdout]   14:     0x60567ffc8715 - test[aada8e7e76ba119b]::run_test::{closure#0}
[INFO] [stdout]   15:     0x60567ffc2004 - std[617be2ca0a6fd877]::sys::backtrace::__rust_begin_short_backtrace::<test[aada8e7e76ba119b]::run_test::{closure#1}, ()>
[INFO] [stdout]   16:     0x60567ffcb7a2 - <std[617be2ca0a6fd877]::thread::lifecycle::spawn_unchecked<test[aada8e7e76ba119b]::run_test::{closure#1}, ()>::{closure#1} as core[a373ad73a504971]::ops::function::FnOnce<()>>::call_once::{shim:vtable#0}
[INFO] [stdout]   17:     0x60568010fb3f - <std[617be2ca0a6fd877]::sys::thread::unix::Thread>::new::thread_start
[INFO] [stdout]   18:     0x7d2458257dfa - <unknown>
[INFO] [stdout]   19:     0x7d24582eb3d4 - clone
[INFO] [stdout]   20:                0x0 - <unknown>
[INFO] [stdout] 
[INFO] [stdout] ---- tests::test_install_latest_version_after_old stdout ----
[INFO] [stdout] 
[INFO] [stdout] thread 'tests::test_install_latest_version_after_old' (12004) panicked at src/main.rs:389:9:
[INFO] [stdout] assertion failed: res.is_ok()
[INFO] [stdout] stack backtrace:
[INFO] [stdout]    0:     0x605680110bd1 - <<std[617be2ca0a6fd877]::sys::backtrace::BacktraceLock>::print::DisplayBacktrace as core[a373ad73a504971]::fmt::Display>::fmt
[INFO] [stdout]    1:     0x60568012873a - core[a373ad73a504971]::fmt::write
[INFO] [stdout]    2:     0x605680115d7c - <alloc[2e1b2a31b91974c5]::vec::Vec<u8> as core[a373ad73a504971]::io::write::Write>::write_fmt
[INFO] [stdout]    3:     0x6056800e9c06 - std[617be2ca0a6fd877]::panicking::default_hook::{closure#0}
[INFO] [stdout]    4:     0x6056801079b9 - std[617be2ca0a6fd877]::panicking::default_hook
[INFO] [stdout]    5:     0x60567ffc80f0 - test[aada8e7e76ba119b]::test_main_inner::{closure#0}
[INFO] [stdout]    6:     0x605680107ce2 - std[617be2ca0a6fd877]::panicking::panic_with_hook
[INFO] [stdout]    7:     0x6056800e9ce4 - std[617be2ca0a6fd877]::panicking::panic_handler::{closure#0}
[INFO] [stdout]    8:     0x6056800e2409 - std[617be2ca0a6fd877]::sys::backtrace::__rust_end_short_backtrace::<std[617be2ca0a6fd877]::panicking::panic_handler::{closure#0}, !>
[INFO] [stdout]    9:     0x6056800eab4d - __rustc[ea4f61d10b84890b]::rust_begin_unwind
[INFO] [stdout]   10:     0x605680128f1c - core[a373ad73a504971]::panicking::panic_fmt
[INFO] [stdout]   11:     0x605680128ee2 - core[a373ad73a504971]::panicking::panic
[INFO] [stdout]   12:     0x60567fac6b17 - <cocmd[94b724943ac5885c]::tests::test_install_latest_version_after_old::{closure#0} as core[a373ad73a504971]::ops::function::FnOnce<()>>::call_once
[INFO] [stdout]   13:     0x60567ffbb53b - test[aada8e7e76ba119b]::__rust_begin_short_backtrace::<core[a373ad73a504971]::result::Result<(), alloc[2e1b2a31b91974c5]::string::String>, fn() -> core[a373ad73a504971]::result::Result<(), alloc[2e1b2a31b91974c5]::string::String>>
[INFO] [stdout]   14:     0x60567ffc8715 - test[aada8e7e76ba119b]::run_test::{closure#0}
[INFO] [stdout]   15:     0x60567ffc2004 - std[617be2ca0a6fd877]::sys::backtrace::__rust_begin_short_backtrace::<test[aada8e7e76ba119b]::run_test::{closure#1}, ()>
[INFO] [stdout]   16:     0x60567ffcb7a2 - <std[617be2ca0a6fd877]::thread::lifecycle::spawn_unchecked<test[aada8e7e76ba119b]::run_test::{closure#1}, ()>::{closure#1} as core[a373ad73a504971]::ops::function::FnOnce<()>>::call_once::{shim:vtable#0}
[INFO] [stdout]   17:     0x60568010fb3f - <std[617be2ca0a6fd877]::sys::thread::unix::Thread>::new::thread_start
[INFO] [stdout]   18:     0x7d2458257dfa - <unknown>
[INFO] [stdout]   19:     0x7d24582eb3d4 - clone
[INFO] [stdout]   20:                0x0 - <unknown>
[INFO] [stdout] 
[INFO] [stdout] ---- package_provider::hub::tests::test_get_package stdout ----
[INFO] [stdout] 
[INFO] [stdout] thread 'package_provider::hub::tests::test_get_package' (11988) panicked at src/package_provider/hub.rs:270:91:
[INFO] [stdout] called `Result::unwrap()` on an `Err` value: error sending request for url (https://github.com/cocmd/hub/releases/latest/download/package_index.json): error trying to connect: dns error: failed to lookup address information: Temporary failure in name resolution
[INFO] [stdout] 
[INFO] [stdout] Caused by:
[INFO] [stdout]     0: error trying to connect: dns error: failed to lookup address information: Temporary failure in name resolution
[INFO] [stdout]     1: dns error: failed to lookup address information: Temporary failure in name resolution
[INFO] [stdout]     2: failed to lookup address information: Temporary failure in name resolution
[INFO] [stdout] stack backtrace:
[INFO] [stdout]    0:     0x605680110bd1 - <<std[617be2ca0a6fd877]::sys::backtrace::BacktraceLock>::print::DisplayBacktrace as core[a373ad73a504971]::fmt::Display>::fmt
[INFO] [stdout]    1:     0x60568012873a - core[a373ad73a504971]::fmt::write
[INFO] [stdout]    2:     0x605680115d7c - <alloc[2e1b2a31b91974c5]::vec::Vec<u8> as core[a373ad73a504971]::io::write::Write>::write_fmt
[INFO] [stdout]    3:     0x6056800e9c06 - std[617be2ca0a6fd877]::panicking::default_hook::{closure#0}
[INFO] [stdout]    4:     0x6056801079b9 - std[617be2ca0a6fd877]::panicking::default_hook
[INFO] [stdout]    5:     0x60567ffc80f0 - test[aada8e7e76ba119b]::test_main_inner::{closure#0}
[INFO] [stdout]    6:     0x605680107ce2 - std[617be2ca0a6fd877]::panicking::panic_with_hook
[INFO] [stdout]    7:     0x6056800e9cb2 - std[617be2ca0a6fd877]::panicking::panic_handler::{closure#0}
[INFO] [stdout]    8:     0x6056800e2409 - std[617be2ca0a6fd877]::sys::backtrace::__rust_end_short_backtrace::<std[617be2ca0a6fd877]::panicking::panic_handler::{closure#0}, !>
[INFO] [stdout]    9:     0x6056800eab4d - __rustc[ea4f61d10b84890b]::rust_begin_unwind
[INFO] [stdout]   10:     0x605680128f1c - core[a373ad73a504971]::panicking::panic_fmt
[INFO] [stdout]   11:     0x605680128cf2 - core[a373ad73a504971]::result::unwrap_failed
[INFO] [stdout]   12:     0x60567fac8c12 - <cocmd[94b724943ac5885c]::package_provider::hub::tests::test_get_package::{closure#0} as core[a373ad73a504971]::ops::function::FnOnce<()>>::call_once
[INFO] [stdout]   13:     0x60567ffbb53b - test[aada8e7e76ba119b]::__rust_begin_short_backtrace::<core[a373ad73a504971]::result::Result<(), alloc[2e1b2a31b91974c5]::string::String>, fn() -> core[a373ad73a504971]::result::Result<(), alloc[2e1b2a31b91974c5]::string::String>>
[INFO] [stdout]   14:     0x60567ffc8715 - test[aada8e7e76ba119b]::run_test::{closure#0}
[INFO] [stdout]   15:     0x60567ffc2004 - std[617be2ca0a6fd877]::sys::backtrace::__rust_begin_short_backtrace::<test[aada8e7e76ba119b]::run_test::{closure#1}, ()>
[INFO] [stdout]   16:     0x60567ffcb7a2 - <std[617be2ca0a6fd877]::thread::lifecycle::spawn_unchecked<test[aada8e7e76ba119b]::run_test::{closure#1}, ()>::{closure#1} as core[a373ad73a504971]::ops::function::FnOnce<()>>::call_once::{shim:vtable#0}
[INFO] [stdout]   17:     0x60568010fb3f - <std[617be2ca0a6fd877]::sys::thread::unix::Thread>::new::thread_start
[INFO] [stdout]   18:     0x7d2458257dfa - <unknown>
[INFO] [stdout]   19:     0x7d24582eb3d4 - clone
[INFO] [stdout]   20:                0x0 - <unknown>
[INFO] [stdout] 
[INFO] [stdout] ---- package_provider::hub::tests::test_get_package_with_version_not_found stdout ----
[INFO] [stdout] 
[INFO] [stdout] thread 'package_provider::hub::tests::test_get_package_with_version_not_found' (11993) panicked at src/package_provider/hub.rs:305:91:
[INFO] [stdout] called `Result::unwrap()` on an `Err` value: error sending request for url (https://github.com/cocmd/hub/releases/latest/download/package_index.json): error trying to connect: dns error: failed to lookup address information: Temporary failure in name resolution
[INFO] [stdout] 
[INFO] [stdout] Caused by:
[INFO] [stdout]     0: error trying to connect: dns error: failed to lookup address information: Temporary failure in name resolution
[INFO] [stdout]     1: dns error: failed to lookup address information: Temporary failure in name resolution
[INFO] [stdout]     2: failed to lookup address information: Temporary failure in name resolution
[INFO] [stdout] stack backtrace:
[INFO] [stdout]    0:     0x605680110bd1 - <<std[617be2ca0a6fd877]::sys::backtrace::BacktraceLock>::print::DisplayBacktrace as core[a373ad73a504971]::fmt::Display>::fmt
[INFO] [stdout]    1:     0x60568012873a - core[a373ad73a504971]::fmt::write
[INFO] [stdout]    2:     0x605680115d7c - <alloc[2e1b2a31b91974c5]::vec::Vec<u8> as core[a373ad73a504971]::io::write::Write>::write_fmt
[INFO] [stdout]    3:     0x6056800e9c06 - std[617be2ca0a6fd877]::panicking::default_hook::{closure#0}
[INFO] [stdout]    4:     0x6056801079b9 - std[617be2ca0a6fd877]::panicking::default_hook
[INFO] [stdout]    5:     0x60567ffc80f0 - test[aada8e7e76ba119b]::test_main_inner::{closure#0}
[INFO] [stdout]    6:     0x605680107ce2 - std[617be2ca0a6fd877]::panicking::panic_with_hook
[INFO] [stdout]    7:     0x6056800e9cb2 - std[617be2ca0a6fd877]::panicking::panic_handler::{closure#0}
[INFO] [stdout]    8:     0x6056800e2409 - std[617be2ca0a6fd877]::sys::backtrace::__rust_end_short_backtrace::<std[617be2ca0a6fd877]::panicking::panic_handler::{closure#0}, !>
[INFO] [stdout]    9:     0x6056800eab4d - __rustc[ea4f61d10b84890b]::rust_begin_unwind
[INFO] [stdout]   10:     0x605680128f1c - core[a373ad73a504971]::panicking::panic_fmt
[INFO] [stdout]   11:     0x605680128cf2 - core[a373ad73a504971]::result::unwrap_failed
[INFO] [stdout]   12:     0x60567fac9b37 - <cocmd[94b724943ac5885c]::package_provider::hub::tests::test_get_package_with_version_not_found::{closure#0} as core[a373ad73a504971]::ops::function::FnOnce<()>>::call_once
[INFO] [stdout]   13:     0x60567ffbb53b - test[aada8e7e76ba119b]::__rust_begin_short_backtrace::<core[a373ad73a504971]::result::Result<(), alloc[2e1b2a31b91974c5]::string::String>, fn() -> core[a373ad73a504971]::result::Result<(), alloc[2e1b2a31b91974c5]::string::String>>
[INFO] [stdout]   14:     0x60567ffc8715 - test[aada8e7e76ba119b]::run_test::{closure#0}
[INFO] [stdout]   15:     0x60567ffc2004 - std[617be2ca0a6fd877]::sys::backtrace::__rust_begin_short_backtrace::<test[aada8e7e76ba119b]::run_test::{closure#1}, ()>
[INFO] [stdout]   16:     0x60567ffcb7a2 - <std[617be2ca0a6fd877]::thread::lifecycle::spawn_unchecked<test[aada8e7e76ba119b]::run_test::{closure#1}, ()>::{closure#1} as core[a373ad73a504971]::ops::function::FnOnce<()>>::call_once::{shim:vtable#0}
[INFO] [stdout]   17:     0x60568010fb3f - <std[617be2ca0a6fd877]::sys::thread::unix::Thread>::new::thread_start
[INFO] [stdout]   18:     0x7d2458257dfa - <unknown>
[INFO] [stdout]   19:     0x7d24582eb3d4 - clone
[INFO] [stdout]   20:                0x0 - <unknown>
[INFO] [stdout] 
[INFO] [stdout] ---- tests::test_show_package_w_version stdout ----
[INFO] [stdout] 
[INFO] [stdout] thread 'tests::test_show_package_w_version' (12023) panicked at src/main.rs:327:9:
[INFO] [stdout] assertion failed: res.is_ok()
[INFO] [stdout] stack backtrace:
[INFO] [stdout]    0:     0x605680110bd1 - <<std[617be2ca0a6fd877]::sys::backtrace::BacktraceLock>::print::DisplayBacktrace as core[a373ad73a504971]::fmt::Display>::fmt
[INFO] [stdout]    1:     0x60568012873a - core[a373ad73a504971]::fmt::write
[INFO] [stdout]    2:     0x605680115d7c - <alloc[2e1b2a31b91974c5]::vec::Vec<u8> as core[a373ad73a504971]::io::write::Write>::write_fmt
[INFO] [stdout]    3:     0x6056800e9c06 - std[617be2ca0a6fd877]::panicking::default_hook::{closure#0}
[INFO] [stdout]    4:     0x6056801079b9 - std[617be2ca0a6fd877]::panicking::default_hook
[INFO] [stdout]    5:     0x60567ffc80f0 - test[aada8e7e76ba119b]::test_main_inner::{closure#0}
[INFO] [stdout]    6:     0x605680107ce2 - std[617be2ca0a6fd877]::panicking::panic_with_hook
[INFO] [stdout]    7:     0x6056800e9ce4 - std[617be2ca0a6fd877]::panicking::panic_handler::{closure#0}
[INFO] [stdout]    8:     0x6056800e2409 - std[617be2ca0a6fd877]::sys::backtrace::__rust_end_short_backtrace::<std[617be2ca0a6fd877]::panicking::panic_handler::{closure#0}, !>
[INFO] [stdout]    9:     0x6056800eab4d - __rustc[ea4f61d10b84890b]::rust_begin_unwind
[INFO] [stdout]   10:     0x605680128f1c - core[a373ad73a504971]::panicking::panic_fmt
[INFO] [stdout]   11:     0x605680128ee2 - core[a373ad73a504971]::panicking::panic
[INFO] [stdout]   12:     0x60567fac5971 - <cocmd[94b724943ac5885c]::tests::test_show_package_w_version::{closure#0} as core[a373ad73a504971]::ops::function::FnOnce<()>>::call_once
[INFO] [stdout]   13:     0x60567ffbb53b - test[aada8e7e76ba119b]::__rust_begin_short_backtrace::<core[a373ad73a504971]::result::Result<(), alloc[2e1b2a31b91974c5]::string::String>, fn() -> core[a373ad73a504971]::result::Result<(), alloc[2e1b2a31b91974c5]::string::String>>
[INFO] [stdout]   14:     0x60567ffc8715 - test[aada8e7e76ba119b]::run_test::{closure#0}
[INFO] [stdout]   15:     0x60567ffc2004 - std[617be2ca0a6fd877]::sys::backtrace::__rust_begin_short_backtrace::<test[aada8e7e76ba119b]::run_test::{closure#1}, ()>
[INFO] [stdout]   16:     0x60567ffcb7a2 - <std[617be2ca0a6fd877]::thread::lifecycle::spawn_unchecked<test[aada8e7e76ba119b]::run_test::{closure#1}, ()>::{closure#1} as core[a373ad73a504971]::ops::function::FnOnce<()>>::call_once::{shim:vtable#0}
[INFO] [stdout]   17:     0x60568010fb3f - <std[617be2ca0a6fd877]::sys::thread::unix::Thread>::new::thread_start
[INFO] [stdout]   18:     0x7d2458257dfa - <unknown>
[INFO] [stdout]   19:     0x7d24582eb3d4 - clone
[INFO] [stdout]   20:                0x0 - <unknown>
[INFO] [stdout] 
[INFO] [stdout] ---- package_provider::hub::tests::test_get_package_not_found stdout ----
[INFO] [stdout] 
[INFO] [stdout] thread 'package_provider::hub::tests::test_get_package_not_found' (11989) panicked at src/package_provider/hub.rs:319:91:
[INFO] [stdout] called `Result::unwrap()` on an `Err` value: error sending request for url (https://github.com/cocmd/hub/releases/latest/download/package_index.json): error trying to connect: dns error: failed to lookup address information: Temporary failure in name resolution
[INFO] [stdout] 
[INFO] [stdout] Caused by:
[INFO] [stdout]     0: error trying to connect: dns error: failed to lookup address information: Temporary failure in name resolution
[INFO] [stdout]     1: dns error: failed to lookup address information: Temporary failure in name resolution
[INFO] [stdout]     2: failed to lookup address information: Temporary failure in name resolution
[INFO] [stdout] stack backtrace:
[INFO] [stdout]    0:     0x605680110bd1 - <<std[617be2ca0a6fd877]::sys::backtrace::BacktraceLock>::print::DisplayBacktrace as core[a373ad73a504971]::fmt::Display>::fmt
[INFO] [stdout]    1:     0x60568012873a - core[a373ad73a504971]::fmt::write
[INFO] [stdout]    2:     0x605680115d7c - <alloc[2e1b2a31b91974c5]::vec::Vec<u8> as core[a373ad73a504971]::io::write::Write>::write_fmt
[INFO] [stdout]    3:     0x6056800e9c06 - std[617be2ca0a6fd877]::panicking::default_hook::{closure#0}
[INFO] [stdout]    4:     0x6056801079b9 - std[617be2ca0a6fd877]::panicking::default_hook
[INFO] [stdout]    5:     0x60567ffc80f0 - test[aada8e7e76ba119b]::test_main_inner::{closure#0}
[INFO] [stdout]    6:     0x605680107ce2 - std[617be2ca0a6fd877]::panicking::panic_with_hook
[INFO] [stdout]    7:     0x6056800e9cb2 - std[617be2ca0a6fd877]::panicking::panic_handler::{closure#0}
[INFO] [stdout]    8:     0x6056800e2409 - std[617be2ca0a6fd877]::sys::backtrace::__rust_end_short_backtrace::<std[617be2ca0a6fd877]::panicking::panic_handler::{closure#0}, !>
[INFO] [stdout]    9:     0x6056800eab4d - __rustc[ea4f61d10b84890b]::rust_begin_unwind
[INFO] [stdout]   10:     0x605680128f1c - core[a373ad73a504971]::panicking::panic_fmt
[INFO] [stdout]   11:     0x605680128cf2 - core[a373ad73a504971]::result::unwrap_failed
[INFO] [stdout]   12:     0x60567fac9017 - <cocmd[94b724943ac5885c]::package_provider::hub::tests::test_get_package_not_found::{closure#0} as core[a373ad73a504971]::ops::function::FnOnce<()>>::call_once
[INFO] [stdout]   13:     0x60567ffbb53b - test[aada8e7e76ba119b]::__rust_begin_short_backtrace::<core[a373ad73a504971]::result::Result<(), alloc[2e1b2a31b91974c5]::string::String>, fn() -> core[a373ad73a504971]::result::Result<(), alloc[2e1b2a31b91974c5]::string::String>>
[INFO] [stdout]   14:     0x60567ffc8715 - test[aada8e7e76ba119b]::run_test::{closure#0}
[INFO] [stdout]   15:     0x60567ffc2004 - std[617be2ca0a6fd877]::sys::backtrace::__rust_begin_short_backtrace::<test[aada8e7e76ba119b]::run_test::{closure#1}, ()>
[INFO] [stdout]   16:     0x60567ffcb7a2 - <std[617be2ca0a6fd877]::thread::lifecycle::spawn_unchecked<test[aada8e7e76ba119b]::run_test::{closure#1}, ()>::{closure#1} as core[a373ad73a504971]::ops::function::FnOnce<()>>::call_once::{shim:vtable#0}
[INFO] [stdout]   17:     0x60568010fb3f - <std[617be2ca0a6fd877]::sys::thread::unix::Thread>::new::thread_start
[INFO] [stdout]   18:     0x7d2458257dfa - <unknown>
[INFO] [stdout]   19:     0x7d24582eb3d4 - clone
[INFO] [stdout]   20:                0x0 - <unknown>
[INFO] [stdout] 
[INFO] [stdout] ---- tests::test_show_packages_after_uninstall stdout ----
[INFO] [stdout] 
[INFO] [stdout] thread 'tests::test_show_packages_after_uninstall' (12029) panicked at src/main.rs:354:9:
[INFO] [stdout] assertion failed: res.is_ok()
[INFO] [stdout] stack backtrace:
[INFO] [stdout]    0:     0x605680110bd1 - <<std[617be2ca0a6fd877]::sys::backtrace::BacktraceLock>::print::DisplayBacktrace as core[a373ad73a504971]::fmt::Display>::fmt
[INFO] [stdout]    1:     0x60568012873a - core[a373ad73a504971]::fmt::write
[INFO] [stdout]    2:     0x605680115d7c - <alloc[2e1b2a31b91974c5]::vec::Vec<u8> as core[a373ad73a504971]::io::write::Write>::write_fmt
[INFO] [stdout]    3:     0x6056800e9c06 - std[617be2ca0a6fd877]::panicking::default_hook::{closure#0}
[INFO] [stdout]    4:     0x6056801079b9 - std[617be2ca0a6fd877]::panicking::default_hook
[INFO] [stdout]    5:     0x60567ffc80f0 - test[aada8e7e76ba119b]::test_main_inner::{closure#0}
[INFO] [stdout]    6:     0x605680107ce2 - std[617be2ca0a6fd877]::panicking::panic_with_hook
[INFO] [stdout]    7:     0x6056800e9ce4 - std[617be2ca0a6fd877]::panicking::panic_handler::{closure#0}
[INFO] [stdout]    8:     0x6056800e2409 - std[617be2ca0a6fd877]::sys::backtrace::__rust_end_short_backtrace::<std[617be2ca0a6fd877]::panicking::panic_handler::{closure#0}, !>
[INFO] [stdout]    9:     0x6056800eab4d - __rustc[ea4f61d10b84890b]::rust_begin_unwind
[INFO] [stdout]   10:     0x605680128f1c - core[a373ad73a504971]::panicking::panic_fmt
[INFO] [stdout]   11:     0x605680128ee2 - core[a373ad73a504971]::panicking::panic
[INFO] [stdout]   12:     0x60567fac64b0 - <cocmd[94b724943ac5885c]::tests::test_show_packages_after_uninstall::{closure#0} as core[a373ad73a504971]::ops::function::FnOnce<()>>::call_once
[INFO] [stdout]   13:     0x60567ffbb53b - test[aada8e7e76ba119b]::__rust_begin_short_backtrace::<core[a373ad73a504971]::result::Result<(), alloc[2e1b2a31b91974c5]::string::String>, fn() -> core[a373ad73a504971]::result::Result<(), alloc[2e1b2a31b91974c5]::string::String>>
[INFO] [stdout]   14:     0x60567ffc8715 - test[aada8e7e76ba119b]::run_test::{closure#0}
[INFO] [stdout]   15:     0x60567ffc2004 - std[617be2ca0a6fd877]::sys::backtrace::__rust_begin_short_backtrace::<test[aada8e7e76ba119b]::run_test::{closure#1}, ()>
[INFO] [stdout]   16:     0x60567ffcb7a2 - <std[617be2ca0a6fd877]::thread::lifecycle::spawn_unchecked<test[aada8e7e76ba119b]::run_test::{closure#1}, ()>::{closure#1} as core[a373ad73a504971]::ops::function::FnOnce<()>>::call_once::{shim:vtable#0}
[INFO] [stdout]   17:     0x60568010fb3f - <std[617be2ca0a6fd877]::sys::thread::unix::Thread>::new::thread_start
[INFO] [stdout]   18:     0x7d2458257dfa - <unknown>
[INFO] [stdout]   19:     0x7d24582eb3d4 - clone
[INFO] [stdout]   20:                0x0 - <unknown>
[INFO] [stdout] 
[INFO] [stdout] ---- tests::test_install_latest_package stdout ----
[INFO] [stdout] 
[INFO] [stdout] thread 'tests::test_install_latest_package' (12000) panicked at src/main.rs:278:9:
[INFO] [stdout] assertion failed: res.is_ok()
[INFO] [stdout] stack backtrace:
[INFO] [stdout]    0:     0x605680110bd1 - <<std[617be2ca0a6fd877]::sys::backtrace::BacktraceLock>::print::DisplayBacktrace as core[a373ad73a504971]::fmt::Display>::fmt
[INFO] [stdout]    1:     0x60568012873a - core[a373ad73a504971]::fmt::write
[INFO] [stdout]    2:     0x605680115d7c - <alloc[2e1b2a31b91974c5]::vec::Vec<u8> as core[a373ad73a504971]::io::write::Write>::write_fmt
[INFO] [stdout]    3:     0x6056800e9c06 - std[617be2ca0a6fd877]::panicking::default_hook::{closure#0}
[INFO] [stdout]    4:     0x6056801079b9 - std[617be2ca0a6fd877]::panicking::default_hook
[INFO] [stdout]    5:     0x60567ffc80f0 - test[aada8e7e76ba119b]::test_main_inner::{closure#0}
[INFO] [stdout]    6:     0x605680107ce2 - std[617be2ca0a6fd877]::panicking::panic_with_hook
[INFO] [stdout]    7:     0x6056800e9ce4 - std[617be2ca0a6fd877]::panicking::panic_handler::{closure#0}
[INFO] [stdout]    8:     0x6056800e2409 - std[617be2ca0a6fd877]::sys::backtrace::__rust_end_short_backtrace::<std[617be2ca0a6fd877]::panicking::panic_handler::{closure#0}, !>
[INFO] [stdout]    9:     0x6056800eab4d - __rustc[ea4f61d10b84890b]::rust_begin_unwind
[INFO] [stdout]   10:     0x605680128f1c - core[a373ad73a504971]::panicking::panic_fmt
[INFO] [stdout]   11:     0x605680128ee2 - core[a373ad73a504971]::panicking::panic
[INFO] [stdout]   12:     0x60567fac55ff - <cocmd[94b724943ac5885c]::tests::test_install_latest_package::{closure#0} as core[a373ad73a504971]::ops::function::FnOnce<()>>::call_once
[INFO] [stdout]   13:     0x60567ffbb53b - test[aada8e7e76ba119b]::__rust_begin_short_backtrace::<core[a373ad73a504971]::result::Result<(), alloc[2e1b2a31b91974c5]::string::String>, fn() -> core[a373ad73a504971]::result::Result<(), alloc[2e1b2a31b91974c5]::string::String>>
[INFO] [stdout]   14:     0x60567ffc8715 - test[aada8e7e76ba119b]::run_test::{closure#0}
[INFO] [stdout]   15:     0x60567ffc2004 - std[617be2ca0a6fd877]::sys::backtrace::__rust_begin_short_backtrace::<test[aada8e7e76ba119b]::run_test::{closure#1}, ()>
[INFO] [stdout]   16:     0x60567ffcb7a2 - <std[617be2ca0a6fd877]::thread::lifecycle::spawn_unchecked<test[aada8e7e76ba119b]::run_test::{closure#1}, ()>::{closure#1} as core[a373ad73a504971]::ops::function::FnOnce<()>>::call_once::{shim:vtable#0}
[INFO] [stdout]   17:     0x60568010fb3f - <std[617be2ca0a6fd877]::sys::thread::unix::Thread>::new::thread_start
[INFO] [stdout]   18:     0x7d2458257dfa - <unknown>
[INFO] [stdout]   19:     0x7d24582eb3d4 - clone
[INFO] [stdout]   20:                0x0 - <unknown>
[INFO] [stdout] 
[INFO] [stdout] ---- package_provider::hub::tests::test_get_package_with_version stdout ----
[INFO] [stdout] 
[INFO] [stdout] thread 'package_provider::hub::tests::test_get_package_with_version' (11991) panicked at src/package_provider/hub.rs:287:91:
[INFO] [stdout] called `Result::unwrap()` on an `Err` value: error sending request for url (https://github.com/cocmd/hub/releases/latest/download/package_index.json): error trying to connect: dns error: failed to lookup address information: Temporary failure in name resolution
[INFO] [stdout] 
[INFO] [stdout] Caused by:
[INFO] [stdout]     0: error trying to connect: dns error: failed to lookup address information: Temporary failure in name resolution
[INFO] [stdout]     1: dns error: failed to lookup address information: Temporary failure in name resolution
[INFO] [stdout]     2: failed to lookup address information: Temporary failure in name resolution
[INFO] [stdout] stack backtrace:
[INFO] [stdout]    0:     0x605680110bd1 - <<std[617be2ca0a6fd877]::sys::backtrace::BacktraceLock>::print::DisplayBacktrace as core[a373ad73a504971]::fmt::Display>::fmt
[INFO] [stdout]    1:     0x60568012873a - core[a373ad73a504971]::fmt::write
[INFO] [stdout]    2:     0x605680115d7c - <alloc[2e1b2a31b91974c5]::vec::Vec<u8> as core[a373ad73a504971]::io::write::Write>::write_fmt
[INFO] [stdout]    3:     0x6056800e9c06 - std[617be2ca0a6fd877]::panicking::default_hook::{closure#0}
[INFO] [stdout]    4:     0x6056801079b9 - std[617be2ca0a6fd877]::panicking::default_hook
[INFO] [stdout]    5:     0x60567ffc80f0 - test[aada8e7e76ba119b]::test_main_inner::{closure#0}
[INFO] [stdout]    6:     0x605680107ce2 - std[617be2ca0a6fd877]::panicking::panic_with_hook
[INFO] [stdout]    7:     0x6056800e9cb2 - std[617be2ca0a6fd877]::panicking::panic_handler::{closure#0}
[INFO] [stdout]    8:     0x6056800e2409 - std[617be2ca0a6fd877]::sys::backtrace::__rust_end_short_backtrace::<std[617be2ca0a6fd877]::panicking::panic_handler::{closure#0}, !>
[INFO] [stdout]    9:     0x6056800eab4d - __rustc[ea4f61d10b84890b]::rust_begin_unwind
[INFO] [stdout]   10:     0x605680128f1c - core[a373ad73a504971]::panicking::panic_fmt
[INFO] [stdout]   11:     0x605680128cf2 - core[a373ad73a504971]::result::unwrap_failed
[INFO] [stdout]   12:     0x60567fac9587 - <cocmd[94b724943ac5885c]::package_provider::hub::tests::test_get_package_with_version::{closure#0} as core[a373ad73a504971]::ops::function::FnOnce<()>>::call_once
[INFO] [stdout]   13:     0x60567ffbb53b - test[aada8e7e76ba119b]::__rust_begin_short_backtrace::<core[a373ad73a504971]::result::Result<(), alloc[2e1b2a31b91974c5]::string::String>, fn() -> core[a373ad73a504971]::result::Result<(), alloc[2e1b2a31b91974c5]::string::String>>
[INFO] [stdout]   14:     0x60567ffc8715 - test[aada8e7e76ba119b]::run_test::{closure#0}
[INFO] [stdout]   15:     0x60567ffc2004 - std[617be2ca0a6fd877]::sys::backtrace::__rust_begin_short_backtrace::<test[aada8e7e76ba119b]::run_test::{closure#1}, ()>
[INFO] [stdout]   16:     0x60567ffcb7a2 - <std[617be2ca0a6fd877]::thread::lifecycle::spawn_unchecked<test[aada8e7e76ba119b]::run_test::{closure#1}, ()>::{closure#1} as core[a373ad73a504971]::ops::function::FnOnce<()>>::call_once::{shim:vtable#0}
[INFO] [stdout]   17:     0x60568010fb3f - <std[617be2ca0a6fd877]::sys::thread::unix::Thread>::new::thread_start
[INFO] [stdout]   18:     0x7d2458257dfa - <unknown>
[INFO] [stdout]   19:     0x7d24582eb3d4 - clone
[INFO] [stdout]   20:                0x0 - <unknown>
[INFO] [stdout] 
[INFO] [stdout] ---- tests::test_show_package stdout ----
[INFO] [stdout] 
[INFO] [stdout] thread 'tests::test_show_package' (12016) panicked at src/main.rs:316:9:
[INFO] [stdout] assertion failed: res.is_ok()
[INFO] [stdout] stack backtrace:
[INFO] [stdout]    0:     0x605680110bd1 - <<std[617be2ca0a6fd877]::sys::backtrace::BacktraceLock>::print::DisplayBacktrace as core[a373ad73a504971]::fmt::Display>::fmt
[INFO] [stdout]    1:     0x60568012873a - core[a373ad73a504971]::fmt::write
[INFO] [stdout]    2:     0x605680115d7c - <alloc[2e1b2a31b91974c5]::vec::Vec<u8> as core[a373ad73a504971]::io::write::Write>::write_fmt
[INFO] [stdout]    3:     0x6056800e9c06 - std[617be2ca0a6fd877]::panicking::default_hook::{closure#0}
[INFO] [stdout]    4:     0x6056801079b9 - std[617be2ca0a6fd877]::panicking::default_hook
[INFO] [stdout]    5:     0x60567ffc80f0 - test[aada8e7e76ba119b]::test_main_inner::{closure#0}
[INFO] [stdout]    6:     0x605680107ce2 - std[617be2ca0a6fd877]::panicking::panic_with_hook
[INFO] [stdout]    7:     0x6056800e9ce4 - std[617be2ca0a6fd877]::panicking::panic_handler::{closure#0}
[INFO] [stdout]    8:     0x6056800e2409 - std[617be2ca0a6fd877]::sys::backtrace::__rust_end_short_backtrace::<std[617be2ca0a6fd877]::panicking::panic_handler::{closure#0}, !>
[INFO] [stdout]    9:     0x6056800eab4d - __rustc[ea4f61d10b84890b]::rust_begin_unwind
[INFO] [stdout]   10:     0x605680128f1c - core[a373ad73a504971]::panicking::panic_fmt
[INFO] [stdout]   11:     0x605680128ee2 - core[a373ad73a504971]::panicking::panic
[INFO] [stdout]   12:     0x60567fac4fd1 - <cocmd[94b724943ac5885c]::tests::test_show_package::{closure#0} as core[a373ad73a504971]::ops::function::FnOnce<()>>::call_once
[INFO] [stdout]   13:     0x60567ffbb53b - test[aada8e7e76ba119b]::__rust_begin_short_backtrace::<core[a373ad73a504971]::result::Result<(), alloc[2e1b2a31b91974c5]::string::String>, fn() -> core[a373ad73a504971]::result::Result<(), alloc[2e1b2a31b91974c5]::string::String>>
[INFO] [stdout]   14:     0x60567ffc8715 - test[aada8e7e76ba119b]::run_test::{closure#0}
[INFO] [stdout]   15:     0x60567ffc2004 - std[617be2ca0a6fd877]::sys::backtrace::__rust_begin_short_backtrace::<test[aada8e7e76ba119b]::run_test::{closure#1}, ()>
[INFO] [stdout]   16:     0x60567ffcb7a2 - <std[617be2ca0a6fd877]::thread::lifecycle::spawn_unchecked<test[aada8e7e76ba119b]::run_test::{closure#1}, ()>::{closure#1} as core[a373ad73a504971]::ops::function::FnOnce<()>>::call_once::{shim:vtable#0}
[INFO] [stdout]   17:     0x60568010fb3f - <std[617be2ca0a6fd877]::sys::thread::unix::Thread>::new::thread_start
[INFO] [stdout]   18:     0x7d2458257dfa - <unknown>
[INFO] [stdout]   19:     0x7d24582eb3d4 - clone
[INFO] [stdout]   20:                0x0 - <unknown>
[INFO] [stdout] 
[INFO] [stdout] ---- tests::test_show_packages stdout ----
[INFO] [stdout] 
[INFO] [stdout] thread 'tests::test_show_packages' (12026) panicked at src/main.rs:338:9:
[INFO] [stdout] assertion failed: res.is_ok()
[INFO] [stdout] stack backtrace:
[INFO] [stdout]    0:     0x605680110bd1 - <<std[617be2ca0a6fd877]::sys::backtrace::BacktraceLock>::print::DisplayBacktrace as core[a373ad73a504971]::fmt::Display>::fmt
[INFO] [stdout]    1:     0x60568012873a - core[a373ad73a504971]::fmt::write
[INFO] [stdout]    2:     0x605680115d7c - <alloc[2e1b2a31b91974c5]::vec::Vec<u8> as core[a373ad73a504971]::io::write::Write>::write_fmt
[INFO] [stdout]    3:     0x6056800e9c06 - std[617be2ca0a6fd877]::panicking::default_hook::{closure#0}
[INFO] [stdout]    4:     0x6056801079b9 - std[617be2ca0a6fd877]::panicking::default_hook
[INFO] [stdout]    5:     0x60567ffc80f0 - test[aada8e7e76ba119b]::test_main_inner::{closure#0}
[INFO] [stdout]    6:     0x605680107ce2 - std[617be2ca0a6fd877]::panicking::panic_with_hook
[INFO] [stdout]    7:     0x6056800e9ce4 - std[617be2ca0a6fd877]::panicking::panic_handler::{closure#0}
[INFO] [stdout]    8:     0x6056800e2409 - std[617be2ca0a6fd877]::sys::backtrace::__rust_end_short_backtrace::<std[617be2ca0a6fd877]::panicking::panic_handler::{closure#0}, !>
[INFO] [stdout]    9:     0x6056800eab4d - __rustc[ea4f61d10b84890b]::rust_begin_unwind
[INFO] [stdout]   10:     0x605680128f1c - core[a373ad73a504971]::panicking::panic_fmt
[INFO] [stdout]   11:     0x605680128ee2 - core[a373ad73a504971]::panicking::panic
[INFO] [stdout]   12:     0x60567fac51fd - <cocmd[94b724943ac5885c]::tests::test_show_packages::{closure#0} as core[a373ad73a504971]::ops::function::FnOnce<()>>::call_once
[INFO] [stdout]   13:     0x60567ffbb53b - test[aada8e7e76ba119b]::__rust_begin_short_backtrace::<core[a373ad73a504971]::result::Result<(), alloc[2e1b2a31b91974c5]::string::String>, fn() -> core[a373ad73a504971]::result::Result<(), alloc[2e1b2a31b91974c5]::string::String>>
[INFO] [stdout]   14:     0x60567ffc8715 - test[aada8e7e76ba119b]::run_test::{closure#0}
[INFO] [stdout]   15:     0x60567ffc2004 - std[617be2ca0a6fd877]::sys::backtrace::__rust_begin_short_backtrace::<test[aada8e7e76ba119b]::run_test::{closure#1}, ()>
[INFO] [stdout]   16:     0x60567ffcb7a2 - <std[617be2ca0a6fd877]::thread::lifecycle::spawn_unchecked<test[aada8e7e76ba119b]::run_test::{closure#1}, ()>::{closure#1} as core[a373ad73a504971]::ops::function::FnOnce<()>>::call_once::{shim:vtable#0}
[INFO] [stdout]   17:     0x60568010fb3f - <std[617be2ca0a6fd877]::sys::thread::unix::Thread>::new::thread_start
[INFO] [stdout]   18:     0x7d2458257dfa - <unknown>
[INFO] [stdout]   19:     0x7d24582eb3d4 - clone
[INFO] [stdout]   20:                0x0 - <unknown>
[INFO] [stdout] 
[INFO] [stdout] ---- tests::test_uninstall_package_after_double_installation stdout ----
[INFO] [stdout] 
[INFO] [stdout] thread 'tests::test_uninstall_package_after_double_installation' (12033) panicked at src/main.rs:445:9:
[INFO] [stdout] assertion failed: res.is_ok()
[INFO] [stdout] stack backtrace:
[INFO] [stdout]    0:     0x605680110bd1 - <<std[617be2ca0a6fd877]::sys::backtrace::BacktraceLock>::print::DisplayBacktrace as core[a373ad73a504971]::fmt::Display>::fmt
[INFO] [stdout]    1:     0x60568012873a - core[a373ad73a504971]::fmt::write
[INFO] [stdout]    2:     0x605680115d7c - <alloc[2e1b2a31b91974c5]::vec::Vec<u8> as core[a373ad73a504971]::io::write::Write>::write_fmt
[INFO] [stdout]    3:     0x6056800e9c06 - std[617be2ca0a6fd877]::panicking::default_hook::{closure#0}
[INFO] [stdout]    4:     0x6056801079b9 - std[617be2ca0a6fd877]::panicking::default_hook
[INFO] [stdout]    5:     0x60567ffc80f0 - test[aada8e7e76ba119b]::test_main_inner::{closure#0}
[INFO] [stdout]    6:     0x605680107ce2 - std[617be2ca0a6fd877]::panicking::panic_with_hook
[INFO] [stdout]    7:     0x6056800e9ce4 - std[617be2ca0a6fd877]::panicking::panic_handler::{closure#0}
[INFO] [stdout]    8:     0x6056800e2409 - std[617be2ca0a6fd877]::sys::backtrace::__rust_end_short_backtrace::<std[617be2ca0a6fd877]::panicking::panic_handler::{closure#0}, !>
[INFO] [stdout]    9:     0x6056800eab4d - __rustc[ea4f61d10b84890b]::rust_begin_unwind
[INFO] [stdout]   10:     0x605680128f1c - core[a373ad73a504971]::panicking::panic_fmt
[INFO] [stdout]   11:     0x605680128ee2 - core[a373ad73a504971]::panicking::panic
[INFO] [stdout]   12:     0x60567fac7285 - <cocmd[94b724943ac5885c]::tests::test_uninstall_package_after_double_installation::{closure#0} as core[a373ad73a504971]::ops::function::FnOnce<()>>::call_once
[INFO] [stdout]   13:     0x60567ffbb53b - test[aada8e7e76ba119b]::__rust_begin_short_backtrace::<core[a373ad73a504971]::result::Result<(), alloc[2e1b2a31b91974c5]::string::String>, fn() -> core[a373ad73a504971]::result::Result<(), alloc[2e1b2a31b91974c5]::string::String>>
[INFO] [stdout]   14:     0x60567ffc8715 - test[aada8e7e76ba119b]::run_test::{closure#0}
[INFO] [stdout]   15:     0x60567ffc2004 - std[617be2ca0a6fd877]::sys::backtrace::__rust_begin_short_backtrace::<test[aada8e7e76ba119b]::run_test::{closure#1}, ()>
[INFO] [stdout]   16:     0x60567ffcb7a2 - <std[617be2ca0a6fd877]::thread::lifecycle::spawn_unchecked<test[aada8e7e76ba119b]::run_test::{closure#1}, ()>::{closure#1} as core[a373ad73a504971]::ops::function::FnOnce<()>>::call_once::{shim:vtable#0}
[INFO] [stdout]   17:     0x60568010fb3f - <std[617be2ca0a6fd877]::sys::thread::unix::Thread>::new::thread_start
[INFO] [stdout]   18:     0x7d2458257dfa - <unknown>
[INFO] [stdout]   19:     0x7d24582eb3d4 - clone
[INFO] [stdout]   20:                0x0 - <unknown>
[INFO] [stdout] 
[INFO] [stdout] 
[INFO] [stdout] failures:
[INFO] [stdout]     package_provider::hub::tests::test_get_index
[INFO] [stdout]     package_provider::hub::tests::test_get_package
[INFO] [stdout]     package_provider::hub::tests::test_get_package_not_found
[INFO] [stdout]     package_provider::hub::tests::test_get_package_with_version
[INFO] [stdout]     package_provider::hub::tests::test_get_package_with_version_not_found
[INFO] [stdout]     tests::test_install_latest_package
[INFO] [stdout]     tests::test_install_latest_version_after_old
[INFO] [stdout]     tests::test_install_specific_package
[INFO] [stdout]     tests::test_show_package
[INFO] [stdout]     tests::test_show_package_w_version
[INFO] [stdout]     tests::test_show_packages
[INFO] [stdout]     tests::test_show_packages_after_uninstall
[INFO] [stdout]     tests::test_uninstall_package_after_double_installation
[INFO] [stdout] 
[INFO] [stdout] test result: FAILED. 9 passed; 13 failed; 0 ignored; 0 measured; 0 filtered out; finished in 0.46s
[INFO] [stdout] 
[INFO] [stderr] error: test failed, to rerun pass `--bin cocmd`
[INFO] running `Command { std: "docker" "inspect" "ff778cbc4dc985a792a24ab1572e462b11b502d53ef0796f4be14dca310182d9", kill_on_drop: false }`
[INFO] running `Command { std: "docker" "rm" "-f" "ff778cbc4dc985a792a24ab1572e462b11b502d53ef0796f4be14dca310182d9", kill_on_drop: false }`
[INFO] [stdout] ff778cbc4dc985a792a24ab1572e462b11b502d53ef0796f4be14dca310182d9
