[INFO] fetching crate ccht 0.3.3...
[INFO] testing ccht-0.3.3 against 1.100.0-beta.1+cargoflags=--release for beta-release-1.100-2
[INFO] extracting crate ccht 0.3.3 into /workspace/builds/worker-6-tc2/source
[INFO] started tweaking crates.io crate ccht 0.3.3
[INFO] removed 0 missing examples
[INFO] finished tweaking crates.io crate ccht 0.3.3
[INFO] tweaked toml for crates.io crate ccht 0.3.3 written to /workspace/builds/worker-6-tc2/source/Cargo.toml
[INFO] validating manifest of crates.io crate ccht 0.3.3 on toolchain 1.100.0-beta.1
[INFO] running `Command { std: CARGO_HOME="/workspace/cargo-home" RUSTUP_HOME="/workspace/rustup-home" "/workspace/cargo-home/bin/cargo" "+1.100.0-beta.1" "metadata" "--manifest-path" "Cargo.toml" "--no-deps", kill_on_drop: false }`
[INFO] crate crates.io crate ccht 0.3.3 already has a lockfile, it will not be regenerated
[INFO] running `Command { std: CARGO_HOME="/workspace/cargo-home" RUSTUP_HOME="/workspace/rustup-home" "/workspace/cargo-home/bin/cargo" "+1.100.0-beta.1" "fetch" "--manifest-path" "Cargo.toml", kill_on_drop: false }`
[INFO] running `Command { std: "docker" "create" "-v" "/var/lib/crater-agent-workspace/builds/worker-6-tc2/source:/opt/rustwide/workdir:ro,Z" "-v" "/var/lib/crater-agent-workspace/builds/worker-6-tc2/target:/opt/rustwide/target:rw,Z" "-v" "/var/lib/crater-agent-workspace/cargo-home:/opt/rustwide/cargo-home:ro,Z" "-v" "/var/lib/crater-agent-workspace/rustup-home:/opt/rustwide/rustup-home:ro,Z" "-m" "1610612736" "--network" "none" "ghcr.io/rust-lang/crates-build-env/linux@sha256:77db811e55d90add9212f6832c23229e3de5f1c1f9905e8cb07319ea15df73ac" "sleep" "infinity", kill_on_drop: false }`
[INFO] [stdout] 0e29ae293a1f878922bbb4bb9e9bc842ee62cb9618a3ab8dd9581252a64aafc7
[INFO] running `Command { std: "docker" "start" "0e29ae293a1f878922bbb4bb9e9bc842ee62cb9618a3ab8dd9581252a64aafc7", kill_on_drop: false }`
[INFO] running `Command { std: "docker" "inspect" "0e29ae293a1f878922bbb4bb9e9bc842ee62cb9618a3ab8dd9581252a64aafc7", kill_on_drop: false }`
[INFO] running `Command { std: "docker" "exec" "-e" "SOURCE_DIR=/opt/rustwide/workdir" "-e" "CARGO_HOME=/opt/rustwide/cargo-home" "-e" "RUSTUP_HOME=/opt/rustwide/rustup-home" "-e" "CARGO_TARGET_DIR=/opt/rustwide/target" "-w" "/opt/rustwide/workdir" "--user" "0:0" "0e29ae293a1f878922bbb4bb9e9bc842ee62cb9618a3ab8dd9581252a64aafc7" "/opt/rustwide/cargo-home/bin/cargo" "+1.100.0-beta.1" "metadata" "--no-deps" "--format-version=1", kill_on_drop: false }`
[INFO] running `Command { std: "docker" "inspect" "0e29ae293a1f878922bbb4bb9e9bc842ee62cb9618a3ab8dd9581252a64aafc7", kill_on_drop: false }`
[INFO] running `Command { std: "docker" "exec" "-e" "SOURCE_DIR=/opt/rustwide/workdir" "-e" "CARGO_HOME=/opt/rustwide/cargo-home" "-e" "RUSTUP_HOME=/opt/rustwide/rustup-home" "-e" "CARGO_TARGET_DIR=/opt/rustwide/target" "-e" "CARGO_INCREMENTAL=0" "-e" "RUST_BACKTRACE=full" "-e" "RUSTFLAGS=--cap-lints=warn" "-e" "RUSTDOCFLAGS=--cap-lints=warn" "-w" "/opt/rustwide/workdir" "--user" "0:0" "0e29ae293a1f878922bbb4bb9e9bc842ee62cb9618a3ab8dd9581252a64aafc7" "/opt/rustwide/cargo-home/bin/cargo" "+1.100.0-beta.1" "build" "--frozen" "--message-format=json" "--release", kill_on_drop: false }`
[INFO] [stderr]    Compiling crossbeam-utils v0.8.23
[INFO] [stderr]    Compiling serde_core v1.0.229
[INFO] [stderr]    Compiling fastrand v2.5.0
[INFO] [stderr]    Compiling rustix v1.1.4
[INFO] [stderr]    Compiling event-listener v5.4.2
[INFO] [stderr]    Compiling serde_json v1.0.151
[INFO] [stderr]    Compiling ref-cast v1.0.27
[INFO] [stderr]    Compiling bitflags v2.13.2
[INFO] [stderr]    Compiling futures-sink v0.3.34
[INFO] [stderr]    Compiling syn v3.0.5
[INFO] [stderr]    Compiling async-io v2.6.0
[INFO] [stderr]    Compiling strum_macros v0.28.0
[INFO] [stderr]    Compiling derive_more-impl v2.1.1
[INFO] [stderr]    Compiling pin-project-internal v1.1.13
[INFO] [stderr]    Compiling fixedbitset v0.5.7
[INFO] [stderr]    Compiling smallvec v1.16.0
[INFO] [stderr]    Compiling futures-channel v0.3.34
[INFO] [stderr]    Compiling shell-words v1.1.1
[INFO] [stderr]    Compiling futures-lite v2.6.1
[INFO] [stderr]    Compiling piper v0.2.5
[INFO] [stderr]    Compiling event-listener-strategy v0.5.4
[INFO] [stderr]    Compiling async-lock v3.4.2
[INFO] [stderr]    Compiling concurrent-queue v2.5.0
[INFO] [stderr]    Compiling pin-project v1.1.13
[INFO] [stderr]    Compiling async-channel v2.5.0
[INFO] [stderr]    Compiling futures-concurrency v7.7.1
[INFO] [stderr]    Compiling blocking v1.7.0
[INFO] [stderr]    Compiling derive_more v2.1.1
[INFO] [stderr]    Compiling strum v0.28.0
[INFO] [stderr]    Compiling darling_core v0.24.1
[INFO] [stderr]    Compiling serde_derive_internals v0.30.0
[INFO] [stderr]    Compiling ref-cast-impl v1.0.27
[INFO] [stderr]    Compiling serde_derive v1.0.229
[INFO] [stderr]    Compiling futures-macro v0.3.34
[INFO] [stderr]    Compiling thiserror-impl v2.0.20
[INFO] [stderr]    Compiling agent-client-protocol-derive v2.1.0
[INFO] [stderr]    Compiling tokio-macros v2.7.2
[INFO] [stderr]    Compiling schemars_derive v1.2.2
[INFO] [stderr]    Compiling futures-util v0.3.34
[INFO] [stderr]    Compiling tokio v1.53.1
[INFO] [stderr]    Compiling darling_macro v0.24.1
[INFO] [stderr]    Compiling thiserror v2.0.20
[INFO] [stderr]    Compiling darling v0.24.1
[INFO] [stderr]    Compiling serde_with_macros v3.23.0
[INFO] [stderr]    Compiling polling v3.11.0
[INFO] [stderr]    Compiling async-signal v0.2.14
[INFO] [stderr]    Compiling serde v1.0.229
[INFO] [stderr]    Compiling async-process v2.5.0
[INFO] [stderr]    Compiling schemars v1.2.2
[INFO] [stderr]    Compiling serde_with v3.23.0
[INFO] [stderr]    Compiling futures-executor v0.3.34
[INFO] [stderr]    Compiling futures v0.3.34
[INFO] [stderr]    Compiling agent-client-protocol-schema v1.7.0
[INFO] [stderr]    Compiling agent-client-protocol v2.1.0
[INFO] [stderr]    Compiling ccht v0.3.3 (/opt/rustwide/workdir)
[INFO] [stderr]     Finished `release` profile [optimized] target(s) in 1m 38s
[INFO] running `Command { std: "docker" "inspect" "0e29ae293a1f878922bbb4bb9e9bc842ee62cb9618a3ab8dd9581252a64aafc7", kill_on_drop: false }`
[INFO] running `Command { std: "docker" "exec" "-e" "SOURCE_DIR=/opt/rustwide/workdir" "-e" "CARGO_HOME=/opt/rustwide/cargo-home" "-e" "RUSTUP_HOME=/opt/rustwide/rustup-home" "-e" "CARGO_TARGET_DIR=/opt/rustwide/target" "-e" "CARGO_INCREMENTAL=0" "-e" "RUST_BACKTRACE=full" "-e" "RUSTFLAGS=--cap-lints=warn" "-e" "RUSTDOCFLAGS=--cap-lints=warn" "-w" "/opt/rustwide/workdir" "--user" "0:0" "0e29ae293a1f878922bbb4bb9e9bc842ee62cb9618a3ab8dd9581252a64aafc7" "/opt/rustwide/cargo-home/bin/cargo" "+1.100.0-beta.1" "test" "--frozen" "--no-run" "--message-format=json" "--release", kill_on_drop: false }`
[INFO] [stderr]    Compiling ccht v0.3.3 (/opt/rustwide/workdir)
[INFO] [stderr]     Finished `release` profile [optimized] target(s) in 48.55s
[INFO] running `Command { std: "docker" "inspect" "0e29ae293a1f878922bbb4bb9e9bc842ee62cb9618a3ab8dd9581252a64aafc7", kill_on_drop: false }`
[INFO] running `Command { std: "docker" "exec" "-e" "SOURCE_DIR=/opt/rustwide/workdir" "-e" "CARGO_HOME=/opt/rustwide/cargo-home" "-e" "RUSTUP_HOME=/opt/rustwide/rustup-home" "-e" "CARGO_TARGET_DIR=/opt/rustwide/target" "-e" "CARGO_INCREMENTAL=0" "-e" "RUST_BACKTRACE=full" "-e" "RUSTFLAGS=--cap-lints=warn" "-e" "RUSTDOCFLAGS=--cap-lints=warn" "-w" "/opt/rustwide/workdir" "--user" "0:0" "0e29ae293a1f878922bbb4bb9e9bc842ee62cb9618a3ab8dd9581252a64aafc7" "/opt/rustwide/cargo-home/bin/cargo" "+1.100.0-beta.1" "test" "--frozen" "--release", kill_on_drop: false }`
[INFO] [stderr]     Finished `release` profile [optimized] target(s) in 0.23s
[INFO] [stderr]      Running unittests src/lib.rs (/opt/rustwide/target/release/build/ccht/258d68af3e36fd6d/out/ccht-258d68af3e36fd6d)
[INFO] [stdout] 
[INFO] [stdout] running 92 tests
[INFO] [stdout] test auth::tests::wire_codes_map_to_shared_state ... ok
[INFO] [stdout] test configuration::tests::model_option_is_none_without_advertised_model ... ok
[INFO] [stdout] test auth::tests::api_key_state_save_and_sign_out ... ok
[INFO] [stdout] test configuration::tests::apply_replaces_options_and_tracks_current_mode ... ok
[INFO] [stdout] test configuration::tests::grouped_selectors_and_boolean_controls_preserve_exact_types ... ok
[INFO] [stdout] test auth::tests::api_key_state_reloads_on_service_change ... ok
[INFO] [stdout] test conversation::tests::invalid_json_versions_and_capacity_fail_without_mutation ... ok
[INFO] [stdout] test auth::tests::api_key_state_keeps_key_for_same_service ... ok
[INFO] [stdout] test configuration::tests::model_display_name_prefers_label_over_value ... ok
[INFO] [stdout] test configuration::tests::model_display_name_falls_back_to_raw_value ... ok
[INFO] [stdout] test configuration::tests::model_display_name_is_none_without_select_model ... ok
[INFO] [stdout] test auth::tests::api_key_state_starts_unauthenticated ... ok
[INFO] [stdout] test conversation::tests::browser_agent_tool_turn_replays_through_the_shared_model ... ok
[INFO] [stdout] test conversation::tests::gaps_and_late_updates_do_not_mutate_state ... ok
[INFO] [stdout] test auth::tests::memory_store_roundtrips ... ok
[INFO] [stdout] test auth::tests::auth_state_reports_readiness ... ok
[INFO] [stdout] test auth::tests::api_key_state_prefers_environment_and_locks_reset ... ok
[INFO] [stdout] test conversation::tests::browser_agent_error_code_is_a_failed_turn ... ok
[INFO] [stdout] test dock::tests::id_rejects_empty ... ok
[INFO] [stdout] test dock::tests::multi_open_docks_are_independent ... ok
[INFO] [stdout] test conversation::tests::tool_updates_preserve_structure_and_resolve_permissions ... ok
[INFO] [stdout] test conversation::tests::prompt_text_and_error_events_shape_turn_status ... ok
[INFO] [stdout] test dock::tests::focus_token_lifecycle ... ok
[INFO] [stdout] test conversation::tests::isolated_conversations_and_idempotent_replay ... ok
[INFO] [stdout] test dock::tests::id_rejects_too_long ... ok
[INFO] [stdout] test dock::tests::close_all_closes_docks_but_keeps_token ... ok
[INFO] [stdout] test dock::tests::id_accepts_valid_charset ... ok
[INFO] [stdout] test dock::tests::open_close_toggle_idempotency_and_unknown ... ok
[INFO] [stdout] test dock::tests::error_messages_never_carry_focus_tokens ... ok
[INFO] [stdout] test dock::tests::set_placement_updates_only_target ... ok
[INFO] [stdout] test native::drivers::tests::driver_types_are_send ... ok
[INFO] [stdout] test native::drivers::tests::account_presence_requires_a_non_empty_label ... ok
[INFO] [stdout] test native::drivers::tests::error_codes_stay_stable ... ok
[INFO] [stdout] test native::env::tests::apply_to_command_filters_env_without_touching_program ... ok
[INFO] [stdout] test native::drivers::tests::device_login_rejects_a_bad_challenge_before_display_or_poll ... ok
[INFO] [stdout] test native::env::tests::empty_environment_stays_empty_and_names_are_case_sensitive ... ok
[INFO] [stdout] test dock::tests::id_accepts_exact_64_chars ... ok
[INFO] [stdout] test dock::tests::register_ok_and_duplicate ... ok
[INFO] [stdout] test native::env::tests::permissive_still_blanks_secrets ... ok
[INFO] [stdout] test native::env::tests::strict_keeps_allowlist_and_blanks_secrets ... ok
[INFO] [stdout] test dock::tests::open_docks_content_and_order ... ok
[INFO] [stdout] test native::drivers::tests::challenge_rejects_bad_shapes ... ok
[INFO] [stdout] test conversation::tests::non_text_content_preserves_user_assistant_and_thought_roles ... ok
[INFO] [stdout] test native::drivers::tests::device_login_displays_then_polls_a_valid_challenge ... ok
[INFO] [stdout] test native::env::tests::agent_command_debug_shows_keys_only ... ok
[INFO] [stdout] test dock::tests::id_rejects_invalid_characters ... ok
[INFO] [stdout] test native::env::tests::permissive_is_a_documented_superset_of_strict ... ok
[INFO] [stdout] test dock::tests::serde_roundtrip_preserves_state_without_focus_token ... ok
[INFO] [stdout] test native::drivers::tests::device_login_returns_immediate_states_without_a_challenge ... ok
[INFO] [stdout] test native::tests::agent_command_validates_stdio_shape_without_spawning ... ok
[INFO] [stdout] test native::drivers::tests::challenge_accepts_well_formed_input ... ok
[INFO] [stdout] test native::tests::codex_cancel_stops_helper_and_reports_cancelled ... ok
[INFO] [stdout] test native::pool::tests::sequential_turns_get_unique_request_ids ... ok
[INFO] [stdout] test native::tests::default_permissions_deny_without_user_approval ... ok
[INFO] [stdout] test native::tests::codex_poll_times_out_without_browser_approval ... FAILED
[INFO] [stdout] test native::tests::native_error_maps_to_shared_login_state ... ok
[INFO] [stdout] test native::pool::tests::parallel_keys_complete_independently ... ok
[INFO] [stdout] test native::tests::codex_declined_approval_reports_failed ... ok
[INFO] [stdout] test native::tests::active_prompt_rejects_overlap_and_cancels_cooperatively ... ok
[INFO] [stdout] test native::tests::advertised_controls_preserve_dependent_changes_and_reject_invalid_values ... ok
[INFO] [stdout] test native::pool::tests::missing_keys_fail_without_creating_sessions ... ok
[INFO] [stdout] test native::tests::dropping_connect_during_initialization_really_terminates_its_children ... ok
[INFO] [stdout] test native::tests::seal_parent_env_keeps_explicit_entries_and_blanks_secrets ... ok
[INFO] [stdout] test native::tests::sealed_parent_env_builder_matches_in_place_variant ... ok
[INFO] [stdout] test native::well_known::tests::argument_shapes_match_vendor_acp_contracts ... ok
[INFO] [stdout] test native::well_known::tests::every_entry_builds_a_valid_stdio_command ... ok
[INFO] [stdout] test native::well_known::tests::ids_are_unique_and_findable ... ok
[INFO] [stdout] test transport::tests::closed_and_unsupported_variants_stay_static ... ok
[INFO] [stdout] test transport::tests::error_messages_never_echo_addresses ... ok
[INFO] [stdout] test transport::tests::socket_accepts_supported_schemes_with_host ... ok
[INFO] [stdout] test transport::tests::socket_hint_is_none_for_blank_address ... ok
[INFO] [stdout] test transport::tests::socket_rejects_missing_or_unsupported_address ... ok
[INFO] [stdout] test transport::tests::socket_scheme_match_is_case_insensitive ... ok
[INFO] [stdout] test transport::tests::stdio_accepts_explicit_program ... ok
[INFO] [stdout] test transport::tests::stdio_hint_trims_program_name ... ok
[INFO] [stdout] test transport::tests::stdio_rejects_empty_program ... ok
[INFO] [stdout] test transport::tests::transports_are_send ... ok
[INFO] [stdout] test native::tests::model_selection_is_explicit_and_api_key_overrides_are_rejected ... ok
[INFO] [stdout] test native::tests::auth_errors_exclude_peer_secrets_and_unknown_host_requests_fail ... ok
[INFO] [stdout] test native::tests::codex_challenge_round_trip_projects_presence ... ok
[INFO] [stdout] test native::tests::installed_launcher_sets_the_actual_startup_directory ... ok
[INFO] [stdout] test native::tests::permission_responses_are_validated_and_isolated_between_sessions ... ok
[INFO] [stdout] test native::tests::slow_consumers_fail_with_bounded_buffer_and_shutdown ... ok
[INFO] [stdout] test native::tests::opencode_start_times_out_when_server_never_ready ... ok
[INFO] [stdout] test native::tests::ordered_stream_and_multiple_turns_keep_one_session ... ok
[INFO] [stdout] test native::tests::codex_rejects_malformed_challenge_without_leak ... ok
[INFO] [stdout] test native::tests::restoration_preserves_history_before_new_prompt_identity ... ok
[INFO] [stdout] test native::tests::driver_debug_and_errors_omit_key_material ... ok
[INFO] [stdout] test native::tests::opencode_key_login_confirms_connected ... ok
[INFO] [stdout] test native::tests::ignored_cancellation_really_terminates_the_sdk_process_group ... ok
[INFO] [stdout] test native::tests::ignored_cancellation_and_abandoned_prompts_close_the_connection ... ok
[INFO] [stdout] test native::pool::tests::second_prompt_on_busy_key_fails_cleanly ... ok
[INFO] [stdout] 
[INFO] [stdout] failures:
[INFO] [stdout] 
[INFO] [stdout] ---- native::tests::codex_poll_times_out_without_browser_approval stdout ----
[INFO] [stdout] 
[INFO] [stdout] thread 'native::tests::codex_poll_times_out_without_browser_approval' (1525) panicked at src/native/tests.rs:576:38:
[INFO] [stdout] called `Result::unwrap()` on an `Err` value: Timeout
[INFO] [stdout] stack backtrace:
[INFO] [stdout]    0:     0x60e278be58e1 - <<std[617be2ca0a6fd877]::sys::backtrace::BacktraceLock>::print::DisplayBacktrace as core[a373ad73a504971]::fmt::Display>::fmt
[INFO] [stdout]    1:     0x60e278bfc99a - core[a373ad73a504971]::fmt::write
[INFO] [stdout]    2:     0x60e278bea8ac - <alloc[2e1b2a31b91974c5]::vec::Vec<u8> as core[a373ad73a504971]::io::write::Write>::write_fmt
[INFO] [stdout]    3:     0x60e278bbf8f6 - std[617be2ca0a6fd877]::panicking::default_hook::{closure#0}
[INFO] [stdout]    4:     0x60e278bdcf59 - std[617be2ca0a6fd877]::panicking::default_hook
[INFO] [stdout]    5:     0x60e278a9dd10 - test[aada8e7e76ba119b]::test_main_inner::{closure#0}
[INFO] [stdout]    6:     0x60e278bdd282 - std[617be2ca0a6fd877]::panicking::panic_with_hook
[INFO] [stdout]    7:     0x60e278bbf9a2 - std[617be2ca0a6fd877]::panicking::panic_handler::{closure#0}
[INFO] [stdout]    8:     0x60e278bb8209 - std[617be2ca0a6fd877]::sys::backtrace::__rust_end_short_backtrace::<std[617be2ca0a6fd877]::panicking::panic_handler::{closure#0}, !>
[INFO] [stdout]    9:     0x60e278bc09bd - __rustc[ea4f61d10b84890b]::rust_begin_unwind
[INFO] [stdout]   10:     0x60e278bfd0fc - core[a373ad73a504971]::panicking::panic_fmt
[INFO] [stdout]   11:     0x60e278bfced2 - core[a373ad73a504971]::result::unwrap_failed
[INFO] [stdout]   12:     0x60e278937d2d - ccht[1e9c61aa1b0cc25d]::native::tests::codex_poll_times_out_without_browser_approval::{closure#0}
[INFO] [stdout]   13:     0x60e278996263 - <tokio[18bbd6e7241ec4bf]::runtime::scheduler::current_thread::Context>::enter::<core[a373ad73a504971]::task::poll::Poll<()>, <tokio[18bbd6e7241ec4bf]::runtime::scheduler::current_thread::CoreGuard>::block_on<core[a373ad73a504971]::pin::Pin<&mut core[a373ad73a504971]::pin::Pin<&mut dyn core[a373ad73a504971]::future::future::Future<Output = ()>>>>::{closure#0}::{closure#0}>
[INFO] [stdout]   14:     0x60e278a4fa4c - <tokio[18bbd6e7241ec4bf]::runtime::context::scoped::Scoped<tokio[18bbd6e7241ec4bf]::runtime::scheduler::Context>>::set::<<tokio[18bbd6e7241ec4bf]::runtime::scheduler::current_thread::CoreGuard>::enter<<tokio[18bbd6e7241ec4bf]::runtime::scheduler::current_thread::CoreGuard>::block_on<core[a373ad73a504971]::pin::Pin<&mut core[a373ad73a504971]::pin::Pin<&mut dyn core[a373ad73a504971]::future::future::Future<Output = ()>>>>::{closure#0}, core[a373ad73a504971]::option::Option<()>>::{closure#0}, (alloc[2e1b2a31b91974c5]::boxed::Box<tokio[18bbd6e7241ec4bf]::runtime::scheduler::current_thread::Core>, core[a373ad73a504971]::option::Option<()>)>
[INFO] [stdout]   15:     0x60e278997207 - <tokio[18bbd6e7241ec4bf]::runtime::scheduler::current_thread::CoreGuard>::block_on::<core[a373ad73a504971]::pin::Pin<&mut core[a373ad73a504971]::pin::Pin<&mut dyn core[a373ad73a504971]::future::future::Future<Output = ()>>>>
[INFO] [stdout]   16:     0x60e278984d1d - tokio[18bbd6e7241ec4bf]::runtime::context::runtime::enter_runtime::<<tokio[18bbd6e7241ec4bf]::runtime::scheduler::current_thread::CurrentThread>::block_on<core[a373ad73a504971]::pin::Pin<&mut dyn core[a373ad73a504971]::future::future::Future<Output = ()>>>::{closure#0}, ()>
[INFO] [stdout]   17:     0x60e2789954c5 - <tokio[18bbd6e7241ec4bf]::runtime::runtime::Runtime>::block_on::<core[a373ad73a504971]::pin::Pin<&mut dyn core[a373ad73a504971]::future::future::Future<Output = ()>>>
[INFO] [stdout]   18:     0x60e27894bebe - <ccht[1e9c61aa1b0cc25d]::native::tests::codex_poll_times_out_without_browser_approval::{closure#0} as core[a373ad73a504971]::ops::function::FnOnce<()>>::call_once
[INFO] [stdout]   19:     0x60e278a9115b - test[aada8e7e76ba119b]::__rust_begin_short_backtrace::<core[a373ad73a504971]::result::Result<(), alloc[2e1b2a31b91974c5]::string::String>, fn() -> core[a373ad73a504971]::result::Result<(), alloc[2e1b2a31b91974c5]::string::String>>
[INFO] [stdout]   20:     0x60e278a9e335 - test[aada8e7e76ba119b]::run_test::{closure#0}
[INFO] [stdout]   21:     0x60e278a97c24 - std[617be2ca0a6fd877]::sys::backtrace::__rust_begin_short_backtrace::<test[aada8e7e76ba119b]::run_test::{closure#1}, ()>
[INFO] [stdout]   22:     0x60e278aa13c2 - <std[617be2ca0a6fd877]::thread::lifecycle::spawn_unchecked<test[aada8e7e76ba119b]::run_test::{closure#1}, ()>::{closure#1} as core[a373ad73a504971]::ops::function::FnOnce<()>>::call_once::{shim:vtable#0}
[INFO] [stdout]   23:     0x60e278be471f - <std[617be2ca0a6fd877]::sys::thread::unix::Thread>::new::thread_start
[INFO] [stdout]   24:     0x7de9bc714dfa - <unknown>
[INFO] [stdout]   25:     0x7de9bc7a83d4 - clone
[INFO] [stdout]   26:                0x0 - <unknown>
[INFO] [stdout] 
[INFO] [stdout] 
[INFO] [stdout] failures:
[INFO] [stdout]     native::tests::codex_poll_times_out_without_browser_approval
[INFO] [stdout] 
[INFO] [stdout] test result: FAILED. 91 passed; 1 failed; 0 ignored; 0 measured; 0 filtered out; finished in 5.42s
[INFO] [stdout] 
[INFO] [stderr] error: test failed, to rerun pass `--lib`
[INFO] running `Command { std: "docker" "inspect" "0e29ae293a1f878922bbb4bb9e9bc842ee62cb9618a3ab8dd9581252a64aafc7", kill_on_drop: false }`
[INFO] running `Command { std: "docker" "rm" "-f" "0e29ae293a1f878922bbb4bb9e9bc842ee62cb9618a3ab8dd9581252a64aafc7", kill_on_drop: false }`
[INFO] [stdout] 0e29ae293a1f878922bbb4bb9e9bc842ee62cb9618a3ab8dd9581252a64aafc7
