[INFO] fetching crate cargo-sloc 0.1.7...
[INFO] testing cargo-sloc-0.1.7 against 1.100.0-beta.1+cargoflags=--release for beta-release-1.100-2
[INFO] extracting crate cargo-sloc 0.1.7 into /workspace/builds/worker-7-tc2/source
[INFO] started tweaking crates.io crate cargo-sloc 0.1.7
[INFO] removed 0 missing tests
[INFO] finished tweaking crates.io crate cargo-sloc 0.1.7
[INFO] tweaked toml for crates.io crate cargo-sloc 0.1.7 written to /workspace/builds/worker-7-tc2/source/Cargo.toml
[INFO] validating manifest of crates.io crate cargo-sloc 0.1.7 on toolchain 1.100.0-beta.1
[INFO] running `Command { std: CARGO_HOME="/workspace/cargo-home" RUSTUP_HOME="/workspace/rustup-home" "/workspace/cargo-home/bin/cargo" "+1.100.0-beta.1" "metadata" "--manifest-path" "Cargo.toml" "--no-deps", kill_on_drop: false }`
[INFO] crate crates.io crate cargo-sloc 0.1.7 already has a lockfile, it will not be regenerated
[INFO] running `Command { std: CARGO_HOME="/workspace/cargo-home" RUSTUP_HOME="/workspace/rustup-home" "/workspace/cargo-home/bin/cargo" "+1.100.0-beta.1" "fetch" "--manifest-path" "Cargo.toml", kill_on_drop: false }`
[INFO] running `Command { std: "docker" "create" "-v" "/var/lib/crater-agent-workspace/builds/worker-7-tc2/source:/opt/rustwide/workdir:ro,Z" "-v" "/var/lib/crater-agent-workspace/builds/worker-7-tc2/target:/opt/rustwide/target:rw,Z" "-v" "/var/lib/crater-agent-workspace/cargo-home:/opt/rustwide/cargo-home:ro,Z" "-v" "/var/lib/crater-agent-workspace/rustup-home:/opt/rustwide/rustup-home:ro,Z" "-m" "1610612736" "--network" "none" "ghcr.io/rust-lang/crates-build-env/linux@sha256:77db811e55d90add9212f6832c23229e3de5f1c1f9905e8cb07319ea15df73ac" "sleep" "infinity", kill_on_drop: false }`
[INFO] [stdout] fbbba944dbca9a9875423539056ef07da38e470f642d1d09c6fccf9205c09cea
[INFO] running `Command { std: "docker" "start" "fbbba944dbca9a9875423539056ef07da38e470f642d1d09c6fccf9205c09cea", kill_on_drop: false }`
[INFO] running `Command { std: "docker" "inspect" "fbbba944dbca9a9875423539056ef07da38e470f642d1d09c6fccf9205c09cea", kill_on_drop: false }`
[INFO] running `Command { std: "docker" "exec" "-e" "SOURCE_DIR=/opt/rustwide/workdir" "-e" "CARGO_HOME=/opt/rustwide/cargo-home" "-e" "RUSTUP_HOME=/opt/rustwide/rustup-home" "-e" "CARGO_TARGET_DIR=/opt/rustwide/target" "-w" "/opt/rustwide/workdir" "--user" "0:0" "fbbba944dbca9a9875423539056ef07da38e470f642d1d09c6fccf9205c09cea" "/opt/rustwide/cargo-home/bin/cargo" "+1.100.0-beta.1" "metadata" "--no-deps" "--format-version=1", kill_on_drop: false }`
[INFO] running `Command { std: "docker" "inspect" "fbbba944dbca9a9875423539056ef07da38e470f642d1d09c6fccf9205c09cea", kill_on_drop: false }`
[INFO] running `Command { std: "docker" "exec" "-e" "SOURCE_DIR=/opt/rustwide/workdir" "-e" "CARGO_HOME=/opt/rustwide/cargo-home" "-e" "RUSTUP_HOME=/opt/rustwide/rustup-home" "-e" "CARGO_TARGET_DIR=/opt/rustwide/target" "-e" "CARGO_INCREMENTAL=0" "-e" "RUST_BACKTRACE=full" "-e" "RUSTFLAGS=--cap-lints=warn" "-e" "RUSTDOCFLAGS=--cap-lints=warn" "-w" "/opt/rustwide/workdir" "--user" "0:0" "fbbba944dbca9a9875423539056ef07da38e470f642d1d09c6fccf9205c09cea" "/opt/rustwide/cargo-home/bin/cargo" "+1.100.0-beta.1" "build" "--frozen" "--message-format=json" "--release", kill_on_drop: false }`
[INFO] [stderr]    Compiling memchr v2.8.3
[INFO] [stderr]    Compiling serde_core v1.0.229
[INFO] [stderr]    Compiling zerocopy v0.8.56
[INFO] [stderr]    Compiling libc v0.2.189
[INFO] [stderr]    Compiling crossbeam-epoch v0.9.20
[INFO] [stderr]    Compiling regex-syntax v0.8.11
[INFO] [stderr]    Compiling crossbeam-deque v0.8.7
[INFO] [stderr]    Compiling siphasher v1.0.3
[INFO] [stderr]    Compiling serde v1.0.229
[INFO] [stderr]    Compiling crossbeam-utils v0.8.22
[INFO] [stderr]    Compiling either v1.18.0
[INFO] [stderr]    Compiling syn v3.0.4
[INFO] [stderr]    Compiling syn v2.0.119
[INFO] [stderr]    Compiling smallvec v1.15.2
[INFO] [stderr]    Compiling num-traits v0.2.19
[INFO] [stderr]    Compiling log v0.4.34
[INFO] [stderr]    Compiling libm v0.2.16
[INFO] [stderr]    Compiling phf_shared v0.11.3
[INFO] [stderr]    Compiling phf v0.11.3
[INFO] [stderr]    Compiling iana-time-zone v0.1.65
[INFO] [stderr]    Compiling serde_json v1.0.151
[INFO] [stderr]    Compiling aho-corasick v1.1.5
[INFO] [stderr]    Compiling bitflags v2.13.1
[INFO] [stderr]    Compiling target-lexicon v0.13.5
[INFO] [stderr]    Compiling camino v1.2.5
[INFO] [stderr]    Compiling chrono v0.4.45
[INFO] [stderr]    Compiling pest v2.9.0
[INFO] [stderr]    Compiling bstr v1.13.1
[INFO] [stderr]    Compiling deunicode v1.6.2
[INFO] [stderr]    Compiling slug v0.1.6
[INFO] [stderr]    Compiling hashbrown v0.14.5
[INFO] [stderr]    Compiling guppy-workspace-hack v0.1.0
[INFO] [stderr]    Compiling winnow v1.0.4
[INFO] [stderr]    Compiling unicode-segmentation v1.13.3
[INFO] [stderr]    Compiling getrandom v0.2.17
[INFO] [stderr]    Compiling rand_core v0.6.4
[INFO] [stderr]    Compiling humansize v2.1.3
[INFO] [stderr]    Compiling tracing v0.1.44
[INFO] [stderr]    Compiling toml_parser v1.1.3+spec-1.1.0
[INFO] [stderr]    Compiling parking_lot_core v0.9.12
[INFO] [stderr]    Compiling crossbeam-channel v0.5.16
[INFO] [stderr]    Compiling regex-automata v0.4.18
[INFO] [stderr]    Compiling pest_meta v2.9.0
[INFO] [stderr]    Compiling toml_writer v1.1.2+spec-1.1.0
[INFO] [stderr]    Compiling target-spec v3.6.0
[INFO] [stderr]    Compiling unicode-properties v0.1.4
[INFO] [stderr]    Compiling colored v2.2.0
[INFO] [stderr]    Compiling encoding_rs_io v0.1.8
[INFO] [stderr]    Compiling ra-ap-rustc_lexer v0.166.0
[INFO] [stderr]    Compiling cfg-expr v0.20.9
[INFO] [stderr]    Compiling rayon-core v1.13.0
[INFO] [stderr]    Compiling getrandom v0.3.4
[INFO] [stderr]    Compiling pest_generator v2.9.0
[INFO] [stderr]    Compiling itertools v0.11.0
[INFO] [stderr]    Compiling itertools v0.15.0
[INFO] [stderr]    Compiling thiserror-impl v1.0.69
[INFO] [stderr]    Compiling derive_arbitrary v1.4.2
[INFO] [stderr]    Compiling toml_datetime v1.1.1+spec-1.1.0
[INFO] [stderr]    Compiling serde_spanned v1.1.1
[INFO] [stderr]    Compiling pest_derive v2.9.0
[INFO] [stderr]    Compiling semver v1.0.28
[INFO] [stderr]    Compiling json5 v0.4.1
[INFO] [stderr]    Compiling toml v1.1.4+spec-1.1.0
[INFO] [stderr]    Compiling cargo-platform v0.3.3
[INFO] [stderr]    Compiling memmap2 v0.9.11
[INFO] [stderr]    Compiling grep-matcher v0.1.9
[INFO] [stderr]    Compiling text-size v1.1.1
[INFO] [stderr]    Compiling drop_bomb v0.1.5
[INFO] [stderr]    Compiling rustc-literal-escaper v0.0.7
[INFO] [stderr]    Compiling home v0.5.12
[INFO] [stderr]    Compiling jod-thread v1.0.0
[INFO] [stderr]    Compiling countme v3.0.1
[INFO] [stderr]    Compiling fixedbitset v0.5.7
[INFO] [stderr]    Compiling ra_ap_edition v0.0.349
[INFO] [stderr]    Compiling etcetera v0.8.0
[INFO] [stderr]    Compiling thiserror v1.0.69
[INFO] [stderr]    Compiling ra_ap_parser v0.0.349
[INFO] [stderr]    Compiling rowan v0.17.0
[INFO] [stderr]    Compiling grep-searcher v0.1.17
[INFO] [stderr]    Compiling table_formatter v0.6.1
[INFO] [stderr]    Compiling petgraph v0.8.3
[INFO] [stderr]    Compiling pathdiff v0.2.3
[INFO] [stderr]    Compiling arbitrary v1.4.2
[INFO] [stderr]    Compiling regex v1.13.1
[INFO] [stderr]    Compiling serde_derive v1.0.229
[INFO] [stderr]    Compiling globset v0.4.20
[INFO] [stderr]    Compiling thiserror-impl v2.0.20
[INFO] [stderr]    Compiling clap_derive v4.6.4
[INFO] [stderr]    Compiling ppv-lite86 v0.2.21
[INFO] [stderr]    Compiling parse-zoneinfo v0.3.1
[INFO] [stderr]    Compiling rand_chacha v0.3.1
[INFO] [stderr]    Compiling ignore v0.4.33
[INFO] [stderr]    Compiling rand v0.8.7
[INFO] [stderr]    Compiling phf_generator v0.11.3
[INFO] [stderr]    Compiling phf_codegen v0.11.3
[INFO] [stderr]    Compiling globwalk v0.9.1
[INFO] [stderr]    Compiling chrono-tz-build v0.3.0
[INFO] [stderr]    Compiling thiserror v2.0.20
[INFO] [stderr]    Compiling ra_ap_stdx v0.0.349
[INFO] [stderr]    Compiling rayon v1.12.0
[INFO] [stderr]    Compiling chrono-tz v0.9.0
[INFO] [stderr]    Compiling parking_lot v0.12.5
[INFO] [stderr]    Compiling itertools v0.14.0
[INFO] [stderr]    Compiling ahash v0.8.12
[INFO] [stderr]    Compiling term_size v0.3.2
[INFO] [stderr]    Compiling triomphe v0.1.16
[INFO] [stderr]    Compiling clap v4.6.6
[INFO] [stderr]    Compiling clap-cargo v0.18.3
[INFO] [stderr]    Compiling rustc-hash v2.1.3
[INFO] [stderr]    Compiling nested v0.1.1
[INFO] [stderr]    Compiling debug-ignore v1.0.5
[INFO] [stderr]    Compiling smol_str v0.3.6
[INFO] [stderr]    Compiling comfy-table v7.2.2
[INFO] [stderr]    Compiling ra_ap_syntax v0.0.349
[INFO] [stderr]    Compiling serde_spanned v0.6.9
[INFO] [stderr]    Compiling toml_datetime v0.6.11
[INFO] [stderr]    Compiling tera v1.20.1
[INFO] [stderr]    Compiling toml_edit v0.22.27
[INFO] [stderr]    Compiling dashmap v6.2.1
[INFO] [stderr]    Compiling cargo_metadata v0.23.1
[INFO] [stderr]    Compiling cargo-config2 v0.1.45
[INFO] [stderr]    Compiling cargo_toml v1.0.0
[INFO] [stderr]    Compiling guppy v0.17.26
[INFO] [stderr]    Compiling toml v0.8.23
[INFO] [stderr]    Compiling tokei v14.0.0
[INFO] [stderr]    Compiling cargo-sloc v0.1.7 (/opt/rustwide/workdir)
[INFO] [stderr]     Finished `release` profile [optimized] target(s) in 2m 19s
[INFO] running `Command { std: "docker" "inspect" "fbbba944dbca9a9875423539056ef07da38e470f642d1d09c6fccf9205c09cea", kill_on_drop: false }`
[INFO] running `Command { std: "docker" "exec" "-e" "SOURCE_DIR=/opt/rustwide/workdir" "-e" "CARGO_HOME=/opt/rustwide/cargo-home" "-e" "RUSTUP_HOME=/opt/rustwide/rustup-home" "-e" "CARGO_TARGET_DIR=/opt/rustwide/target" "-e" "CARGO_INCREMENTAL=0" "-e" "RUST_BACKTRACE=full" "-e" "RUSTFLAGS=--cap-lints=warn" "-e" "RUSTDOCFLAGS=--cap-lints=warn" "-w" "/opt/rustwide/workdir" "--user" "0:0" "fbbba944dbca9a9875423539056ef07da38e470f642d1d09c6fccf9205c09cea" "/opt/rustwide/cargo-home/bin/cargo" "+1.100.0-beta.1" "test" "--frozen" "--no-run" "--message-format=json" "--release", kill_on_drop: false }`
[INFO] [stderr]    Compiling zerocopy v0.8.56
[INFO] [stderr]    Compiling syn v2.0.119
[INFO] [stderr]    Compiling serde v1.0.229
[INFO] [stderr]    Compiling find-msvc-tools v0.1.11
[INFO] [stderr]    Compiling num-traits v0.2.19
[INFO] [stderr]    Compiling ciborium-io v0.2.2
[INFO] [stderr]    Compiling itertools v0.13.0
[INFO] [stderr]    Compiling bitflags v2.13.1
[INFO] [stderr]    Compiling cast v0.3.0
[INFO] [stderr]    Compiling page_size v0.6.0
[INFO] [stderr]    Compiling oorandom v11.1.5
[INFO] [stderr]    Compiling anes v0.1.6
[INFO] [stderr]    Compiling cc v1.4.4
[INFO] [stderr]    Compiling rustix v1.1.4
[INFO] [stderr]    Compiling toml_datetime v0.6.11
[INFO] [stderr]    Compiling serde_spanned v0.6.9
[INFO] [stderr]    Compiling dashmap v6.2.1
[INFO] [stderr]    Compiling cargo_metadata v0.23.1
[INFO] [stderr]    Compiling cargo-config2 v0.1.45
[INFO] [stderr]    Compiling cargo_toml v1.0.0
[INFO] [stderr]    Compiling tinytemplate v1.2.1
[INFO] [stderr]    Compiling toml_edit v0.22.27
[INFO] [stderr]    Compiling alloca v0.4.0
[INFO] [stderr]    Compiling criterion-plot v0.8.2
[INFO] [stderr]    Compiling tempfile v3.27.0
[INFO] [stderr]    Compiling toml v0.8.23
[INFO] [stderr]    Compiling pest_generator v2.9.0
[INFO] [stderr]    Compiling zerocopy-derive v0.8.56
[INFO] [stderr]    Compiling thiserror-impl v1.0.69
[INFO] [stderr]    Compiling derive_arbitrary v1.4.2
[INFO] [stderr]    Compiling pest_derive v2.9.0
[INFO] [stderr]    Compiling json5 v0.4.1
[INFO] [stderr]    Compiling tera v1.20.1
[INFO] [stderr]    Compiling arbitrary v1.4.2
[INFO] [stderr]    Compiling thiserror v1.0.69
[INFO] [stderr]    Compiling table_formatter v0.6.1
[INFO] [stderr]    Compiling tokei v14.0.0
[INFO] [stderr]    Compiling half v2.7.1
[INFO] [stderr]    Compiling ahash v0.8.12
[INFO] [stderr]    Compiling guppy v0.17.26
[INFO] [stderr]    Compiling ciborium-ll v0.2.2
[INFO] [stderr]    Compiling ciborium v0.2.2
[INFO] [stderr]    Compiling criterion v0.8.2
[INFO] [stderr]    Compiling cargo-sloc v0.1.7 (/opt/rustwide/workdir)
[INFO] [stderr]     Finished `release` profile [optimized] target(s) in 51.65s
[INFO] running `Command { std: "docker" "inspect" "fbbba944dbca9a9875423539056ef07da38e470f642d1d09c6fccf9205c09cea", kill_on_drop: false }`
[INFO] running `Command { std: "docker" "exec" "-e" "SOURCE_DIR=/opt/rustwide/workdir" "-e" "CARGO_HOME=/opt/rustwide/cargo-home" "-e" "RUSTUP_HOME=/opt/rustwide/rustup-home" "-e" "CARGO_TARGET_DIR=/opt/rustwide/target" "-e" "CARGO_INCREMENTAL=0" "-e" "RUST_BACKTRACE=full" "-e" "RUSTFLAGS=--cap-lints=warn" "-e" "RUSTDOCFLAGS=--cap-lints=warn" "-w" "/opt/rustwide/workdir" "--user" "0:0" "fbbba944dbca9a9875423539056ef07da38e470f642d1d09c6fccf9205c09cea" "/opt/rustwide/cargo-home/bin/cargo" "+1.100.0-beta.1" "test" "--frozen" "--release", kill_on_drop: false }`
[INFO] [stderr]     Finished `release` profile [optimized] target(s) in 0.29s
[INFO] [stderr]      Running unittests src/lib.rs (/opt/rustwide/target/release/build/cargo-sloc/6b603acccb754659/out/cargo_sloc-6b603acccb754659)
[INFO] [stdout] 
[INFO] [stdout] running 55 tests
[INFO] [stdout] test cli::tests::target_exclusions_reject_invalid_forms ... ok
[INFO] [stdout] test cli::tests::feature_lists_are_flattened_and_deduplicated ... ok
[INFO] [stdout] test configuration::tests::explicit_workspace_resolver_overrides_root_package_edition ... ok
[INFO] [stdout] test model::count_tests::known_test_count_overflow_is_rejected ... ok
[INFO] [stdout] test configuration::tests::implicit_resolver_follows_workspace_root_package_edition ... ok
[INFO] [stdout] test generic_source::tests::unsupported_extensionless_candidate_is_not_retained ... ok
[INFO] [stdout] test model::count_tests::unavailable_test_counts_propagate_through_checked_addition ... ok
[INFO] [stdout] test process::tests::cancellation_signal_is_recorded_without_an_active_process_group ... ok
[INFO] [stdout] test generic_source::tests::extensionless_probe_is_limited_to_the_shebang_prefix ... ok
[INFO] [stdout] test report::tests::json_v3_uses_null_for_unavailable_test_and_structural_package_scope ... ok
[INFO] [stdout] test report::tests::rows_sort_by_descending_package_total_then_language_total ... ok
[INFO] [stdout] test report::tests::mixed_rows_render_unavailable_test_without_duplicate_package_qualifier ... ok
[INFO] [stdout] test report::tests::table_cell_sanitization_is_stable ... ok
[INFO] [stdout] test rust_analysis::tests::context_bit_operations_mask_partial_tail_words ... ok
[INFO] [stdout] test rust_analysis::tests::active_context_spans_preserve_overlapping_inactive_depths ... ok
[INFO] [stdout] test routed_accounting::tests::partition_rejects_duplicate_and_unknown_contributions ... ok
[INFO] [stdout] test routed_accounting::tests::unconfigured_rust_hard_link_uses_a_nonrepresentative_rust_alias ... ok
[INFO] [stdout] test rust_analysis::tests::context_bits_preserve_values_across_word_boundaries ... ok
[INFO] [stdout] test routed_accounting::tests::routes_standalone_rust_and_generic_files_to_root ... ok
[INFO] [stdout] test routed_accounting::tests::generic_hard_link_uses_a_nonrepresentative_recognized_alias ... ok
[INFO] [stdout] test snapshot::tests::default_cache_root_is_under_home_cache ... ok
[INFO] [stdout] test snapshot::tests::every_generic_compatibility_input_changes_the_snapshot_digest ... ok
[INFO] [stdout] test snapshot::tests::repeated_snapshot_input_instability_fails_closed ... ok
[INFO] [stdout] test snapshot::tests::environment_target_and_external_symlink_inputs_change_fingerprints ... ok
[INFO] [stdout] test snapshot::tests::ancestor_workspace_manifests_and_locks_change_fingerprints ... ok
[INFO] [stdout] test snapshot::tests::resident_manifest_scans_roots_nested_below_cache_root ... ok
[INFO] [stdout] test process::tests::cancellation_signal_terminates_the_active_process_group ... FAILED
[INFO] [stdout] test process::tests::cancellation_terminates_a_signal_ignoring_process_group ... ok
[INFO] [stdout] test process::tests::subprocess_timeout_includes_descendant_pipe_draining ... FAILED
[INFO] [stdout] test snapshot::tests::symlinked_preparation_inputs_change_when_their_targets_change ... ok
[INFO] [stdout] test process::tests::subprocess_time_and_output_are_bounded ... ok
[INFO] [stdout] test process::tests::subprocess_timeout_terminates_setsid_descendants ... ok
[INFO] [stdout] test snapshot::tests::toolchain_selectors_and_implicit_targets_change_preparation_fingerprints ... ok
[INFO] [stdout] test routed_accounting::tests::configured_rust_claim_overrides_non_rust_hard_link_representative ... ok
[INFO] [stdout] test tokei_accounting::tests::accepts_non_utf8_source_bytes_but_skips_nul_bearing_binary_candidates ... ok
[INFO] [stdout] test tokei_accounting::tests::accounts_retained_bytes_by_language_with_unavailable_test_counts ... ok
[INFO] [stdout] test tokei_accounting::tests::embedded_inline_script_counts_its_single_physical_line_once ... ok
[INFO] [stdout] test tokei_accounting::tests::embedded_languages_are_summarized_into_one_host_file_row ... ok
[INFO] [stdout] test tokei_accounting::tests::pinned_ambiguity_rules_are_stable ... ok
[INFO] [stdout] test tokei_accounting::tests::recognizes_extensions_special_filenames_and_retained_shebangs_but_not_rust ... ok
[INFO] [stdout] test routed_accounting::tests::hard_link_scope_comes_from_the_representative_alias ... ok
[INFO] [stdout] test routed_accounting::tests::deepest_package_owns_unreachable_rust_without_claiming_configuration ... ok
[INFO] [stdout] test routed_accounting::tests::reachable_ignored_rust_module_is_reconciled_into_root_inventory ... ok
[INFO] [stdout] test routed_accounting::tests::multiply_claimed_out_of_package_rust_uses_one_root_contribution ... ok
[INFO] [stdout] test snapshot::tests::corrupt_and_version_mismatched_records_fail_closed ... ok
[INFO] [stdout] test snapshot::tests::target_source_changes_do_not_invalidate_persistent_snapshots ... ok
[INFO] [stdout] test snapshot::tests::target_source_changes_do_not_invalidate_resident_snapshots ... ok
[INFO] [stdout] test snapshot::tests::validated_snapshot_hits_and_source_changes_invalidate ... ok
[INFO] [stdout] test snapshot::tests::resident_manifest_detects_new_module_resolution_candidates ... ok
[INFO] [stdout] test snapshot::tests::resident_session_reuses_unchanged_generic_bytes_and_lexical_results ... ok
[INFO] [stdout] test snapshot::tests::corrupt_and_version_mismatched_preparation_records_fail_closed ... ok
[INFO] [stdout] test snapshot::tests::resident_manifest_tracks_deleted_and_renamed_sources_without_repreparing ... ok
[INFO] [stdout] test snapshot::tests::resident_session_reuses_preparation_for_source_changes ... ok
[INFO] [stdout] test snapshot::tests::symlinked_configuration_target_rebuilds_persistent_and_resident_preparation ... ok
[INFO] [stdout] test snapshot::tests::manifest_lock_config_and_ignore_changes_invalidate ... ok
[INFO] [stdout] 
[INFO] [stdout] failures:
[INFO] [stdout] 
[INFO] [stdout] ---- process::tests::cancellation_signal_terminates_the_active_process_group stdout ----
[INFO] [stdout] 
[INFO] [stdout] thread 'process::tests::cancellation_signal_terminates_the_active_process_group' (4103) panicked at src/process.rs:700:9:
[INFO] [stdout] assertion failed: matches!(error, ProcessError::Cancelled { signal, .. } if signal ==
[INFO] [stdout]     libc::SIGTERM)
[INFO] [stdout] stack backtrace:
[INFO] [stdout]    0:     0x650ac9b0efb1 - <<std[617be2ca0a6fd877]::sys::backtrace::BacktraceLock>::print::DisplayBacktrace as core[a373ad73a504971]::fmt::Display>::fmt
[INFO] [stdout]    1:     0x650ac9b26cea - core[a373ad73a504971]::fmt::write
[INFO] [stdout]    2:     0x650ac9b1394c - <alloc[2e1b2a31b91974c5]::vec::Vec<u8> as core[a373ad73a504971]::io::write::Write>::write_fmt
[INFO] [stdout]    3:     0x650ac9ae6f76 - std[617be2ca0a6fd877]::panicking::default_hook::{closure#0}
[INFO] [stdout]    4:     0x650ac9b058e9 - std[617be2ca0a6fd877]::panicking::default_hook
[INFO] [stdout]    5:     0x650ac97025a0 - test[aada8e7e76ba119b]::test_main_inner::{closure#0}
[INFO] [stdout]    6:     0x650ac9b05c12 - std[617be2ca0a6fd877]::panicking::panic_with_hook
[INFO] [stdout]    7:     0x650ac9ae7054 - std[617be2ca0a6fd877]::panicking::panic_handler::{closure#0}
[INFO] [stdout]    8:     0x650ac9adf8b9 - std[617be2ca0a6fd877]::sys::backtrace::__rust_end_short_backtrace::<std[617be2ca0a6fd877]::panicking::panic_handler::{closure#0}, !>
[INFO] [stdout]    9:     0x650ac9ae7efd - __rustc[ea4f61d10b84890b]::rust_begin_unwind
[INFO] [stdout]   10:     0x650ac9b2750c - core[a373ad73a504971]::panicking::panic_fmt
[INFO] [stdout]   11:     0x650ac9b274d2 - core[a373ad73a504971]::panicking::panic
[INFO] [stdout]   12:     0x650ac967b32c - <cargo_sloc[7a10225a80a051a1]::process::tests::cancellation_signal_terminates_the_active_process_group::{closure#0} as core[a373ad73a504971]::ops::function::FnOnce<()>>::call_once
[INFO] [stdout]   13:     0x650ac96f59eb - test[aada8e7e76ba119b]::__rust_begin_short_backtrace::<core[a373ad73a504971]::result::Result<(), alloc[2e1b2a31b91974c5]::string::String>, fn() -> core[a373ad73a504971]::result::Result<(), alloc[2e1b2a31b91974c5]::string::String>>
[INFO] [stdout]   14:     0x650ac9702bc5 - test[aada8e7e76ba119b]::run_test::{closure#0}
[INFO] [stdout]   15:     0x650ac96fc4b4 - std[617be2ca0a6fd877]::sys::backtrace::__rust_begin_short_backtrace::<test[aada8e7e76ba119b]::run_test::{closure#1}, ()>
[INFO] [stdout]   16:     0x650ac9705c52 - <std[617be2ca0a6fd877]::thread::lifecycle::spawn_unchecked<test[aada8e7e76ba119b]::run_test::{closure#1}, ()>::{closure#1} as core[a373ad73a504971]::ops::function::FnOnce<()>>::call_once::{shim:vtable#0}
[INFO] [stdout]   17:     0x650ac9b0df7f - <std[617be2ca0a6fd877]::sys::thread::unix::Thread>::new::thread_start
[INFO] [stdout]   18:     0x79b8284dedfa - <unknown>
[INFO] [stdout]   19:     0x79b8285723d4 - clone
[INFO] [stdout]   20:                0x0 - <unknown>
[INFO] [stdout] 
[INFO] [stdout] ---- process::tests::subprocess_timeout_includes_descendant_pipe_draining stdout ----
[INFO] [stdout] 
[INFO] [stdout] thread 'process::tests::subprocess_timeout_includes_descendant_pipe_draining' (4107) panicked at src/process.rs:680:9:
[INFO] [stdout] assertion failed: started.elapsed() < Duration::from_secs(2)
[INFO] [stdout] stack backtrace:
[INFO] [stdout]    0:     0x650ac9b0efb1 - <<std[617be2ca0a6fd877]::sys::backtrace::BacktraceLock>::print::DisplayBacktrace as core[a373ad73a504971]::fmt::Display>::fmt
[INFO] [stdout]    1:     0x650ac9b26cea - core[a373ad73a504971]::fmt::write
[INFO] [stdout]    2:     0x650ac9b1394c - <alloc[2e1b2a31b91974c5]::vec::Vec<u8> as core[a373ad73a504971]::io::write::Write>::write_fmt
[INFO] [stdout]    3:     0x650ac9ae6f76 - std[617be2ca0a6fd877]::panicking::default_hook::{closure#0}
[INFO] [stdout]    4:     0x650ac9b058e9 - std[617be2ca0a6fd877]::panicking::default_hook
[INFO] [stdout]    5:     0x650ac97025a0 - test[aada8e7e76ba119b]::test_main_inner::{closure#0}
[INFO] [stdout]    6:     0x650ac9b05c12 - std[617be2ca0a6fd877]::panicking::panic_with_hook
[INFO] [stdout]    7:     0x650ac9ae7054 - std[617be2ca0a6fd877]::panicking::panic_handler::{closure#0}
[INFO] [stdout]    8:     0x650ac9adf8b9 - std[617be2ca0a6fd877]::sys::backtrace::__rust_end_short_backtrace::<std[617be2ca0a6fd877]::panicking::panic_handler::{closure#0}, !>
[INFO] [stdout]    9:     0x650ac9ae7efd - __rustc[ea4f61d10b84890b]::rust_begin_unwind
[INFO] [stdout]   10:     0x650ac9b2750c - core[a373ad73a504971]::panicking::panic_fmt
[INFO] [stdout]   11:     0x650ac9b274d2 - core[a373ad73a504971]::panicking::panic
[INFO] [stdout]   12:     0x650ac967b13b - <cargo_sloc[7a10225a80a051a1]::process::tests::subprocess_timeout_includes_descendant_pipe_draining::{closure#0} as core[a373ad73a504971]::ops::function::FnOnce<()>>::call_once
[INFO] [stdout]   13:     0x650ac96f59eb - test[aada8e7e76ba119b]::__rust_begin_short_backtrace::<core[a373ad73a504971]::result::Result<(), alloc[2e1b2a31b91974c5]::string::String>, fn() -> core[a373ad73a504971]::result::Result<(), alloc[2e1b2a31b91974c5]::string::String>>
[INFO] [stdout]   14:     0x650ac9702bc5 - test[aada8e7e76ba119b]::run_test::{closure#0}
[INFO] [stdout]   15:     0x650ac96fc4b4 - std[617be2ca0a6fd877]::sys::backtrace::__rust_begin_short_backtrace::<test[aada8e7e76ba119b]::run_test::{closure#1}, ()>
[INFO] [stdout]   16:     0x650ac9705c52 - <std[617be2ca0a6fd877]::thread::lifecycle::spawn_unchecked<test[aada8e7e76ba119b]::run_test::{closure#1}, ()>::{closure#1} as core[a373ad73a504971]::ops::function::FnOnce<()>>::call_once::{shim:vtable#0}
[INFO] [stdout]   17:     0x650ac9b0df7f - <std[617be2ca0a6fd877]::sys::thread::unix::Thread>::new::thread_start
[INFO] [stdout]   18:     0x79b8284dedfa - <unknown>
[INFO] [stdout]   19:     0x79b8285723d4 - clone
[INFO] [stdout]   20:                0x0 - <unknown>
[INFO] [stdout] 
[INFO] [stdout] 
[INFO] [stdout] failures:
[INFO] [stdout]     process::tests::cancellation_signal_terminates_the_active_process_group
[INFO] [stdout]     process::tests::subprocess_timeout_includes_descendant_pipe_draining
[INFO] [stdout] 
[INFO] [stdout] test result: FAILED. 53 passed; 2 failed; 0 ignored; 0 measured; 0 filtered out; finished in 6.63s
[INFO] [stdout] 
[INFO] [stderr] error: test failed, to rerun pass `--lib`
[INFO] running `Command { std: "docker" "inspect" "fbbba944dbca9a9875423539056ef07da38e470f642d1d09c6fccf9205c09cea", kill_on_drop: false }`
[INFO] running `Command { std: "docker" "rm" "-f" "fbbba944dbca9a9875423539056ef07da38e470f642d1d09c6fccf9205c09cea", kill_on_drop: false }`
[INFO] [stdout] fbbba944dbca9a9875423539056ef07da38e470f642d1d09c6fccf9205c09cea
