[INFO] fetching crate cargo-partisia-contract 5.626.0...
[INFO] testing cargo-partisia-contract-5.626.0 against 1.100.0-beta.1+cargoflags=--release for beta-release-1.100-2
[INFO] extracting crate cargo-partisia-contract 5.626.0 into /workspace/builds/worker-1-tc2/source
[INFO] started tweaking crates.io crate cargo-partisia-contract 5.626.0
[INFO] removed 0 missing tests
[INFO] finished tweaking crates.io crate cargo-partisia-contract 5.626.0
[INFO] tweaked toml for crates.io crate cargo-partisia-contract 5.626.0 written to /workspace/builds/worker-1-tc2/source/Cargo.toml
[INFO] validating manifest of crates.io crate cargo-partisia-contract 5.626.0 on toolchain 1.100.0-beta.1
[INFO] running `Command { std: CARGO_HOME="/workspace/cargo-home" RUSTUP_HOME="/workspace/rustup-home" "/workspace/cargo-home/bin/cargo" "+1.100.0-beta.1" "metadata" "--manifest-path" "Cargo.toml" "--no-deps", kill_on_drop: false }`
[INFO] crate crates.io crate cargo-partisia-contract 5.626.0 already has a lockfile, it will not be regenerated
[INFO] running `Command { std: CARGO_HOME="/workspace/cargo-home" RUSTUP_HOME="/workspace/rustup-home" "/workspace/cargo-home/bin/cargo" "+1.100.0-beta.1" "fetch" "--manifest-path" "Cargo.toml", kill_on_drop: false }`
[INFO] [stderr] warning: Cargo.toml: file `/workspace/builds/worker-1-tc2/source/src/main.rs` found to be present in multiple build targets:
[INFO] [stderr]   * `bin` target `cargo-partisia-contract`
[INFO] [stderr]   * `bin` target `cargo-pbc`
[INFO] [stderr] warning: `package.homepage` is redundant with `package.repository`
[INFO] [stderr]    --> Cargo.toml:102:12
[INFO] [stderr]     |
[INFO] [stderr] 102 | homepage = "https://gitlab.com/partisiablockchain/language/cargo-partisia-contract"
[INFO] [stderr]     |            ^^^^^^^^^^^^^^^^^^^^^^^^^^^^^^^^^^^^^^^^^^^^^^^^^^^^^^^^^^^^^^^^^^^^^^^^
[INFO] [stderr] ...
[INFO] [stderr] 106 | repository = "https://gitlab.com/partisiablockchain/language/cargo-partisia-contract"
[INFO] [stderr]     |              ------------------------------------------------------------------------
[INFO] [stderr]     |
[INFO] [stderr]     = note: `cargo::redundant_homepage` is set to `warn` by default
[INFO] [stderr] help: consider removing `package.homepage`
[INFO] [stderr] warning: unused build dependency `cargo_metadata`
[INFO] [stderr]  --> Cargo.toml:9:21
[INFO] [stderr]   |
[INFO] [stderr] 9 | [build-dependencies.cargo_metadata]
[INFO] [stderr]   |                     ^^^^^^^^^^^^^^^
[INFO] [stderr]   |
[INFO] [stderr]   = note: `cargo::unused_dependencies` is set to `warn` by default
[INFO] [stderr] help: consider removing the dependency on `cargo_metadata`
[INFO] [stderr] warning: `cargo-partisia-contract` (manifest) generated 3 warnings
[INFO] running `Command { std: "docker" "create" "-v" "/var/lib/crater-agent-workspace/builds/worker-1-tc2/source:/opt/rustwide/workdir:ro,Z" "-v" "/var/lib/crater-agent-workspace/builds/worker-1-tc2/target:/opt/rustwide/target:rw,Z" "-v" "/var/lib/crater-agent-workspace/cargo-home:/opt/rustwide/cargo-home:ro,Z" "-v" "/var/lib/crater-agent-workspace/rustup-home:/opt/rustwide/rustup-home:ro,Z" "-m" "1610612736" "--network" "none" "ghcr.io/rust-lang/crates-build-env/linux@sha256:77db811e55d90add9212f6832c23229e3de5f1c1f9905e8cb07319ea15df73ac" "sleep" "infinity", kill_on_drop: false }`
[INFO] [stdout] dd2cc396cc839d4ded6cd477fc000d94341cac9bedac7ec3aad04a0254d40dee
[INFO] running `Command { std: "docker" "start" "dd2cc396cc839d4ded6cd477fc000d94341cac9bedac7ec3aad04a0254d40dee", kill_on_drop: false }`
[INFO] running `Command { std: "docker" "inspect" "dd2cc396cc839d4ded6cd477fc000d94341cac9bedac7ec3aad04a0254d40dee", kill_on_drop: false }`
[INFO] running `Command { std: "docker" "exec" "-e" "SOURCE_DIR=/opt/rustwide/workdir" "-e" "CARGO_HOME=/opt/rustwide/cargo-home" "-e" "RUSTUP_HOME=/opt/rustwide/rustup-home" "-e" "CARGO_TARGET_DIR=/opt/rustwide/target" "-w" "/opt/rustwide/workdir" "--user" "0:0" "dd2cc396cc839d4ded6cd477fc000d94341cac9bedac7ec3aad04a0254d40dee" "/opt/rustwide/cargo-home/bin/cargo" "+1.100.0-beta.1" "metadata" "--no-deps" "--format-version=1", kill_on_drop: false }`
[INFO] running `Command { std: "docker" "inspect" "dd2cc396cc839d4ded6cd477fc000d94341cac9bedac7ec3aad04a0254d40dee", kill_on_drop: false }`
[INFO] running `Command { std: "docker" "exec" "-e" "SOURCE_DIR=/opt/rustwide/workdir" "-e" "CARGO_HOME=/opt/rustwide/cargo-home" "-e" "RUSTUP_HOME=/opt/rustwide/rustup-home" "-e" "CARGO_TARGET_DIR=/opt/rustwide/target" "-e" "CARGO_INCREMENTAL=0" "-e" "RUST_BACKTRACE=full" "-e" "RUSTFLAGS=--cap-lints=warn" "-e" "RUSTDOCFLAGS=--cap-lints=warn" "-w" "/opt/rustwide/workdir" "--user" "0:0" "dd2cc396cc839d4ded6cd477fc000d94341cac9bedac7ec3aad04a0254d40dee" "/opt/rustwide/cargo-home/bin/cargo" "+1.100.0-beta.1" "build" "--frozen" "--message-format=json" "--release", kill_on_drop: false }`
[INFO] [stderr] warning: Cargo.toml: file `/opt/rustwide/workdir/src/main.rs` found to be present in multiple build targets:
[INFO] [stderr]   * `bin` target `cargo-partisia-contract`
[INFO] [stderr]   * `bin` target `cargo-pbc`
[INFO] [stderr] warning: `package.homepage` is redundant with `package.repository`
[INFO] [stderr]    --> Cargo.toml:102:12
[INFO] [stderr]     |
[INFO] [stderr] 102 | homepage = "https://gitlab.com/partisiablockchain/language/cargo-partisia-contract"
[INFO] [stderr]     |            ^^^^^^^^^^^^^^^^^^^^^^^^^^^^^^^^^^^^^^^^^^^^^^^^^^^^^^^^^^^^^^^^^^^^^^^^
[INFO] [stderr] ...
[INFO] [stderr] 106 | repository = "https://gitlab.com/partisiablockchain/language/cargo-partisia-contract"
[INFO] [stderr]     |              ------------------------------------------------------------------------
[INFO] [stderr]     |
[INFO] [stderr]     = note: `cargo::redundant_homepage` is set to `warn` by default
[INFO] [stderr] help: consider removing `package.homepage`
[INFO] [stderr] warning: unused build dependency `cargo_metadata`
[INFO] [stderr]  --> Cargo.toml:9:21
[INFO] [stderr]   |
[INFO] [stderr] 9 | [build-dependencies.cargo_metadata]
[INFO] [stderr]   |                     ^^^^^^^^^^^^^^^
[INFO] [stderr]   |
[INFO] [stderr]   = note: `cargo::unused_dependencies` is set to `warn` by default
[INFO] [stderr] help: consider removing the dependency on `cargo_metadata`
[INFO] [stderr] warning: `cargo-partisia-contract` (manifest) generated 3 warnings
[INFO] [stderr]    Compiling proc-macro2 v1.0.103
[INFO] [stderr]    Compiling quote v1.0.42
[INFO] [stderr]    Compiling libc v0.2.178
[INFO] [stderr]    Compiling serde_core v1.0.228
[INFO] [stderr]    Compiling memchr v2.7.6
[INFO] [stderr]    Compiling find-msvc-tools v0.1.5
[INFO] [stderr]    Compiling bytes v1.11.0
[INFO] [stderr]    Compiling fs_extra v1.3.0
[INFO] [stderr]    Compiling aws-lc-rs v1.15.2
[INFO] [stderr]    Compiling zeroize v1.8.2
[INFO] [stderr]    Compiling rustls-pki-types v1.13.1
[INFO] [stderr]    Compiling icu_properties_data v2.1.1
[INFO] [stderr]    Compiling http v1.4.0
[INFO] [stderr]    Compiling ucd-trie v0.1.7
[INFO] [stderr]    Compiling aho-corasick v1.1.4
[INFO] [stderr]    Compiling syn v2.0.117
[INFO] [stderr]    Compiling pest v2.8.4
[INFO] [stderr]    Compiling mio v1.1.1
[INFO] [stderr]    Compiling jobserver v0.1.34
[INFO] [stderr]    Compiling socket2 v0.6.1
[INFO] [stderr]    Compiling cc v1.2.49
[INFO] [stderr]    Compiling tokio v1.48.0
[INFO] [stderr]    Compiling http-body v1.0.1
[INFO] [stderr]    Compiling indexmap v2.12.1
[INFO] [stderr]    Compiling cmake v0.1.57
[INFO] [stderr]    Compiling aws-lc-sys v0.35.0
[INFO] [stderr]    Compiling tracing-core v0.1.35
[INFO] [stderr]    Compiling rustls v0.23.35
[INFO] [stderr]    Compiling regex-syntax v0.8.8
[INFO] [stderr]    Compiling futures-util v0.3.31
[INFO] [stderr]    Compiling tracing v0.1.43
[INFO] [stderr]    Compiling pest_meta v2.8.4
[INFO] [stderr]    Compiling synstructure v0.13.2
[INFO] [stderr]    Compiling regex-automata v0.4.13
[INFO] [stderr]    Compiling time-core v0.1.6
[INFO] [stderr]    Compiling num-traits v0.2.19
[INFO] [stderr]    Compiling time-macros v0.2.24
[INFO] [stderr]    Compiling zerofrom-derive v0.1.6
[INFO] [stderr]    Compiling yoke-derive v0.8.1
[INFO] [stderr]    Compiling serde_derive v1.0.228
[INFO] [stderr]    Compiling zerovec-derive v0.11.2
[INFO] [stderr]    Compiling displaydoc v0.2.5
[INFO] [stderr]    Compiling zerofrom v0.1.6
[INFO] [stderr]    Compiling yoke v0.8.1
[INFO] [stderr]    Compiling tokio-util v0.7.17
[INFO] [stderr]    Compiling zerotrie v0.2.3
[INFO] [stderr]    Compiling zerovec v0.11.5
[INFO] [stderr]    Compiling deranged v0.5.5
[INFO] [stderr]    Compiling tinystr v0.8.2
[INFO] [stderr]    Compiling icu_locale_core v2.1.1
[INFO] [stderr]    Compiling potential_utf v0.1.4
[INFO] [stderr]    Compiling icu_collections v2.1.1
[INFO] [stderr]    Compiling regex v1.12.3
[INFO] [stderr]    Compiling icu_provider v2.1.1
[INFO] [stderr]    Compiling icu_normalizer v2.1.1
[INFO] [stderr]    Compiling serde v1.0.228
[INFO] [stderr]    Compiling icu_properties v2.1.1
[INFO] [stderr]    Compiling h2 v0.4.12
[INFO] [stderr]    Compiling pest_generator v2.8.4
[INFO] [stderr]    Compiling thiserror v2.0.17
[INFO] [stderr]    Compiling zmij v1.0.12
[INFO] [stderr]    Compiling time v0.3.44
[INFO] [stderr]    Compiling pest_derive v2.8.4
[INFO] [stderr]    Compiling kstring v2.0.2
[INFO] [stderr]    Compiling idna_adapter v1.2.1
[INFO] [stderr]    Compiling anstyle-parse v0.2.7
[INFO] [stderr]    Compiling serde_spanned v0.6.9
[INFO] [stderr]    Compiling toml_datetime v0.6.11
[INFO] [stderr]    Compiling itertools v0.14.0
[INFO] [stderr]    Compiling thiserror-impl v2.0.17
[INFO] [stderr]    Compiling liquid-derive v0.26.10
[INFO] [stderr]    Compiling colorchoice v1.0.4
[INFO] [stderr]    Compiling anstyle v1.0.13
[INFO] [stderr]    Compiling winnow v0.7.14
[INFO] [stderr]    Compiling serde_json v1.0.149
[INFO] [stderr]    Compiling is_terminal_polyfill v1.70.2
[INFO] [stderr]    Compiling log v0.4.29
[INFO] [stderr]    Compiling toml_write v0.1.2
[INFO] [stderr]    Compiling camino v1.2.1
[INFO] [stderr]    Compiling openssl-probe v0.2.0
[INFO] [stderr]    Compiling anstyle-query v1.1.5
[INFO] [stderr]    Compiling tower v0.5.2
[INFO] [stderr]    Compiling anstream v0.6.21
[INFO] [stderr]    Compiling liquid-core v0.26.11
[INFO] [stderr]    Compiling idna v1.1.0
[INFO] [stderr]    Compiling hyper v1.8.1
[INFO] [stderr]    Compiling toml_edit v0.22.27
[INFO] [stderr]    Compiling rustls-native-certs v0.8.3
[INFO] [stderr]    Compiling hyper-util v0.1.19
[INFO] [stderr]    Compiling proc-macro-error-attr v1.0.4
[INFO] [stderr]    Compiling syn v1.0.109
[INFO] [stderr]    Compiling iana-time-zone v0.1.64
[INFO] [stderr]    Compiling iri-string v0.7.9
[INFO] [stderr]    Compiling clap_lex v1.0.0
[INFO] [stderr]    Compiling bitflags v2.10.0
[INFO] [stderr]    Compiling liquid-lib v0.26.11
[INFO] [stderr]    Compiling clap_builder v4.5.60
[INFO] [stderr]    Compiling convert_case v0.6.0
[INFO] [stderr]    Compiling chrono v0.4.42
[INFO] [stderr]    Compiling proc-macro-error v1.0.4
[INFO] [stderr]    Compiling clap_derive v4.5.55
[INFO] [stderr]    Compiling toml_parser v1.0.7+spec-1.1.0
[INFO] [stderr]    Compiling tower-http v0.6.8
[INFO] [stderr]    Compiling dirs-sys v0.5.0
[INFO] [stderr]    Compiling url v2.5.8
[INFO] [stderr]    Compiling toml v0.8.23
[INFO] [stderr]    Compiling cargo-platform v0.3.1
[INFO] [stderr]    Compiling semver v1.0.27
[INFO] [stderr]    Compiling http-body-util v0.1.3
[INFO] [stderr]    Compiling toml_writer v1.0.6+spec-1.1.0
[INFO] [stderr]    Compiling nu-ansi-term v0.50.3
[INFO] [stderr]    Compiling toml_datetime v1.0.0+spec-1.1.0
[INFO] [stderr]    Compiling glob v0.3.3
[INFO] [stderr]    Compiling java-locator v0.1.9
[INFO] [stderr]    Compiling toml_edit v0.25.0+spec-1.1.0
[INFO] [stderr]    Compiling flexi_logger v0.31.8
[INFO] [stderr]    Compiling cargo_metadata v0.23.1
[INFO] [stderr]    Compiling static-toml v1.3.0
[INFO] [stderr]    Compiling dirs v6.0.0
[INFO] [stderr]    Compiling clap v4.5.60
[INFO] [stderr]    Compiling liquid v0.26.11
[INFO] [stderr]    Compiling netrc v0.4.1
[INFO] [stderr]    Compiling rustls-webpki v0.103.8
[INFO] [stderr]    Compiling tokio-rustls v0.26.4
[INFO] [stderr]    Compiling rustls-platform-verifier v0.6.2
[INFO] [stderr]    Compiling hyper-rustls v0.27.7
[INFO] [stderr]    Compiling reqwest v0.13.2
[INFO] [stderr]    Compiling cargo-partisia-contract v5.626.0 (/opt/rustwide/workdir)
[INFO] [stderr]     Finished `release` profile [optimized] target(s) in 7m 18s
[INFO] running `Command { std: "docker" "inspect" "dd2cc396cc839d4ded6cd477fc000d94341cac9bedac7ec3aad04a0254d40dee", kill_on_drop: false }`
[INFO] running `Command { std: "docker" "exec" "-e" "SOURCE_DIR=/opt/rustwide/workdir" "-e" "CARGO_HOME=/opt/rustwide/cargo-home" "-e" "RUSTUP_HOME=/opt/rustwide/rustup-home" "-e" "CARGO_TARGET_DIR=/opt/rustwide/target" "-e" "CARGO_INCREMENTAL=0" "-e" "RUST_BACKTRACE=full" "-e" "RUSTFLAGS=--cap-lints=warn" "-e" "RUSTDOCFLAGS=--cap-lints=warn" "-w" "/opt/rustwide/workdir" "--user" "0:0" "dd2cc396cc839d4ded6cd477fc000d94341cac9bedac7ec3aad04a0254d40dee" "/opt/rustwide/cargo-home/bin/cargo" "+1.100.0-beta.1" "test" "--frozen" "--no-run" "--message-format=json" "--release", kill_on_drop: false }`
[INFO] [stderr] warning: Cargo.toml: file `/opt/rustwide/workdir/src/main.rs` found to be present in multiple build targets:
[INFO] [stderr]   * `bin` target `cargo-partisia-contract`
[INFO] [stderr]   * `bin` target `cargo-pbc`
[INFO] [stderr] warning: `package.homepage` is redundant with `package.repository`
[INFO] [stderr]    --> Cargo.toml:102:12
[INFO] [stderr]     |
[INFO] [stderr] 102 | homepage = "https://gitlab.com/partisiablockchain/language/cargo-partisia-contract"
[INFO] [stderr]     |            ^^^^^^^^^^^^^^^^^^^^^^^^^^^^^^^^^^^^^^^^^^^^^^^^^^^^^^^^^^^^^^^^^^^^^^^^
[INFO] [stderr] ...
[INFO] [stderr] 106 | repository = "https://gitlab.com/partisiablockchain/language/cargo-partisia-contract"
[INFO] [stderr]     |              ------------------------------------------------------------------------
[INFO] [stderr]     |
[INFO] [stderr]     = note: `cargo::redundant_homepage` is set to `warn` by default
[INFO] [stderr] help: consider removing `package.homepage`
[INFO] [stderr] warning: unused build dependency `cargo_metadata`
[INFO] [stderr]  --> Cargo.toml:9:21
[INFO] [stderr]   |
[INFO] [stderr] 9 | [build-dependencies.cargo_metadata]
[INFO] [stderr]   |                     ^^^^^^^^^^^^^^^
[INFO] [stderr]   |
[INFO] [stderr]   = note: `cargo::unused_dependencies` is set to `warn` by default
[INFO] [stderr] help: consider removing the dependency on `cargo_metadata`
[INFO] [stderr] warning: `cargo-partisia-contract` (manifest) generated 3 warnings
[INFO] [stderr]    Compiling aho-corasick v1.1.4
[INFO] [stderr]    Compiling parking_lot_core v0.9.12
[INFO] [stderr]    Compiling futures-macro v0.3.31
[INFO] [stderr]    Compiling bitflags v2.10.0
[INFO] [stderr]    Compiling getrandom v0.3.4
[INFO] [stderr]    Compiling zerocopy v0.8.31
[INFO] [stderr]    Compiling crossbeam-epoch v0.9.18
[INFO] [stderr]    Compiling predicates-core v1.0.9
[INFO] [stderr]    Compiling rustix v1.1.2
[INFO] [stderr]    Compiling rand_core v0.9.3
[INFO] [stderr]    Compiling parking_lot v0.12.5
[INFO] [stderr]    Compiling crossbeam-deque v0.8.6
[INFO] [stderr]    Compiling url v2.5.8
[INFO] [stderr]    Compiling tokio v1.48.0
[INFO] [stderr]    Compiling float-cmp v0.10.0
[INFO] [stderr]    Compiling linux-raw-sys v0.11.0
[INFO] [stderr]    Compiling syn v0.15.44
[INFO] [stderr]    Compiling difflib v0.4.0
[INFO] [stderr]    Compiling futures-util v0.3.31
[INFO] [stderr]    Compiling normalize-line-endings v0.3.0
[INFO] [stderr]    Compiling termtree v0.5.1
[INFO] [stderr]    Compiling doc-comment v0.3.4
[INFO] [stderr]    Compiling predicates-tree v1.0.12
[INFO] [stderr]    Compiling regex-automata v0.4.13
[INFO] [stderr]    Compiling ppv-lite86 v0.2.21
[INFO] [stderr]    Compiling rand_chacha v0.9.0
[INFO] [stderr]    Compiling assert_cmd v2.1.2
[INFO] [stderr]    Compiling serde_urlencoded v0.7.1
[INFO] [stderr]    Compiling rand v0.9.2
[INFO] [stderr]    Compiling tempfile v3.23.0
[INFO] [stderr]    Compiling futures-executor v0.3.31
[INFO] [stderr]    Compiling assert-json-diff v2.0.2
[INFO] [stderr]    Compiling futures v0.3.31
[INFO] [stderr]    Compiling test-context-macros v0.5.5
[INFO] [stderr]    Compiling wait-timeout v0.2.1
[INFO] [stderr]    Compiling colored v3.0.0
[INFO] [stderr]    Compiling similar v2.7.0
[INFO] [stderr]    Compiling test-context v0.5.5
[INFO] [stderr]    Compiling temp-env v0.3.6
[INFO] [stderr]    Compiling tokio-util v0.7.17
[INFO] [stderr]    Compiling tower v0.5.2
[INFO] [stderr]    Compiling regex v1.12.3
[INFO] [stderr]    Compiling h2 v0.4.12
[INFO] [stderr]    Compiling bstr v1.12.1
[INFO] [stderr]    Compiling liquid-core v0.26.11
[INFO] [stderr]    Compiling tokio-rustls v0.26.4
[INFO] [stderr]    Compiling globset v0.4.18
[INFO] [stderr]    Compiling tower-http v0.6.8
[INFO] [stderr]    Compiling ignore v0.4.25
[INFO] [stderr]    Compiling predicates v3.1.4
[INFO] [stderr]    Compiling flexi_logger v0.31.8
[INFO] [stderr]    Compiling hyper v1.8.1
[INFO] [stderr]    Compiling liquid-lib v0.26.11
[INFO] [stderr]    Compiling globwalk v0.9.1
[INFO] [stderr]    Compiling assert_fs v1.1.3
[INFO] [stderr]    Compiling hyper-util v0.1.19
[INFO] [stderr]    Compiling liquid v0.26.11
[INFO] [stderr]    Compiling hyper-rustls v0.27.7
[INFO] [stderr]    Compiling reqwest v0.13.2
[INFO] [stderr]    Compiling mockito v1.7.2
[INFO] [stderr]    Compiling test-generator v0.3.1
[INFO] [stderr]    Compiling shlex v1.3.0
[INFO] [stderr]    Compiling cargo-partisia-contract v5.626.0 (/opt/rustwide/workdir)
[INFO] [stderr]     Finished `release` profile [optimized] target(s) in 4m 10s
[INFO] running `Command { std: "docker" "inspect" "dd2cc396cc839d4ded6cd477fc000d94341cac9bedac7ec3aad04a0254d40dee", kill_on_drop: false }`
[INFO] running `Command { std: "docker" "exec" "-e" "SOURCE_DIR=/opt/rustwide/workdir" "-e" "CARGO_HOME=/opt/rustwide/cargo-home" "-e" "RUSTUP_HOME=/opt/rustwide/rustup-home" "-e" "CARGO_TARGET_DIR=/opt/rustwide/target" "-e" "CARGO_INCREMENTAL=0" "-e" "RUST_BACKTRACE=full" "-e" "RUSTFLAGS=--cap-lints=warn" "-e" "RUSTDOCFLAGS=--cap-lints=warn" "-w" "/opt/rustwide/workdir" "--user" "0:0" "dd2cc396cc839d4ded6cd477fc000d94341cac9bedac7ec3aad04a0254d40dee" "/opt/rustwide/cargo-home/bin/cargo" "+1.100.0-beta.1" "test" "--frozen" "--release", kill_on_drop: false }`
[INFO] [stderr] warning: Cargo.toml: file `/opt/rustwide/workdir/src/main.rs` found to be present in multiple build targets:
[INFO] [stderr]   * `bin` target `cargo-partisia-contract`
[INFO] [stderr]   * `bin` target `cargo-pbc`
[INFO] [stderr] warning: `package.homepage` is redundant with `package.repository`
[INFO] [stderr]    --> Cargo.toml:102:12
[INFO] [stderr]     |
[INFO] [stderr] 102 | homepage = "https://gitlab.com/partisiablockchain/language/cargo-partisia-contract"
[INFO] [stderr]     |            ^^^^^^^^^^^^^^^^^^^^^^^^^^^^^^^^^^^^^^^^^^^^^^^^^^^^^^^^^^^^^^^^^^^^^^^^
[INFO] [stderr] ...
[INFO] [stderr] 106 | repository = "https://gitlab.com/partisiablockchain/language/cargo-partisia-contract"
[INFO] [stderr]     |              ------------------------------------------------------------------------
[INFO] [stderr]     |
[INFO] [stderr]     = note: `cargo::redundant_homepage` is set to `warn` by default
[INFO] [stderr] help: consider removing `package.homepage`
[INFO] [stderr] warning: unused build dependency `cargo_metadata`
[INFO] [stderr]  --> Cargo.toml:9:21
[INFO] [stderr]   |
[INFO] [stderr] 9 | [build-dependencies.cargo_metadata]
[INFO] [stderr]   |                     ^^^^^^^^^^^^^^^
[INFO] [stderr]   |
[INFO] [stderr]   = note: `cargo::unused_dependencies` is set to `warn` by default
[INFO] [stderr] help: consider removing the dependency on `cargo_metadata`
[INFO] [stderr] warning: `cargo-partisia-contract` (manifest) generated 3 warnings
[INFO] [stderr]     Finished `release` profile [optimized] target(s) in 0.50s
[INFO] [stderr]      Running unittests src/main.rs (/opt/rustwide/target/release/build/cargo-partisia-contract/b48f12004bcbd748/out/cargo_partisia_contract-b48f12004bcbd748)
[INFO] [stdout] 
[INFO] [stdout] running 38 tests
[INFO] [stdout] test package_handler::utils::tests::visit_dirs_file ... ok
[INFO] [stdout] test unit_tests::abi_cli_test::debug_test ... ok
[INFO] [stdout] test unit_tests::check_target_test::target_is_missing ... ok
[INFO] [stdout] test unit_tests::build_package_error_test::debug_test ... ok
[INFO] [stdout] test unit_tests::abi_cli_test::display_test ... ok
[INFO] [stdout] test unit_tests::abi_cli_test::get_fetch_metadata_non_string_url_test - should panic ... ok
[INFO] [stdout] test unit_tests::abi_cli_test::pbc_folder_env_var_test ... ok
[INFO] [stdout] test unit_tests::check_target_test::target_is_present ... ok
[INFO] [stdout] test unit_tests::override_sdk_test::debug_test ... ok
[INFO] [stdout] test unit_tests::override_sdk_test::dependency_in_toml_not_table_like ... ok
[INFO] [stdout] test unit_tests::abi_cli_test::pbc_folder_test ... ok
[INFO] [stdout] test unit_tests::override_sdk_test::parse_sdk_info_multiple_urls - should panic ... ok
[INFO] [stdout] test unit_tests::abi_cli_test::get_fetch_metadata_no_url_test ... ok
[INFO] [stdout] test unit_tests::override_sdk_test::update_dependency_does_not_add ... ok
[INFO] [stdout] test unit_tests::abi_cli_test::get_fetch_metadata_non_toml_test - should panic ... ok
[INFO] [stdout] test unit_tests::override_sdk_test::parse_sdk_info_multiple_versions - should panic ... ok
[INFO] [stdout] test unit_tests::sections_test::add_abi_and_wasm_and_zkbc_and_get_zkwa ... ok
[INFO] [stdout] test unit_tests::sections_test::add_abi_and_wasm_and_zkbc_to_sections ... ok
[INFO] [stdout] test unit_tests::override_sdk_test::parse_sdk_info_wrong_input - should panic ... ok
[INFO] [stdout] test unit_tests::override_sdk_test::parse_sdk_info_test ... ok
[INFO] [stdout] test unit_tests::override_sdk_test::update_dependency_test ... ok
[INFO] [stdout] test unit_tests::sections_test::add_wasm_before_abi_to_sections ... ok
[INFO] [stdout] test unit_tests::sections_test::add_zkbc_before_abi_and_wasm_to_sections ... ok
[INFO] [stdout] test unit_tests::sections_test::get_pbc_no_abi - should panic ... ok
[INFO] [stdout] test unit_tests::sections_test::get_pbc_no_wasm - should panic ... ok
[INFO] [stdout] test wasm_gc::test::read_leb128_too_large_2 - should panic ... ok
[INFO] [stdout] test wasm_gc::test::invalid_magic_header - should panic ... ok
[INFO] [stdout] test wasm_gc::test::invalid_wasm_version - should panic ... ok
[INFO] [stdout] test unit_tests::sections_test::get_zkwa_no_wasm - should panic ... ok
[INFO] [stdout] test wasm_gc::test::section_too_long_2 - should panic ... ok
[INFO] [stdout] test unit_tests::sections_test::get_zkwa_no_zkbc - should panic ... ok
[INFO] [stdout] test wasm_gc::test::unknown_wasm_section - should panic ... ok
[INFO] [stdout] test wasm_gc::test::wasm_section_try_from ... ok
[INFO] [stdout] test wasm_gc::test::section_too_long - should panic ... ok
[INFO] [stdout] test wasm_gc::test::read_leb128_too_large - should panic ... ok
[INFO] [stdout] test wasm_gc::test::wasm_gc_reference_file ... ok
[INFO] [stdout] test unit_tests::get_compiler_test::get_file_http_invalid_save_path_test ... ok
[INFO] [stdout] test unit_tests::partisia_cli_test::partisia_cli_help ... FAILED
[INFO] [stdout] 
[INFO] [stdout] failures:
[INFO] [stdout] 
[INFO] [stdout] ---- unit_tests::partisia_cli_test::partisia_cli_help stdout ----
[INFO] [stdout] 
[INFO] [stdout] thread 'unit_tests::partisia_cli_test::partisia_cli_help' (5278) panicked at src/unit_tests/partisia_cli_test.rs:28:10:
[INFO] [stdout] called `Result::unwrap()` on an `Err` value: reqwest::Error { kind: Request, url: "https://gitlab.com/api/v4/groups/12499775/-/packages/maven/com/partisiablockchain/language/partisia-cli/6.178.0/partisia-cli-6.178.0-jar-with-dependencies.jar", source: hyper_util::client::legacy::Error(Connect, ConnectError("dns error", Custom { kind: Uncategorized, error: "failed to lookup address information: Temporary failure in name resolution" })) }
[INFO] [stdout] stack backtrace:
[INFO] [stdout]    0:     0x563faadc3341 - <<std[617be2ca0a6fd877]::sys::backtrace::BacktraceLock>::print::DisplayBacktrace as core[a373ad73a504971]::fmt::Display>::fmt
[INFO] [stdout]    1:     0x563faaddd73a - core[a373ad73a504971]::fmt::write
[INFO] [stdout]    2:     0x563faadc97bc - <alloc[2e1b2a31b91974c5]::vec::Vec<u8> as core[a373ad73a504971]::io::write::Write>::write_fmt
[INFO] [stdout]    3:     0x563faad99de6 - std[617be2ca0a6fd877]::panicking::default_hook::{closure#0}
[INFO] [stdout]    4:     0x563faadb8b29 - std[617be2ca0a6fd877]::panicking::default_hook
[INFO] [stdout]    5:     0x563faa5ac0b0 - test[aada8e7e76ba119b]::test_main_inner::{closure#0}
[INFO] [stdout]    6:     0x563faadb8e52 - std[617be2ca0a6fd877]::panicking::panic_with_hook
[INFO] [stdout]    7:     0x563faad99e92 - std[617be2ca0a6fd877]::panicking::panic_handler::{closure#0}
[INFO] [stdout]    8:     0x563faad92529 - std[617be2ca0a6fd877]::sys::backtrace::__rust_end_short_backtrace::<std[617be2ca0a6fd877]::panicking::panic_handler::{closure#0}, !>
[INFO] [stdout]    9:     0x563faad9b08d - __rustc[ea4f61d10b84890b]::rust_begin_unwind
[INFO] [stdout]   10:     0x563faadddf1c - core[a373ad73a504971]::panicking::panic_fmt
[INFO] [stdout]   11:     0x563faadddcf2 - core[a373ad73a504971]::result::unwrap_failed
[INFO] [stdout]   12:     0x563faa4dfae8 - temp_env[2f033c0a7a09a07d]::with_vars::<&str, &std[617be2ca0a6fd877]::path::Path, cargo_partisia_contract[c4d1b6b6cdf1ba21]::unit_tests::partisia_cli_test::partisia_cli_help::{closure#0}, (), [(&str, core[a373ad73a504971]::option::Option<&std[617be2ca0a6fd877]::path::Path>); 1usize]>
[INFO] [stdout]   13:     0x563faa475dbc - <cargo_partisia_contract[c4d1b6b6cdf1ba21]::unit_tests::partisia_cli_test::partisia_cli_help::{closure#0} as core[a373ad73a504971]::ops::function::FnOnce<()>>::call_once
[INFO] [stdout]   14:     0x563faa59f4fb - test[aada8e7e76ba119b]::__rust_begin_short_backtrace::<core[a373ad73a504971]::result::Result<(), alloc[2e1b2a31b91974c5]::string::String>, fn() -> core[a373ad73a504971]::result::Result<(), alloc[2e1b2a31b91974c5]::string::String>>
[INFO] [stdout]   15:     0x563faa5ac6d5 - test[aada8e7e76ba119b]::run_test::{closure#0}
[INFO] [stdout]   16:     0x563faa5a5fc4 - std[617be2ca0a6fd877]::sys::backtrace::__rust_begin_short_backtrace::<test[aada8e7e76ba119b]::run_test::{closure#1}, ()>
[INFO] [stdout]   17:     0x563faa5af762 - <std[617be2ca0a6fd877]::thread::lifecycle::spawn_unchecked<test[aada8e7e76ba119b]::run_test::{closure#1}, ()>::{closure#1} as core[a373ad73a504971]::ops::function::FnOnce<()>>::call_once::{shim:vtable#0}
[INFO] [stdout]   18:     0x563faadc1edf - <std[617be2ca0a6fd877]::sys::thread::unix::Thread>::new::thread_start
[INFO] [stdout]   19:     0x77bd7b024dfa - <unknown>
[INFO] [stdout]   20:     0x77bd7b0b83d4 - clone
[INFO] [stdout]   21:                0x0 - <unknown>
[INFO] [stdout] 
[INFO] [stdout] 
[INFO] [stdout] failures:
[INFO] [stdout]     unit_tests::partisia_cli_test::partisia_cli_help
[INFO] [stdout] 
[INFO] [stdout] test result: FAILED. 37 passed; 1 failed; 0 ignored; 0 measured; 0 filtered out; finished in 0.10s
[INFO] [stdout] 
[INFO] [stderr] error: test failed, to rerun pass `--bin cargo-partisia-contract`
[INFO] running `Command { std: "docker" "inspect" "dd2cc396cc839d4ded6cd477fc000d94341cac9bedac7ec3aad04a0254d40dee", kill_on_drop: false }`
[INFO] running `Command { std: "docker" "rm" "-f" "dd2cc396cc839d4ded6cd477fc000d94341cac9bedac7ec3aad04a0254d40dee", kill_on_drop: false }`
[INFO] [stdout] dd2cc396cc839d4ded6cd477fc000d94341cac9bedac7ec3aad04a0254d40dee
