[INFO] fetching crate car-registry 0.57.4...
[INFO] testing car-registry-0.57.4 against 1.100.0-beta.1+cargoflags=--release for beta-release-1.100-2
[INFO] extracting crate car-registry 0.57.4 into /workspace/builds/worker-6-tc2/source
[INFO] started tweaking crates.io crate car-registry 0.57.4
[INFO] removed 0 missing tests
[INFO] finished tweaking crates.io crate car-registry 0.57.4
[INFO] tweaked toml for crates.io crate car-registry 0.57.4 written to /workspace/builds/worker-6-tc2/source/Cargo.toml
[INFO] validating manifest of crates.io crate car-registry 0.57.4 on toolchain 1.100.0-beta.1
[INFO] running `Command { std: CARGO_HOME="/workspace/cargo-home" RUSTUP_HOME="/workspace/rustup-home" "/workspace/cargo-home/bin/cargo" "+1.100.0-beta.1" "metadata" "--manifest-path" "Cargo.toml" "--no-deps", kill_on_drop: false }`
[INFO] crate crates.io crate car-registry 0.57.4 already has a lockfile, it will not be regenerated
[INFO] running `Command { std: CARGO_HOME="/workspace/cargo-home" RUSTUP_HOME="/workspace/rustup-home" "/workspace/cargo-home/bin/cargo" "+1.100.0-beta.1" "fetch" "--manifest-path" "Cargo.toml", kill_on_drop: false }`
[INFO] running `Command { std: "docker" "create" "-v" "/var/lib/crater-agent-workspace/builds/worker-6-tc2/source:/opt/rustwide/workdir:ro,Z" "-v" "/var/lib/crater-agent-workspace/builds/worker-6-tc2/target:/opt/rustwide/target:rw,Z" "-v" "/var/lib/crater-agent-workspace/cargo-home:/opt/rustwide/cargo-home:ro,Z" "-v" "/var/lib/crater-agent-workspace/rustup-home:/opt/rustwide/rustup-home:ro,Z" "-m" "1610612736" "--network" "none" "ghcr.io/rust-lang/crates-build-env/linux@sha256:77db811e55d90add9212f6832c23229e3de5f1c1f9905e8cb07319ea15df73ac" "sleep" "infinity", kill_on_drop: false }`
[INFO] [stdout] c5cc67944fc3844f770e5187e5bce56cf71d119d1ec720ad9784e7b3d488721a
[INFO] running `Command { std: "docker" "start" "c5cc67944fc3844f770e5187e5bce56cf71d119d1ec720ad9784e7b3d488721a", kill_on_drop: false }`
[INFO] running `Command { std: "docker" "inspect" "c5cc67944fc3844f770e5187e5bce56cf71d119d1ec720ad9784e7b3d488721a", kill_on_drop: false }`
[INFO] running `Command { std: "docker" "exec" "-e" "SOURCE_DIR=/opt/rustwide/workdir" "-e" "CARGO_HOME=/opt/rustwide/cargo-home" "-e" "RUSTUP_HOME=/opt/rustwide/rustup-home" "-e" "CARGO_TARGET_DIR=/opt/rustwide/target" "-w" "/opt/rustwide/workdir" "--user" "0:0" "c5cc67944fc3844f770e5187e5bce56cf71d119d1ec720ad9784e7b3d488721a" "/opt/rustwide/cargo-home/bin/cargo" "+1.100.0-beta.1" "metadata" "--no-deps" "--format-version=1", kill_on_drop: false }`
[INFO] running `Command { std: "docker" "inspect" "c5cc67944fc3844f770e5187e5bce56cf71d119d1ec720ad9784e7b3d488721a", kill_on_drop: false }`
[INFO] running `Command { std: "docker" "exec" "-e" "SOURCE_DIR=/opt/rustwide/workdir" "-e" "CARGO_HOME=/opt/rustwide/cargo-home" "-e" "RUSTUP_HOME=/opt/rustwide/rustup-home" "-e" "CARGO_TARGET_DIR=/opt/rustwide/target" "-e" "CARGO_INCREMENTAL=0" "-e" "RUST_BACKTRACE=full" "-e" "RUSTFLAGS=--cap-lints=warn" "-e" "RUSTDOCFLAGS=--cap-lints=warn" "-w" "/opt/rustwide/workdir" "--user" "0:0" "c5cc67944fc3844f770e5187e5bce56cf71d119d1ec720ad9784e7b3d488721a" "/opt/rustwide/cargo-home/bin/cargo" "+1.100.0-beta.1" "build" "--frozen" "--message-format=json" "--release", kill_on_drop: false }`
[INFO] [stderr]    Compiling syn v3.0.4
[INFO] [stderr]    Compiling rustc_version v0.4.1
[INFO] [stderr]    Compiling serde_derive_internals v0.29.1
[INFO] [stderr]    Compiling getrandom v0.4.3
[INFO] [stderr]    Compiling schemars v0.8.22
[INFO] [stderr]    Compiling curve25519-dalek-derive v0.1.1
[INFO] [stderr]    Compiling indexmap v2.14.1
[INFO] [stderr]    Compiling digest v0.10.7
[INFO] [stderr]    Compiling dyn-clone v1.0.20
[INFO] [stderr]    Compiling winnow v0.7.15
[INFO] [stderr]    Compiling signature v2.2.0
[INFO] [stderr]    Compiling zeroize v1.9.0
[INFO] [stderr]    Compiling tracing v0.1.44
[INFO] [stderr]    Compiling parking_lot_core v0.9.12
[INFO] [stderr]    Compiling semver v1.0.28
[INFO] [stderr]    Compiling car-home v0.57.4
[INFO] [stderr]    Compiling ed25519 v2.2.3
[INFO] [stderr]    Compiling uuid v1.26.0
[INFO] [stderr]    Compiling sha2 v0.10.9
[INFO] [stderr]    Compiling car-winenv v0.57.4
[INFO] [stderr]    Compiling curve25519-dalek v4.1.3
[INFO] [stderr]    Compiling schemars_derive v0.8.22
[INFO] [stderr]    Compiling parking_lot v0.12.5
[INFO] [stderr]    Compiling ed25519-dalek v2.2.0
[INFO] [stderr]    Compiling zerovec-derive v0.11.6
[INFO] [stderr]    Compiling displaydoc v0.2.7
[INFO] [stderr]    Compiling serde_derive v1.0.229
[INFO] [stderr]    Compiling thiserror-impl v2.0.20
[INFO] [stderr]    Compiling tokio-macros v2.7.2
[INFO] [stderr]    Compiling zerotrie v0.2.5
[INFO] [stderr]    Compiling tokio v1.53.1
[INFO] [stderr]    Compiling zerovec v0.11.8
[INFO] [stderr]    Compiling thiserror v2.0.20
[INFO] [stderr]    Compiling tinystr v0.8.4
[INFO] [stderr]    Compiling potential_utf v0.1.6
[INFO] [stderr]    Compiling icu_locale_core v2.3.0
[INFO] [stderr]    Compiling icu_collections v2.3.0
[INFO] [stderr]    Compiling serde v1.0.229
[INFO] [stderr]    Compiling chrono v0.4.45
[INFO] [stderr]    Compiling serde_spanned v0.6.9
[INFO] [stderr]    Compiling toml_datetime v0.6.11
[INFO] [stderr]    Compiling car-peers v0.57.4
[INFO] [stderr]    Compiling toml_edit v0.22.27
[INFO] [stderr]    Compiling icu_provider v2.3.1
[INFO] [stderr]    Compiling icu_properties v2.3.0
[INFO] [stderr]    Compiling icu_normalizer v2.3.0
[INFO] [stderr]    Compiling idna_adapter v1.2.2
[INFO] [stderr]    Compiling idna v1.1.0
[INFO] [stderr]    Compiling url v2.5.8
[INFO] [stderr]    Compiling toml v0.8.23
[INFO] [stderr]    Compiling car-context v0.57.4
[INFO] [stderr]    Compiling car-bundle v0.57.4
[INFO] [stderr]    Compiling car-registry v0.57.4 (/opt/rustwide/workdir)
[INFO] [stderr] warning: unused dependency `car-winenv`
[INFO] [stderr]   --> Cargo.toml:16:15
[INFO] [stderr]    |
[INFO] [stderr] 16 | [dependencies.car-winenv]
[INFO] [stderr]    |               ^^^^^^^^^^^
[INFO] [stderr]    |
[INFO] [stderr]    = note: `cargo::unused_dependencies` is set to `warn` by default
[INFO] [stderr] help: consider removing the dependency on `car-winenv`
[INFO] [stderr] warning: `car-registry` (manifest) generated 1 warning
[INFO] [stderr]     Finished `release` profile [optimized] target(s) in 1m 02s
[INFO] running `Command { std: "docker" "inspect" "c5cc67944fc3844f770e5187e5bce56cf71d119d1ec720ad9784e7b3d488721a", kill_on_drop: false }`
[INFO] running `Command { std: "docker" "exec" "-e" "SOURCE_DIR=/opt/rustwide/workdir" "-e" "CARGO_HOME=/opt/rustwide/cargo-home" "-e" "RUSTUP_HOME=/opt/rustwide/rustup-home" "-e" "CARGO_TARGET_DIR=/opt/rustwide/target" "-e" "CARGO_INCREMENTAL=0" "-e" "RUST_BACKTRACE=full" "-e" "RUSTFLAGS=--cap-lints=warn" "-e" "RUSTDOCFLAGS=--cap-lints=warn" "-w" "/opt/rustwide/workdir" "--user" "0:0" "c5cc67944fc3844f770e5187e5bce56cf71d119d1ec720ad9784e7b3d488721a" "/opt/rustwide/cargo-home/bin/cargo" "+1.100.0-beta.1" "test" "--frozen" "--no-run" "--message-format=json" "--release", kill_on_drop: false }`
[INFO] [stderr]    Compiling serde_json v1.0.151
[INFO] [stderr]    Compiling getrandom v0.2.17
[INFO] [stderr]    Compiling futures-core v0.3.34
[INFO] [stderr]    Compiling futures-sink v0.3.34
[INFO] [stderr]    Compiling futures-macro v0.3.34
[INFO] [stderr]    Compiling futures-io v0.3.34
[INFO] [stderr]    Compiling tokio v1.53.1
[INFO] [stderr]    Compiling tempfile v3.27.0
[INFO] [stderr]    Compiling futures-channel v0.3.34
[INFO] [stderr]    Compiling rand_core v0.6.4
[INFO] [stderr]    Compiling ed25519-dalek v2.2.0
[INFO] [stderr]    Compiling futures-util v0.3.34
[INFO] [stderr]    Compiling schemars v0.8.22
[INFO] [stderr]    Compiling car-peers v0.57.4
[INFO] [stderr]    Compiling car-context v0.57.4
[INFO] [stderr]    Compiling car-bundle v0.57.4
[INFO] [stderr]    Compiling futures-executor v0.3.34
[INFO] [stderr]    Compiling futures v0.3.34
[INFO] [stderr]    Compiling car-registry v0.57.4 (/opt/rustwide/workdir)
[INFO] [stderr] warning: unused dependency `car-winenv`
[INFO] [stderr]   --> Cargo.toml:16:15
[INFO] [stderr]    |
[INFO] [stderr] 16 | [dependencies.car-winenv]
[INFO] [stderr]    |               ^^^^^^^^^^^
[INFO] [stderr]    |
[INFO] [stderr]    = note: `cargo::unused_dependencies` is set to `warn` by default
[INFO] [stderr] help: consider removing the dependency on `car-winenv`
[INFO] [stderr] warning: `car-registry` (manifest) generated 1 warning
[INFO] [stderr]     Finished `release` profile [optimized] target(s) in 53.31s
[INFO] running `Command { std: "docker" "inspect" "c5cc67944fc3844f770e5187e5bce56cf71d119d1ec720ad9784e7b3d488721a", kill_on_drop: false }`
[INFO] running `Command { std: "docker" "exec" "-e" "SOURCE_DIR=/opt/rustwide/workdir" "-e" "CARGO_HOME=/opt/rustwide/cargo-home" "-e" "RUSTUP_HOME=/opt/rustwide/rustup-home" "-e" "CARGO_TARGET_DIR=/opt/rustwide/target" "-e" "CARGO_INCREMENTAL=0" "-e" "RUST_BACKTRACE=full" "-e" "RUSTFLAGS=--cap-lints=warn" "-e" "RUSTDOCFLAGS=--cap-lints=warn" "-w" "/opt/rustwide/workdir" "--user" "0:0" "c5cc67944fc3844f770e5187e5bce56cf71d119d1ec720ad9784e7b3d488721a" "/opt/rustwide/cargo-home/bin/cargo" "+1.100.0-beta.1" "test" "--frozen" "--release", kill_on_drop: false }`
[INFO] [stderr] warning: unused dependency `car-winenv`
[INFO] [stderr]   --> Cargo.toml:16:15
[INFO] [stderr]    |
[INFO] [stderr] 16 | [dependencies.car-winenv]
[INFO] [stderr]    |               ^^^^^^^^^^^
[INFO] [stderr]    |
[INFO] [stderr]    = note: `cargo::unused_dependencies` is set to `warn` by default
[INFO] [stderr] help: consider removing the dependency on `car-winenv`
[INFO] [stderr] warning: `car-registry` (manifest) generated 1 warning
[INFO] [stderr]     Finished `release` profile [optimized] target(s) in 0.16s
[INFO] [stderr]      Running unittests src/lib.rs (/opt/rustwide/target/release/build/car-registry/a67180f764396ca4/out/car_registry-a67180f764396ca4)
[INFO] [stdout] 
[INFO] [stdout] running 141 tests
[INFO] [stdout] test declarative::tests::a_spec_written_before_the_context_field_still_loads_as_car_managed ... ok
[INFO] [stdout] test declarative::tests::legacy_spec_defaults_builder_history_and_inference_to_none ... ok
[INFO] [stdout] test declarative::tests::a_mistyped_context_value_warns_and_defaults_instead_of_failing_the_parse ... ok
[INFO] [stdout] test declarative::tests::revert_without_history_refuses_to_report_a_change ... ok
[INFO] [stdout] test declarative::tests::invalid_inference_selection_is_rejected ... ok
[INFO] [stdout] test declarative::tests::cadence_round_trips_and_is_optional_for_existing_specs ... ok
[INFO] [stdout] test declarative::tests::invalid_spec_is_rejected ... ok
[INFO] [stdout] test declarative::tests::get_preserves_existing_registry_bytes_and_path_is_derived ... ok
[INFO] [stdout] test install::tests::install_check_accepts_cargo_style_requirement ... ok
[INFO] [stdout] test declarative::tests::inference_selection_round_trips_through_the_registry ... ok
[INFO] [stdout] test install::tests::install_check_fails_on_missing_required_capability ... ok
[INFO] [stdout] test declarative::tests::a_mistyped_context_value_cannot_empty_the_registry ... ok
[INFO] [stdout] test declarative::tests::unknown_reasoning_effort_does_not_silently_degrade ... ok
[INFO] [stdout] test declarative::tests::upsert_rejects_invalid_goal_contract ... ok
[INFO] [stdout] test declarative::tests::upsert_rejects_spec_with_no_scenarios ... ok
[INFO] [stdout] test install::tests::install_check_accepts_bare_semver_as_minimum ... ok
[INFO] [stdout] test declarative::tests::builder_draft_and_previous_round_trip_with_one_level_of_history ... ok
[INFO] [stdout] test declarative::tests::context_policy_round_trips_through_the_spec ... ok
[INFO] [stdout] test declarative::tests::persists_across_handles ... ok
[INFO] [stdout] test install::tests::install_check_passes_when_no_capabilities_declared ... ok
[INFO] [stdout] test manifest::tests::from_legacy_round_trips_external_process_fields ... ok
[INFO] [stdout] test declarative::tests::upsert_list_get_remove_round_trip ... ok
[INFO] [stdout] test manifest::tests::pure_data_manifest_cannot_project_to_agent_spec ... ok
[INFO] [stdout] test declarative::tests::revert_restores_the_previous_spec_under_the_same_id_with_bounded_history ... ok
[INFO] [stdout] test manifest::tests::command_and_interpreter_both_set_is_mutual_exclusion_error ... ok
[INFO] [stdout] test install::tests::install_check_records_missing_optional_capabilities ... ok
[INFO] [stdout] test declarative::tests::set_enabled_toggles ... ok
[INFO] [stdout] test install::tests::resolve_highest_version_picks_max_semver ... ok
[INFO] [stdout] test install::tests::resolve_versioned_wins_over_unversioned ... ok
[INFO] [stdout] test method_allowlist::tests::invalid_entries_are_named_together ... ok
[INFO] [stdout] test install::tests::install_check_rejects_when_car_min_version_too_high ... ok
[INFO] [stdout] test install::tests::resolve_falls_back_to_unversioned_when_no_versioned_match ... ok
[INFO] [stdout] test manifest::tests::interpreter_survives_toml_round_trip_then_resolves ... ok
[INFO] [stdout] test manifest::tests::interpreter_resolves_to_absolute_path_at_install ... ok
[INFO] [stdout] test manifest::tests::health_url_manifest_cannot_project_to_agent_spec ... ok
[INFO] [stdout] test manifest::tests::load_manifest_dir_is_empty_when_path_missing ... ok
[INFO] [stdout] test method_allowlist::tests::inventory_accepts_non_host_roles_and_rejects_host_methods ... ok
[INFO] [stdout] test method_allowlist::tests::normalization_preserves_none_and_empty_but_canonicalizes_entries ... ok
[INFO] [stdout] test manifest::tests::neither_command_nor_interpreter_is_missing_command_error ... ok
[INFO] [stdout] test reboot_cutover::tests::kill_child ... ok
[INFO] [stdout] test manifest::tests::interpreter_missing_on_path_errors_clearly ... ok
[INFO] [stdout] test manifest::tests::write_and_load_manifest_round_trip ... ok
[INFO] [stdout] test routing::tests::corrupt_file_reads_as_empty ... ok
[INFO] [stdout] test routing::tests::empty_capability_embedding_is_noop ... ok
[INFO] [stdout] test routing::tests::capability_reseeds_on_dimension_change ... ok
[INFO] [stdout] test manifest::tests::load_manifest_dir_skips_malformed_files ... ok
[INFO] [stdout] test manifest::tests::signed_but_tampered_manifest_still_loads_in_phase_2_with_warning ... ok
[INFO] [stdout] test routing::tests::first_outcome_seeds_ema_then_blends ... ok
[INFO] [stdout] test manifest::tests::signed_manifest_loads_when_signature_valid ... ok
[INFO] [stdout] test routing::tests::edge_weight_reads_directed_pair ... ok
[INFO] [stdout] test manifest::tests::token_bearing_manifest_is_private_on_create_update_and_load_repair ... ok
[INFO] [stdout] test routing::tests::capability_seeds_then_ema_folds ... ok
[INFO] [stdout] test supervisor::orphan_guard_tests::an_id_that_cannot_be_addressed_as_a_peer_is_refused_at_registration ... ok
[INFO] [stdout] test routing::tests::no_history_yields_neutral_prior ... ok
[INFO] [stdout] test routing::tests::best_forward_picks_max_weight ... ok
[INFO] [stdout] test supervisor::orphan_guard_tests::process_group_lookup_reports_a_plausible_group ... ok
[INFO] [stdout] test routing::tests::outcome_counts_expose_raw_history_for_the_posterior ... ok
[INFO] [stdout] test routing::tests::non_finite_capability_is_refused_and_store_survives ... ok
[INFO] [stdout] test supervisor::orphan_guard_tests::the_agent_id_rule_is_exactly_the_peer_name_rule ... ok
[INFO] [stdout] test routing::tests::weak_edge_auto_pruned_on_decay ... ok
[INFO] [stdout] test supervisor::orphan_guard_tests::tree_kill_only_targets_a_process_that_leads_its_own_group ... ok
[INFO] [stdout] test routing::tests::prune_below_runs_as_maintenance_with_strict_theta ... ok
[INFO] [stdout] test supervisor::tests::auto_start_defaults_to_false_when_omitted_from_json ... ok
[INFO] [stdout] test proc::tests::runs_and_captures_output ... ok
[INFO] [stdout] test supervisor::orphan_guard_tests::a_dead_pid_is_not_a_blocker_and_the_stale_file_is_reaped ... ok
[INFO] [stdout] test supervisor::orphan_guard_tests::an_agent_written_pid_file_still_blocks_a_double_spawn ... ok
[INFO] [stdout] test supervisor::orphan_guard_tests::a_stale_agent_written_pid_file_is_ignored_but_left_in_place ... ok
[INFO] [stdout] test supervisor::tests::boot_with_legacy_only_mirrors_to_new_layout ... ok
[INFO] [stdout] test supervisor::tests::boot_with_new_layout_only_loads_manifest_dir ... ok
[INFO] [stdout] test supervisor::tests::default_child_env_is_set_and_round_trips ... ok
[INFO] [stdout] test supervisor::orphan_guard_tests::clearing_removes_only_our_own_pid ... ok
[INFO] [stdout] test supervisor::orphan_guard_tests::our_own_record_is_consulted_before_the_agents ... ok
[INFO] [stdout] test supervisor::orphan_guard_tests::supervisor_never_writes_the_agent_owned_pid_path ... ok
[INFO] [stdout] test supervisor::tests::boot_with_mixed_sources_new_layout_wins_on_id_conflict ... ok
[INFO] [stdout] test supervisor::orphan_guard_tests::supervisor_written_pid_file_round_trips ... ok
[INFO] [stdout] test supervisor::tests::install_manifest_rejects_when_host_lacks_required_capability ... ok
[INFO] [stdout] test supervisor::tests::agents_json_is_private_on_create_rewrite_and_startup_repair ... ok
[INFO] [stdout] test supervisor::tests::install_manifest_adopts_external_process_when_validation_passes ... ok
[INFO] [stdout] test supervisor::tests::health_flags_a_broken_command_after_upsert ... ok
[INFO] [stdout] test supervisor::orphan_guard_tests::unparseable_pid_file_is_removed_rather_than_blocking_forever ... ok
[INFO] [stdout] test supervisor::tests::invalid_ids_rejected ... ok
[INFO] [stdout] test supervisor::tests::only_a_run_outlasting_the_backoff_ceiling_starts_a_new_streak ... ok
[INFO] [stdout] test supervisor::tests::list_from_manifest_works_while_lock_is_held ... ok
[INFO] [stdout] test supervisor::tests::long_stderr_no_longer_buries_live_stdout ... ok
[INFO] [stdout] test supervisor::tests::install_manifest_writes_pure_data_to_disk_without_adoption ... ok
[INFO] [stdout] test supervisor::tests::crash_loop_restarts_then_errors_with_exit_code ... ok
[INFO] [stdout] test supervisor::tests::manifest_round_trips_across_supervisors ... ok
[INFO] [stdout] test supervisor::tests::read_log_missing_files_are_empty_not_error ... ok
[INFO] [stdout] test supervisor::tests::reap_removes_empty_logs_and_keeps_written_ones ... ok
[INFO] [stdout] test supervisor::tests::resolve_interpreter_finds_sh_on_path ... ok
[INFO] [stdout] test supervisor::tests::resolve_interpreter_rejects_missing_name ... ok
[INFO] [stdout] test supervisor::tests::read_stream_window_bounded_tail_matches_whole_file_when_under_ceiling ... ok
[INFO] [stdout] test supervisor::tests::resolve_interpreter_rejects_path_shaped_name ... ok
[INFO] [stdout] test supervisor::tests::resolve_interpreter_rejects_parent_dir_in_name ... ok
[INFO] [stdout] test supervisor::tests::method_scope_is_validated_bound_and_retained_with_its_token ... ok
[INFO] [stdout] test supervisor::tests::restart_backoff_is_exponential_capped_and_floored ... ok
[INFO] [stdout] test supervisor::tests::read_log_stream_selection_and_paging ... ok
[INFO] [stdout] test supervisor::tests::same_path_supervisor_rejects_second ... ok
[INFO] [stdout] test supervisor::tests::migration_is_idempotent_across_reboots ... ok
[INFO] [stdout] test supervisor::tests::remove_reaps_manifest_dir ... ok
[INFO] [stdout] test supervisor::tests::stop_all_with_no_agents_returns_immediately ... ok
[INFO] [stdout] test supervisor::tests::start_all_skips_auto_start_false ... ok
[INFO] [stdout] test supervisor::tests::upsert_accepts_legitimate_command ... ok
[INFO] [stdout] test supervisor::tests::sweep_removes_only_empty_unregistered_logs ... ok
[INFO] [stdout] test supervisor::tests::tail_log_returns_recent_lines ... ok
[INFO] [stdout] test supervisor::tests::read_stream_window_only_reads_a_bounded_window_for_large_files ... ok
[INFO] [stdout] test supervisor::tests::upsert_rejects_unknown_and_host_only_method_scope_entries ... ok
[INFO] [stdout] test supervisor::tests::upsert_persists_and_lists ... ok
[INFO] [stdout] test supervisor::tests::validate_agent_token_uses_constant_time_compare ... ok
[INFO] [stdout] test supervisor::tests::upsert_writes_both_legacy_and_new_layout ... ok
[INFO] [stdout] test supervisor::tests::validate_command_rejects_missing_file ... ok
[INFO] [stdout] test supervisor::tests::validate_command_rejects_directory ... ok
[INFO] [stdout] test supervisor::tests::validate_command_rejects_parent_dir_segment ... ok
[INFO] [stdout] test supervisor::tests::upsert_preserves_other_agents_manifest_bytes ... ok
[INFO] [stdout] test supervisor::tests::validate_command_rejects_relative_path ... ok
[INFO] [stdout] test supervisor::tests::validate_command_rejects_tmp_prefix ... ok
[INFO] [stdout] test tests::capability_round_trips ... ok
[INFO] [stdout] test tests::corrupt_entries_skipped_in_list ... ok
[INFO] [stdout] test tests::heartbeat_bumps_timestamp ... ok
[INFO] [stdout] test tests::heartbeat_unknown_returns_false ... ok
[INFO] [stdout] test tests::invalid_names_rejected ... ok
[INFO] [stdout] test tests::legacy_entry_without_capability_deserializes ... ok
[INFO] [stdout] test tests::reap_stale_removes_old_entries ... ok
[INFO] [stdout] test supervisor::tests::upsert_mints_token_when_empty_and_retains_on_reupsert ... ok
[INFO] [stdout] test tests::register_then_list_round_trips ... ok
[INFO] [stdout] test tests::reap_stale_reports_only_actually_removed_and_is_idempotent ... ok
[INFO] [stdout] test tests::unregister_idempotent ... ok
[INFO] [stdout] test supervisor::tests::work_context_is_immutable_bound_to_token_and_persisted_in_both_layouts ... ok
[INFO] [stdout] test reboot_cutover::tests::newest_torn_slot_recovers_and_two_torn_slots_fail_closed ... ok
[INFO] [stdout] test reboot_cutover::tests::unsafe_journal_slot_is_not_downgraded_to_a_torn_tail ... ok
[INFO] [stdout] test reboot_cutover::tests::apply_and_rollback_are_idempotent_without_republishing ... ok
[INFO] [stdout] test supervisor::tests::install_manifest_auto_start_true_starts_external_process_immediately ... ok
[INFO] [stdout] test supervisor::tests::start_then_stop_runs_child_and_reaps_it ... ok
[INFO] [stdout] test supervisor::tests::remove_stops_running_agent ... ok
[INFO] [stdout] test reboot_cutover::tests::active_stale_and_owned_backup_collisions_fail_closed ... ok
[INFO] [stdout] test supervisor::tests::respawn_tears_down_prior_child_no_orphan ... ok
[INFO] [stdout] test supervisor::tests::read_stream_window_truncates_honestly_past_the_byte_ceiling ... ok
[INFO] [stdout] test supervisor::tests::concurrent_work_contexts_survive_child_env_changes_and_restart ... ok
[INFO] [stdout] test supervisor::tests::wait_for_blocks_until_running_and_times_out_otherwise ... ok
[INFO] [stdout] test supervisor::tests::stop_all_takes_down_the_whole_tree_not_just_the_direct_child ... FAILED
[INFO] [stdout] test reboot_cutover::tests::sigkill_and_power_loss_recover_at_every_mutation_boundary ... ok
[INFO] [stdout] 
[INFO] [stdout] failures:
[INFO] [stdout] 
[INFO] [stdout] ---- supervisor::tests::stop_all_takes_down_the_whole_tree_not_just_the_direct_child stdout ----
[INFO] [stdout] 
[INFO] [stdout] thread 'supervisor::tests::stop_all_takes_down_the_whole_tree_not_just_the_direct_child' (1702) panicked at src/supervisor.rs:3438:9:
[INFO] [stdout] grandchild 1709 survived stop_all — this is car#1106: the worker outlives the daemon that owns it
[INFO] [stdout] stack backtrace:
[INFO] [stdout]    0:     0x5ca5eed5f071 - <<std[617be2ca0a6fd877]::sys::backtrace::BacktraceLock>::print::DisplayBacktrace as core[a373ad73a504971]::fmt::Display>::fmt
[INFO] [stdout]    1:     0x5ca5eed7699a - core[a373ad73a504971]::fmt::write
[INFO] [stdout]    2:     0x5ca5eed63c2c - <alloc[2e1b2a31b91974c5]::vec::Vec<u8> as core[a373ad73a504971]::io::write::Write>::write_fmt
[INFO] [stdout]    3:     0x5ca5eed35ba6 - std[617be2ca0a6fd877]::panicking::default_hook::{closure#0}
[INFO] [stdout]    4:     0x5ca5eed54b19 - std[617be2ca0a6fd877]::panicking::default_hook
[INFO] [stdout]    5:     0x5ca5eec0af80 - test[aada8e7e76ba119b]::test_main_inner::{closure#0}
[INFO] [stdout]    6:     0x5ca5eed54e42 - std[617be2ca0a6fd877]::panicking::panic_with_hook
[INFO] [stdout]    7:     0x5ca5eed35c52 - std[617be2ca0a6fd877]::panicking::panic_handler::{closure#0}
[INFO] [stdout]    8:     0x5ca5eed2e359 - std[617be2ca0a6fd877]::sys::backtrace::__rust_end_short_backtrace::<std[617be2ca0a6fd877]::panicking::panic_handler::{closure#0}, !>
[INFO] [stdout]    9:     0x5ca5eed36e0d - __rustc[ea4f61d10b84890b]::rust_begin_unwind
[INFO] [stdout]   10:     0x5ca5eed770fc - core[a373ad73a504971]::panicking::panic_fmt
[INFO] [stdout]   11:     0x5ca5eeae9f94 - car_registry[52d1cb2e25cc160a]::supervisor::tests::stop_all_takes_down_the_whole_tree_not_just_the_direct_child::{closure#0}
[INFO] [stdout]   12:     0x5ca5eeb9573b - <tokio[213ce0cc9dc509c]::runtime::scheduler::current_thread::CurrentThread>::block_on::<core[a373ad73a504971]::pin::Pin<&mut dyn core[a373ad73a504971]::future::future::Future<Output = ()>>>
[INFO] [stdout]   13:     0x5ca5eeb61f12 - <tokio[213ce0cc9dc509c]::runtime::runtime::Runtime>::block_on::<core[a373ad73a504971]::pin::Pin<&mut dyn core[a373ad73a504971]::future::future::Future<Output = ()>>>
[INFO] [stdout]   14:     0x5ca5eeafc9de - <car_registry[52d1cb2e25cc160a]::supervisor::tests::stop_all_takes_down_the_whole_tree_not_just_the_direct_child::{closure#0} as core[a373ad73a504971]::ops::function::FnOnce<()>>::call_once
[INFO] [stdout]   15:     0x5ca5eebfe3cb - test[aada8e7e76ba119b]::__rust_begin_short_backtrace::<core[a373ad73a504971]::result::Result<(), alloc[2e1b2a31b91974c5]::string::String>, fn() -> core[a373ad73a504971]::result::Result<(), alloc[2e1b2a31b91974c5]::string::String>>
[INFO] [stdout]   16:     0x5ca5eec0b5a5 - test[aada8e7e76ba119b]::run_test::{closure#0}
[INFO] [stdout]   17:     0x5ca5eec04e94 - std[617be2ca0a6fd877]::sys::backtrace::__rust_begin_short_backtrace::<test[aada8e7e76ba119b]::run_test::{closure#1}, ()>
[INFO] [stdout]   18:     0x5ca5eec0e632 - <std[617be2ca0a6fd877]::thread::lifecycle::spawn_unchecked<test[aada8e7e76ba119b]::run_test::{closure#1}, ()>::{closure#1} as core[a373ad73a504971]::ops::function::FnOnce<()>>::call_once::{shim:vtable#0}
[INFO] [stdout]   19:     0x5ca5eed5df7f - <std[617be2ca0a6fd877]::sys::thread::unix::Thread>::new::thread_start
[INFO] [stdout]   20:     0x7ce990336dfa - <unknown>
[INFO] [stdout]   21:     0x7ce9903ca3d4 - clone
[INFO] [stdout]   22:                0x0 - <unknown>
[INFO] [stdout] 
[INFO] [stdout] 
[INFO] [stdout] failures:
[INFO] [stdout]     supervisor::tests::stop_all_takes_down_the_whole_tree_not_just_the_direct_child
[INFO] [stdout] 
[INFO] [stdout] test result: FAILED. 140 passed; 1 failed; 0 ignored; 0 measured; 0 filtered out; finished in 11.60s
[INFO] [stdout] 
[INFO] [stderr] error: test failed, to rerun pass `--lib`
[INFO] running `Command { std: "docker" "inspect" "c5cc67944fc3844f770e5187e5bce56cf71d119d1ec720ad9784e7b3d488721a", kill_on_drop: false }`
[INFO] running `Command { std: "docker" "rm" "-f" "c5cc67944fc3844f770e5187e5bce56cf71d119d1ec720ad9784e7b3d488721a", kill_on_drop: false }`
[INFO] [stdout] c5cc67944fc3844f770e5187e5bce56cf71d119d1ec720ad9784e7b3d488721a
