[INFO] fetching crate blockchain_contracts 0.4.1...
[INFO] testing blockchain_contracts-0.4.1 against 1.99.0-beta.8+cargoflags=--release for beta-release-1.100-2
[INFO] extracting crate blockchain_contracts 0.4.1 into /workspace/builds/worker-5-tc1/source
[INFO] started tweaking crates.io crate blockchain_contracts 0.4.1
[INFO] finished tweaking crates.io crate blockchain_contracts 0.4.1
[INFO] tweaked toml for crates.io crate blockchain_contracts 0.4.1 written to /workspace/builds/worker-5-tc1/source/Cargo.toml
[INFO] validating manifest of crates.io crate blockchain_contracts 0.4.1 on toolchain 1.99.0-beta.8
[INFO] running `Command { std: CARGO_HOME="/workspace/cargo-home" RUSTUP_HOME="/workspace/rustup-home" "/workspace/cargo-home/bin/cargo" "+1.99.0-beta.8" "metadata" "--manifest-path" "Cargo.toml" "--no-deps", kill_on_drop: false }`
[INFO] running `Command { std: CARGO_HOME="/workspace/cargo-home" RUSTUP_HOME="/workspace/rustup-home" "/workspace/cargo-home/bin/cargo" "+1.99.0-beta.8" "generate-lockfile" "--manifest-path" "Cargo.toml", kill_on_drop: false }`
[INFO] [stderr]     Updating crates.io index
[INFO] [stderr]      Locking 309 packages to highest compatible versions
[INFO] [stderr]       Adding bitcoin v0.25.2 (available: v0.32.102)
[INFO] [stderr]       Adding hex-literal v0.2.2 (available: v1.1.0)
[INFO] [stderr]       Adding pretty_env_logger v0.4.0 (available: v0.5.0)
[INFO] [stderr]       Adding primitive-types v0.5.1 (available: v0.14.0)
[INFO] [stderr]       Adding reqwest v0.10.10 (available: v0.13.5)
[INFO] [stderr]       Adding rlp v0.4.6 (available: v0.6.1)
[INFO] [stderr]       Adding secp256k1 v0.19.0 (available: v0.33.1)
[INFO] [stderr]       Adding testcontainers v0.9.1 (available: v0.28.0)
[INFO] [stderr]       Adding wasi v0.10.0+wasi-snapshot-preview1 (available: v0.10.2+wasi-snapshot-preview1)
[INFO] [stderr]       Adding web3 v0.10.0 (available: v0.19.0)
[INFO] running `Command { std: CARGO_HOME="/workspace/cargo-home" RUSTUP_HOME="/workspace/rustup-home" "/workspace/cargo-home/bin/cargo" "+1.99.0-beta.8" "fetch" "--manifest-path" "Cargo.toml", kill_on_drop: false }`
[INFO] [stderr]  Downloading crates ...
[INFO] [stderr]   Downloaded tokio-timer v0.1.2
[INFO] [stderr]   Downloaded slab v0.3.0
[INFO] [stderr]   Downloaded scoped-tls v0.1.2
[INFO] [stderr]   Downloaded tokio-core v0.1.18
[INFO] [stderr]   Downloaded tokio-executor v0.1.10
[INFO] [stderr]   Downloaded tokio-uds v0.2.7
[INFO] [stderr]   Downloaded tokio-codec v0.1.2
[INFO] [stderr]   Downloaded tokio-tcp v0.1.4
[INFO] [stderr]   Downloaded want v0.2.0
[INFO] [stderr]   Downloaded http-body v0.1.0
[INFO] [stderr]   Downloaded tokio-udp v0.1.6
[INFO] [stderr]   Downloaded tokio-buf v0.1.1
[INFO] [stderr]   Downloaded futures-cpupool v0.1.8
[INFO] [stderr]   Downloaded ethereum-types v0.8.0
[INFO] [stderr]   Downloaded impl-codec v0.4.2
[INFO] [stderr]   Downloaded jsonrpc-core v14.2.0
[INFO] [stderr]   Downloaded string v0.2.1
[INFO] [stderr]   Downloaded primitive-types v0.6.2
[INFO] [stderr]   Downloaded impl-rlp v0.2.1
[INFO] [stderr]   Downloaded rlp v0.4.6
[INFO] [stderr]   Downloaded byte-slice-cast v0.3.5
[INFO] [stderr]   Downloaded ethbloom v0.8.1
[INFO] [stderr]   Downloaded tiny-keccak v1.5.0
[INFO] [stderr]   Downloaded tokio-reactor v0.1.12
[INFO] [stderr]   Downloaded tokio-sync v0.1.8
[INFO] [stderr]   Downloaded tokio-fs v0.1.7
[INFO] [stderr]   Downloaded tokio-timer v0.2.13
[INFO] [stderr]   Downloaded parking_lot_core v0.6.3
[INFO] [stderr]   Downloaded tokio-current-thread v0.1.7
[INFO] [stderr]   Downloaded fixed-hash v0.5.2
[INFO] [stderr]   Downloaded tokio-io v0.1.13
[INFO] [stderr]   Downloaded ethabi v9.0.1
[INFO] [stderr]   Downloaded smallvec v0.6.14
[INFO] [stderr]   Downloaded parking_lot_core v0.7.3
[INFO] [stderr]   Downloaded parity-scale-codec v1.3.7
[INFO] [stderr]   Downloaded testcontainers v0.9.1
[INFO] [stderr]   Downloaded bytes v0.4.12
[INFO] [stderr]   Downloaded tokio-threadpool v0.1.18
[INFO] [stderr]   Downloaded impl-serde v0.2.3
[INFO] [stderr]   Downloaded hmac v0.7.1
[INFO] [stderr]   Downloaded web3 v0.10.0
[INFO] [stderr]   Downloaded futures v0.1.31
[INFO] [stderr]   Downloaded tokio v0.1.22
[INFO] [stderr]   Downloaded derivative v1.0.4
[INFO] [stderr]   Downloaded hyper v0.12.36
[INFO] [stderr]   Downloaded http v0.1.21
[INFO] [stderr]   Downloaded h2 v0.1.26
[INFO] [stderr]   Downloaded bitvec v0.17.4
[INFO] [stderr]   Downloaded spectral v0.6.0
[INFO] [stderr]   Downloaded num v0.1.43
[INFO] [stderr]   Downloaded num-rational v0.1.43
[INFO] [stderr]   Downloaded num-complex v0.1.44
[INFO] [stderr]   Downloaded secp256k1 v0.19.0
[INFO] [stderr]   Downloaded num-bigint v0.1.45
[INFO] [stderr]   Downloaded secp256k1-sys v0.3.0
[INFO] [stderr]   Downloaded reqwest v0.10.10
[INFO] [stderr]   Downloaded winreg v0.7.0
[INFO] [stderr]   Downloaded rust-crypto v0.2.36
[INFO] [stderr]   Downloaded tokio-tls v0.3.1
[INFO] [stderr]   Downloaded hyper-tls v0.4.3
[INFO] [stderr]   Downloaded primitive-types v0.5.1
[INFO] [stderr]   Downloaded pretty_env_logger v0.4.0
[INFO] [stderr]   Downloaded fixed-hash v0.4.0
[INFO] [stderr]   Downloaded static_assertions v0.2.5
[INFO] [stderr]   Downloaded rand v0.5.6
[INFO] [stderr]   Downloaded hex-literal v0.2.2
[INFO] [stderr]   Downloaded hex-literal-impl v0.2.3
[INFO] [stderr]   Downloaded bech32 v0.7.3
[INFO] [stderr]   Downloaded bitcoin_hashes v0.9.7
[INFO] [stderr]   Downloaded bitcoin v0.25.2
[INFO] running `Command { std: "docker" "create" "-v" "/var/lib/crater-agent-workspace/builds/worker-5-tc1/source:/opt/rustwide/workdir:ro,Z" "-v" "/var/lib/crater-agent-workspace/builds/worker-5-tc1/target:/opt/rustwide/target:rw,Z" "-v" "/var/lib/crater-agent-workspace/cargo-home:/opt/rustwide/cargo-home:ro,Z" "-v" "/var/lib/crater-agent-workspace/rustup-home:/opt/rustwide/rustup-home:ro,Z" "-m" "1610612736" "--network" "none" "ghcr.io/rust-lang/crates-build-env/linux@sha256:77db811e55d90add9212f6832c23229e3de5f1c1f9905e8cb07319ea15df73ac" "sleep" "infinity", kill_on_drop: false }`
[INFO] [stdout] 51ea987bc73f217cfdf22325ced8fd4cf644c3ab1cfcd99ee81f8b25bdf92848
[INFO] running `Command { std: "docker" "start" "51ea987bc73f217cfdf22325ced8fd4cf644c3ab1cfcd99ee81f8b25bdf92848", kill_on_drop: false }`
[INFO] running `Command { std: "docker" "inspect" "51ea987bc73f217cfdf22325ced8fd4cf644c3ab1cfcd99ee81f8b25bdf92848", kill_on_drop: false }`
[INFO] running `Command { std: "docker" "exec" "-e" "SOURCE_DIR=/opt/rustwide/workdir" "-e" "CARGO_HOME=/opt/rustwide/cargo-home" "-e" "RUSTUP_HOME=/opt/rustwide/rustup-home" "-e" "CARGO_TARGET_DIR=/opt/rustwide/target" "-w" "/opt/rustwide/workdir" "--user" "0:0" "51ea987bc73f217cfdf22325ced8fd4cf644c3ab1cfcd99ee81f8b25bdf92848" "/opt/rustwide/cargo-home/bin/cargo" "+1.99.0-beta.8" "metadata" "--no-deps" "--format-version=1", kill_on_drop: false }`
[INFO] running `Command { std: "docker" "inspect" "51ea987bc73f217cfdf22325ced8fd4cf644c3ab1cfcd99ee81f8b25bdf92848", kill_on_drop: false }`
[INFO] running `Command { std: "docker" "exec" "-e" "SOURCE_DIR=/opt/rustwide/workdir" "-e" "CARGO_HOME=/opt/rustwide/cargo-home" "-e" "RUSTUP_HOME=/opt/rustwide/rustup-home" "-e" "CARGO_TARGET_DIR=/opt/rustwide/target" "-e" "CARGO_INCREMENTAL=0" "-e" "RUST_BACKTRACE=full" "-e" "RUSTFLAGS=--cap-lints=warn" "-e" "RUSTDOCFLAGS=--cap-lints=warn" "-w" "/opt/rustwide/workdir" "--user" "0:0" "51ea987bc73f217cfdf22325ced8fd4cf644c3ab1cfcd99ee81f8b25bdf92848" "/opt/rustwide/cargo-home/bin/cargo" "+1.99.0-beta.8" "build" "--frozen" "--message-format=json" "--release", kill_on_drop: false }`
[INFO] [stderr]    Compiling unicode-ident v1.0.27
[INFO] [stderr]    Compiling find-msvc-tools v0.1.14
[INFO] [stderr]    Compiling proc-macro-hack v0.5.20+deprecated
[INFO] [stderr]    Compiling bech32 v0.7.3
[INFO] [stderr]    Compiling proc-macro2 v1.0.107
[INFO] [stderr]    Compiling cc v1.8.0
[INFO] [stderr]    Compiling quote v1.0.47
[INFO] [stderr]    Compiling syn v3.0.9
[INFO] [stderr]    Compiling hex-literal-impl v0.2.3
[INFO] [stderr]    Compiling hex-literal v0.2.2
[INFO] [stderr]    Compiling secp256k1-sys v0.3.0
[INFO] [stderr]    Compiling serde_derive v1.0.229
[INFO] [stderr]    Compiling serde v1.0.229
[INFO] [stderr]    Compiling bitcoin_hashes v0.9.7
[INFO] [stderr]    Compiling secp256k1 v0.19.0
[INFO] [stderr]    Compiling bitcoin v0.25.2
[INFO] [stderr]    Compiling blockchain_contracts v0.4.1 (/opt/rustwide/workdir)
[INFO] [stderr]     Finished `release` profile [optimized] target(s) in 32.72s
[INFO] running `Command { std: "docker" "inspect" "51ea987bc73f217cfdf22325ced8fd4cf644c3ab1cfcd99ee81f8b25bdf92848", kill_on_drop: false }`
[INFO] running `Command { std: "docker" "exec" "-e" "SOURCE_DIR=/opt/rustwide/workdir" "-e" "CARGO_HOME=/opt/rustwide/cargo-home" "-e" "RUSTUP_HOME=/opt/rustwide/rustup-home" "-e" "CARGO_TARGET_DIR=/opt/rustwide/target" "-e" "CARGO_INCREMENTAL=0" "-e" "RUST_BACKTRACE=full" "-e" "RUSTFLAGS=--cap-lints=warn" "-e" "RUSTDOCFLAGS=--cap-lints=warn" "-w" "/opt/rustwide/workdir" "--user" "0:0" "51ea987bc73f217cfdf22325ced8fd4cf644c3ab1cfcd99ee81f8b25bdf92848" "/opt/rustwide/cargo-home/bin/cargo" "+1.99.0-beta.8" "test" "--frozen" "--no-run" "--message-format=json" "--release", kill_on_drop: false }`
[INFO] [stderr]    Compiling libc v0.2.191
[INFO] [stderr]    Compiling cfg-if v0.1.10
[INFO] [stderr]    Compiling either v1.19.0
[INFO] [stderr]    Compiling lazy_static v1.5.1
[INFO] [stderr]    Compiling futures v0.1.31
[INFO] [stderr]    Compiling synstructure v0.14.0
[INFO] [stderr]    Compiling crossbeam-utils v0.7.2
[INFO] [stderr]    Compiling maybe-uninit v2.0.0
[INFO] [stderr]    Compiling semver-parser v0.7.0
[INFO] [stderr]    Compiling zerovec-derive v0.11.6
[INFO] [stderr]    Compiling semver v0.9.0
[INFO] [stderr]    Compiling syn v2.0.119
[INFO] [stderr]    Compiling displaydoc v0.2.7
[INFO] [stderr]    Compiling rustc_version v0.2.3
[INFO] [stderr]    Compiling zerofrom-derive v0.1.8
[INFO] [stderr]    Compiling yoke-derive v0.8.4
[INFO] [stderr]    Compiling getrandom v0.1.16
[INFO] [stderr]    Compiling zerocopy v0.8.63
[INFO] [stderr]    Compiling parking_lot_core v0.6.3
[INFO] [stderr]    Compiling rustc-hex v2.1.0
[INFO] [stderr]    Compiling crunchy v0.2.4
[INFO] [stderr]    Compiling parking_lot v0.9.0
[INFO] [stderr]    Compiling smallvec v0.6.14
[INFO] [stderr]    Compiling lock_api v0.3.4
[INFO] [stderr]    Compiling memoffset v0.5.6
[INFO] [stderr]    Compiling iovec v0.1.4
[INFO] [stderr]    Compiling num_cpus v1.17.0
[INFO] [stderr]    Compiling net2 v0.2.39
[INFO] [stderr]    Compiling bytes v0.4.12
[INFO] [stderr]    Compiling tokio-executor v0.1.10
[INFO] [stderr]    Compiling zerofrom v0.1.8
[INFO] [stderr]    Compiling mio v0.6.23
[INFO] [stderr]    Compiling yoke v0.8.3
[INFO] [stderr]    Compiling vcpkg v0.2.15
[INFO] [stderr]    Compiling zerovec v0.11.8
[INFO] [stderr]    Compiling pkg-config v0.3.34
[INFO] [stderr]    Compiling tokio-io v0.1.13
[INFO] [stderr]    Compiling rand_core v0.5.1
[INFO] [stderr]    Compiling openssl-sys v0.9.117
[INFO] [stderr]    Compiling tinystr v0.8.4
[INFO] [stderr]    Compiling crossbeam-epoch v0.8.2
[INFO] [stderr]    Compiling num-traits v0.2.19
[INFO] [stderr]    Compiling writeable v0.6.4
[INFO] [stderr]    Compiling litemap v0.8.3
[INFO] [stderr]    Compiling potential_utf v0.1.6
[INFO] [stderr]    Compiling zerotrie v0.2.5
[INFO] [stderr]    Compiling tokio-sync v0.1.8
[INFO] [stderr]    Compiling icu_locale_core v2.3.0
[INFO] [stderr]    Compiling zmij v1.0.23
[INFO] [stderr]    Compiling smallvec v1.16.3
[INFO] [stderr]    Compiling icu_normalizer_data v2.3.0
[INFO] [stderr]    Compiling radium v0.3.0
[INFO] [stderr]    Compiling bytes v0.5.6
[INFO] [stderr]    Compiling icu_properties_data v2.3.0
[INFO] [stderr]    Compiling itoa v0.4.8
[INFO] [stderr]    Compiling bitvec v0.17.4
[INFO] [stderr]    Compiling icu_collections v2.3.0
[INFO] [stderr]    Compiling tokio-reactor v0.1.12
[INFO] [stderr]    Compiling rlp v0.4.6
[INFO] [stderr]    Compiling icu_provider v2.3.1
[INFO] [stderr]    Compiling arrayvec v0.5.2
[INFO] [stderr]    Compiling typenum v1.20.1
[INFO] [stderr]    Compiling pin-project-lite v0.1.12
[INFO] [stderr]    Compiling serde_json v1.0.154
[INFO] [stderr]    Compiling byte-slice-cast v0.3.5
[INFO] [stderr]    Compiling tokio v0.2.25
[INFO] [stderr]    Compiling impl-rlp v0.2.1
[INFO] [stderr]    Compiling crossbeam-deque v0.7.4
[INFO] [stderr]    Compiling parity-scale-codec v1.3.7
[INFO] [stderr]    Compiling tokio-codec v0.1.2
[INFO] [stderr]    Compiling rand v0.4.6
[INFO] [stderr]    Compiling crossbeam-queue v0.2.3
[INFO] [stderr]    Compiling generic-array v0.12.4
[INFO] [stderr]    Compiling rustc-serialize v0.3.25
[INFO] [stderr]    Compiling pin-project-internal v1.1.13
[INFO] [stderr]    Compiling proc-macro2 v0.4.30
[INFO] [stderr]    Compiling ppv-lite86 v0.2.21
[INFO] [stderr]    Compiling openssl v0.10.81
[INFO] [stderr]    Compiling http v0.2.12
[INFO] [stderr]    Compiling openssl-macros v0.1.1
[INFO] [stderr]    Compiling tokio-threadpool v0.1.18
[INFO] [stderr]    Compiling rand_chacha v0.2.2
[INFO] [stderr]    Compiling icu_properties v2.3.0
[INFO] [stderr]    Compiling rand v0.7.3
[INFO] [stderr]    Compiling pin-project v1.1.13
[INFO] [stderr]    Compiling fixed-hash v0.5.2
[INFO] [stderr]    Compiling icu_normalizer v2.3.0
[INFO] [stderr]    Compiling tracing v0.1.44
[INFO] [stderr]    Compiling num-integer v0.1.47
[INFO] [stderr]    Compiling uint v0.8.5
[INFO] [stderr]    Compiling mio-uds v0.6.8
[INFO] [stderr]    Compiling num-bigint v0.1.45
[INFO] [stderr]    Compiling native-tls v0.2.18
[INFO] [stderr]    Compiling syn v1.0.109
[INFO] [stderr]    Compiling futures-io v0.3.34
[INFO] [stderr]    Compiling unicode-xid v0.1.0
[INFO] [stderr]    Compiling bitflags v2.13.2
[INFO] [stderr]    Compiling tokio-util v0.3.1
[INFO] [stderr]    Compiling futures-util v0.3.34
[INFO] [stderr]    Compiling error-chain v0.12.4
[INFO] [stderr]    Compiling tokio-uds v0.2.7
[INFO] [stderr]    Compiling tracing-futures v0.2.5
[INFO] [stderr]    Compiling idna_adapter v1.2.2
[INFO] [stderr]    Compiling tokio-fs v0.1.7
[INFO] [stderr]    Compiling tokio-udp v0.1.6
[INFO] [stderr]    Compiling tokio-tcp v0.1.4
[INFO] [stderr]    Compiling http v0.1.21
[INFO] [stderr]    Compiling tiny-keccak v1.5.0
[INFO] [stderr]    Compiling tokio-timer v0.2.13
[INFO] [stderr]    Compiling tokio-current-thread v0.1.7
[INFO] [stderr]    Compiling impl-codec v0.4.2
[INFO] [stderr]    Compiling impl-serde v0.2.3
[INFO] [stderr]    Compiling impl-serde v0.3.2
[INFO] [stderr]    Compiling num-complex v0.1.44
[INFO] [stderr]    Compiling num-rational v0.1.43
[INFO] [stderr]    Compiling unicase v2.10.0
[INFO] [stderr]    Compiling syn v0.15.44
[INFO] [stderr]    Compiling byte-tools v0.3.1
[INFO] [stderr]    Compiling rand_core v0.4.3
[INFO] [stderr]    Compiling openssl-probe v0.2.1
[INFO] [stderr]    Compiling object v0.37.3
[INFO] [stderr]    Compiling block-padding v0.1.5
[INFO] [stderr]    Compiling rand_core v0.3.2
[INFO] [stderr]    Compiling mime_guess v2.0.5
[INFO] [stderr]    Compiling primitive-types v0.6.2
[INFO] [stderr]    Compiling tokio v0.1.22
[INFO] [stderr]    Compiling ethbloom v0.8.1
[INFO] [stderr]    Compiling encoding_rs v0.8.42
[INFO] [stderr]    Compiling idna v1.1.0
[INFO] [stderr]    Compiling quote v0.6.13
[INFO] [stderr]    Compiling h2 v0.2.7
[INFO] [stderr]    Compiling http-body v0.3.1
[INFO] [stderr]    Compiling digest v0.8.1
[INFO] [stderr]    Compiling want v0.3.2
[INFO] [stderr]    Compiling tokio-buf v0.1.1
[INFO] [stderr]    Compiling string v0.2.1
[INFO] [stderr]    Compiling socket2 v0.3.19
[INFO] [stderr]    Compiling time v0.1.45
[INFO] [stderr]    Compiling hyper v0.12.36
[INFO] [stderr]    Compiling subtle v1.0.0
[INFO] [stderr]    Compiling gimli v0.32.3
[INFO] [stderr]    Compiling failure_derive v0.1.8
[INFO] [stderr]    Compiling httpdate v0.3.2
[INFO] [stderr]    Compiling unicode-xid v0.2.6
[INFO] [stderr]    Compiling quick-error v1.2.3
[INFO] [stderr]    Compiling gcc v0.3.55
[INFO] [stderr]    Compiling miniz_oxide v0.8.9
[INFO] [stderr]    Compiling synstructure v0.12.6
[INFO] [stderr]    Compiling rust-crypto v0.2.36
[INFO] [stderr]    Compiling humantime v1.3.0
[INFO] [stderr]    Compiling crypto-mac v0.7.0
[INFO] [stderr]    Compiling h2 v0.1.26
[INFO] [stderr]    Compiling http-body v0.1.0
[INFO] [stderr]    Compiling tokio-tls v0.3.1
[INFO] [stderr]    Compiling ethereum-types v0.8.0
[INFO] [stderr]    Compiling url v2.5.8
[INFO] [stderr]    Compiling rand v0.5.6
[INFO] [stderr]    Compiling block-buffer v0.7.3
[INFO] [stderr]    Compiling num-iter v0.1.46
[INFO] [stderr]    Compiling want v0.2.0
[INFO] [stderr]    Compiling hyper v0.13.10
[INFO] [stderr]    Compiling addr2line v0.25.1
[INFO] [stderr]    Compiling parking_lot_core v0.7.3
[INFO] [stderr]    Compiling futures-cpupool v0.1.8
[INFO] [stderr]    Compiling atty v0.2.14
[INFO] [stderr]    Compiling tiny-keccak v2.0.2
[INFO] [stderr]    Compiling opaque-debug v0.2.3
[INFO] [stderr]    Compiling slab v0.3.0
[INFO] [stderr]    Compiling rustc-demangle v0.1.28
[INFO] [stderr]    Compiling core_detect v1.0.0
[INFO] [stderr]    Compiling scoped-tls v0.1.2
[INFO] [stderr]    Compiling static_assertions v0.2.5
[INFO] [stderr]    Compiling multiversion_no_op v1.0.0
[INFO] [stderr]    Compiling simdutf8 v0.1.5
[INFO] [stderr]    Compiling fake-simd v0.1.2
[INFO] [stderr]    Compiling convert_case v0.4.0
[INFO] [stderr]    Compiling derive_more v0.99.20
[INFO] [stderr]    Compiling anyhow v1.0.104
[INFO] [stderr]    Compiling sha2 v0.8.2
[INFO] [stderr]    Compiling env_logger v0.7.1
[INFO] [stderr]    Compiling fixed-hash v0.4.0
[INFO] [stderr]    Compiling tokio-core v0.1.18
[INFO] [stderr]    Compiling tokio-timer v0.1.2
[INFO] [stderr]    Compiling serde_urlencoded v0.7.1
[INFO] [stderr]    Compiling backtrace v0.3.76
[INFO] [stderr]    Compiling parking_lot v0.10.2
[INFO] [stderr]    Compiling derivative v1.0.4
[INFO] [stderr]    Compiling num v0.1.43
[INFO] [stderr]    Compiling hyper-tls v0.4.3
[INFO] [stderr]    Compiling ethabi v9.0.1
[INFO] [stderr]    Compiling hmac v0.7.1
[INFO] [stderr]    Compiling jsonrpc-core v14.2.0
[INFO] [stderr]    Compiling rand v0.3.23
[INFO] [stderr]    Compiling base64 v0.11.0
[INFO] [stderr]    Compiling ipnet v2.12.2
[INFO] [stderr]    Compiling testcontainers v0.9.1
[INFO] [stderr]    Compiling web3 v0.10.0
[INFO] [stderr]    Compiling reqwest v0.10.10
[INFO] [stderr]    Compiling failure v0.1.8
[INFO] [stderr]    Compiling spectral v0.6.0
[INFO] [stderr]    Compiling primitive-types v0.5.1
[INFO] [stderr]    Compiling pretty_env_logger v0.4.0
[INFO] [stderr]    Compiling blockchain_contracts v0.4.1 (/opt/rustwide/workdir)
[INFO] [stdout] warning: use of deprecated constant `std::u32::MAX`: replaced by the `MAX` associated constant on this type
[INFO] [stdout]   --> tests/htlc_harness/timestamp.rs:21:62
[INFO] [stdout]    |
[INFO] [stdout] 21 |         Self(self.0.checked_add(seconds).unwrap_or(std::u32::MAX))
[INFO] [stdout]    |                                                              ^^^
[INFO] [stdout]    |
[INFO] [stdout]    = note: `#[warn(deprecated)]` on by default
[INFO] [stdout] 
[INFO] [stdout] 
[INFO] [stdout] warning: use of deprecated constant `std::u32::MAX`: replaced by the `MAX` associated constant on this type
[INFO] [stdout]   --> tests/htlc_harness/timestamp.rs:21:62
[INFO] [stdout]    |
[INFO] [stdout] 21 |         Self(self.0.checked_add(seconds).unwrap_or(std::u32::MAX))
[INFO] [stdout]    |                                                              ^^^
[INFO] [stdout]    |
[INFO] [stdout]    = note: `#[warn(deprecated)]` on by default
[INFO] [stdout] 
[INFO] [stdout] 
[INFO] [stdout] warning: use of deprecated constant `std::u32::MAX`: replaced by the `MAX` associated constant on this type
[INFO] [stdout]   --> tests/htlc_harness/timestamp.rs:21:62
[INFO] [stdout]    |
[INFO] [stdout] 21 |         Self(self.0.checked_add(seconds).unwrap_or(std::u32::MAX))
[INFO] [stdout]    |                                                              ^^^
[INFO] [stdout]    |
[INFO] [stdout]    = note: `#[warn(deprecated)]` on by default
[INFO] [stdout] 
[INFO] [stdout] 
[INFO] [stderr]     Finished `release` profile [optimized] target(s) in 4m 48s
[INFO] running `Command { std: "docker" "inspect" "51ea987bc73f217cfdf22325ced8fd4cf644c3ab1cfcd99ee81f8b25bdf92848", kill_on_drop: false }`
[INFO] running `Command { std: "docker" "exec" "-e" "SOURCE_DIR=/opt/rustwide/workdir" "-e" "CARGO_HOME=/opt/rustwide/cargo-home" "-e" "RUSTUP_HOME=/opt/rustwide/rustup-home" "-e" "CARGO_TARGET_DIR=/opt/rustwide/target" "-e" "CARGO_INCREMENTAL=0" "-e" "RUST_BACKTRACE=full" "-e" "RUSTFLAGS=--cap-lints=warn" "-e" "RUSTDOCFLAGS=--cap-lints=warn" "-w" "/opt/rustwide/workdir" "--user" "0:0" "51ea987bc73f217cfdf22325ced8fd4cf644c3ab1cfcd99ee81f8b25bdf92848" "/opt/rustwide/cargo-home/bin/cargo" "+1.99.0-beta.8" "test" "--frozen" "--release", kill_on_drop: false }`
[INFO] [stderr] warning: use of deprecated constant `std::u32::MAX`: replaced by the `MAX` associated constant on this type
[INFO] [stderr]   --> tests/htlc_harness/timestamp.rs:21:62
[INFO] [stderr]    |
[INFO] [stderr] 21 |         Self(self.0.checked_add(seconds).unwrap_or(std::u32::MAX))
[INFO] [stderr]    |                                                              ^^^
[INFO] [stderr]    |
[INFO] [stderr]    = note: `#[warn(deprecated)]` on by default
[INFO] [stderr] 
[INFO] [stderr] warning: `blockchain_contracts` (test "herc20") generated 1 warning
[INFO] [stderr] warning: `blockchain_contracts` (test "hbit") generated 1 warning (1 duplicate)
[INFO] [stderr] warning: `blockchain_contracts` (test "heth") generated 1 warning (1 duplicate)
[INFO] [stderr]     Finished `release` profile [optimized] target(s) in 0.42s
[INFO] [stderr]      Running unittests src/lib.rs (/opt/rustwide/target/release/deps/blockchain_contracts-3ddacf438451f919)
[INFO] [stdout] 
[INFO] [stdout] running 10 tests
[INFO] [stdout] test ethereum::herc20::tests::given_input_data_when_compiled_should_contain_given_data ... ok
[INFO] [stdout] test ethereum::herc20::tests::test_replaced_placeholders_for_rfc_example ... ok
[INFO] [stdout] test ethereum::heth::tests::compiled_contract_is_same_length_as_template ... ok
[INFO] [stdout] test bitcoin::hbit::tests::compiled_contract_is_same_length_as_template ... ok
[INFO] [stdout] test ethereum::heth::tests::given_input_data_when_compiled_should_contain_given_data ... ok
[INFO] [stdout] test ethereum::heth::tests::test_replaced_placeholders_for_rfc_example ... ok
[INFO] [stdout] test bitcoin::witness::primed_transaction::test::estimate_size_and_sign_with_fee_are_correct_p2wpkh ... ok
[INFO] [stdout] test bitcoin::hbit::tests::given_input_data_when_compiled_should_contain_given_data ... ok
[INFO] [stdout] test ethereum::herc20::tests::compiled_contract_is_same_length_as_template ... ok
[INFO] [stdout] test bitcoin::witness::p2wpkh::test::correct_prev_script ... ok
[INFO] [stdout] 
[INFO] [stdout] test result: ok. 10 passed; 0 failed; 0 ignored; 0 measured; 0 filtered out; finished in 0.03s
[INFO] [stdout] 
[INFO] [stderr]      Running tests/bitcoin_witness_p2wpkh.rs (/opt/rustwide/target/release/deps/bitcoin_witness_p2wpkh-c23780f063d3138e)
[INFO] [stdout] 
[INFO] [stdout] running 2 tests
[INFO] [stderr] failed to connect to the docker API at unix:///var/run/docker.sock; check if the path is correct and if the daemon is running: dial unix /var/run/docker.sock: connect: no such file or directory
[INFO] [stderr] failed to connect to the docker API at unix:///var/run/docker.sock; check if the path is correct and if the daemon is running: dial unix /var/run/docker.sock: connect: no such file or directory
[INFO] [stdout] test redeem_two_p2wpkh ... FAILED
[INFO] [stdout] test redeem_single_p2wpkh ... FAILED
[INFO] [stdout] 
[INFO] [stdout] failures:
[INFO] [stdout] 
[INFO] [stdout] ---- redeem_two_p2wpkh stdout ----
[INFO] [stdout] 
[INFO] [stdout] thread 'redeem_two_p2wpkh' (4111) panicked at /opt/rustwide/cargo-home/registry/src/index.crates.io-1949cf8c6b5b557f/testcontainers-0.9.1/src/clients/cli.rs:107:50:
[INFO] [stdout] called `Option::unwrap()` on a `None` value
[INFO] [stdout] stack backtrace:
[INFO] [stdout]    0:     0x5f193991df91 - <<std[70759c8f55707aa4]::sys::backtrace::BacktraceLock>::print::DisplayBacktrace as core[df12db4294e9bfd3]::fmt::Display>::fmt
[INFO] [stdout]    1:     0x5f1939937bda - core[df12db4294e9bfd3]::fmt::write
[INFO] [stdout]    2:     0x5f19399243ac - <alloc[2182bb758b4b3781]::vec::Vec<u8> as core[df12db4294e9bfd3]::io::write::Write>::write_fmt
[INFO] [stdout]    3:     0x5f19398f8a26 - std[70759c8f55707aa4]::panicking::default_hook::{closure#0}
[INFO] [stdout]    4:     0x5f1939915d19 - std[70759c8f55707aa4]::panicking::default_hook
[INFO] [stdout]    5:     0x5f19398735b0 - test[9d35eded1c95d3be]::test_main_inner::<test[9d35eded1c95d3be]::test_main_static::{closure#0}>::{closure#0}
[INFO] [stdout]    6:     0x5f1939916042 - std[70759c8f55707aa4]::panicking::panic_with_hook
[INFO] [stdout]    7:     0x5f19398f8b04 - std[70759c8f55707aa4]::panicking::panic_handler::{closure#0}
[INFO] [stdout]    8:     0x5f19398f11e9 - std[70759c8f55707aa4]::sys::backtrace::__rust_end_short_backtrace::<std[70759c8f55707aa4]::panicking::panic_handler::{closure#0}, !>
[INFO] [stdout]    9:     0x5f19398f99cd - __rustc[8fa7c3cbc660c2b3]::rust_begin_unwind
[INFO] [stdout]   10:     0x5f19399383bc - core[df12db4294e9bfd3]::panicking::panic_fmt
[INFO] [stdout]   11:     0x5f1939938382 - core[df12db4294e9bfd3]::panicking::panic
[INFO] [stdout]   12:     0x5f1939938139 - core[df12db4294e9bfd3]::option::unwrap_failed
[INFO] [stdout]   13:     0x5f1939639703 - <testcontainers[408b5f82b97b46ab]::clients::cli::Cli as testcontainers[408b5f82b97b46ab]::core::docker::Docker>::run::<testcontainers[408b5f82b97b46ab]::images::coblox_bitcoincore::BitcoinCore>
[INFO] [stdout]   14:     0x5f193962b8ec - <bitcoin_witness_p2wpkh[1e88c739fb32de0]::redeem_two_p2wpkh::{closure#0} as core[df12db4294e9bfd3]::ops::function::FnOnce<()>>::call_once
[INFO] [stdout]   15:     0x5f193986689b - test[9d35eded1c95d3be]::__rust_begin_short_backtrace::<core[df12db4294e9bfd3]::result::Result<(), alloc[2182bb758b4b3781]::string::String>, fn() -> core[df12db4294e9bfd3]::result::Result<(), alloc[2182bb758b4b3781]::string::String>>
[INFO] [stdout]   16:     0x5f1939873f05 - test[9d35eded1c95d3be]::run_test::{closure#0}
[INFO] [stdout]   17:     0x5f193986d7c4 - std[70759c8f55707aa4]::sys::backtrace::__rust_begin_short_backtrace::<test[9d35eded1c95d3be]::run_test::{closure#1}, ()>
[INFO] [stdout]   18:     0x5f1939877062 - <std[70759c8f55707aa4]::thread::lifecycle::spawn_unchecked<test[9d35eded1c95d3be]::run_test::{closure#1}, ()>::{closure#1} as core[df12db4294e9bfd3]::ops::function::FnOnce<()>>::call_once::{shim:vtable#0}
[INFO] [stdout]   19:     0x5f193991d439 - <std[70759c8f55707aa4]::sys::thread::unix::Thread>::new::thread_start
[INFO] [stdout]   20:     0x77ed753e6dfa - <unknown>
[INFO] [stdout]   21:     0x77ed7547a3d4 - clone
[INFO] [stdout]   22:                0x0 - <unknown>
[INFO] [stdout] 
[INFO] [stdout] ---- redeem_single_p2wpkh stdout ----
[INFO] [stdout] 
[INFO] [stdout] thread 'redeem_single_p2wpkh' (4110) panicked at /opt/rustwide/cargo-home/registry/src/index.crates.io-1949cf8c6b5b557f/testcontainers-0.9.1/src/clients/cli.rs:107:50:
[INFO] [stdout] called `Option::unwrap()` on a `None` value
[INFO] [stdout] stack backtrace:
[INFO] [stdout]    0:     0x5f193991df91 - <<std[70759c8f55707aa4]::sys::backtrace::BacktraceLock>::print::DisplayBacktrace as core[df12db4294e9bfd3]::fmt::Display>::fmt
[INFO] [stdout]    1:     0x5f1939937bda - core[df12db4294e9bfd3]::fmt::write
[INFO] [stdout]    2:     0x5f19399243ac - <alloc[2182bb758b4b3781]::vec::Vec<u8> as core[df12db4294e9bfd3]::io::write::Write>::write_fmt
[INFO] [stdout]    3:     0x5f19398f8a26 - std[70759c8f55707aa4]::panicking::default_hook::{closure#0}
[INFO] [stdout]    4:     0x5f1939915d19 - std[70759c8f55707aa4]::panicking::default_hook
[INFO] [stdout]    5:     0x5f19398735b0 - test[9d35eded1c95d3be]::test_main_inner::<test[9d35eded1c95d3be]::test_main_static::{closure#0}>::{closure#0}
[INFO] [stdout]    6:     0x5f1939916042 - std[70759c8f55707aa4]::panicking::panic_with_hook
[INFO] [stdout]    7:     0x5f19398f8b04 - std[70759c8f55707aa4]::panicking::panic_handler::{closure#0}
[INFO] [stdout]    8:     0x5f19398f11e9 - std[70759c8f55707aa4]::sys::backtrace::__rust_end_short_backtrace::<std[70759c8f55707aa4]::panicking::panic_handler::{closure#0}, !>
[INFO] [stdout]    9:     0x5f19398f99cd - __rustc[8fa7c3cbc660c2b3]::rust_begin_unwind
[INFO] [stdout]   10:     0x5f19399383bc - core[df12db4294e9bfd3]::panicking::panic_fmt
[INFO] [stdout]   11:     0x5f1939938382 - core[df12db4294e9bfd3]::panicking::panic
[INFO] [stdout]   12:     0x5f1939938139 - core[df12db4294e9bfd3]::option::unwrap_failed
[INFO] [stdout]   13:     0x5f1939639703 - <testcontainers[408b5f82b97b46ab]::clients::cli::Cli as testcontainers[408b5f82b97b46ab]::core::docker::Docker>::run::<testcontainers[408b5f82b97b46ab]::images::coblox_bitcoincore::BitcoinCore>
[INFO] [stdout]   14:     0x5f193962c64a - <bitcoin_witness_p2wpkh[1e88c739fb32de0]::redeem_single_p2wpkh::{closure#0} as core[df12db4294e9bfd3]::ops::function::FnOnce<()>>::call_once
[INFO] [stdout]   15:     0x5f193986689b - test[9d35eded1c95d3be]::__rust_begin_short_backtrace::<core[df12db4294e9bfd3]::result::Result<(), alloc[2182bb758b4b3781]::string::String>, fn() -> core[df12db4294e9bfd3]::result::Result<(), alloc[2182bb758b4b3781]::string::String>>
[INFO] [stdout]   16:     0x5f1939873f05 - test[9d35eded1c95d3be]::run_test::{closure#0}
[INFO] [stdout]   17:     0x5f193986d7c4 - std[70759c8f55707aa4]::sys::backtrace::__rust_begin_short_backtrace::<test[9d35eded1c95d3be]::run_test::{closure#1}, ()>
[INFO] [stdout]   18:     0x5f1939877062 - <std[70759c8f55707aa4]::thread::lifecycle::spawn_unchecked<test[9d35eded1c95d3be]::run_test::{closure#1}, ()>::{closure#1} as core[df12db4294e9bfd3]::ops::function::FnOnce<()>>::call_once::{shim:vtable#0}
[INFO] [stdout]   19:     0x5f193991d439 - <std[70759c8f55707aa4]::sys::thread::unix::Thread>::new::thread_start
[INFO] [stdout]   20:     0x77ed753e6dfa - <unknown>
[INFO] [stdout]   21:     0x77ed7547a3d4 - clone
[INFO] [stdout]   22:                0x0 - <unknown>
[INFO] [stdout] 
[INFO] [stdout] 
[INFO] [stdout] failures:
[INFO] [stdout]     redeem_single_p2wpkh
[INFO] [stdout]     redeem_two_p2wpkh
[INFO] [stdout] 
[INFO] [stdout] test result: FAILED. 0 passed; 2 failed; 0 ignored; 0 measured; 0 filtered out; finished in 0.31s
[INFO] [stdout] 
[INFO] [stderr] error: test failed, to rerun pass `--test bitcoin_witness_p2wpkh`
[INFO] running `Command { std: "docker" "inspect" "51ea987bc73f217cfdf22325ced8fd4cf644c3ab1cfcd99ee81f8b25bdf92848", kill_on_drop: false }`
[INFO] running `Command { std: "docker" "rm" "-f" "51ea987bc73f217cfdf22325ced8fd4cf644c3ab1cfcd99ee81f8b25bdf92848", kill_on_drop: false }`
[INFO] [stdout] 51ea987bc73f217cfdf22325ced8fd4cf644c3ab1cfcd99ee81f8b25bdf92848
